-- Table structure for table `f_staff_pays`
--

CREATE TABLE `f_staff_pays` (
  `Staff_Id` int(11) NOT NULL,
  `Pay_Id` int(11) NOT NULL,
  `Add_By` varchar(1) NOT NULL,
  `Pay_1` float(10,2) NOT NULL,
  `Pay_2` float(10,2) NOT NULL,
  `Pay_3` float(10,2) NOT NULL,
  `Pay_4` float(10,2) NOT NULL,
  `Pay_5` float(10,2) NOT NULL
) ENGINE=InnoDB DEFAULT CHARSET=latin1;

--
-- Dumping data for table `f_staff_pays`
--

INSERT INTO `f_staff_pays` (`Staff_Id`, `Pay_Id`, `Add_By`, `Pay_1`, `Pay_2`, `Pay_3`, `Pay_4`, `Pay_5`) VALUES
(20, 18, 'C', 64300.00, 0.00, 0.00, 80375.00, 120.00),
(115, 195, 'C', 16530.00, 4226.00, 500.00, 26413.00, 120.00),
(116, 196, 'C', 51600.00, 12120.00, 500.00, 75750.00, 120.00),
(117, 197, 'C', 21390.00, 5118.00, 500.00, 31988.00, 120.00),
(133, 223, 'C', 21600.00, 2160.00, 500.00, 0.00, 0.00),
(134, 225, 'C', 21600.00, 2160.00, 500.00, 0.00, 0.00),
(137, 228, 'C', 15600.00, 0.00, 0.00, 0.00, 0.00),
(138, 229, 'C', 15600.00, 0.00, 0.00, 0.00, 0.00),
(135, 230, 'C', 15600.00, 0.00, 0.00, 0.00, 0.00),
(139, 231, 'C', 15600.00, 0.00, 0.00, 0.00, 0.00),
(140, 232, 'C', 21600.00, 2160.00, 500.00, 0.00, 0.00),
(143, 242, 'C', 21600.00, 0.00, 0.00, 0.00, 0.00),
(144, 243, 'C', 21600.00, 0.00, 0.00, 0.00, 0.00),
(147, 246, 'C', 21600.00, 0.00, 0.00, 0.00, 0.00),
(149, 248, 'C', 21600.00, 0.00, 0.00, 0.00, 0.00),
(152, 251, 'C', 10000.00, 0.00, 0.00, 0.00, 0.00),
(213, 342, 'C', 15600.00, 0.00, 0.00, 0.00, 0.00),
(216, 345, 'C', 15600.00, 0.00, 0.00, 0.00, 0.00),
(196, 385, 'C', 37400.00, 0.00, 0.00, 0.00, 3000.00),
(198, 386, 'C', 21600.00, 0.00, 0.00, 0.00, 0.00),
(199, 387, 'C', 21600.00, 0.00, 0.00, 0.00, 2500.00),
(200, 389, 'C', 21600.00, 0.00, 0.00, 0.00, 0.00),
(201, 390, 'C', 21600.00, 0.00, 0.00, 0.00, 0.00),
(203, 391, 'C', 21600.00, 0.00, 0.00, 0.00, 0.00),
(204, 393, 'C', 21600.00, 0.00, 0.00, 0.00, 0.00),
(205, 397, 'C', 21600.00, 0.00, 0.00, 0.00, 0.00),
(206, 398, 'C', 21600.00, 0.00, 0.00, 0.00, 0.00),
(207, 399, 'C', 21600.00, 0.00, 0.00, 0.00, 0.00),
(208, 400, 'C', 21600.00, 0.00, 0.00, 0.00, 0.00),
(209, 401, 'C', 21600.00, 0.00, 0.00, 0.00, 0.00),
(210, 402, 'C', 21600.00, 0.00, 0.00, 0.00, 0.00),
(211, 404, 'C', 21600.00, 0.00, 0.00, 0.00, 0.00),
(212, 405, 'C', 21600.00, 0.00, 0.00, 0.00, 0.00),
(214, 406, 'C', 15000.00, 0.00, 0.00, 0.00, 0.00),
(218, 407, 'C', 15000.00, 0.00, 0.00, 0.00, 0.00),
(242, 408, 'C', 21600.00, 0.00, 0.00, 0.00, 0.00),
(243, 410, 'C', 21600.00, 0.00, 0.00, 0.00, 0.00),
(244, 411, 'C', 21600.00, 0.00, 0.00, 0.00, 0.00),
(245, 412, 'C', 15000.00, 0.00, 0.00, 0.00, 0.00),
(246, 413, 'C', 21600.00, 0.00, 0.00, 0.00, 0.00),
(247, 415, 'C', 21600.00, 0.00, 0.00, 0.00, 0.00),
(248, 416, 'C', 15000.00, 0.00, 0.00, 0.00, 0.00),
(249, 417, 'C', 15000.00, 0.00, 0.00, 0.00, 0.00),
(250, 418, 'C', 13000.00, 0.00, 0.00, 0.00, 0.00),
(253, 422, 'C', 67450.00, 13490.00, 500.00, 84313.00, 120.00),
(254, 423, 'C', 20410.00, 4082.00, 500.00, 25513.00, 120.00),
(256, 425, 'C', 21600.00, 4320.00, 500.00, 17280.00, 120.00),
(258, 428, 'C', 14322.00, 0.00, 0.00, 0.00, 0.00),
(259, 429, 'C', 20000.00, 0.00, 0.00, 0.00, 0.00),
(260, 430, 'C', 11000.00, 0.00, 0.00, 0.00, 0.00),
(129, 444, 'C', 25584.00, 1279.00, 500.00, 13669.00, 0.00),
(173, 445, 'C', 15600.00, 0.00, 0.00, 0.00, 0.00),
(172, 447, 'C', 15600.00, 0.00, 0.00, 0.00, 0.00),
(127, 448, 'C', 27334.00, 1367.00, 500.00, 16225.00, 0.00),
(171, 449, 'C', 15600.00, 0.00, 0.00, 0.00, 0.00),
(238, 450, 'C', 15600.00, 0.00, 0.00, 0.00, 0.00),
(239, 451, 'C', 15600.00, 0.00, 0.00, 0.00, 0.00),
(128, 454, 'C', 18833.00, 2765.00, 500.00, 6591.00, 0.00),
(175, 455, 'C', 15600.00, 0.00, 0.00, 0.00, 0.00),
(174, 456, 'C', 15600.00, 0.00, 0.00, 0.00, 0.00),
(125, 458, 'C', 25584.00, 1279.00, 500.00, 11219.00, 0.00),
(124, 459, 'C', 26870.00, 11388.00, 0.00, 0.00, 0.00),
(167, 461, 'C', 15600.00, 0.00, 0.00, 0.00, 0.00),
(165, 462, 'C', 15600.00, 0.00, 0.00, 0.00, 0.00),
(166, 463, 'C', 15600.00, 0.00, 0.00, 0.00, 0.00),
(122, 464, 'C', 15227.00, 5498.00, 0.00, 0.00, 0.00),
(121, 465, 'C', 22915.00, 1145.00, 500.00, 7340.00, 0.00),
(126, 466, 'C', 26154.00, 1307.00, 500.00, 15318.00, 0.00),
(168, 467, 'C', 15600.00, 0.00, 0.00, 0.00, 0.00),
(170, 468, 'C', 15600.00, 0.00, 0.00, 0.00, 0.00),
(169, 469, 'C', 15600.00, 0.00, 0.00, 0.00, 0.00),
(231, 470, 'C', 15600.00, 0.00, 0.00, 0.00, 0.00),
(226, 471, 'C', 15600.00, 0.00, 0.00, 0.00, 0.00),
(228, 472, 'C', 15600.00, 0.00, 0.00, 0.00, 0.00),
(119, 473, 'C', 15600.00, 0.00, 0.00, 0.00, 0.00),
(161, 474, 'C', 15600.00, 0.00, 0.00, 0.00, 0.00),
(162, 475, 'C', 15600.00, 0.00, 0.00, 0.00, 0.00),
(123, 476, 'C', 22915.00, 1145.00, 500.00, 12724.00, 0.00),
(235, 477, 'C', 21600.00, 0.00, 0.00, 0.00, 0.00),
(233, 478, 'C', 15600.00, 0.00, 0.00, 0.00, 0.00),
(237, 479, 'C', 21600.00, 0.00, 0.00, 0.00, 0.00),
(240, 480, 'C', 21600.00, 0.00, 0.00, 0.00, 0.00),
(163, 482, 'C', 21600.00, 0.00, 500.00, 0.00, 0.00),
(164, 484, 'C', 21600.00, 0.00, 500.00, 0.00, 0.00),
(192, 486, 'C', 15600.00, 0.00, 0.00, 0.00, 0.00),
(188, 488, 'C', 15600.00, 0.00, 0.00, 0.00, 0.00),
(190, 489, 'C', 15600.00, 0.00, 0.00, 0.00, 0.00),
(189, 490, 'C', 15600.00, 0.00, 0.00, 0.00, 0.00),
(186, 491, 'C', 15600.00, 0.00, 0.00, 0.00, 0.00),
(187, 492, 'C', 15600.00, 0.00, 0.00, 0.00, 0.00),
(195, 494, 'C', 26731.00, 1336.00, 500.00, 14269.00, 0.00),
(197, 495, 'C', 15600.00, 0.00, 0.00, 0.00, 0.00),
(215, 496, 'C', 15600.00, 0.00, 0.00, 0.00, 0.00),
(288, 528, 'C', 21600.00, 4320.00, 500.00, 17280.00, 120.00),
(291, 531, 'C', 21600.00, 0.00, 0.00, 0.00, 0.00),
(293, 533, 'C', 64300.00, 12860.00, 500.00, 80375.00, 120.00),
(302, 544, 'C', 21600.00, 4320.00, 500.00, 17280.00, 120.00),
(326, 571, 'C', 23278.00, 0.00, 0.00, 0.00, 0.00),
(327, 572, 'C', 14322.00, 1790.00, 500.00, 0.00, 0.00),
(336, 583, 'C', 15600.00, 0.00, 0.00, 0.00, 0.00),
(338, 585, 'C', 15097.00, 0.00, 0.00, 0.00, 0.00),
(340, 587, 'C', 15600.00, 0.00, 0.00, 0.00, 0.00),
(292, 592, 'C', 55440.00, 11088.00, 500.00, 69300.00, 120.00),
(294, 593, 'C', 21600.00, 0.00, 0.00, 0.00, 0.00),
(342, 594, 'C', 21600.00, 0.00, 0.00, 0.00, 0.00),
(334, 595, 'C', 21600.00, 0.00, 0.00, 0.00, 8400.00),
(289, 596, 'C', 21600.00, 0.00, 0.00, 0.00, 4200.00),
(345, 598, 'C', 15600.00, 0.00, 0.00, 0.00, 0.00),
(349, 602, 'C', 64300.00, 12860.00, 500.00, 80375.00, 120.00),
(347, 603, 'C', 21600.00, 0.00, 0.00, 0.00, 0.00),
(358, 620, 'C', 22250.00, 0.00, 0.00, 2448.00, 0.00),
(359, 632, 'C', 21600.00, 0.00, 0.00, 2376.00, 0.00),
(360, 633, 'C', 21600.00, 0.00, 0.00, 2376.00, 0.00),
(361, 634, 'C', 21600.00, 0.00, 0.00, 0.00, 0.00),
(362, 635, 'C', 21600.00, 0.00, 0.00, 0.00, 0.00),
(363, 637, 'C', 21600.00, 0.00, 0.00, 0.00, 0.00),
(364, 638, 'C', 21600.00, 0.00, 0.00, 0.00, 0.00),
(365, 639, 'C', 21600.00, 0.00, 0.00, 0.00, 0.00),
(366, 640, 'C', 15600.00, 0.00, 0.00, 0.00, 0.00),
(367, 641, 'C', 15600.00, 0.00, 0.00, 0.00, 0.00),
(368, 642, 'C', 15600.00, 0.00, 0.00, 0.00, 0.00),
(369, 643, 'C', 15600.00, 0.00, 0.00, 0.00, 0.00),
(370, 644, 'C', 15600.00, 0.00, 0.00, 0.00, 0.00),
(371, 645, 'C', 15600.00, 0.00, 0.00, 0.00, 0.00),
(372, 646, 'C', 15600.00, 0.00, 0.00, 0.00, 0.00),
(373, 647, 'C', 15600.00, 0.00, 0.00, 0.00, 0.00),
(374, 648, 'C', 15600.00, 0.00, 0.00, 0.00, 0.00),
(375, 649, 'C', 21600.00, 0.00, 0.00, 0.00, 0.00),
(376, 650, 'C', 13000.00, 0.00, 0.00, 0.00, 0.00),
(377, 651, 'C', 12000.00, 0.00, 0.00, 0.00, 0.00),
(378, 652, 'C', 12000.00, 0.00, 0.00, 0.00, 0.00),
(379, 653, 'C', 21600.00, 0.00, 0.00, 0.00, 0.00),
(380, 654, 'C', 12000.00, 0.00, 0.00, 0.00, 0.00),
(382, 657, 'C', 12000.00, 0.00, 0.00, 0.00, 0.00),
(383, 658, 'C', 12000.00, 0.00, 0.00, 0.00, 0.00),
(384, 659, 'C', 12000.00, 0.00, 0.00, 0.00, 0.00),
(385, 661, 'C', 21600.00, 0.00, 0.00, 0.00, 0.00),
(386, 662, 'C', 12000.00, 0.00, 0.00, 0.00, 0.00),
(387, 663, 'C', 8000.00, 0.00, 0.00, 0.00, 0.00),
(388, 664, 'C', 12000.00, 0.00, 0.00, 0.00, 0.00),
(389, 665, 'C', 8000.00, 0.00, 0.00, 0.00, 0.00),
(390, 666, 'C', 12000.00, 0.00, 0.00, 0.00, 0.00),
(391, 668, 'C', 10000.00, 0.00, 0.00, 0.00, 0.00),
(392, 669, 'C', 12000.00, 0.00, 0.00, 0.00, 0.00),
(393, 671, 'C', 12000.00, 0.00, 0.00, 0.00, 0.00),
(394, 672, 'C', 21600.00, 0.00, 0.00, 0.00, 0.00),
(395, 673, 'C', 6500.00, 0.00, 0.00, 0.00, 0.00),
(396, 674, 'C', 21600.00, 0.00, 0.00, 0.00, 0.00),
(397, 675, 'C', 12000.00, 0.00, 0.00, 0.00, 0.00),
(398, 676, 'C', 10000.00, 0.00, 0.00, 0.00, 0.00),
(399, 677, 'C', 12000.00, 0.00, 0.00, 0.00, 0.00),
(400, 678, 'C', 8000.00, 0.00, 0.00, 0.00, 0.00),
(401, 679, 'C', 10000.00, 0.00, 0.00, 0.00, 0.00),
(402, 680, 'C', 12000.00, 0.00, 0.00, 0.00, 0.00),
(304, 698, 'C', 55440.00, 11088.00, 500.00, 69300.00, 120.00),
(416, 709, 'C', 21600.00, 0.00, 0.00, 0.00, 0.00),
(414, 711, 'C', 20903.00, 0.00, 0.00, 0.00, 0.00),
(417, 715, 'C', 21600.00, 0.00, 0.00, 0.00, 0.00),
(418, 717, 'C', 21600.00, 0.00, 0.00, 0.00, 0.00),
(419, 718, 'C', 21600.00, 0.00, 0.00, 0.00, 0.00),
(422, 721, 'C', 21600.00, 0.00, 0.00, 0.00, 0.00),
(423, 722, 'C', 21600.00, 0.00, 0.00, 0.00, 0.00),
(425, 724, 'C', 21600.00, 0.00, 0.00, 0.00, 0.00),
(415, 725, 'C', 6271.00, 0.00, 0.00, 0.00, 0.00),
(428, 728, 'C', 15600.00, 0.00, 0.00, 0.00, 0.00),
(421, 730, 'C', 15600.00, 0.00, 0.00, 0.00, 0.00),
(357, 762, 'C', 22250.00, 0.00, 0.00, 2448.00, 0.00),
(447, 773, 'C', 15600.00, 0.00, 350.00, 0.00, 0.00),
(448, 774, 'C', 15600.00, 0.00, 350.00, 0.00, 0.00),
(301, 775, 'C', 17500.00, 0.00, 0.00, 0.00, 0.00),
(449, 776, 'C', 15600.00, 0.00, 350.00, 0.00, 0.00),
(450, 777, 'C', 15600.00, 0.00, 350.00, 0.00, 0.00),
(452, 779, 'C', 15600.00, 0.00, 350.00, 0.00, 0.00),
(453, 780, 'C', 15600.00, 0.00, 350.00, 0.00, 0.00),
(454, 781, 'C', 10000.00, 0.00, 0.00, 0.00, 0.00),
(458, 788, 'C', 11000.00, 0.00, 0.00, 0.00, 0.00),
(429, 789, 'C', 8000.00, 0.00, 0.00, 0.00, 0.00),
(459, 790, 'C', 18500.00, 0.00, 0.00, 0.00, 0.00),
(451, 800, 'C', 15000.00, 0.00, 0.00, 0.00, 0.00),
(457, 801, 'C', 15000.00, 0.00, 0.00, 0.00, 0.00),
(462, 802, 'C', 15210.00, 3042.00, 500.00, 19013.00, 120.00),
(460, 804, 'C', 15000.00, 0.00, 0.00, 0.00, 0.00),
(463, 805, 'C', 34890.00, 6978.00, 500.00, 43613.00, 120.00),
(464, 806, 'C', 18810.00, 3762.00, 500.00, 23513.00, 120.00),
(461, 822, 'C', 12000.00, 0.00, 0.00, 0.00, 0.00),
(408, 829, 'C', 21600.00, 4320.00, 500.00, 17280.00, 120.00),
(424, 840, 'C', 21600.00, 0.00, 0.00, 0.00, 0.00),
(420, 841, 'C', 21600.00, 0.00, 0.00, 0.00, 0.00),
(467, 849, 'C', 5400.00, 0.00, 0.00, 0.00, 0.00),
(465, 857, 'C', 5090.00, 1298.00, 500.00, 8113.00, 0.00),
(427, 859, 'C', 15600.00, 0.00, 0.00, 0.00, 0.00),
(469, 860, 'C', 12810.00, 0.00, 350.00, 15244.00, 0.00),
(346, 863, 'C', 66060.00, 0.00, 350.00, 78611.00, 0.00),
(348, 864, 'C', 60600.00, 0.00, 350.00, 72114.00, 0.00),
(350, 866, 'C', 68050.00, 0.00, 350.00, 80980.00, 0.00),
(351, 867, 'C', 64120.00, 0.00, 350.00, 76303.00, 0.00),
(353, 868, 'C', 52250.00, 0.00, 350.00, 62178.00, 0.00),
(354, 870, 'C', 25048.00, 0.00, 0.00, 2755.00, 0.00),
(470, 871, 'C', 19142.00, 0.00, 350.00, 20114.00, 0.00),
(471, 872, 'C', 19172.00, 0.00, 350.00, 20138.00, 0.00),
(356, 877, 'C', 22920.00, 0.00, 0.00, 2521.00, 0.00),
(472, 878, 'C', 17047.00, 0.00, 350.00, 18438.00, 0.00),
(473, 879, 'C', 16068.00, 0.00, 350.00, 17654.00, 0.00),
(474, 880, 'C', 16068.00, 0.00, 350.00, 17654.00, 0.00),
(475, 881, 'C', 16068.00, 0.00, 350.00, 17654.00, 0.00),
(476, 882, 'C', 15600.00, 0.00, 350.00, 17280.00, 0.00),
(477, 885, 'C', 8470.00, 0.00, 300.00, 3557.00, 0.00),
(479, 887, 'C', 17500.00, 0.00, 0.00, 0.00, 0.00),
(337, 892, 'C', 21600.00, 0.00, 0.00, 0.00, 0.00),
(480, 896, 'C', 15600.00, 0.00, 0.00, 0.00, 6000.00),
(481, 897, 'C', 15600.00, 0.00, 0.00, 0.00, 10965.00),
(111, 932, 'C', 15600.00, 4320.00, 500.00, 27000.00, 120.00),
(110, 933, 'C', 15600.00, 5320.00, 500.00, 27000.00, 120.00),
(112, 934, 'C', 15600.00, 4320.00, 500.00, 27000.00, 120.00),
(109, 935, 'C', 15600.00, 4320.00, 500.00, 27000.00, 120.00),
(108, 936, 'C', 15600.00, 4320.00, 500.00, 27000.00, 120.00),
(107, 937, 'C', 15600.00, 4320.00, 500.00, 27000.00, 120.00),
(106, 938, 'C', 17610.00, 4722.00, 500.00, 29513.00, 120.00),
(105, 939, 'C', 17610.00, 4722.00, 500.00, 29513.00, 120.00),
(104, 940, 'C', 17610.00, 4722.00, 500.00, 29513.00, 120.00),
(103, 941, 'C', 16920.00, 5234.00, 500.00, 32713.00, 120.00),
(102, 942, 'C', 17610.00, 4722.00, 500.00, 29513.00, 120.00),
(101, 943, 'C', 16920.00, 5234.00, 500.00, 32713.00, 120.00),
(100, 944, 'C', 17610.00, 5372.00, 500.00, 33575.00, 120.00),
(99, 945, 'C', 16920.00, 4584.00, 500.00, 28650.00, 120.00),
(98, 946, 'C', 17610.00, 5372.00, 500.00, 33575.00, 120.00),
(97, 947, 'C', 18320.00, 5514.00, 500.00, 34463.00, 120.00),
(96, 948, 'C', 18320.00, 5514.00, 500.00, 34463.00, 120.00),
(95, 949, 'C', 18320.00, 4864.00, 500.00, 30400.00, 120.00),
(94, 950, 'C', 18320.00, 4864.00, 500.00, 30400.00, 120.00),
(93, 951, 'C', 17610.00, 4982.00, 500.00, 31138.00, 120.00),
(92, 952, 'C', 18320.00, 5514.00, 500.00, 34463.00, 120.00),
(87, 957, 'C', 19050.00, 5286.00, 500.00, 33038.00, 120.00),
(85, 959, 'C', 18320.00, 5514.00, 500.00, 34463.00, 120.00),
(84, 960, 'C', 18320.00, 0.00, 500.00, 34463.00, 120.00),
(83, 961, 'C', 18320.00, 5514.00, 500.00, 34463.00, 120.00),
(82, 962, 'C', 18320.00, 5514.00, 500.00, 34463.00, 120.00),
(81, 963, 'C', 18320.00, 5254.00, 500.00, 26270.00, 120.00),
(80, 964, 'C', 18320.00, 5514.00, 500.00, 34463.00, 120.00),
(79, 965, 'C', 18320.00, 4864.00, 500.00, 30400.00, 120.00),
(78, 966, 'C', 19050.00, 5660.00, 500.00, 35375.00, 120.00),
(77, 967, 'C', 19050.00, 5010.00, 500.00, 31313.00, 120.00),
(76, 968, 'C', 19050.00, 5270.00, 500.00, 32938.00, 120.00),
(75, 969, 'C', 19050.00, 0.00, 500.00, 31313.00, 120.00),
(74, 970, 'C', 20590.00, 5318.00, 500.00, 33238.00, 120.00),
(73, 971, 'C', 20590.00, 5774.00, 500.00, 36088.00, 120.00),
(72, 972, 'C', 22340.00, 5868.00, 500.00, 36675.00, 120.00),
(71, 973, 'C', 20590.00, 5578.00, 500.00, 34863.00, 120.00),
(70, 974, 'C', 20590.00, 5578.00, 500.00, 34863.00, 120.00),
(69, 976, 'C', 22340.00, 6518.00, 500.00, 40738.00, 120.00),
(68, 977, 'C', 21420.00, 5684.00, 500.00, 33820.00, 120.00),
(67, 978, 'C', 24900.00, 6380.00, 500.00, 39875.00, 120.00),
(66, 979, 'C', 24070.00, 6214.00, 500.00, 38838.00, 120.00),
(113, 985, 'C', 15600.00, 4320.00, 500.00, 27000.00, 120.00),
(114, 986, 'C', 15600.00, 4320.00, 500.00, 27000.00, 120.00),
(62, 992, 'C', 24600.00, 6320.00, 500.00, 39500.00, 120.00),
(61, 993, 'C', 30810.00, 7762.00, 500.00, 48513.00, 120.00),
(146, 999, 'C', 21600.00, 0.00, 0.00, 0.00, 0.00),
(148, 1000, 'C', 21600.00, 0.00, 0.00, 0.00, 0.00),
(153, 1006, 'C', 12000.00, 0.00, 0.00, 0.00, 0.00),
(516, 1014, 'C', 12000.00, 0.00, 0.00, 0.00, 0.00),
(521, 1019, 'C', 12000.00, 0.00, 0.00, 0.00, 0.00),
(524, 1025, 'C', 12000.00, 0.00, 0.00, 0.00, 0.00),
(530, 1031, 'C', 10000.00, 0.00, 0.00, 0.00, 0.00),
(533, 1034, 'C', 7000.00, 0.00, 0.00, 0.00, 0.00),
(536, 1037, 'C', 12000.00, 0.00, 0.00, 0.00, 0.00),
(150, 1038, 'C', 21600.00, 0.00, 0.00, 0.00, 0.00),
(60, 1069, 'C', 28670.00, 7334.00, 500.00, 45838.00, 120.00),
(59, 1070, 'C', 28650.00, 7330.00, 500.00, 45813.00, 120.00),
(58, 1071, 'C', 30790.00, 7758.00, 500.00, 48488.00, 120.00),
(57, 1072, 'C', 30780.00, 7756.00, 500.00, 48475.00, 120.00),
(56, 1073, 'C', 27530.00, 7106.00, 500.00, 47863.00, 120.00),
(55, 1074, 'C', 28650.00, 7330.00, 500.00, 45813.00, 120.00),
(54, 1075, 'C', 28650.00, 7330.00, 500.00, 45813.00, 120.00),
(53, 1076, 'C', 41720.00, 10144.00, 500.00, 63400.00, 120.00),
(51, 1078, 'C', 43250.00, 10450.00, 500.00, 65313.00, 120.00),
(50, 1079, 'C', 46440.00, 11088.00, 500.00, 69300.00, 120.00),
(47, 1080, 'C', 48110.00, 11422.00, 500.00, 71388.00, 120.00),
(49, 1081, 'C', 48110.00, 11422.00, 500.00, 73538.00, 120.00),
(48, 1082, 'C', 49830.00, 11766.00, 500.00, 73538.00, 120.00),
(46, 1083, 'C', 51600.00, 12120.00, 500.00, 75750.00, 120.00),
(45, 1084, 'C', 51600.00, 12120.00, 500.00, 75750.00, 120.00),
(36, 1093, 'C', 54930.00, 12786.00, 500.00, 79913.00, 120.00),
(35, 1094, 'C', 54930.00, 12786.00, 500.00, 79913.00, 120.00),
(34, 1095, 'C', 54930.00, 12786.00, 500.00, 79913.00, 120.00),
(33, 1096, 'C', 54930.00, 12786.00, 500.00, 79913.00, 120.00),
(31, 1098, 'C', 54930.00, 12786.00, 500.00, 79913.00, 120.00),
(30, 1099, 'C', 56490.00, 13098.00, 500.00, 81863.00, 120.00),
(29, 1100, 'C', 56490.00, 13098.00, 500.00, 81863.00, 120.00),
(27, 1102, 'C', 58100.00, 13420.00, 500.00, 83875.00, 120.00),
(26, 1103, 'C', 61460.00, 14092.00, 500.00, 88075.00, 120.00),
(583, 1135, 'C', 15600.00, 0.00, 0.00, 0.00, 6000.00),
(426, 1136, 'C', 17500.00, 0.00, 0.00, 0.00, 0.00),
(582, 1145, 'C', 15600.00, 0.00, 0.00, 0.00, 9440.00),
(581, 1146, 'C', 15600.00, 0.00, 0.00, 10.00, 6316.00),
(584, 1147, 'C', 10000.00, 0.00, 0.00, 0.00, 0.00),
(585, 1154, 'C', 15600.00, 0.00, 0.00, 0.00, 6000.00),
(586, 1156, 'C', 15600.00, 0.00, 0.00, 0.00, 6000.00),
(587, 1157, 'C', 10000.00, 0.00, 0.00, 0.00, 0.00),
(588, 1163, 'C', 15600.00, 0.00, 0.00, 0.00, 0.00),
(154, 1165, 'C', 27160.00, 3395.00, 500.00, 32320.00, 0.00),
(156, 1168, 'C', 21600.00, 0.00, 0.00, 0.00, 0.00),
(589, 1179, 'C', 10000.00, 0.00, 0.00, 0.00, 0.00),
(590, 1187, 'C', 10000.00, 0.00, 0.00, 0.00, 0.00),
(591, 1193, 'C', 10000.00, 0.00, 0.00, 0.00, 0.00),
(592, 1195, 'C', 21600.00, 0.00, 0.00, 0.00, 0.00),
(593, 1200, 'C', 10000.00, 0.00, 0.00, 0.00, 0.00),
(594, 1208, 'C', 21600.00, 0.00, 0.00, 0.00, 0.00),
(595, 1212, 'C', 15600.00, 0.00, 0.00, 0.00, 0.00),
(596, 1224, 'C', 8000.00, 0.00, 0.00, 0.00, 0.00),
(597, 1233, 'C', 8000.00, 0.00, 0.00, 0.00, 0.00),
(598, 1253, 'C', 15600.00, 0.00, 0.00, 0.00, 0.00),
(599, 1254, 'C', 15600.00, 0.00, 0.00, 0.00, 0.00),
(305, 1258, 'C', 26590.00, 5318.00, 500.00, 33238.00, 120.00),
(403, 1259, 'C', 26590.00, 5318.00, 500.00, 33238.00, 120.00),
(303, 1260, 'C', 55440.00, 11088.00, 500.00, 69300.00, 120.00),
(404, 1264, 'C', 21600.00, 0.00, 0.00, 0.00, 0.00),
(28, 1266, 'C', 0.00, 0.00, 0.00, 0.00, 0.00),
(159, 1267, 'C', 21600.00, 0.00, 0.00, 0.00, 0.00),
(411, 1270, 'C', 21600.00, 4320.00, 500.00, 17280.00, 120.00),
(328, 1273, 'C', 21600.00, 1080.00, 350.00, 2770.00, 0.00),
(329, 1274, 'C', 21600.00, 1080.00, 350.00, 2770.00, 0.00),
(330, 1275, 'C', 21600.00, 1080.00, 350.00, 2770.00, 10200.00),
(331, 1276, 'C', 15600.00, 0.00, 350.00, 0.00, 0.00),
(332, 1277, 'C', 15600.00, 0.00, 350.00, 0.00, 0.00),
(333, 1278, 'C', 15600.00, 0.00, 350.00, 0.00, 0.00),
(442, 1279, 'C', 15600.00, 0.00, 350.00, 0.00, 0.00),
(443, 1280, 'C', 15600.00, 0.00, 350.00, 0.00, 0.00),
(444, 1281, 'C', 15600.00, 0.00, 350.00, 0.00, 0.00),
(445, 1282, 'C', 15600.00, 0.00, 350.00, 0.00, 0.00),
(446, 1283, 'C', 15600.00, 0.00, 350.00, 0.00, 0.00),
(455, 1285, 'C', 21600.00, 1080.00, 350.00, 2770.00, 0.00),
(456, 1286, 'C', 21600.00, 1080.00, 350.00, 2770.00, 0.00),
(466, 1287, 'C', 14500.00, 0.00, 350.00, 1440.00, 0.00),
(468, 1288, 'C', 15600.00, 0.00, 350.00, 0.00, 0.00),
(600, 1292, 'C', 15600.00, 0.00, 0.00, 0.00, 0.00),
(601, 1293, 'C', 15600.00, 0.00, 0.00, 0.00, 0.00),
(603, 1295, 'C', 15600.00, 0.00, 0.00, 0.00, 0.00),
(602, 1296, 'C', 15600.00, 0.00, 0.00, 0.00, 0.00),
(604, 1297, 'C', 15600.00, 0.00, 0.00, 0.00, 0.00),
(230, 1300, 'C', 21600.00, 0.00, 0.00, 0.00, 0.00),
(232, 1301, 'C', 10000.00, 0.00, 0.00, 0.00, 0.00),
(234, 1302, 'C', 21600.00, 0.00, 0.00, 0.00, 0.00),
(605, 1303, 'C', 15600.00, 0.00, 0.00, 0.00, 0.00),
(606, 1304, 'C', 15600.00, 0.00, 0.00, 0.00, 0.00),
(607, 1307, 'C', 25800.00, 12.50, 500.00, 0.00, 0.00),
(608, 1308, 'C', 25040.00, 12.50, 500.00, 0.00, 0.00),
(609, 1313, 'C', 25040.00, 12.50, 500.00, 0.00, 0.00),
(344, 1316, 'C', 65850.00, 0.00, 350.00, 78362.00, 0.00),
(610, 1317, 'C', 25040.00, 12.50, 500.00, 0.00, 0.00),
(611, 1318, 'C', 22920.00, 12.50, 500.00, 0.00, 0.00),
(612, 1319, 'C', 22920.00, 12.50, 500.00, 0.00, 0.00),
(613, 1320, 'C', 15600.00, 0.00, 0.00, 0.00, 0.00),
(614, 1321, 'C', 15600.00, 0.00, 0.00, 0.00, 0.00),
(615, 1327, 'C', 15600.00, 0.00, 0.00, 0.00, 0.00),
(616, 1331, 'C', 11000.00, 0.00, 0.00, 0.00, 0.00),
(617, 1332, 'C', 15600.00, 0.00, 0.00, 0.00, 0.00),
(130, 1333, 'C', 29055.00, 2905.00, 500.00, 0.00, 0.00),
(136, 1334, 'C', 25050.00, 1250.00, 500.00, 0.00, 0.00),
(236, 1336, 'C', 10000.00, 0.00, 0.00, 0.00, 0.00),
(618, 1337, 'C', 11000.00, 0.00, 0.00, 0.00, 0.00),
(132, 1339, 'C', 53350.00, 0.00, 500.00, 4000.00, 0.00),
(131, 1340, 'C', 28205.00, 2820.00, 500.00, 0.00, 0.00),
(620, 1344, 'C', 24320.00, 1771.00, 500.00, 9444.00, 0.00),
(621, 1345, 'C', 24320.00, 1771.00, 500.00, 9444.00, 0.00),
(622, 1346, 'C', 12000.00, 0.00, 0.00, 0.00, 0.00),
(623, 1347, 'C', 24320.00, 1771.00, 500.00, 9444.00, 0.00),
(624, 1348, 'C', 23610.00, 1719.00, 500.00, 9168.00, 0.00),
(625, 1349, 'C', 21600.00, 0.00, 0.00, 0.00, 0.00),
(626, 1350, 'C', 22920.00, 1699.00, 500.00, 8900.00, 0.00),
(627, 1351, 'C', 15600.00, 0.00, 0.00, 0.00, 0.00),
(628, 1352, 'C', 11000.00, 0.00, 0.00, 0.00, 0.00),
(629, 1353, 'C', 8000.00, 0.00, 0.00, 0.00, 0.00),
(630, 1354, 'C', 8000.00, 0.00, 0.00, 0.00, 0.00),
(631, 1355, 'C', 15780.00, 1149.00, 500.00, 6128.00, 0.00),
(632, 1356, 'C', 4000.00, 0.00, 0.00, 0.00, 0.00),
(633, 1357, 'C', 25812.00, 0.00, 0.00, 0.00, 0.00),
(634, 1358, 'C', 10610.00, 0.00, 0.00, 0.00, 0.00),
(635, 1359, 'C', 4064.00, 296.00, 500.00, 1578.00, 0.00),
(636, 1360, 'C', 10610.00, 0.00, 0.00, 0.00, 0.00),
(637, 1361, 'C', 2949.00, 0.00, 500.00, 1145.00, 0.00),
(639, 1363, 'C', 2949.00, 215.00, 500.00, 1145.00, 0.00),
(640, 1364, 'C', 2949.00, 215.00, 500.00, 1145.00, 0.00),
(642, 1368, 'C', 8000.00, 0.00, 0.00, 0.00, 0.00),
(643, 1369, 'C', 8000.00, 0.00, 0.00, 0.00, 0.00),
(644, 1370, 'C', 7500.00, 0.00, 0.00, 0.00, 0.00),
(645, 1371, 'C', 25812.00, 0.00, 0.00, 0.00, 0.00),
(647, 1373, 'C', 16000.00, 0.00, 0.00, 0.00, 0.00),
(648, 1376, 'C', 16000.00, 0.00, 0.00, 0.00, 0.00),
(649, 1377, 'C', 14760.00, 12.50, 500.00, 0.00, 0.00),
(650, 1379, 'C', 24669.00, 0.00, 0.00, 0.00, 0.00),
(651, 1380, 'C', 23608.00, 0.00, 0.00, 0.00, 0.00),
(652, 1381, 'C', 24318.00, 0.00, 0.00, 0.00, 0.00),
(653, 1382, 'C', 23608.00, 0.00, 0.00, 0.00, 0.00),
(654, 1383, 'C', 23608.00, 0.00, 0.00, 0.00, 0.00),
(655, 1384, 'C', 34030.00, 6806.00, 500.00, 42538.00, 120.00),
(656, 1385, 'C', 23902.00, 0.00, 0.00, 0.00, 0.00),
(657, 1386, 'C', 19680.00, 3936.00, 500.00, 24600.00, 120.00),
(658, 1387, 'C', 15600.00, 0.00, 0.00, 0.00, 0.00),
(659, 1388, 'C', 15610.00, 3122.00, 500.00, 19513.00, 120.00),
(660, 1390, 'C', 15600.00, 0.00, 0.00, 0.00, 0.00),
(661, 1391, 'C', 15600.00, 0.00, 0.00, 0.00, 0.00),
(662, 1392, 'C', 15600.00, 0.00, 0.00, 0.00, 0.00),
(663, 1393, 'C', 22918.00, 0.00, 0.00, 0.00, 0.00),
(664, 1394, 'C', 15600.00, 0.00, 0.00, 0.00, 0.00),
(665, 1395, 'C', 15210.00, 3042.00, 500.00, 19013.00, 120.00),
(666, 1396, 'C', 23610.00, 1417.00, 0.00, 2833.00, 0.00),
(668, 1398, 'C', 10300.00, 0.00, 0.00, 0.00, 0.00),
(670, 1400, 'C', 17400.00, 3480.00, 500.00, 21750.00, 120.00),
(671, 1401, 'C', 10040.00, 2008.00, 500.00, 12550.00, 120.00),
(672, 1402, 'C', 64290.00, 12858.00, 500.00, 80363.00, 120.00),
(678, 1408, 'C', 36970.00, 7394.00, 500.00, 46213.00, 120.00),
(679, 1409, 'C', 33680.00, 6736.00, 500.00, 42100.00, 120.00),
(680, 1410, 'C', 34770.00, 0.00, 500.00, 34770.00, 120.00),
(681, 1411, 'C', 33710.00, 0.00, 0.00, 42138.00, 120.00),
(682, 1412, 'C', 33565.00, 6713.00, 500.00, 41956.00, 120.00),
(683, 1413, 'C', 25810.00, 5162.00, 500.00, 32263.00, 120.00),
(684, 1414, 'C', 25050.00, 5660.00, 500.00, 35375.00, 120.00),
(685, 1415, 'C', 23610.00, 4722.00, 500.00, 29513.00, 120.00),
(687, 1417, 'C', 22250.00, 4450.00, 500.00, 27813.00, 120.00),
(688, 1418, 'C', 21600.00, 0.00, 0.00, 0.00, 0.00),
(689, 1419, 'C', 21600.00, 0.00, 0.00, 0.00, 0.00),
(690, 1420, 'C', 21600.00, 0.00, 0.00, 0.00, 0.00),
(691, 1421, 'C', 21600.00, 0.00, 0.00, 0.00, 0.00),
(692, 1422, 'C', 21600.00, 0.00, 0.00, 0.00, 0.00),
(694, 1424, 'C', 15210.00, 3042.00, 500.00, 19013.00, 120.00),
(674, 1426, 'C', 65830.00, 13166.00, 500.00, 82288.00, 120.00),
(381, 1435, 'C', 21600.00, 0.00, 0.00, 0.00, 0.00),
(478, 1438, 'C', 8929.00, 0.00, 0.00, 0.00, 0.00),
(229, 1441, 'C', 10000.00, 0.00, 0.00, 0.00, 0.00),
(178, 1442, 'C', 14500.00, 0.00, 0.00, 0.00, 0.00),
(227, 1443, 'C', 10000.00, 0.00, 0.00, 0.00, 0.00),
(225, 1444, 'C', 10000.00, 0.00, 0.00, 0.00, 0.00),
(224, 1445, 'C', 10000.00, 0.00, 0.00, 0.00, 0.00),
(223, 1446, 'C', 10000.00, 0.00, 0.00, 0.00, 0.00),
(222, 1447, 'C', 21600.00, 0.00, 0.00, 0.00, 0.00),
(221, 1448, 'C', 10000.00, 0.00, 0.00, 0.00, 0.00),
(220, 1449, 'C', 21600.00, 0.00, 0.00, 0.00, 0.00),
(202, 1451, 'C', 21600.00, 0.00, 0.00, 0.00, 0.00),
(219, 1452, 'C', 10000.00, 0.00, 0.00, 0.00, 0.00),
(194, 1453, 'C', 10000.00, 0.00, 0.00, 0.00, 0.00),
(193, 1454, 'C', 21600.00, 0.00, 0.00, 0.00, 0.00),
(191, 1455, 'C', 21600.00, 0.00, 0.00, 0.00, 0.00),
(185, 1456, 'C', 21600.00, 0.00, 0.00, 0.00, 0.00),
(142, 1458, 'C', 34980.00, 4373.00, 500.00, 41626.00, 0.00),
(145, 1459, 'C', 30730.00, 3841.00, 500.00, 36569.00, 0.00),
(151, 1460, 'C', 24320.00, 3040.00, 500.00, 28941.00, 0.00),
(158, 1461, 'C', 21600.00, 0.00, 0.00, 0.00, 0.00),
(157, 1462, 'C', 21600.00, 0.00, 0.00, 0.00, 0.00),
(155, 1463, 'C', 22920.00, 2865.00, 500.00, 27273.00, 0.00),
(160, 1464, 'C', 21600.00, 0.00, 0.00, 0.00, 0.00),
(176, 1465, 'C', 15600.00, 0.00, 0.00, 0.00, 0.00),
(177, 1466, 'C', 13500.00, 0.00, 0.00, 0.00, 0.00),
(179, 1467, 'C', 12500.00, 0.00, 0.00, 0.00, 0.00),
(180, 1468, 'C', 11500.00, 0.00, 0.00, 0.00, 0.00),
(181, 1469, 'C', 15600.00, 0.00, 0.00, 0.00, 0.00),
(183, 1470, 'C', 10000.00, 0.00, 0.00, 0.00, 0.00),
(184, 1472, 'C', 10000.00, 0.00, 0.00, 0.00, 0.00),
(182, 1473, 'C', 10000.00, 0.00, 0.00, 0.00, 0.00),
(676, 1474, 'C', 15600.00, 0.00, 0.00, 0.00, 0.00),
(704, 1475, 'C', 21600.00, 0.00, 0.00, 2592.00, 0.00),
(693, 1476, 'C', 21600.00, 0.00, 0.00, 0.00, 0.00),
(695, 1477, 'C', 32050.00, 6410.00, 500.00, 40063.00, 120.00),
(686, 1478, 'C', 23610.00, 5372.00, 500.00, 33575.00, 120.00),
(705, 1479, 'C', 22920.00, 0.00, 0.00, 2750.00, 0.00),
(706, 1480, 'C', 21600.00, 0.00, 0.00, 0.00, 0.00),
(707, 1481, 'C', 33188.00, 1991.00, 0.00, 3983.00, 0.00),
(708, 1482, 'C', 21600.00, 0.00, 0.00, 2592.00, 0.00),
(709, 1483, 'C', 24320.00, 0.00, 0.00, 2918.00, 0.00),
(710, 1484, 'C', 15600.00, 0.00, 0.00, 0.00, 0.00),
(711, 1485, 'C', 21600.00, 0.00, 0.00, 2592.00, 0.00),
(712, 1487, 'C', 22740.00, 0.00, 0.00, 8.00, 0.00),
(343, 1488, 'C', 65850.00, 0.00, 350.00, 78362.00, 0.00),
(335, 1493, 'C', 52250.00, 10450.00, 500.00, 65313.00, 120.00),
(290, 1494, 'C', 67450.00, 13490.00, 500.00, 84313.00, 120.00),
(703, 1497, 'C', 15600.00, 0.00, 0.00, 0.00, 0.00),
(702, 1498, 'C', 15600.00, 0.00, 0.00, 0.00, 0.00),
(700, 1500, 'C', 15600.00, 0.00, 0.00, 0.00, 0.00),
(699, 1501, 'C', 15600.00, 0.00, 0.00, 0.00, 0.00),
(698, 1502, 'C', 15600.00, 0.00, 0.00, 0.00, 0.00),
(701, 1503, 'C', 15600.00, 0.00, 0.00, 0.00, 0.00),
(697, 1504, 'C', 15600.00, 0.00, 0.00, 0.00, 0.00),
(696, 1505, 'C', 15600.00, 0.00, 0.00, 0.00, 0.00),
(677, 1506, 'C', 16985.00, 0.00, 0.00, 0.00, 0.00),
(675, 1507, 'C', 15600.00, 0.00, 0.00, 0.00, 0.00),
(673, 1508, 'C', 18186.00, 0.00, 0.00, 0.00, 0.00),
(669, 1509, 'C', 21600.00, 0.00, 0.00, 0.00, 0.00),
(667, 1510, 'C', 22250.00, 0.00, 0.00, 0.00, 0.00),
(255, 1513, 'C', 21600.00, 4320.00, 500.00, 17280.00, 120.00),
(714, 1517, 'C', 15600.00, 0.00, 350.00, 80.00, 1800.00),
(713, 1518, 'C', 15600.00, 0.00, 350.00, 80.00, 1800.00),
(715, 1519, 'C', 15600.00, 0.00, 350.00, 80.00, 1800.00),
(716, 1520, 'C', 15600.00, 0.00, 350.00, 80.00, 1800.00),
(717, 1521, 'C', 15600.00, 0.00, 350.00, 80.00, 1800.00),
(718, 1523, 'C', 25797.00, 0.00, 0.00, 0.00, 0.00),
(719, 1524, 'C', 15600.00, 0.00, 350.00, 80.00, 1800.00),
(720, 1525, 'C', 25800.00, 0.00, 0.00, 0.00, 0.00),
(721, 1526, 'C', 15600.00, 0.00, 350.00, 80.00, 1800.00),
(723, 1528, 'C', 25040.00, 0.00, 500.00, 22536.00, 0.00),
(724, 1529, 'C', 25040.00, 0.00, 500.00, 22536.00, 0.00),
(725, 1530, 'C', 25780.00, 0.00, 500.00, 23202.00, 0.00),
(727, 1537, 'C', 24320.00, 0.00, 500.00, 21888.00, 0.00),
(728, 1538, 'C', 24320.00, 0.00, 500.00, 21888.00, 0.00),
(726, 1539, 'C', 24320.00, 0.00, 500.00, 21888.00, 0.00),
(729, 1541, 'C', 26440.00, 0.00, 500.00, 23796.00, 0.00),
(730, 1542, 'C', 23610.00, 0.00, 500.00, 21249.00, 0.00),
(24, 1543, 'C', 0.00, 0.00, 0.00, 0.00, 0.00),
(619, 1547, 'C', 22920.00, 2290.00, 500.00, 0.00, 0.00),
(734, 1548, 'C', 27640.00, 0.00, 0.00, 24876.00, 0.00),
(735, 1549, 'C', 25800.00, 0.00, 0.00, 23220.00, 0.00),
(736, 1550, 'C', 25800.00, 0.00, 0.00, 23220.00, 0.00),
(737, 1551, 'C', 26080.00, 0.00, 0.00, 23472.00, 0.00),
(738, 1552, 'C', 24320.00, 0.00, 0.00, 21888.00, 0.00),
(739, 1553, 'C', 26110.00, 0.00, 0.00, 23499.00, 0.00),
(741, 1555, 'C', 26110.00, 0.00, 0.00, 23499.00, 0.00),
(740, 1556, 'C', 26080.00, 0.00, 0.00, 23472.00, 0.00),
(742, 1557, 'C', 25800.00, 0.00, 0.00, 23220.00, 0.00),
(743, 1558, 'C', 25050.00, 0.00, 0.00, 22545.00, 0.00),
(744, 1559, 'C', 23610.00, 0.00, 0.00, 21249.00, 0.00),
(745, 1560, 'C', 22250.00, 0.00, 0.00, 20025.00, 0.00),
(746, 1561, 'C', 22250.00, 0.00, 0.00, 18913.00, 0.00),
(747, 1562, 'C', 22250.00, 0.00, 0.00, 18913.00, 0.00),
(748, 1563, 'C', 22250.00, 0.00, 0.00, 18913.00, 0.00),
(749, 1564, 'C', 21600.00, 0.00, 0.00, 5000.00, 0.00),
(750, 1565, 'C', 22250.00, 0.00, 0.00, 15130.00, 0.00),
(32, 1566, 'C', 0.00, 0.00, 0.00, 0.00, 0.00),
(752, 1570, 'C', 21000.00, 0.00, 0.00, 0.00, 0.00),
(759, 1583, 'C', 46400.00, 2320.00, 350.00, 55512.00, 0.00),
(760, 1584, 'C', 33740.00, 1687.00, 350.00, 40151.00, 0.00),
(762, 1586, 'C', 36320.00, 1816.00, 350.00, 43221.00, 0.00),
(761, 1587, 'C', 37030.00, 1852.00, 350.00, 44066.00, 0.00),
(763, 1589, 'C', 34980.00, 1749.00, 350.00, 41626.00, 0.00),
(758, 1590, 'C', 47800.00, 2390.00, 350.00, 56882.00, 0.00),
(756, 1591, 'C', 62060.00, 3103.00, 350.00, 73851.00, 0.00),
(757, 1592, 'C', 62420.00, 3121.00, 350.00, 74280.00, 0.00),
(764, 1593, 'C', 10000.00, 0.00, 0.00, 0.00, 0.00),
(753, 1594, 'C', 16500.00, 0.00, 0.00, 0.00, 0.00),
(765, 1595, 'C', 15600.00, 0.00, 0.00, 0.00, 0.00),
(766, 1596, 'C', 16500.00, 0.00, 0.00, 0.00, 0.00),
(767, 1600, 'C', 73570.00, 7357.00, 0.00, 0.00, 3000.00),
(768, 1601, 'C', 21600.00, 0.00, 0.00, 0.00, 0.00),
(769, 1603, 'C', 21600.00, 0.00, 0.00, 0.00, 0.00),
(771, 1606, 'C', 21600.00, 0.00, 0.00, 0.00, 0.00),
(770, 1608, 'C', 21600.00, 0.00, 0.00, 0.00, 0.00),
(772, 1610, 'C', 21600.00, 0.00, 0.00, 0.00, 0.00),
(773, 1611, 'C', 24320.00, 0.00, 0.00, 0.00, 0.00),
(774, 1612, 'C', 22250.00, 0.00, 0.00, 0.00, 0.00),
(775, 1613, 'C', 18050.00, 0.00, 0.00, 0.00, 0.00),
(777, 1615, 'C', 16560.00, 0.00, 0.00, 0.00, 0.00),
(778, 1617, 'C', 16560.00, 0.00, 0.00, 0.00, 0.00),
(779, 1618, 'C', 16070.00, 0.00, 0.00, 0.00, 0.00),
(780, 1619, 'C', 15600.00, 0.00, 0.00, 0.00, 0.00),
(781, 1621, 'C', 15600.00, 0.00, 0.00, 0.00, 0.00),
(782, 1623, 'C', 15600.00, 0.00, 0.00, 0.00, 0.00),
(783, 1624, 'C', 15600.00, 0.00, 0.00, 0.00, 0.00),
(784, 1625, 'C', 15600.00, 0.00, 0.00, 0.00, 0.00),
(785, 1627, 'C', 15600.00, 0.00, 0.00, 0.00, 0.00),
(786, 1628, 'C', 10500.00, 0.00, 0.00, 0.00, 0.00),
(787, 1629, 'C', 13750.00, 0.00, 0.00, 0.00, 0.00),
(751, 1630, 'C', 17000.00, 0.00, 0.00, 0.00, 0.00),
(788, 1631, 'C', 24580.00, 1229.00, 350.00, 29250.00, 0.00),
(789, 1632, 'C', 9780.00, 691.00, 350.00, 16434.00, 0.00),
(790, 1633, 'C', 13810.00, 691.00, 350.00, 16434.00, 0.00),
(791, 1634, 'C', 14550.00, 728.00, 350.00, 17315.00, 0.00),
(792, 1635, 'C', 13030.00, 652.00, 350.00, 15506.00, 0.00),
(793, 1637, 'C', 11470.00, 574.00, 350.00, 13649.00, 0.00),
(794, 1639, 'C', 10860.00, 543.00, 350.00, 12923.00, 0.00),
(795, 1640, 'C', 9120.00, 456.00, 350.00, 10853.00, 0.00),
(797, 1643, 'C', 12500.00, 0.00, 0.00, 0.00, 0.00),
(807, 1658, 'C', 21600.00, 0.00, 0.00, 0.00, 0.00),
(809, 1661, 'C', 18000.00, 0.00, 0.00, 0.00, 0.00),
(811, 1663, 'C', 9500.00, 0.00, 0.00, 0.00, 0.00),
(812, 1664, 'C', 18000.00, 0.00, 0.00, 0.00, 0.00),
(813, 1665, 'C', 18000.00, 0.00, 0.00, 0.00, 0.00),
(814, 1667, 'C', 12000.00, 0.00, 0.00, 0.00, 0.00),
(815, 1669, 'C', 9500.00, 0.00, 0.00, 0.00, 0.00),
(817, 1671, 'C', 17000.00, 0.00, 0.00, 0.00, 0.00),
(818, 1672, 'C', 18000.00, 0.00, 0.00, 0.00, 0.00),
(819, 1673, 'C', 18000.00, 0.00, 0.00, 0.00, 0.00),
(824, 1679, 'C', 18000.00, 0.00, 0.00, 0.00, 0.00),
(825, 1680, 'C', 21600.00, 0.00, 0.00, 0.00, 0.00),
(826, 1681, 'C', 21600.00, 0.00, 0.00, 0.00, 0.00),
(828, 1684, 'C', 10610.00, 0.00, 0.00, 0.00, 0.00),
(829, 1685, 'C', 10610.00, 0.00, 0.00, 0.00, 0.00),
(830, 1686, 'C', 11000.00, 0.00, 0.00, 0.00, 0.00),
(831, 1687, 'C', 8000.00, 0.00, 0.00, 0.00, 0.00),
(832, 1689, 'C', 5000.00, 0.00, 0.00, 0.00, 0.00),
(834, 1691, 'C', 5000.00, 0.00, 0.00, 0.00, 0.00),
(38, 1696, 'C', 0.00, 0.00, 0.00, 0.00, 0.00),
(838, 1699, 'C', 18000.00, 0.00, 0.00, 0.00, 0.00),
(355, 1701, 'C', 25048.00, 0.00, 0.00, 2755.00, 0.00),
(840, 1703, 'C', 15000.00, 0.00, 0.00, 0.00, 0.00),
(841, 1704, 'C', 13730.00, 0.00, 0.00, 0.00, 0.00),
(842, 1705, 'C', 12300.00, 0.00, 0.00, 0.00, 0.00),
(843, 1706, 'C', 14000.00, 0.00, 0.00, 0.00, 0.00),
(844, 1707, 'C', 13730.00, 0.00, 0.00, 0.00, 0.00),
(851, 1715, 'C', 11500.00, 0.00, 0.00, 0.00, 0.00),
(852, 1716, 'C', 10550.00, 0.00, 0.00, 0.00, 0.00),
(853, 1717, 'C', 12000.00, 0.00, 0.00, 0.00, 0.00),
(854, 1718, 'C', 10200.00, 0.00, 0.00, 0.00, 0.00),
(855, 1719, 'C', 12000.00, 0.00, 0.00, 0.00, 0.00),
(857, 1722, 'C', 10500.00, 0.00, 0.00, 0.00, 0.00),
(19, 1724, 'C', 0.00, 0.00, 0.00, 0.00, 0.00),
(17, 1725, 'C', 0.00, 0.00, 0.00, 0.00, 0.00),
(16, 1726, 'C', 0.00, 0.00, 0.00, 0.00, 0.00),
(15, 1727, 'C', 0.00, 0.00, 0.00, 0.00, 0.00),
(12, 1728, 'C', 0.00, 0.00, 0.00, 0.00, 0.00),
(439, 1729, 'C', 21600.00, 0.00, 0.00, 0.00, 0.00),
(858, 1750, 'C', 21600.00, 0.00, 0.00, 0.00, 0.00),
(859, 1751, 'C', 21600.00, 0.00, 0.00, 0.00, 0.00),
(860, 1752, 'C', 17500.00, 0.00, 0.00, 0.00, 0.00),
(862, 1754, 'C', 12000.00, 0.00, 0.00, 0.00, 0.00),
(863, 1755, 'C', 12000.00, 0.00, 0.00, 0.00, 0.00),
(856, 1756, 'C', 21600.00, 0.00, 0.00, 0.00, 0.00),
(816, 1757, 'C', 21600.00, 0.00, 0.00, 0.00, 0.00),
(864, 1758, 'C', 32290.00, 8058.00, 500.00, 50363.00, 0.00),
(865, 1759, 'C', 51600.00, 12120.00, 500.00, 75750.00, 0.00),
(866, 1760, 'C', 21600.00, 0.00, 0.00, 0.00, 0.00),
(867, 1761, 'C', 28900.00, 7380.00, 500.00, 46125.00, 0.00),
(868, 1762, 'C', 25780.00, 6556.00, 500.00, 40975.00, 0.00),
(869, 1763, 'C', 17610.00, 5372.00, 500.00, 33575.00, 0.00),
(870, 1764, 'C', 55300.00, 12860.00, 500.00, 80375.00, 0.00),
(871, 1765, 'C', 46440.00, 11088.00, 0.00, 69300.00, 0.00),
(872, 1766, 'C', 29030.00, 7406.00, 500.00, 46288.00, 0.00),
(873, 1767, 'C', 25010.00, 6930.00, 500.00, 43313.00, 0.00),
(874, 1768, 'C', 17610.00, 5372.00, 500.00, 33575.00, 0.00),
(875, 1770, 'C', 17610.00, 5372.00, 500.00, 33575.00, 0.00),
(876, 1771, 'C', 17610.00, 5372.00, 500.00, 33575.00, 0.00),
(877, 1772, 'C', 17610.00, 5372.00, 500.00, 33575.00, 0.00),
(878, 1773, 'C', 53420.00, 12484.00, 500.00, 78025.00, 0.00),
(879, 1775, 'C', 51600.00, 12120.00, 500.00, 75750.00, 0.00),
(880, 1776, 'C', 25070.00, 6414.00, 500.00, 40088.00, 0.00),
(881, 1777, 'C', 17610.00, 4982.00, 500.00, 31138.00, 0.00),
(882, 1778, 'C', 60830.00, 13966.00, 500.00, 87288.00, 0.00),
(883, 1779, 'C', 51600.00, 12120.00, 500.00, 75750.00, 0.00),
(884, 1780, 'C', 56850.00, 13170.00, 500.00, 82313.00, 0.00),
(885, 1781, 'C', 56850.00, 13170.00, 0.00, 82313.00, 0.00),
(886, 1782, 'C', 55300.00, 12860.00, 500.00, 80375.00, 0.00),
(887, 1783, 'C', 27420.00, 7084.00, 500.00, 44275.00, 0.00),
(888, 1784, 'C', 21600.00, 0.00, 0.00, 0.00, 0.00),
(889, 1785, 'C', 12000.00, 0.00, 0.00, 0.00, 0.00),
(796, 1786, 'C', 9500.00, 0.00, 0.00, 0.00, 0.00),
(890, 1787, 'C', 15600.00, 0.00, 0.00, 0.00, 1797.00),
(891, 1788, 'C', 15600.00, 0.00, 0.00, 0.00, 1800.00),
(892, 1789, 'C', 15600.00, 0.00, 0.00, 0.00, 1800.00),
(893, 1790, 'C', 15600.00, 0.00, 0.00, 0.00, 0.00),
(894, 1791, 'C', 11475.00, 0.00, 0.00, 0.00, 1377.00),
(895, 1792, 'C', 11375.00, 0.00, 0.00, 0.00, 1362.00),
(141, 1794, 'C', 50720.00, 6340.00, 500.00, 60357.00, 0.00),
(861, 1796, 'C', 31000.00, 0.00, 0.00, 0.00, 0.00),
(755, 1797, 'C', 21600.00, 0.00, 0.00, 0.00, 0.00),
(898, 1800, 'C', 23610.00, 0.00, 500.00, 21249.00, 0.00),
(897, 1801, 'C', 23610.00, 0.00, 500.00, 21249.00, 0.00),
(900, 1803, 'C', 23610.00, 0.00, 500.00, 21249.00, 0.00),
(39, 1804, 'C', 0.00, 0.00, 0.00, 0.00, 0.00),
(901, 1805, 'C', 23610.00, 0.00, 500.00, 21249.00, 0.00),
(902, 1806, 'C', 23610.00, 0.00, 500.00, 21249.00, 0.00),
(903, 1807, 'C', 23610.00, 0.00, 500.00, 21249.00, 0.00),
(899, 1809, 'C', 23610.00, 0.00, 500.00, 21249.00, 0.00),
(904, 1810, 'C', 22920.00, 0.00, 500.00, 20628.00, 0.00),
(905, 1811, 'C', 22920.00, 0.00, 50.00, 20628.00, 0.00),
(906, 1812, 'C', 22920.00, 0.00, 500.00, 20628.00, 0.00),
(907, 1813, 'C', 22920.00, 0.00, 500.00, 20628.00, 0.00),
(908, 1814, 'C', 22250.00, 0.00, 500.00, 20025.00, 0.00),
(909, 1815, 'C', 22250.00, 0.00, 500.00, 20025.00, 0.00),
(910, 1816, 'C', 22250.00, 0.00, 500.00, 20025.00, 0.00),
(911, 1817, 'C', 21600.00, 0.00, 500.00, 19440.00, 0.00),
(912, 1818, 'C', 1.00, 1.00, 1.00, 1.00, 1.00),
(913, 1819, 'C', 17300.00, 1298.00, 350.00, 20599.00, 0.00),
(914, 1820, 'C', 42570.00, 3193.00, 350.00, 38313.00, 0.00),
(915, 1821, 'C', 66910.00, 0.00, 500.00, 83638.00, 620.00),
(916, 1822, 'C', 41350.00, 8270.00, 500.00, 51688.00, 620.00),
(917, 1823, 'C', 26740.00, 6748.00, 500.00, 42175.00, 0.00),
(918, 1824, 'C', 19810.00, 5162.00, 500.00, 32263.00, 0.00),
(919, 1825, 'C', 17610.00, 4722.00, 500.00, 29513.00, 0.00),
(920, 1826, 'C', 17610.00, 5372.00, 500.00, 33575.00, 0.00),
(921, 1827, 'C', 16920.00, 4584.00, 500.00, 28650.00, 0.00),
(922, 1828, 'C', 58830.00, 11766.00, 500.00, 73538.00, 620.00),
(923, 1829, 'C', 25120.00, 6424.00, 500.00, 40150.00, 0.00),
(924, 1830, 'C', 33320.00, 0.00, 500.00, 41650.00, 620.00),
(925, 1831, 'C', 17610.00, 4722.00, 500.00, 29513.00, 0.00),
(926, 1832, 'C', 17610.00, 4722.00, 500.00, 29513.00, 0.00),
(927, 1833, 'C', 37700.00, 0.00, 500.00, 47125.00, 620.00),
(928, 1835, 'C', 56850.00, 13170.00, 500.00, 82313.00, 0.00),
(929, 1836, 'C', 56850.00, 13170.00, 500.00, 82313.00, 0.00),
(930, 1837, 'C', 31070.00, 0.00, 500.00, 38838.00, 620.00),
(931, 1838, 'C', 19810.00, 5162.00, 500.00, 32263.00, 0.00),
(932, 1839, 'C', 19810.00, 5162.00, 500.00, 32263.00, 0.00),
(933, 1840, 'C', 29070.00, 5814.00, 500.00, 36338.00, 0.00),
(934, 1841, 'C', 58470.00, 13494.00, 500.00, 84338.00, 0.00),
(935, 1842, 'C', 17610.00, 5372.00, 500.00, 33575.00, 0.00),
(936, 1843, 'C', 53820.00, 0.00, 500.00, 67275.00, 0.00),
(937, 1844, 'C', 56850.00, 13170.00, 500.00, 82313.00, 0.00),
(938, 1845, 'C', 56850.00, 13170.00, 500.00, 82313.00, 0.00),
(940, 1847, 'C', 49830.00, 11766.00, 500.00, 73538.00, 0.00),
(941, 1848, 'C', 31140.00, 0.00, 500.00, 38925.00, 620.00),
(942, 1849, 'C', 23220.00, 6044.00, 500.00, 37775.00, 0.00),
(943, 1850, 'C', 67450.00, 13490.00, 500.00, 84313.00, 0.00),
(944, 1851, 'C', 18320.00, 5514.00, 500.00, 34463.00, 0.00),
(945, 1852, 'C', 16920.00, 4584.00, 500.00, 28650.00, 0.00),
(946, 1853, 'C', 62420.00, 0.00, 500.00, 78205.00, 620.00),
(947, 1854, 'C', 16920.00, 4584.00, 500.00, 28650.00, 0.00),
(948, 1855, 'C', 67450.00, 13490.00, 500.00, 84313.00, 0.00),
(949, 1856, 'C', 16920.00, 4584.00, 500.00, 28650.00, 0.00),
(950, 1857, 'C', 62420.00, 12484.00, 500.00, 78025.00, 620.00),
(952, 1859, 'C', 65850.00, 13170.00, 500.00, 82313.00, 620.00),
(953, 1860, 'C', 10000.00, 0.00, 0.00, 0.00, 500.00),
(954, 1861, 'C', 67450.00, 13490.00, 500.00, 84313.00, 0.00),
(955, 1862, 'C', 16920.00, 4584.00, 500.00, 28650.00, 0.00),
(956, 1863, 'C', 62420.00, 0.00, 500.00, 78025.00, 620.00),
(957, 1864, 'C', 36140.00, 0.00, 500.00, 45175.00, 620.00),
(958, 1865, 'C', 65850.00, 0.00, 500.00, 82313.00, 0.00),
(959, 1866, 'C', 63930.00, 0.00, 500.00, 79913.00, 0.00),
(960, 1867, 'C', 65850.00, 0.00, 500.00, 82313.00, 0.00),
(961, 1868, 'C', 62420.00, 12484.00, 500.00, 78025.00, 620.00),
(962, 1869, 'C', 58830.00, 11776.00, 500.00, 73538.00, 620.00),
(963, 1870, 'C', 57110.00, 11422.00, 500.00, 71388.00, 620.00),
(965, 1872, 'C', 57110.00, 11422.00, 500.00, 71388.00, 620.00),
(966, 1873, 'C', 53820.00, 0.00, 500.00, 67275.00, 0.00),
(968, 1875, 'C', 9500.00, 0.00, 0.00, 0.00, 0.00),
(969, 1876, 'C', 34750.00, 0.00, 500.00, 43438.00, 620.00),
(970, 1877, 'C', 64300.00, 12860.00, 500.00, 80375.00, 620.00),
(971, 1878, 'C', 38610.00, 0.00, 500.00, 48263.00, 620.00),
(972, 1879, 'C', 36210.00, 0.00, 500.00, 45263.00, 620.00),
(973, 1880, 'C', 38540.00, 0.00, 500.00, 48175.00, 620.00),
(974, 1881, 'C', 68920.00, 13784.00, 500.00, 86150.00, 620.00),
(976, 1883, 'C', 65850.00, 0.00, 500.00, 82313.00, 0.00),
(978, 1885, 'C', 65850.00, 0.00, 500.00, 82313.00, 620.00),
(979, 1886, 'C', 69120.00, 13824.00, 500.00, 86400.00, 0.00),
(980, 1887, 'C', 74010.00, 14802.00, 500.00, 92513.00, 620.00),
(982, 1889, 'C', 31140.00, 0.00, 500.00, 38925.00, 620.00),
(981, 1890, 'C', 58830.00, 11766.00, 500.00, 73538.00, 620.00),
(951, 1891, 'C', 60600.00, 12120.00, 500.00, 75750.00, 620.00),
(964, 1892, 'C', 57110.00, 11422.00, 500.00, 71388.00, 620.00),
(967, 1893, 'C', 52250.00, 0.00, 500.00, 65313.00, 620.00),
(975, 1894, 'C', 33980.00, 0.00, 500.00, 42475.00, 620.00),
(977, 1895, 'C', 57110.00, 0.00, 500.00, 71388.00, 620.00),
(983, 1896, 'C', 58830.00, 0.00, 500.00, 735538.00, 620.00),
(984, 1897, 'C', 62420.00, 0.00, 500.00, 78025.00, 620.00),
(985, 1898, 'C', 67450.00, 0.00, 500.00, 84313.00, 0.00),
(986, 1899, 'C', 38540.00, 0.00, 500.00, 48175.00, 620.00),
(987, 1900, 'C', 67450.00, 13490.00, 500.00, 84313.00, 0.00),
(989, 1902, 'C', 31090.00, 0.00, 500.00, 38863.00, 0.00),
(990, 1903, 'C', 63570.00, 0.00, 500.00, 79463.00, 620.00),
(991, 1904, 'C', 65850.00, 13170.00, 500.00, 82313.00, 620.00),
(992, 1905, 'C', 64300.00, 0.00, 500.00, 80375.00, 620.00),
(993, 1906, 'C', 38540.00, 0.00, 500.00, 48175.00, 620.00),
(994, 1907, 'C', 62420.00, 0.00, 500.00, 84475.00, 620.00),
(995, 1908, 'C', 97520.00, 0.00, 500.00, 46900.00, 620.00),
(988, 1909, 'C', 31520.00, 6304.00, 500.00, 39400.00, 620.00),
(996, 1910, 'C', 37730.00, 0.00, 500.00, 47163.00, 620.00),
(997, 1911, 'C', 65850.00, 13170.00, 500.00, 82313.00, 0.00),
(998, 1912, 'C', 65850.00, 0.00, 500.00, 82313.00, 0.00),
(999, 1913, 'C', 33740.00, 0.00, 500.00, 42175.00, 620.00),
(1000, 1914, 'C', 62420.00, 12484.00, 500.00, 78025.00, 620.00),
(1001, 1915, 'C', 53820.00, 10764.00, 500.00, 67275.00, 620.00),
(1002, 1916, 'C', 53820.00, 10764.00, 500.00, 67275.00, 620.00),
(1004, 1918, 'C', 48600.00, 0.00, 0.00, 0.00, 0.00),
(1005, 1919, 'C', 48600.00, 0.00, 0.00, 0.00, 0.00),
(1006, 1920, 'C', 48600.00, 0.00, 0.00, 0.00, 0.00),
(1007, 1921, 'C', 48600.00, 0.00, 0.00, 0.00, 0.00),
(1008, 1922, 'C', 48600.00, 0.00, 0.00, 0.00, 0.00),
(1009, 1923, 'C', 48600.00, 0.00, 0.00, 0.00, 0.00),
(1010, 1924, 'C', 48600.00, 0.00, 0.00, 0.00, 0.00),
(1011, 1925, 'C', 48600.00, 0.00, 0.00, 0.00, 0.00),
(1012, 1926, 'C', 48600.00, 0.00, 0.00, 0.00, 0.00),
(1013, 1927, 'C', 48600.00, 0.00, 0.00, 0.00, 0.00),
(1014, 1928, 'C', 48600.00, 0.00, 0.00, 0.00, 0.00),
(1015, 1929, 'C', 48600.00, 0.00, 0.00, 0.00, 0.00),
(1016, 1930, 'C', 48600.00, 0.00, 0.00, 0.00, 0.00),
(1017, 1931, 'C', 48600.00, 0.00, 0.00, 0.00, 0.00),
(1018, 1932, 'C', 48600.00, 0.00, 0.00, 0.00, 0.00),
(1019, 1933, 'C', 48600.00, 0.00, 0.00, 0.00, 0.00),
(1020, 1934, 'C', 48600.00, 0.00, 0.00, 0.00, 0.00),
(1021, 1935, 'C', 48600.00, 0.00, 0.00, 0.00, 0.00),
(1022, 1936, 'C', 48600.00, 0.00, 0.00, 0.00, 0.00),
(1023, 1937, 'C', 48600.00, 0.00, 0.00, 0.00, 0.00),
(1024, 1938, 'C', 48600.00, 0.00, 0.00, 0.00, 0.00),
(1025, 1939, 'C', 48600.00, 0.00, 0.00, 0.00, 0.00),
(722, 1968, 'C', 25040.00, 0.00, 500.00, 22536.00, 0.00),
(526, 2047, 'C', 16000.00, 0.00, 0.00, 0.00, 0.00),
(525, 2048, 'C', 33460.00, 4183.00, 500.00, 39817.00, 0.00),
(523, 2049, 'C', 16000.00, 0.00, 0.00, 0.00, 0.00),
(522, 2050, 'C', 53820.00, 6728.00, 500.00, 64046.00, 0.00),
(519, 2053, 'C', 21870.00, 0.00, 0.00, 0.00, 0.00),
(527, 2054, 'C', 15200.00, 0.00, 0.00, 0.00, 0.00),
(518, 2055, 'C', 18000.00, 0.00, 0.00, 0.00, 0.00),
(517, 2056, 'C', 22250.00, 2781.00, 500.00, 26478.00, 0.00),
(515, 2057, 'C', 17120.00, 0.00, 0.00, 0.00, 0.00),
(514, 2058, 'C', 21600.00, 0.00, 0.00, 0.00, 0.00),
(512, 2059, 'C', 21600.00, 0.00, 0.00, 0.00, 0.00),
(511, 2060, 'C', 23610.00, 2915.00, 500.00, 1181.00, 0.00),
(510, 2061, 'C', 31110.00, 3889.00, 500.00, 37021.00, 0.00),
(508, 2062, 'C', 17120.00, 0.00, 0.00, 0.00, 0.00),
(507, 2063, 'C', 18320.00, 0.00, 0.00, 0.00, 0.00),
(506, 2064, 'C', 22250.00, 2781.00, 500.00, 26478.00, 0.00),
(505, 2065, 'C', 24320.00, 3040.00, 500.00, 7235.00, 0.00),
(504, 2066, 'C', 21600.00, 0.00, 0.00, 0.00, 0.00),
(503, 2067, 'C', 62270.00, 7784.00, 500.00, 74101.00, 0.00),
(501, 2068, 'C', 70110.00, 8765.00, 500.00, 83431.00, 0.00),
(500, 2069, 'C', 15200.00, 0.00, 0.00, 0.00, 0.00),
(499, 2070, 'C', 21600.00, 0.00, 0.00, 0.00, 0.00),
(498, 2072, 'C', 21600.00, 0.00, 0.00, 0.00, 0.00),
(497, 2073, 'C', 53820.00, 6728.00, 500.00, 64046.00, 0.00),
(496, 2074, 'C', 7500.00, 0.00, 0.00, 0.00, 0.00),
(495, 2075, 'C', 8000.00, 0.00, 0.00, 0.00, 0.00),
(493, 2078, 'C', 18320.00, 0.00, 0.00, 0.00, 0.00),
(494, 2079, 'C', 15200.00, 0.00, 0.00, 0.00, 0.00),
(492, 2080, 'C', 18320.00, 0.00, 0.00, 0.00, 0.00),
(491, 2081, 'C', 21600.00, 0.00, 0.00, 0.00, 0.00),
(490, 2082, 'C', 58830.00, 7354.00, 500.00, 70008.00, 0.00),
(489, 2083, 'C', 55440.00, 6930.00, 500.00, 65974.00, 0.00),
(488, 2084, 'C', 7500.00, 0.00, 0.00, 0.00, 0.00),
(487, 2085, 'C', 15200.00, 0.00, 0.00, 0.00, 0.00),
(486, 2086, 'C', 15200.00, 0.00, 0.00, 0.00, 0.00),
(485, 2087, 'C', 21600.00, 0.00, 0.00, 0.00, 0.00),
(484, 2088, 'C', 32370.00, 4046.00, 500.00, 38520.00, 0.00),
(483, 2089, 'C', 33460.00, 4183.00, 500.00, 39817.00, 0.00),
(482, 2090, 'C', 0.00, 0.00, 0.00, 0.00, 0.00),
(580, 2092, 'C', 17120.00, 0.00, 0.00, 0.00, 0.00),
(579, 2093, 'C', 15200.00, 0.00, 0.00, 0.00, 0.00),
(578, 2094, 'C', 15200.00, 0.00, 0.00, 0.00, 0.00),
(577, 2095, 'C', 15200.00, 0.00, 0.00, 0.00, 0.00),
(576, 2096, 'C', 21600.00, 0.00, 0.00, 0.00, 0.00),
(575, 2097, 'C', 21600.00, 0.00, 0.00, 0.00, 0.00),
(574, 2098, 'C', 0.00, 0.00, 0.00, 0.00, 0.00),
(573, 2099, 'C', 32370.00, 4046.00, 500.00, 38520.00, 0.00),
(572, 2101, 'C', 15200.00, 0.00, 0.00, 0.00, 0.00),
(571, 2102, 'C', 15200.00, 0.00, 0.00, 0.00, 0.00),
(570, 2104, 'C', 15200.00, 0.00, 0.00, 0.00, 0.00),
(569, 2105, 'C', 49240.00, 6155.00, 500.00, 58596.00, 0.00),
(568, 2106, 'C', 7498.00, 0.00, 0.00, 0.00, 0.00),
(567, 2107, 'C', 7500.00, 0.00, 0.00, 0.00, 0.00),
(566, 2108, 'C', 0.00, 0.00, 0.00, 0.00, 0.00),
(565, 2109, 'C', 0.00, 0.00, 0.00, 0.00, 0.00),
(564, 2110, 'C', 0.00, 0.00, 0.00, 0.00, 0.00),
(563, 2111, 'C', 15200.00, 0.00, 0.00, 0.00, 0.00),
(562, 2112, 'C', 15193.00, 0.00, 0.00, 0.00, 0.00),
(561, 2113, 'C', 55440.00, 6930.00, 500.00, 65974.00, 0.00),
(560, 2114, 'C', 15200.00, 0.00, 0.00, 0.00, 0.00),
(559, 2115, 'C', 20080.00, 0.00, 0.00, 0.00, 0.00),
(558, 2116, 'C', 7500.00, 0.00, 0.00, 0.00, 0.00),
(557, 2117, 'C', 7500.00, 0.00, 0.00, 0.00, 0.00),
(556, 2118, 'C', 15200.00, 0.00, 0.00, 0.00, 0.00),
(555, 2119, 'C', 7500.00, 0.00, 0.00, 0.00, 0.00),
(554, 2120, 'C', 15200.00, 0.00, 0.00, 0.00, 0.00),
(553, 2121, 'C', 15200.00, 0.00, 0.00, 0.00, 0.00),
(552, 2122, 'C', 7500.00, 0.00, 0.00, 0.00, 0.00),
(551, 2123, 'C', 7500.00, 0.00, 0.00, 0.00, 0.00),
(550, 2124, 'C', 16000.00, 0.00, 0.00, 0.00, 0.00),
(549, 2125, 'C', 15200.00, 0.00, 0.00, 0.00, 0.00),
(548, 2126, 'C', 21600.00, 0.00, 0.00, 0.00, 0.00),
(547, 2127, 'C', 22920.00, 2865.00, 500.00, 1146.00, 0.00),
(546, 2128, 'C', 55440.00, 6930.00, 500.00, 65974.00, 0.00),
(545, 2129, 'C', 21600.00, 0.00, 0.00, 0.00, 0.00),
(544, 2130, 'C', 18320.00, 0.00, 0.00, 0.00, 0.00),
(543, 2131, 'C', 21600.00, 0.00, 0.00, 0.00, 0.00),
(542, 2132, 'C', 16000.00, 0.00, 0.00, 0.00, 0.00),
(541, 2133, 'C', 21600.00, 0.00, 0.00, 0.00, 0.00),
(540, 2134, 'C', 16000.00, 0.00, 0.00, 0.00, 0.00),
(539, 2135, 'C', 16000.00, 0.00, 0.00, 0.00, 0.00),
(538, 2137, 'C', 68180.00, 8523.00, 500.00, 81134.00, 0.00),
(537, 2138, 'C', 15200.00, 0.00, 0.00, 0.00, 0.00),
(535, 2139, 'C', 15200.00, 0.00, 0.00, 0.00, 0.00),
(534, 2140, 'C', 15200.00, 0.00, 0.00, 0.00, 0.00),
(532, 2141, 'C', 16000.00, 0.00, 0.00, 0.00, 0.00),
(531, 2142, 'C', 7500.00, 0.00, 0.00, 0.00, 0.00),
(529, 2143, 'C', 16000.00, 0.00, 0.00, 0.00, 0.00),
(528, 2144, 'C', 7500.00, 0.00, 0.00, 0.00, 0.00),
(520, 2145, 'C', 17120.00, 0.00, 0.00, 0.00, 0.00),
(1028, 2150, 'C', 22250.00, 1670.00, 500.00, 2230.00, 0.00),
(1026, 2151, 'C', 23570.00, 1770.00, 500.00, 4720.00, 0.00),
(1027, 2152, 'C', 22250.00, 0.00, 500.00, 4450.00, 0.00),
(1030, 2155, 'C', 13360.00, 1002.00, 350.00, 15898.00, 0.00),
(1031, 2156, 'C', 65850.00, 13170.00, 500.00, 82313.00, 618.00),
(1032, 2157, 'C', 34750.00, 0.00, 500.00, 43438.00, 620.00),
(1033, 2158, 'C', 34750.00, 0.00, 500.00, 43438.00, 620.00),
(1034, 2159, 'C', 48600.00, 0.00, 0.00, 0.00, 0.00),
(1035, 2160, 'C', 48600.00, 0.00, 0.00, 0.00, 0.00),
(1036, 2161, 'C', 48600.00, 0.00, 0.00, 0.00, 0.00),
(1037, 2162, 'C', 65850.00, 13170.00, 500.00, 82313.00, 120.00),
(1038, 2163, 'C', 8000.00, 0.00, 0.00, 0.00, 0.00),
(1041, 2167, 'C', 48600.00, 0.00, 0.00, 0.00, 0.00),
(1043, 2169, 'C', 48600.00, 0.00, 0.00, 0.00, 0.00),
(1044, 2170, 'C', 48600.00, 0.00, 0.00, 0.00, 0.00),
(1046, 2174, 'C', 48600.00, 0.00, 0.00, 0.00, 0.00),
(1047, 2175, 'C', 48600.00, 0.00, 0.00, 0.00, 0.00),
(1048, 2176, 'C', 15600.00, 0.00, 500.00, 0.00, 0.00),
(1039, 2177, 'C', 21600.00, 0.00, 0.00, 0.00, 0.00),
(1040, 2178, 'C', 21600.00, 0.00, 0.00, 0.00, 0.00),
(1042, 2179, 'C', 15600.00, 0.00, 500.00, 0.00, 0.00),
(1045, 2180, 'C', 15600.00, 0.00, 500.00, 0.00, 0.00),
(1049, 2181, 'C', 48600.00, 0.00, 0.00, 0.00, 0.00),
(1029, 2182, 'C', 15600.00, 0.00, 0.00, 16594.00, 0.00),
(1050, 2183, 'C', 48600.00, 0.00, 0.00, 0.00, 0.00),
(1051, 2184, 'C', 48600.00, 0.00, 0.00, 0.00, 0.00),
(1052, 2185, 'C', 48600.00, 0.00, 0.00, 0.00, 0.00),
(1054, 2187, 'C', 48600.00, 0.00, 0.00, 0.00, 0.00),
(440, 2188, 'C', 21600.00, 0.00, 0.00, 0.00, 0.00),
(438, 2189, 'C', 21600.00, 0.00, 0.00, 0.00, 0.00),
(1055, 2191, 'C', 15600.00, 0.00, 0.00, 16594.00, 0.00),
(1056, 2192, 'C', 48600.00, 0.00, 0.00, 0.00, 0.00),
(1057, 2193, 'C', 48600.00, 0.00, 0.00, 0.00, 0.00),
(1058, 2194, 'C', 48600.00, 0.00, 0.00, 0.00, 0.00),
(1059, 2195, 'C', 37260.00, 7452.00, 500.00, 46575.00, 120.00),
(1053, 2197, 'C', 52250.00, 10450.00, 500.00, 65313.00, 120.00),
(1061, 2199, 'C', 48600.00, 0.00, 0.00, 0.00, 0.00),
(1062, 2201, 'C', 23610.00, 5372.00, 500.00, 33575.00, 115.00),
(1060, 2203, 'C', 64301.00, 12860.00, 500.00, 80375.00, 120.00),
(1064, 2206, 'C', 27390.00, 5478.00, 500.00, 34238.00, 120.00),
(1067, 2209, 'C', 26590.00, 5318.00, 500.00, 33238.00, 120.00),
(1068, 2210, 'C', 10300.00, 0.00, 0.00, 4700.00, 0.00),
(1069, 2211, 'C', 17745.00, 3549.00, 0.00, 22181.00, 93.00),
(1070, 2212, 'C', 22250.00, 4450.00, 500.00, 27813.00, 120.00),
(1071, 2213, 'C', 26590.00, 5318.00, 500.00, 33238.00, 120.00),
(1072, 2214, 'C', 21450.00, 0.00, 0.00, 0.00, 0.00),
(1073, 2215, 'C', 21600.00, 0.00, 0.00, 0.00, 0.00),
(1075, 2217, 'C', 58830.00, 11766.00, 500.00, 73538.00, 120.00),
(1076, 2218, 'C', 26590.00, 5318.00, 500.00, 33238.00, 120.00),
(1077, 2219, 'C', 12460.00, 0.00, 0.00, 0.00, 0.00),
(1078, 2220, 'C', 26590.00, 5318.00, 500.00, 33238.00, 120.00),
(1079, 2221, 'C', 62420.00, 12484.00, 500.00, 78025.00, 120.00),
(1080, 2222, 'C', 23610.00, 4722.00, 500.00, 29513.00, 120.00),
(1081, 2223, 'C', 23610.00, 4722.00, 500.00, 29513.00, 120.00),
(1082, 2224, 'C', 15600.00, 0.00, 0.00, 0.00, 0.00),
(1083, 2225, 'C', 29920.00, 5984.00, 500.00, 37400.00, 120.00),
(1084, 2226, 'C', 64300.00, 12860.00, 500.00, 80375.00, 120.00),
(1086, 2228, 'C', 29070.00, 5814.00, 500.00, 36338.00, 120.00),
(1085, 2229, 'C', 15000.00, 0.00, 0.00, 0.00, 0.00),
(1087, 2230, 'C', 29340.00, 5868.00, 500.00, 36675.00, 120.00);
INSERT INTO `f_staff_pays` (`Staff_Id`, `Pay_Id`, `Add_By`, `Pay_1`, `Pay_2`, `Pay_3`, `Pay_4`, `Pay_5`) VALUES
(1088, 2231, 'C', 32040.00, 6408.00, 500.00, 40050.00, 120.00),
(1089, 2232, 'C', 29860.00, 5972.00, 500.00, 37325.00, 120.00),
(1091, 2234, 'C', 60600.00, 12120.00, 500.00, 75750.00, 120.00),
(1092, 2235, 'C', 15000.00, 0.00, 0.00, 0.00, 0.00),
(1093, 2236, 'C', 32010.00, 6402.00, 500.00, 40013.00, 120.00),
(1095, 2238, 'C', 30160.00, 6032.00, 500.00, 37700.00, 120.00),
(1096, 2239, 'C', 57110.00, 12394.00, 500.00, 77463.00, 120.00),
(1097, 2240, 'C', 30160.00, 6032.00, 500.00, 37700.00, 120.00),
(1098, 2241, 'C', 55440.00, 11088.00, 500.00, 69300.00, 120.00),
(1099, 2242, 'C', 33310.00, 6662.00, 500.00, 41638.00, 120.00),
(1100, 2243, 'C', 33880.00, 6776.00, 500.00, 42350.00, 120.00),
(1101, 2244, 'C', 22920.00, 5234.00, 500.00, 32713.00, 120.00),
(1103, 2246, 'C', 31930.00, 6386.00, 500.00, 39913.00, 120.00),
(1104, 2247, 'C', 30160.00, 6032.00, 500.00, 37700.00, 120.00),
(1105, 2248, 'C', 29950.00, 6488.00, 500.00, 40550.00, 120.00),
(1106, 2250, 'C', 26590.00, 5318.00, 500.00, 33238.00, 120.00),
(1102, 2251, 'C', 30160.00, 6032.00, 496.00, 37700.00, 120.00),
(1108, 2253, 'C', 28180.00, 5636.00, 500.00, 35225.00, 120.00),
(1109, 2254, 'C', 22250.00, 4450.00, 500.00, 27813.00, 120.00),
(1111, 2256, 'C', 2690.00, 5318.00, 500.00, 33238.00, 120.00),
(1112, 2257, 'C', 26590.00, 5318.00, 500.00, 33238.00, 120.00),
(1107, 2259, 'C', 65850.00, 13170.00, 500.00, 83313.00, 120.00),
(1110, 2260, 'C', 65850.00, 13170.00, 500.00, 82313.00, 120.00),
(1113, 2261, 'C', 64300.00, 12860.00, 500.00, 80375.00, 120.00),
(1094, 2262, 'C', 25810.00, 5162.00, 500.00, 32263.00, 120.00),
(1090, 2263, 'C', 25810.00, 5162.00, 500.00, 32263.00, 120.00),
(1063, 2264, 'C', 34310.00, 6862.00, 500.00, 42888.00, 120.00),
(1114, 2265, 'C', 32070.00, 6960.00, 500.00, 43500.00, 120.00),
(1115, 2266, 'C', 24320.00, 4864.00, 500.00, 30400.00, 120.00),
(1116, 2267, 'C', 28180.00, 5636.00, 500.00, 35225.00, 120.00),
(1117, 2268, 'C', 65850.00, 13170.00, 500.00, 82313.00, 120.00),
(1118, 2269, 'C', 23610.00, 4722.00, 500.00, 29513.00, 120.00),
(1119, 2270, 'C', 62420.00, 12484.00, 500.00, 78025.00, 120.00),
(1120, 2271, 'C', 27360.00, 5472.00, 500.00, 34200.00, 120.00),
(1122, 2273, 'C', 62420.00, 12484.00, 500.00, 78025.00, 120.00),
(1123, 2274, 'C', 24320.00, 5514.00, 500.00, 34463.00, 120.00),
(1124, 2275, 'C', 24320.00, 4864.00, 500.00, 30400.00, 120.00),
(1125, 2276, 'C', 30160.00, 6032.00, 500.00, 37700.00, 120.00),
(1121, 2277, 'C', 57110.00, 11422.00, 500.00, 71388.00, 120.00),
(1126, 2278, 'C', 24320.00, 4864.00, 500.00, 30400.00, 120.00),
(1127, 2279, 'C', 24320.00, 4864.00, 500.00, 30400.00, 120.00),
(1128, 2280, 'C', 27390.00, 5478.00, 500.00, 34238.00, 120.00),
(1129, 2281, 'C', 24320.00, 4864.00, 500.00, 30400.00, 120.00),
(1130, 2282, 'C', 32070.00, 6414.00, 500.00, 40088.00, 120.00),
(1131, 2283, 'C', 48600.00, 0.00, 0.00, 0.00, 0.00),
(1132, 2284, 'C', 24320.00, 5514.00, 500.00, 34463.00, 120.00),
(1133, 2285, 'C', 48600.00, 0.00, 0.00, 0.00, 0.00),
(1134, 2286, 'C', 24320.00, 5514.00, 500.00, 34463.00, 120.00),
(1135, 2287, 'C', 48600.00, 0.00, 0.00, 0.00, 0.00),
(1136, 2288, 'C', 48600.00, 0.00, 0.00, 0.00, 0.00),
(1137, 2289, 'C', 24320.00, 4864.00, 500.00, 30400.00, 120.00),
(1138, 2290, 'C', 48600.00, 0.00, 0.00, 0.00, 0.00),
(1139, 2291, 'C', 48600.00, 0.00, 0.00, 0.00, 0.00),
(1140, 2292, 'C', 48600.00, 0.00, 0.00, 0.00, 0.00),
(1141, 2293, 'C', 48600.00, 0.00, 0.00, 0.00, 0.00),
(1142, 2294, 'C', 48600.00, 0.00, 0.00, 0.00, 0.00),
(1143, 2295, 'C', 48600.00, 0.00, 0.00, 0.00, 0.00),
(1144, 2296, 'C', 48600.00, 0.00, 0.00, 0.00, 0.00),
(1145, 2297, 'C', 48600.00, 0.00, 0.00, 0.00, 0.00),
(1146, 2298, 'C', 48600.00, 0.00, 0.00, 0.00, 0.00),
(1147, 2299, 'C', 48600.00, 0.00, 0.00, 0.00, 0.00),
(1148, 2300, 'C', 48600.00, 0.00, 0.00, 0.00, 0.00),
(1149, 2301, 'C', 48600.00, 0.00, 0.00, 0.00, 0.00),
(437, 2303, 'C', 21600.00, 0.00, 0.00, 0.00, 0.00),
(435, 2311, 'C', 23610.00, 2951.00, 500.00, 28096.00, 0.00),
(436, 2312, 'C', 23610.00, 0.00, 500.00, 28096.00, 0.00),
(434, 2313, 'C', 23610.00, 2951.00, 500.00, 28096.00, 0.00),
(433, 2314, 'C', 25040.00, 3130.00, 500.00, 29798.00, 0.00),
(432, 2315, 'C', 35650.00, 0.00, 500.00, 42424.00, 0.00),
(431, 2316, 'C', 32080.00, 4010.00, 500.00, 38175.00, 0.00),
(430, 2317, 'C', 33990.00, 4249.00, 500.00, 40448.00, 0.00),
(300, 2318, 'C', 33510.00, 0.00, 500.00, 39877.00, 0.00),
(299, 2319, 'C', 25050.00, 3131.00, 500.00, 29810.00, 0.00),
(298, 2320, 'C', 27390.00, 3424.00, 500.00, 32594.00, 0.00),
(297, 2321, 'C', 30140.00, 0.00, 500.00, 35867.00, 0.00),
(287, 2322, 'C', 29310.00, 3664.00, 500.00, 34879.00, 0.00),
(286, 2323, 'C', 29210.00, 3651.00, 500.00, 34760.00, 0.00),
(285, 2324, 'C', 29380.00, 3673.00, 500.00, 34962.00, 0.00),
(284, 2325, 'C', 31930.00, 3991.00, 500.00, 37997.00, 0.00),
(283, 2326, 'C', 64300.00, 8038.00, 500.00, 76517.00, 0.00),
(282, 2327, 'C', 31100.00, 3888.00, 500.00, 37009.00, 0.00),
(281, 2328, 'C', 30190.00, 3774.00, 500.00, 35926.00, 0.00),
(280, 2329, 'C', 30260.00, 3783.00, 500.00, 36009.00, 0.00),
(279, 2330, 'C', 33920.00, 4240.00, 500.00, 40365.00, 0.00),
(278, 2331, 'C', 49240.00, 6155.00, 500.00, 58596.00, 0.00),
(277, 2332, 'C', 36150.00, 4519.00, 500.00, 43019.00, 0.00),
(276, 2333, 'C', 36570.00, 4571.00, 500.00, 43518.00, 0.00),
(275, 2334, 'C', 34150.00, 4269.00, 500.00, 40639.00, 0.00),
(274, 2335, 'C', 53820.00, 6728.00, 500.00, 64046.00, 0.00),
(273, 2336, 'C', 53820.00, 6728.00, 500.00, 64046.00, 0.00),
(272, 2337, 'C', 62770.00, 7784.00, 500.00, 74101.00, 0.00),
(271, 2338, 'C', 57110.00, 7139.00, 500.00, 67961.00, 0.00),
(270, 2339, 'C', 62420.00, 7803.00, 500.00, 74280.00, 0.00),
(269, 2340, 'C', 68060.00, 8508.00, 500.00, 80991.00, 0.00),
(268, 2341, 'C', 64300.00, 8083.00, 500.00, 76517.00, 0.00),
(267, 2342, 'C', 65850.00, 8231.00, 500.00, 78362.00, 0.00),
(266, 2343, 'C', 60600.00, 7575.00, 500.00, 72114.00, 0.00),
(265, 2344, 'C', 67450.00, 8431.00, 500.00, 80266.00, 0.00),
(264, 2345, 'C', 33460.00, 4183.00, 500.00, 39817.00, 0.00),
(262, 2347, 'C', 33460.00, 4183.00, 500.00, 39817.00, 0.00),
(261, 2348, 'C', 62270.00, 7784.00, 500.00, 74101.00, 0.00),
(22, 2350, 'C', 23610.00, 0.00, 500.00, 28096.00, 0.00),
(1151, 2352, 'C', 48600.00, 0.00, 0.00, 0.00, 0.00),
(1152, 2353, 'C', 48600.00, 0.00, 0.00, 0.00, 0.00),
(1153, 2354, 'C', 48600.00, 0.00, 0.00, 0.00, 0.00),
(1154, 2355, 'C', 48600.00, 0.00, 0.00, 0.00, 0.00),
(1155, 2356, 'C', 48600.00, 0.00, 0.00, 0.00, 0.00),
(1156, 2357, 'C', 48600.00, 0.00, 0.00, 0.00, 0.00),
(1157, 2358, 'C', 48600.00, 0.00, 0.00, 0.00, 0.00),
(1158, 2360, 'C', 15600.00, 0.00, 500.00, 0.00, 0.00),
(1159, 2361, 'C', 15600.00, 0.00, 500.00, 0.00, 0.00),
(1160, 2362, 'C', 15600.00, 0.00, 500.00, 0.00, 0.00),
(1161, 2363, 'C', 48600.00, 0.00, 0.00, 0.00, 0.00),
(839, 2364, 'C', 18000.00, 0.00, 0.00, 0.00, 0.00),
(1162, 2365, 'C', 7000.00, 0.00, 0.00, 0.00, 0.00),
(42, 2369, 'C', 0.00, 0.00, 0.00, 0.00, 0.00),
(1163, 2370, 'C', 65850.00, 13170.00, 500.00, 82313.00, 120.00),
(1164, 2371, 'C', 58830.00, 11766.00, 500.00, 73538.00, 120.00),
(1165, 2372, 'C', 57110.00, 11422.00, 500.00, 71388.00, 120.00),
(1166, 2373, 'C', 31040.00, 6208.00, 500.00, 38800.00, 120.00),
(1167, 2374, 'C', 31890.00, 6378.00, 500.00, 39863.00, 120.00),
(1168, 2375, 'C', 32740.00, 6548.00, 500.00, 40925.00, 120.00),
(1169, 2376, 'C', 24320.00, 4864.00, 500.00, 30400.00, 120.00),
(837, 2377, 'C', 18000.00, 0.00, 0.00, 0.00, 0.00),
(1170, 2378, 'C', 64300.00, 12860.00, 500.00, 80375.00, 120.00),
(1171, 2379, 'C', 62420.00, 13456.00, 500.00, 84100.00, 120.00),
(1172, 2380, 'C', 62420.00, 12484.00, 500.00, 78025.00, 120.00),
(1173, 2389, 'C', 30220.00, 6044.00, 500.00, 37775.00, 120.00),
(1174, 2390, 'C', 33730.00, 6746.00, 500.00, 42163.00, 120.00),
(1175, 2391, 'C', 24320.00, 4864.00, 500.00, 30400.00, 120.00),
(1176, 2392, 'C', 23610.00, 5372.00, 500.00, 33575.00, 120.00),
(1177, 2393, 'C', 65850.00, 0.00, 500.00, 82313.00, 120.00),
(1178, 2394, 'C', 65850.00, 13170.00, 500.00, 82313.00, 120.00),
(1179, 2395, 'C', 64300.00, 12860.00, 500.00, 80375.00, 120.00),
(1180, 2396, 'C', 33310.00, 6662.00, 500.00, 41638.00, 120.00),
(1181, 2397, 'C', 32890.00, 6578.00, 500.00, 41113.00, 120.00),
(1182, 2398, 'C', 29310.00, 5862.00, 500.00, 36638.00, 120.00),
(1183, 2401, 'C', 28920.00, 5784.00, 500.00, 36150.00, 120.00),
(1184, 2402, 'C', 67220.00, 13444.00, 500.00, 84025.00, 120.00),
(1187, 2405, 'C', 15600.00, 26.00, 500.00, 72.00, 0.00),
(1186, 2406, 'C', 15600.00, 26.00, 500.00, 72.00, 0.00),
(1185, 2407, 'C', 15600.00, 26.00, 500.00, 72.00, 0.00),
(1188, 2408, 'C', 15600.00, 26.00, 500.00, 70.00, 0.00),
(263, 2409, 'C', 65850.00, 8231.00, 500.00, 78362.00, 0.00),
(21, 2410, 'C', 0.00, 0.00, 0.00, 0.00, 0.00),
(18, 2411, 'C', 0.00, 0.00, 0.00, 0.00, 0.00),
(14, 2412, 'C', 0.00, 0.00, 0.00, 0.00, 0.00),
(13, 2413, 'C', 0.00, 0.00, 0.00, 0.00, 0.00),
(11, 2414, 'C', 0.00, 0.00, 0.00, 0.00, 0.00),
(10, 2415, 'C', 0.00, 0.00, 0.00, 0.00, 0.00),
(9, 2416, 'C', 0.00, 0.00, 0.00, 0.00, 0.00),
(8, 2417, 'C', 0.00, 0.00, 0.00, 0.00, 0.00),
(7, 2418, 'C', 0.00, 0.00, 0.00, 0.00, 0.00),
(6, 2419, 'C', 0.00, 0.00, 0.00, 0.00, 0.00),
(5, 2420, 'C', 0.00, 0.00, 0.00, 0.00, 0.00),
(4, 2421, 'C', 0.00, 0.00, 0.00, 0.00, 0.00),
(3, 2422, 'C', 0.00, 0.00, 0.00, 0.00, 0.00),
(2, 2423, 'C', 0.00, 0.00, 0.00, 0.00, 0.00),
(1191, 2429, 'C', 16670.00, 2084.00, 500.00, 19837.00, 0.00),
(1190, 2430, 'C', 17180.00, 2148.00, 500.00, 20444.00, 0.00),
(1189, 2431, 'C', 20220.00, 2528.00, 500.00, 24062.00, 0.00),
(1150, 2432, 'C', 19730.00, 2466.00, 500.00, 23479.00, 0.00),
(513, 2433, 'C', 15870.00, 1984.00, 500.00, 18885.00, 0.00),
(509, 2434, 'C', 16540.00, 2068.00, 500.00, 19683.00, 0.00),
(502, 2435, 'C', 20220.00, 2528.00, 500.00, 24062.00, 0.00),
(1192, 2436, 'C', 12110.00, 1514.00, 500.00, 14411.00, 0.00),
(23, 2437, 'C', 0.00, 0.00, 0.00, 0.00, 0.00),
(1205, 2456, 'C', 49226.00, 2461.00, 0.00, 4923.00, 0.00),
(1206, 2458, 'C', 13000.00, 0.00, 0.00, 0.00, 0.00),
(1208, 2460, 'C', 17600.00, 0.00, 0.00, 0.00, 0.00),
(1209, 2461, 'C', 19000.00, 0.00, 0.00, 0.00, 0.00),
(1211, 2463, 'C', 21600.00, 2160.00, 0.00, 4320.00, 0.00),
(1213, 2465, 'C', 21600.00, 2160.00, 0.00, 4320.00, 0.00),
(1214, 2466, 'C', 21600.00, 2160.00, 0.00, 4320.00, 0.00),
(1215, 2467, 'C', 19370.00, 3874.00, 500.00, 24213.00, 120.00),
(1217, 2469, 'C', 21600.00, 2160.00, 0.00, 4320.00, 0.00),
(1219, 2471, 'C', 15980.00, 3196.00, 500.00, 19975.00, 120.00),
(1218, 2472, 'C', 22980.00, 4596.00, 500.00, 28725.00, 120.00),
(1066, 2474, 'C', 26590.00, 5318.00, 500.00, 33238.00, 120.00),
(1221, 2475, 'C', 19180.00, 3836.00, 500.00, 23975.00, 120.00),
(1222, 2476, 'C', 20240.00, 4048.00, 500.00, 25300.00, 120.00),
(1224, 2478, 'C', 15700.00, 3140.00, 500.00, 19625.00, 120.00),
(1226, 2480, 'C', 10110.00, 2022.00, 500.00, 12638.00, 120.00),
(1227, 2481, 'C', 8050.00, 1610.00, 500.00, 10063.00, 120.00),
(1228, 2482, 'C', 9830.00, 1966.00, 500.00, 12288.00, 120.00),
(1230, 2484, 'C', 9590.00, 1918.00, 500.00, 11988.00, 120.00),
(1231, 2485, 'C', 14330.00, 2866.00, 500.00, 17913.00, 120.00),
(1233, 2487, 'C', 9830.00, 1966.00, 500.00, 12288.00, 120.00),
(1234, 2488, 'C', 14330.00, 2866.00, 500.00, 17913.00, 120.00),
(1235, 2489, 'C', 10670.00, 2134.00, 500.00, 13338.00, 120.00),
(1236, 2490, 'C', 10350.00, 2070.00, 500.00, 12938.00, 120.00),
(1237, 2491, 'C', 0.00, 0.00, 0.00, 0.00, 0.00),
(1238, 2492, 'C', 11140.00, 2228.00, 500.00, 13925.00, 120.00),
(1240, 2494, 'C', 19180.00, 3836.00, 500.00, 23975.00, 120.00),
(1239, 2496, 'C', 15640.00, 3128.00, 500.00, 19550.00, 120.00),
(1242, 2497, 'C', 9450.00, 1890.00, 500.00, 11813.00, 120.00),
(1193, 2500, 'C', 32970.00, 0.00, 500.00, 9851.00, 0.00),
(1194, 2501, 'C', 30850.00, 0.00, 500.00, 9255.00, 0.00),
(1195, 2503, 'C', 30850.00, 0.00, 500.00, 9255.00, 0.00),
(1199, 2505, 'C', 27390.00, 0.00, 500.00, 6850.00, 0.00),
(1200, 2506, 'C', 26590.00, 0.00, 500.00, 6650.00, 0.00),
(1202, 2508, 'C', 25050.00, 0.00, 500.00, 6265.00, 0.00),
(1203, 2510, 'C', 24320.00, 0.00, 500.00, 7055.00, 0.00),
(1207, 2511, 'C', 24320.00, 0.00, 500.00, 7055.00, 0.00),
(1210, 2512, 'C', 24320.00, 0.00, 500.00, 7055.00, 0.00),
(1212, 2513, 'C', 22920.00, 0.00, 500.00, 2750.00, 0.00),
(1216, 2514, 'C', 22920.00, 0.00, 500.00, 2750.00, 0.00),
(1220, 2515, 'C', 22920.00, 0.00, 500.00, 2750.00, 0.00),
(1223, 2516, 'C', 22920.00, 0.00, 500.00, 2750.00, 0.00),
(1225, 2517, 'C', 22920.00, 0.00, 500.00, 2750.00, 0.00),
(1229, 2518, 'C', 22250.00, 0.00, 500.00, 450.00, 0.00),
(1232, 2519, 'C', 22250.00, 0.00, 500.00, 450.00, 0.00),
(1197, 2521, 'C', 30850.00, 0.00, 500.00, 9255.00, 0.00),
(1243, 2523, 'C', 21600.00, 0.00, 0.00, 0.00, 0.00),
(1244, 2525, 'C', 21600.00, 0.00, 0.00, 0.00, 0.00),
(1198, 2526, 'C', 0.00, 0.00, 0.00, 0.00, 0.00),
(1196, 2528, 'C', 27390.00, 0.00, 500.00, 6850.00, 0.00),
(120, 2529, 'C', 23602.00, 1180.00, 500.00, 10303.00, 0.00),
(1251, 2539, 'C', 65850.00, 13170.00, 500.00, 82313.00, 120.00),
(1245, 2540, 'C', 66180.00, 13236.00, 500.00, 82725.00, 119.00),
(1250, 2541, 'C', 33940.00, 6788.00, 500.00, 42425.00, 120.00),
(1249, 2542, 'C', 37700.00, 7540.00, 500.00, 47125.00, 120.00),
(1247, 2543, 'C', 36300.00, 7260.00, 500.00, 45375.00, 120.00),
(1248, 2544, 'C', 53820.00, 10764.00, 500.00, 67275.00, 120.00),
(1252, 2545, 'C', 27390.00, 5478.00, 500.00, 34238.00, 120.00),
(646, 2548, 'C', 54940.00, 4001.00, 500.00, 21336.00, 0.00),
(821, 2549, 'C', 18000.00, 0.00, 0.00, 0.00, 0.00),
(1255, 2551, 'C', 32010.00, 6402.00, 500.00, 40013.00, 120.00),
(1256, 2552, 'C', 65850.00, 13170.00, 500.00, 82313.00, 120.00),
(1257, 2553, 'C', 21600.00, 21600.00, 0.00, 4320.00, 0.00),
(1258, 2554, 'C', 21600.00, 2160.00, 0.00, 4320.00, 0.00),
(1259, 2555, 'C', 21600.00, 2160.00, 0.00, 4320.00, 0.00),
(241, 2556, 'C', 21600.00, 0.00, 0.00, 2160.00, 0.00),
(1260, 2557, 'C', 64300.00, 12860.00, 500.00, 80375.00, 120.00),
(1261, 2558, 'C', 22915.00, 1146.00, 0.00, 4583.00, 0.00),
(1262, 2559, 'C', 60600.00, 12120.00, 500.00, 75750.00, 120.00),
(1263, 2560, 'C', 22248.00, 0.00, 1112.00, 0.00, 0.00),
(1264, 2561, 'C', 22915.00, 2292.00, 1146.00, 4583.00, 0.00),
(1265, 2562, 'C', 22915.00, 2292.00, 1146.00, 4583.00, 0.00),
(1266, 2563, 'C', 24310.00, 2431.00, 1216.00, 7293.00, 0.00),
(1246, 2564, 'C', 27334.00, 1367.00, 500.00, 16225.00, 0.00),
(217, 2565, 'C', 15600.00, 0.00, 0.00, 0.00, 0.00),
(52, 2567, 'C', 0.00, 0.00, 0.00, 0.00, 0.00),
(1269, 2569, 'C', 65990.00, 13198.00, 500.00, 82494.00, 120.00),
(1270, 2570, 'C', 21600.00, 0.00, 0.00, 5160.00, 0.00),
(1201, 2571, 'C', 25810.00, 0.00, 500.00, 6455.00, 0.00),
(1271, 2573, 'C', 22915.00, 0.00, 1112.00, 0.00, 0.00),
(641, 2575, 'C', 15600.00, 0.00, 500.00, 0.00, 0.00),
(638, 2576, 'C', 15600.00, 0.00, 500.00, 0.00, 0.00),
(732, 2578, 'C', 15600.00, 0.00, 500.00, 0.00, 0.00),
(731, 2579, 'C', 15600.00, 0.00, 500.00, 0.00, 0.00),
(1273, 2580, 'C', 23602.00, 0.00, 1180.00, 0.00, 0.00),
(733, 2581, 'C', 15600.00, 0.00, 500.00, 0.00, 0.00),
(845, 2582, 'C', 15600.00, 0.00, 500.00, 0.00, 0.00),
(846, 2583, 'C', 15600.00, 0.00, 500.00, 0.00, 0.00),
(847, 2584, 'C', 15600.00, 0.00, 0.00, 0.00, 0.00),
(848, 2585, 'C', 15600.00, 0.00, 0.00, 0.00, 0.00),
(849, 2587, 'C', 15600.00, 0.00, 0.00, 0.00, 0.00),
(1241, 2589, 'C', 21600.00, 0.00, 0.00, 0.00, 0.00),
(1275, 2591, 'C', 25810.00, 5162.00, 500.00, 32263.00, 120.00),
(1272, 2592, 'C', 55440.00, 11088.00, 500.00, 69300.00, 120.00),
(1276, 2594, 'C', 24310.00, 1215.00, 10101.00, 500.00, 0.00),
(850, 2595, 'C', 15600.00, 0.00, 0.00, 0.00, 0.00),
(1277, 2596, 'C', 36320.00, 7264.00, 500.00, 45400.00, 120.00),
(1279, 2598, 'C', 28200.00, 5640.00, 500.00, 35250.00, 120.00),
(1280, 2599, 'C', 27254.00, 2725.00, 1363.00, 8176.00, 0.00),
(1284, 2603, 'C', 27865.00, 2787.00, 1393.00, 8360.00, 0.00),
(1204, 2605, 'C', 29080.00, 2908.00, 1454.00, 8724.00, 0.00),
(1286, 2607, 'C', 15600.00, 26.00, 500.00, 72.00, 0.00),
(1283, 2609, 'C', 15600.00, 26.00, 500.00, 72.00, 0.00),
(1278, 2610, 'C', 15600.00, 26.00, 500.00, 72.00, 0.00),
(1281, 2611, 'C', 21600.00, 0.00, 0.00, 0.00, 0.00),
(1287, 2612, 'C', 36140.00, 7228.00, 500.00, 45175.00, 120.00),
(1289, 2614, 'C', 33780.00, 6756.00, 500.00, 42225.00, 120.00),
(1290, 2617, 'C', 15600.00, 26.00, 500.00, 72.00, 0.00),
(1291, 2618, 'C', 7500.00, 0.00, 0.00, 0.00, 375.00),
(1292, 2619, 'C', 8300.00, 1660.00, 500.00, 10375.00, 120.00),
(896, 2620, 'C', 8650.00, 0.00, 0.00, 0.00, 431.00),
(1294, 2622, 'C', 5910.00, 0.00, 0.00, 0.00, 0.00),
(1295, 2623, 'C', 7500.00, 0.00, 0.00, 0.00, 371.00),
(1296, 2624, 'C', 25810.00, 5162.00, 500.00, 32263.00, 120.00),
(1298, 2627, 'C', 24320.00, 4864.00, 500.00, 30400.00, 120.00),
(1297, 2628, 'C', 11475.00, 0.00, 0.00, 0.00, 1377.00),
(1003, 2629, 'C', 41720.00, 10144.00, 500.00, 63400.00, 0.00),
(939, 2630, 'C', 19810.00, 5162.00, 500.00, 32263.00, 0.00),
(1299, 2631, 'C', 23610.00, 4722.00, 500.00, 29513.00, 120.00),
(1300, 2632, 'C', 5000.00, 0.00, 0.00, 0.00, 250.00),
(1303, 2636, 'C', 23610.00, 4722.00, 500.00, 29513.00, 120.00),
(1267, 2641, 'C', 24310.00, 2431.00, 1216.00, 7293.00, 0.00),
(1268, 2643, 'C', 24310.00, 2431.00, 1216.00, 7293.00, 0.00),
(1308, 2645, 'C', 21600.00, 4320.00, 500.00, 27000.00, 120.00),
(63, 2646, 'C', 0.00, 0.00, 0.00, 0.00, 0.00),
(1309, 2647, 'C', 25810.00, 5162.00, 500.00, 32263.00, 120.00),
(1293, 2648, 'C', 29050.00, 5810.00, 500.00, 36313.00, 120.00),
(1310, 2649, 'C', 25050.00, 5010.00, 500.00, 31313.00, 120.00),
(1313, 2652, 'C', 23610.00, 4722.00, 500.00, 29513.00, 120.00),
(1311, 2653, 'C', 29070.00, 5814.00, 500.00, 36337.00, 120.00),
(1315, 2655, 'C', 22920.00, 4584.00, 500.00, 28650.00, 120.00),
(822, 2656, 'C', 18000.00, 0.00, 0.00, 0.00, 0.00),
(1317, 2658, 'C', 21600.00, 4320.00, 500.00, 27000.00, 120.00),
(833, 2660, 'C', 21600.00, 0.00, 0.00, 0.00, 0.00),
(810, 2661, 'C', 18000.00, 0.00, 0.00, 0.00, 0.00),
(827, 2662, 'C', 21600.00, 0.00, 0.00, 0.00, 0.00),
(835, 2663, 'C', 21600.00, 0.00, 0.00, 0.00, 0.00),
(823, 2664, 'C', 18000.00, 0.00, 0.00, 0.00, 0.00),
(836, 2665, 'C', 18000.00, 0.00, 0.00, 0.00, 0.00),
(820, 2666, 'C', 18000.00, 0.00, 0.00, 0.00, 0.00),
(805, 2674, 'C', 21600.00, 0.00, 0.00, 0.00, 0.00),
(806, 2675, 'C', 21600.00, 0.00, 0.00, 0.00, 0.00),
(808, 2676, 'C', 21600.00, 0.00, 0.00, 0.00, 0.00),
(25, 2680, 'C', 0.00, 0.00, 0.00, 0.00, 0.00),
(1318, 2681, 'C', 15600.00, 26.00, 500.00, 72.00, 0.00),
(86, 2683, 'C', 0.00, 0.00, 0.00, 0.00, 0.00),
(1319, 2685, 'C', 13000.00, 0.00, 0.00, 0.00, 0.00),
(798, 2692, 'C', 52250.00, 7838.00, 350.00, 65313.00, 0.00),
(799, 2693, 'C', 49240.00, 7386.00, 350.00, 61550.00, 0.00),
(1325, 2695, 'C', 13000.00, 0.00, 0.00, 0.00, 0.00),
(800, 2696, 'C', 47790.00, 7169.00, 350.00, 59738.00, 0.00),
(804, 2698, 'C', 50720.00, 7608.00, 350.00, 63400.00, 0.00),
(803, 2699, 'C', 34390.00, 5159.00, 350.00, 42988.00, 0.00),
(801, 2700, 'C', 44520.00, 6678.00, 350.00, 55650.00, 0.00),
(1326, 2701, 'C', 13000.00, 0.00, 0.00, 0.00, 0.00),
(1332, 2710, 'C', 8000.00, 0.00, 0.00, 0.00, 0.00),
(1330, 2713, 'C', 15600.00, 0.00, 0.00, 0.00, 0.00),
(1321, 2716, 'C', 13000.00, 0.00, 0.00, 0.00, 0.00),
(1336, 2717, 'C', 8000.00, 0.00, 0.00, 0.00, 0.00),
(1338, 2719, 'C', 8000.00, 0.00, 0.00, 0.00, 0.00),
(1328, 2725, 'C', 15600.00, 0.00, 0.00, 0.00, 0.00),
(1342, 2726, 'C', 0.00, 0.00, 0.00, 0.00, 0.00),
(44, 2729, 'C', 0.00, 0.00, 0.00, 0.00, 0.00),
(43, 2730, 'C', 0.00, 0.00, 0.00, 0.00, 0.00),
(41, 2731, 'C', 0.00, 0.00, 0.00, 0.00, 0.00),
(40, 2732, 'C', 0.00, 0.00, 0.00, 0.00, 0.00),
(1346, 2734, 'C', 13000.00, 0.00, 0.00, 0.00, 0.00),
(1347, 2735, 'C', 13000.00, 0.00, 0.00, 0.00, 0.00),
(91, 2737, 'C', 0.00, 0.00, 0.00, 0.00, 0.00),
(90, 2738, 'C', 0.00, 0.00, 0.00, 0.00, 0.00),
(89, 2739, 'C', 0.00, 0.00, 0.00, 0.00, 0.00),
(65, 2740, 'C', 0.00, 0.00, 0.00, 0.00, 0.00),
(64, 2741, 'C', 0.00, 0.00, 0.00, 0.00, 0.00),
(1352, 2748, 'C', 10800.00, 0.00, 0.00, 0.00, 0.00),
(1306, 2749, 'C', 22920.00, 4584.00, 500.00, 28650.00, 120.00),
(1314, 2750, 'C', 23610.00, 4722.00, 500.00, 29513.00, 120.00),
(1312, 2751, 'C', 23610.00, 4722.00, 500.00, 29513.00, 120.00),
(1282, 2753, 'C', 37620.00, 7524.00, 500.00, 47025.00, 120.00),
(1253, 2754, 'C', 62420.00, 12484.00, 0.00, 78025.00, 120.00),
(1354, 2757, 'C', 25800.00, 0.00, 0.00, 0.00, 0.00),
(1316, 2758, 'C', 21600.00, 4320.00, 500.00, 27000.00, 120.00),
(802, 2763, 'C', 33220.00, 4983.00, 350.00, 41525.00, 0.00),
(1361, 2765, 'C', 13000.00, 0.00, 0.00, 0.00, 0.00),
(1362, 2766, 'C', 26590.00, 5318.00, 500.00, 33238.00, 120.00),
(1355, 2767, 'C', 25800.00, 0.00, 0.00, 0.00, 0.00),
(1364, 2769, 'C', 13000.00, 0.00, 0.00, 0.00, 0.00),
(1366, 2771, 'C', 13000.00, 0.00, 0.00, 0.00, 0.00),
(1367, 2773, 'C', 15600.00, 0.00, 500.00, 0.00, 0.00),
(118, 2776, 'C', 68034.00, 8504.00, 500.00, 80960.00, 3000.00),
(295, 2777, 'C', 24642.00, 3080.00, 500.00, 11089.00, 0.00),
(306, 2779, 'C', 24310.00, 3039.00, 500.00, 10940.00, 0.00),
(296, 2780, 'C', 25381.00, 3173.00, 500.00, 11421.00, 0.00),
(307, 2781, 'C', 24310.00, 3039.00, 500.00, 0.00, 0.00),
(309, 2783, 'C', 22915.00, 2864.00, 500.00, 0.00, 0.00),
(308, 2784, 'C', 22915.00, 2864.00, 500.00, 0.00, 0.00),
(311, 2786, 'C', 23602.00, 2950.00, 500.00, 0.00, 0.00),
(310, 2787, 'C', 22915.00, 2864.00, 500.00, 0.00, 0.00),
(312, 2788, 'C', 22248.00, 0.00, 0.00, 0.00, 0.00),
(313, 2790, 'C', 22915.00, 2864.00, 500.00, 0.00, 0.00),
(314, 2791, 'C', 22915.00, 0.00, 0.00, 0.00, 0.00),
(37, 2792, 'C', 0.00, 0.00, 0.00, 0.00, 0.00),
(315, 2793, 'C', 22248.00, 0.00, 0.00, 0.00, 0.00),
(316, 2794, 'C', 22248.00, 0.00, 0.00, 0.00, 0.00),
(317, 2795, 'C', 22248.00, 0.00, 0.00, 0.00, 0.00),
(318, 2796, 'C', 22248.00, 0.00, 0.00, 0.00, 0.00),
(319, 2797, 'C', 22248.00, 0.00, 0.00, 0.00, 0.00),
(320, 2798, 'C', 14752.00, 1844.00, 500.00, 0.00, 0.00),
(322, 2801, 'C', 10500.00, 0.00, 0.00, 0.00, 0.00),
(323, 2802, 'C', 7500.00, 0.00, 0.00, 0.00, 0.00),
(321, 2803, 'C', 10000.00, 0.00, 0.00, 0.00, 0.00),
(324, 2804, 'C', 15600.00, 0.00, 0.00, 0.00, 0.00),
(325, 2805, 'C', 8500.00, 0.00, 0.00, 0.00, 0.00),
(1368, 2807, 'C', 45665.00, 5567.00, 500.00, 32285.00, 2000.00),
(1369, 2808, 'C', 8000.00, 0.00, 0.00, 0.00, 0.00),
(1254, 2813, 'C', 21600.00, 2160.00, 0.00, 4320.00, 0.00),
(1307, 2815, 'C', 17900.00, 0.00, 0.00, 0.00, 0.00),
(1288, 2816, 'C', 16800.00, 0.00, 0.00, 0.00, 0.00),
(1305, 2817, 'C', 14100.00, 0.00, 0.00, 0.00, 0.00),
(1285, 2818, 'C', 27865.00, 2787.00, 1393.00, 8360.00, 0.00),
(1274, 2819, 'C', 27222.00, 2722.00, 1361.00, 8167.00, 0.00),
(1301, 2820, 'C', 23500.00, 0.00, 0.00, 0.00, 0.00),
(1370, 2821, 'C', 15600.00, 26.00, 500.00, 72.00, 0.00),
(1371, 2822, 'C', 15600.00, 26.00, 500.00, 72.00, 0.00),
(1372, 2823, 'C', 15600.00, 26.00, 500.00, 72.00, 0.00),
(1374, 2825, 'C', 15010.00, 0.00, 500.00, 0.00, 0.00),
(1375, 2826, 'C', 15010.00, 0.00, 500.00, 0.00, 0.00),
(1373, 2828, 'C', 15600.00, 26.00, 500.00, 72.00, 0.00),
(1377, 2829, 'C', 15010.00, 0.00, 500.00, 0.00, 0.00),
(1378, 2830, 'C', 15600.00, 26.00, 500.00, 70.00, 0.00),
(1379, 2831, 'C', 15600.00, 26.00, 500.00, 72.00, 0.00),
(1380, 2832, 'C', 15600.00, 26.00, 500.00, 72.00, 0.00),
(1376, 2833, 'C', 15600.00, 26.00, 500.00, 72.00, 0.00),
(1381, 2834, 'C', 15600.00, 26.00, 500.00, 72.00, 0.00),
(1382, 2835, 'C', 15600.00, 26.00, 500.00, 72.00, 0.00),
(1383, 2836, 'C', 15600.00, 26.00, 500.00, 72.00, 0.00),
(1385, 2838, 'C', 15600.00, 26.00, 500.00, 72.00, 0.00),
(1384, 2841, 'C', 15600.00, 0.00, 0.00, 0.00, 0.00),
(1386, 2842, 'C', 15600.00, 0.00, 0.00, 0.00, 0.00),
(1387, 2843, 'C', 15600.00, 0.00, 0.00, 0.00, 0.00),
(1388, 2844, 'C', 15600.00, 0.00, 0.00, 0.00, 0.00),
(1390, 2846, 'C', 15600.00, 0.00, 0.00, 0.00, 0.00),
(1391, 2848, 'C', 15600.00, 0.00, 0.00, 0.00, 0.00),
(1393, 2851, 'C', 15600.00, 0.00, 0.00, 0.00, 0.00),
(1392, 2852, 'C', 10300.00, 0.00, 0.00, 0.00, 0.00),
(1389, 2853, 'C', 10300.00, 0.00, 0.00, 0.00, 0.00),
(1394, 2854, 'C', 15600.00, 26.00, 500.00, 72.00, 0.00),
(1395, 2855, 'C', 15600.00, 26.00, 500.00, 72.00, 0.00),
(1324, 2856, 'C', 22915.00, 2292.00, 1146.00, 4583.00, 0.00),
(1302, 2857, 'C', 11900.00, 0.00, 0.00, 0.00, 0.00),
(1304, 2858, 'C', 12000.00, 0.00, 0.00, 0.00, 0.00),
(88, 2861, 'C', 0.00, 0.00, 0.00, 0.00, 0.00),
(1402, 2870, 'C', 60430.00, 10.00, 500.00, 119.00, 0.00),
(1399, 2872, 'C', 55440.00, 10.00, 500.00, 119.00, 0.00),
(1401, 2873, 'C', 62260.00, 10.00, 500.00, 119.00, 0.00),
(1400, 2874, 'C', 57110.00, 10.00, 500.00, 119.00, 0.00),
(1403, 2876, 'C', 61660.00, 9249.00, 350.00, 65976.00, 2000.00),
(1404, 2877, 'C', 62420.00, 9363.00, 350.00, 66790.00, 0.00),
(1405, 2878, 'C', 55440.00, 8316.00, 350.00, 59320.00, 0.00),
(1406, 2879, 'C', 52250.00, 7838.00, 350.00, 55908.00, 0.00),
(1407, 2880, 'C', 24320.00, 3648.00, 350.00, 26022.00, 0.00),
(1408, 2881, 'C', 38850.00, 5828.00, 350.00, 41570.00, 0.00),
(1409, 2882, 'C', 52250.00, 7838.00, 350.00, 55908.00, 0.00),
(1410, 2883, 'C', 52250.00, 7838.00, 350.00, 55908.00, 0.00),
(1411, 2884, 'C', 31450.00, 4718.00, 350.00, 33654.00, 0.00),
(1412, 2885, 'C', 24320.00, 3648.00, 350.00, 26022.00, 0.00),
(1413, 2886, 'C', 31100.00, 4665.00, 350.00, 33277.00, 0.00),
(1414, 2887, 'C', 31620.00, 4743.00, 350.00, 33833.00, 0.00),
(1415, 2888, 'C', 24320.00, 3648.00, 350.00, 26022.00, 0.00),
(1416, 2889, 'C', 39000.00, 0.00, 0.00, 0.00, 0.00),
(1417, 2890, 'C', 24320.00, 3648.00, 350.00, 26022.00, 0.00),
(1418, 2891, 'C', 24300.00, 3645.00, 350.00, 26001.00, 0.00),
(1419, 2892, 'C', 24300.00, 3645.00, 350.00, 26001.00, 0.00),
(1420, 2893, 'C', 24300.00, 3645.00, 350.00, 26001.00, 0.00),
(1421, 2894, 'C', 48831.00, 3538.00, 350.00, 25241.00, 0.00),
(1422, 2895, 'C', 48831.00, 3538.00, 350.00, 25241.00, 0.00),
(1423, 2896, 'C', 48831.00, 3538.00, 350.00, 25241.00, 0.00),
(1424, 2897, 'C', 23590.00, 3538.00, 350.00, 25241.00, 0.00),
(1425, 2898, 'C', 48831.00, 3538.00, 350.00, 25241.00, 0.00),
(1426, 2899, 'C', 21600.00, 0.00, 0.00, 0.00, 0.00),
(1427, 2900, 'C', 21600.00, 0.00, 0.00, 0.00, 0.00),
(1428, 2901, 'C', 21600.00, 3240.00, 350.00, 23112.00, 0.00),
(1429, 2902, 'C', 21600.00, 3240.00, 350.00, 23112.00, 0.00),
(1430, 2903, 'C', 16600.00, 0.00, 0.00, 0.00, 0.00),
(1431, 2904, 'C', 16600.00, 0.00, 0.00, 0.00, 0.00),
(1432, 2905, 'C', 16600.00, 0.00, 0.00, 0.00, 0.00),
(1433, 2906, 'C', 15600.00, 0.00, 0.00, 0.00, 0.00),
(1434, 2907, 'C', 15600.00, 0.00, 0.00, 0.00, 0.00),
(1435, 2908, 'C', 15600.00, 0.00, 0.00, 0.00, 0.00),
(1436, 2909, 'C', 15600.00, 0.00, 0.00, 0.00, 0.00),
(1437, 2910, 'C', 16600.00, 0.00, 0.00, 0.00, 0.00),
(1438, 2911, 'C', 15600.00, 0.00, 0.00, 0.00, 0.00),
(1439, 2912, 'C', 15600.00, 0.00, 0.00, 0.00, 0.00),
(1440, 2913, 'C', 15600.00, 0.00, 0.00, 0.00, 0.00),
(1441, 2914, 'C', 15600.00, 0.00, 0.00, 0.00, 0.00),
(1442, 2915, 'C', 15600.00, 0.00, 0.00, 0.00, 0.00),
(1443, 2916, 'C', 15600.00, 0.00, 0.00, 0.00, 0.00),
(1445, 2918, 'C', 16600.00, 0.00, 0.00, 0.00, 0.00),
(1446, 2919, 'C', 15600.00, 0.00, 0.00, 0.00, 0.00),
(1447, 2920, 'C', 15600.00, 0.00, 0.00, 0.00, 0.00),
(1448, 2921, 'C', 15600.00, 0.00, 0.00, 0.00, 0.00),
(1449, 2922, 'C', 16600.00, 0.00, 0.00, 0.00, 0.00),
(1450, 2923, 'C', 16600.00, 0.00, 0.00, 0.00, 0.00),
(1451, 2924, 'C', 15600.00, 0.00, 0.00, 0.00, 0.00),
(1452, 2925, 'C', 15600.00, 0.00, 0.00, 0.00, 0.00),
(1453, 2926, 'C', 24940.00, 0.00, 0.00, 0.00, 0.00),
(1454, 2927, 'C', 25800.00, 0.00, 0.00, 0.00, 0.00),
(1455, 2928, 'C', 25800.00, 0.00, 0.00, 0.00, 0.00),
(1457, 2930, 'C', 25800.00, 0.00, 0.00, 0.00, 0.00),
(1458, 2931, 'C', 25800.00, 0.00, 0.00, 0.00, 0.00),
(1459, 2932, 'C', 25800.00, 0.00, 0.00, 0.00, 0.00),
(1460, 2933, 'C', 25800.00, 0.00, 0.00, 0.00, 0.00),
(1461, 2934, 'C', 25800.00, 0.00, 0.00, 0.00, 0.00),
(1462, 2935, 'C', 25800.00, 0.00, 0.00, 0.00, 0.00),
(1463, 2936, 'C', 25800.00, 0.00, 0.00, 0.00, 0.00),
(1464, 2937, 'C', 25800.00, 0.00, 0.00, 0.00, 0.00),
(1456, 2938, 'C', 25800.00, 0.00, 0.00, 0.00, 0.00),
(1444, 2939, 'C', 15600.00, 0.00, 0.00, 0.00, 0.00),
(407, 2948, 'C', 21600.00, 4320.00, 500.00, 17280.00, 120.00),
(1465, 2949, 'C', 15600.00, 0.00, 0.00, 0.00, 0.00),
(1467, 2951, 'C', 15600.00, 0.00, 0.00, 0.00, 0.00),
(1468, 2952, 'C', 15600.00, 0.00, 0.00, 0.00, 0.00),
(1473, 2958, 'C', 15600.00, 0.00, 0.00, 0.00, 0.00),
(1479, 2964, 'C', 15600.00, 0.00, 0.00, 0.00, 0.00),
(1480, 2965, 'C', 15600.00, 0.00, 0.00, 0.00, 0.00),
(1481, 2966, 'C', 15600.00, 0.00, 0.00, 0.00, 0.00),
(1482, 2967, 'C', 15600.00, 0.00, 0.00, 0.00, 0.00),
(1483, 2968, 'C', 15600.00, 0.00, 0.00, 0.00, 0.00),
(1484, 2969, 'C', 15600.00, 0.00, 0.00, 0.00, 0.00),
(1485, 2970, 'C', 15600.00, 0.00, 0.00, 0.00, 0.00),
(1486, 2971, 'C', 15600.00, 0.00, 0.00, 0.00, 0.00),
(1487, 2972, 'C', 15600.00, 0.00, 0.00, 0.00, 0.00),
(1488, 2973, 'C', 15600.00, 0.00, 0.00, 0.00, 0.00),
(1489, 2974, 'C', 15600.00, 0.00, 0.00, 0.00, 0.00),
(1490, 2975, 'C', 15600.00, 0.00, 0.00, 0.00, 0.00),
(1491, 2976, 'C', 67100.00, 0.00, 0.00, 0.00, 0.00),
(1466, 2977, 'C', 15600.00, 0.00, 0.00, 0.00, 0.00),
(1495, 2982, 'C', 21600.00, 0.00, 0.00, 0.00, 0.00),
(1494, 2983, 'C', 21600.00, 0.00, 0.00, 0.00, 0.00),
(1493, 2984, 'C', 21600.00, 0.00, 0.00, 0.00, 0.00),
(1492, 2985, 'C', 21600.00, 0.00, 0.00, 0.00, 0.00),
(1496, 2986, 'C', 15600.00, 0.00, 0.00, 0.00, 0.00),
(1497, 2987, 'C', 15600.00, 0.00, 0.00, 0.00, 0.00),
(1498, 2989, 'C', 15600.00, 0.00, 0.00, 0.00, 0.00),
(1499, 2990, 'C', 15600.00, 0.00, 0.00, 0.00, 0.00),
(1500, 2991, 'C', 15600.00, 0.00, 0.00, 0.00, 0.00),
(1501, 2992, 'C', 15600.00, 0.00, 0.00, 0.00, 0.00),
(1502, 2993, 'C', 15600.00, 0.00, 0.00, 0.00, 0.00),
(1503, 2995, 'C', 15600.00, 0.00, 0.00, 0.00, 0.00),
(1504, 2996, 'C', 21600.00, 0.00, 0.00, 0.00, 0.00),
(1505, 2997, 'C', 21600.00, 0.00, 0.00, 0.00, 0.00),
(1506, 2998, 'C', 15600.00, 0.00, 0.00, 0.00, 0.00),
(1507, 2999, 'C', 15600.00, 0.00, 0.00, 0.00, 0.00),
(1508, 3000, 'C', 15600.00, 0.00, 0.00, 0.00, 0.00),
(1509, 3001, 'C', 15600.00, 0.00, 0.00, 0.00, 0.00),
(1510, 3002, 'C', 15600.00, 0.00, 0.00, 0.00, 0.00),
(1516, 3011, 'C', 15600.00, 1620.00, 500.00, 7350.00, 250.00),
(1523, 3020, 'C', 12000.00, 0.00, 0.00, 0.00, 0.00),
(1524, 3021, 'C', 9500.00, 0.00, 0.00, 0.00, 0.00),
(1520, 3022, 'C', 12000.00, 0.00, 0.00, 0.00, 0.00),
(1519, 3023, 'C', 15600.00, 1620.00, 500.00, 7350.00, 250.00),
(1518, 3024, 'C', 15600.00, 1620.00, 500.00, 7350.00, 250.00),
(1517, 3025, 'C', 15600.00, 1620.00, 500.00, 7350.00, 250.00),
(1515, 3026, 'C', 15600.00, 1620.00, 500.00, 7350.00, 250.00),
(1514, 3027, 'C', 12000.00, 0.00, 0.00, 0.00, 0.00),
(1513, 3028, 'C', 15600.00, 1620.00, 500.00, 7350.00, 250.00),
(1511, 3030, 'C', 15000.00, 0.00, 0.00, 0.00, 0.00),
(1525, 3031, 'C', 15000.00, 0.00, 0.00, 0.00, 0.00),
(1512, 3033, 'C', 15600.00, 1620.00, 500.00, 7350.00, 250.00),
(28, 3035, 'S', 1.00, 1.00, 1.00, 1.00, 1.00),
(1526, 3036, 'C', 12000.00, 0.00, 0.00, 0.00, 0.00),
(1527, 3037, 'C', 12000.00, 0.00, 0.00, 0.00, 0.00),
(1528, 3038, 'C', 15600.00, 1620.00, 500.00, 7350.00, 250.00),
(1521, 3039, 'C', 12000.00, 0.00, 0.00, 0.00, 0.00),
(1522, 3040, 'C', 10000.00, 0.00, 0.00, 0.00, 0.00),
(1529, 3041, 'C', 10000.00, 0.00, 0.00, 0.00, 0.00),
(1531, 3045, 'C', 24250.00, 0.00, 500.00, 15762.00, 0.00),
(1532, 3046, 'C', 21600.00, 1620.00, 500.00, 0.00, 0.00),
(1530, 3047, 'C', 46400.00, 5568.00, 500.00, 30160.00, 0.00),
(1533, 3048, 'C', 33350.00, 10.00, 500.00, 119.00, 0.00),
(1535, 3050, 'C', 30380.00, 10.00, 500.00, 119.00, 0.00),
(1536, 3052, 'C', 6000.00, 0.00, 0.00, 0.00, 0.00),
(1537, 3053, 'C', 6000.00, 0.00, 0.00, 0.00, 0.00),
(1538, 3054, 'C', 21600.00, 1620.00, 500.00, 0.00, 0.00),
(1539, 3055, 'C', 8000.00, 0.00, 0.00, 0.00, 0.00),
(1540, 3056, 'C', 36210.00, 0.00, 500.00, 45263.00, 620.00),
(1541, 3057, 'C', 47000.00, 0.00, 0.00, 0.00, 0.00),
(1542, 3058, 'C', 28299.00, 0.00, 0.00, 0.00, 0.00),
(1543, 3059, 'C', 25010.00, 0.00, 0.00, 0.00, 0.00),
(1544, 3060, 'C', 28861.00, 0.00, 0.00, 0.00, 0.00),
(1545, 3061, 'C', 25010.00, 0.00, 0.00, 0.00, 0.00),
(1546, 3062, 'C', 23532.00, 0.00, 0.00, 0.00, 0.00),
(1547, 3063, 'C', 23532.00, 0.00, 0.00, 0.00, 0.00),
(1549, 3065, 'C', 22823.00, 0.00, 0.00, 0.00, 0.00),
(1548, 3067, 'C', 22823.00, 0.00, 0.00, 0.00, 0.00),
(1550, 3068, 'C', 22823.00, 0.00, 0.00, 0.00, 0.00),
(1551, 3069, 'C', 10000.00, 0.00, 0.00, 0.00, 0.00),
(1552, 3070, 'C', 15600.00, 0.00, 0.00, 6000.00, 0.00),
(1553, 3071, 'C', 10000.00, 0.00, 0.00, 0.00, 0.00),
(1554, 3072, 'C', 16062.00, 0.00, 0.00, 6000.00, 0.00),
(1555, 3073, 'C', 15000.00, 0.00, 0.00, 0.00, 0.00),
(1556, 3074, 'C', 15600.00, 0.00, 0.00, 6000.00, 0.00),
(1557, 3075, 'C', 15600.00, 0.00, 0.00, 0.00, 0.00),
(1558, 3076, 'C', 15000.00, 0.00, 0.00, 0.00, 0.00),
(1559, 3077, 'C', 15600.00, 0.00, 0.00, 0.00, 0.00),
(1560, 3078, 'C', 10000.00, 0.00, 0.00, 0.00, 0.00),
(1561, 3079, 'C', 8000.00, 0.00, 0.00, 0.00, 0.00),
(1562, 3080, 'C', 15600.00, 0.00, 0.00, 0.00, 0.00),
(1563, 3081, 'C', 11000.00, 0.00, 0.00, 0.00, 0.00),
(1564, 3082, 'C', 15600.00, 0.00, 0.00, 0.00, 0.00),
(1565, 3083, 'C', 15600.00, 0.00, 0.00, 0.00, 0.00),
(1566, 3084, 'C', 15600.00, 0.00, 0.00, 0.00, 0.00),
(1567, 3085, 'C', 15600.00, 0.00, 0.00, 0.00, 0.00),
(1568, 3086, 'C', 15600.00, 0.00, 0.00, 0.00, 0.00),
(1569, 3087, 'C', 12000.00, 0.00, 0.00, 0.00, 0.00),
(1570, 3088, 'C', 9000.00, 0.00, 0.00, 0.00, 0.00),
(1571, 3089, 'C', 10000.00, 0.00, 0.00, 0.00, 0.00),
(1572, 3090, 'C', 10000.00, 0.00, 0.00, 0.00, 0.00),
(1573, 3091, 'C', 10000.00, 0.00, 0.00, 0.00, 0.00),
(1574, 3092, 'C', 10000.00, 0.00, 0.00, 0.00, 0.00),
(1575, 3093, 'C', 10000.00, 0.00, 0.00, 0.00, 0.00),
(1576, 3094, 'C', 10000.00, 0.00, 0.00, 0.00, 0.00),
(1577, 3095, 'C', 12000.00, 0.00, 0.00, 0.00, 0.00),
(1578, 3096, 'C', 10000.00, 0.00, 0.00, 0.00, 0.00),
(1579, 3097, 'C', 10001.00, 0.00, 0.00, 0.00, 0.00),
(1580, 3098, 'C', 11000.00, 0.00, 0.00, 0.00, 0.00),
(1581, 3099, 'C', 15600.00, 1620.00, 500.00, 3750.00, 250.00),
(1582, 3100, 'C', 8500.00, 0.00, 0.00, 0.00, 0.00),
(1583, 3101, 'C', 36210.00, 0.00, 500.00, 45263.00, 620.00),
(1584, 3102, 'C', 36210.00, 0.00, 500.00, 45263.00, 620.00),
(1585, 3103, 'C', 36210.00, 0.00, 500.00, 45263.00, 620.00),
(1586, 3106, 'C', 36210.00, 0.00, 500.00, 45263.00, 620.00),
(1587, 3107, 'C', 31820.00, 3182.00, 500.00, 37866.00, 0.00),
(1588, 3108, 'C', 36210.00, 0.00, 500.00, 45263.00, 620.00),
(1589, 3110, 'C', 36210.00, 0.00, 500.00, 45263.00, 620.00),
(1592, 3113, 'C', 49240.00, 4924.00, 500.00, 58596.00, 0.00),
(1593, 3114, 'C', 49240.00, 4924.00, 500.00, 58596.00, 0.00),
(1594, 3115, 'C', 35450.00, 3545.00, 500.00, 42186.00, 0.00),
(1595, 3116, 'C', 31080.00, 3108.00, 500.00, 36985.00, 0.00),
(1596, 3117, 'C', 30170.00, 3017.00, 500.00, 35902.00, 0.00),
(1597, 3118, 'C', 65850.00, 6585.00, 500.00, 78362.00, 0.00),
(1598, 3119, 'C', 50720.00, 5072.00, 500.00, 60357.00, 0.00),
(1599, 3120, 'C', 31050.00, 3105.00, 500.00, 36950.00, 0.00),
(1600, 3121, 'C', 33890.00, 3389.00, 500.00, 40329.00, 0.00),
(1601, 3122, 'C', 37780.00, 3778.00, 500.00, 44958.00, 0.00),
(1602, 3123, 'C', 31690.00, 3169.00, 500.00, 37711.00, 0.00),
(1591, 3124, 'C', 26570.00, 2657.00, 500.00, 31618.00, 0.00),
(1590, 3125, 'C', 39210.00, 3921.00, 500.00, 46660.00, 0.00),
(1603, 3126, 'C', 35650.00, 3565.00, 500.00, 42424.00, 0.00),
(1604, 3127, 'C', 32020.00, 3202.00, 500.00, 38104.00, 0.00),
(1605, 3128, 'C', 34620.00, 3462.00, 500.00, 41198.00, 0.00),
(1606, 3129, 'C', 32170.00, 3217.00, 500.00, 38282.00, 0.00),
(1607, 3130, 'C', 60600.00, 6060.00, 500.00, 72114.00, 0.00),
(1608, 3131, 'C', 27620.00, 2762.00, 500.00, 32868.00, 0.00),
(1609, 3132, 'C', 30140.00, 3017.00, 500.00, 35867.00, 0.00),
(1610, 3133, 'C', 23610.00, 2361.00, 500.00, 28096.00, 0.00),
(1611, 3134, 'C', 67560.00, 6756.00, 500.00, 80396.00, 0.00),
(1612, 3135, 'C', 21600.00, 0.00, 0.00, 0.00, 0.00),
(1613, 3136, 'C', 21600.00, 0.00, 0.00, 0.00, 0.00),
(1614, 3137, 'C', 21600.00, 0.00, 0.00, 0.00, 0.00),
(1615, 3138, 'C', 21600.00, 0.00, 0.00, 0.00, 0.00),
(1616, 3139, 'C', 30170.00, 3017.00, 500.00, 35902.00, 0.00),
(1469, 3140, 'C', 15600.00, 0.00, 0.00, 0.00, 0.00),
(1470, 3141, 'C', 15600.00, 0.00, 0.00, 0.00, 0.00),
(1478, 3142, 'C', 15600.00, 0.00, 0.00, 0.00, 0.00),
(1477, 3143, 'C', 15600.00, 0.00, 0.00, 0.00, 0.00),
(1476, 3144, 'C', 15600.00, 0.00, 0.00, 0.00, 0.00),
(1475, 3145, 'C', 15600.00, 0.00, 0.00, 0.00, 0.00),
(1474, 3146, 'C', 15600.00, 0.00, 0.00, 0.00, 0.00),
(1471, 3147, 'C', 15600.00, 0.00, 0.00, 0.00, 0.00),
(1472, 3148, 'C', 15600.00, 0.00, 0.00, 0.00, 0.00),
(441, 3149, 'C', 10000.00, 0.00, 0.00, 0.00, 0.00),
(1617, 3150, 'C', 65850.00, 0.00, 350.00, 82313.00, 0.00),
(1618, 3151, 'C', 55440.00, 0.00, 350.00, 69300.00, 0.00),
(1619, 3152, 'C', 62420.00, 0.00, 350.00, 78025.00, 0.00),
(1620, 3153, 'C', 37440.00, 0.00, 350.00, 46800.00, 0.00),
(1621, 3154, 'C', 38290.00, 0.00, 350.00, 47863.00, 0.00),
(1622, 3155, 'C', 37440.00, 0.00, 350.00, 46800.00, 0.00),
(1623, 3156, 'C', 52250.00, 0.00, 350.00, 65313.00, 0.00),
(1624, 3157, 'C', 24320.00, 0.00, 0.00, 4864.00, 0.00),
(1625, 3158, 'C', 24320.00, 0.00, 0.00, 4864.00, 0.00),
(1626, 3159, 'C', 23610.00, 0.00, 0.00, 23610.00, 0.00),
(1627, 3160, 'C', 24320.00, 0.00, 0.00, 4864.00, 0.00),
(1628, 3161, 'C', 23610.00, 0.00, 0.00, 4722.00, 0.00),
(1629, 3164, 'C', 15600.00, 0.00, 0.00, 0.00, 0.00),
(1630, 3165, 'C', 21600.00, 0.00, 0.00, 0.00, 0.00),
(1631, 3166, 'C', 21600.00, 0.00, 0.00, 0.00, 0.00),
(1633, 3168, 'C', 15600.00, 0.00, 0.00, 0.00, 0.00),
(1634, 3169, 'C', 15600.00, 0.00, 0.00, 0.00, 0.00),
(1635, 3170, 'C', 15600.00, 0.00, 0.00, 0.00, 0.00),
(1636, 3171, 'C', 15600.00, 0.00, 0.00, 0.00, 0.00),
(1632, 3172, 'C', 15600.00, 0.00, 0.00, 0.00, 0.00),
(1637, 3173, 'C', 15600.00, 0.00, 0.00, 0.00, 0.00),
(1638, 3174, 'C', 15600.00, 0.00, 0.00, 0.00, 0.00),
(1639, 3175, 'C', 18000.00, 0.00, 0.00, 0.00, 0.00),
(1640, 3176, 'C', 15600.00, 0.00, 0.00, 0.00, 0.00),
(1641, 3177, 'C', 15600.00, 0.00, 0.00, 0.00, 0.00),
(1642, 3178, 'C', 15600.00, 0.00, 0.00, 0.00, 0.00),
(1643, 3179, 'C', 18000.00, 0.00, 0.00, 0.00, 0.00),
(1644, 3180, 'C', 15600.00, 0.00, 0.00, 0.00, 0.00),
(1645, 3181, 'C', 15600.00, 0.00, 0.00, 0.00, 0.00),
(1646, 3182, 'C', 15600.00, 0.00, 0.00, 0.00, 0.00),
(1647, 3183, 'C', 21600.00, 0.00, 0.00, 0.00, 0.00),
(1648, 3184, 'C', 15600.00, 0.00, 0.00, 0.00, 0.00),
(1649, 3185, 'C', 15600.00, 0.00, 0.00, 0.00, 0.00),
(1650, 3186, 'C', 15600.00, 0.00, 0.00, 0.00, 0.00),
(1652, 3188, 'C', 21600.00, 0.00, 0.00, 0.00, 0.00),
(1653, 3189, 'C', 21600.00, 0.00, 0.00, 0.00, 0.00),
(1654, 3190, 'C', 21600.00, 0.00, 0.00, 0.00, 0.00),
(1655, 3191, 'C', 21600.00, 0.00, 0.00, 0.00, 0.00),
(1656, 3192, 'C', 21600.00, 0.00, 0.00, 0.00, 0.00),
(1657, 3193, 'C', 21600.00, 0.00, 0.00, 0.00, 0.00),
(1658, 3194, 'C', 21600.00, 0.00, 0.00, 0.00, 0.00),
(1659, 3195, 'C', 21600.00, 0.00, 0.00, 0.00, 0.00),
(1660, 3196, 'C', 21600.00, 0.00, 0.00, 0.00, 0.00),
(1661, 3197, 'C', 21600.00, 0.00, 0.00, 0.00, 0.00),
(1662, 3198, 'C', 21600.00, 0.00, 0.00, 0.00, 0.00),
(1664, 3200, 'C', 21600.00, 0.00, 0.00, 0.00, 0.00),
(1665, 3201, 'C', 21600.00, 0.00, 0.00, 0.00, 0.00),
(1667, 3203, 'C', 21600.00, 0.00, 0.00, 0.00, 0.00),
(1668, 3204, 'C', 21600.00, 0.00, 0.00, 0.00, 0.00),
(1669, 3208, 'C', 0.00, 0.00, 0.00, 0.00, 0.00),
(1670, 3210, 'C', 21600.00, 0.00, 0.00, 0.00, 0.00),
(1663, 3212, 'C', 21600.00, 0.00, 0.00, 0.00, 0.00),
(1671, 3213, 'C', 21600.00, 0.00, 0.00, 0.00, 0.00),
(1672, 3214, 'C', 21600.00, 0.00, 0.00, 0.00, 0.00),
(1651, 3216, 'C', 15600.00, 0.00, 0.00, 0.00, 0.00),
(1673, 3217, 'C', 0.00, 0.00, 0.00, 0.00, 0.00),
(1674, 3218, 'C', 21600.00, 0.00, 0.00, 29592.00, 0.00),
(1675, 3219, 'C', 58830.00, 7354.00, 500.00, 73538.00, 500.00),
(1676, 3220, 'C', 65850.00, 8231.00, 500.00, 82313.00, 500.00),
(1677, 3221, 'C', 0.00, 0.00, 0.00, 0.00, 0.00),
(1678, 3222, 'C', 0.00, 0.00, 0.00, 0.00, 0.00),
(1679, 3223, 'C', 0.00, 0.00, 0.00, 0.00, 0.00),
(1680, 3224, 'C', 0.00, 0.00, 0.00, 0.00, 0.00),
(1681, 3225, 'C', 15600.00, 0.00, 0.00, 0.00, 0.00),
(1682, 3226, 'C', 25207.00, 0.00, 0.00, 0.00, 0.00),
(1683, 3227, 'C', 15600.00, 0.00, 0.00, 0.00, 0.00),
(1685, 3230, 'C', 15600.00, 0.00, 0.00, 0.00, 0.00),
(1687, 3232, 'C', 15600.00, 0.00, 0.00, 0.00, 0.00),
(1688, 3233, 'C', 24473.00, 0.00, 0.00, 0.00, 0.00),
(1689, 3234, 'C', 15600.00, 0.00, 0.00, 0.00, 0.00),
(1690, 3235, 'C', 15600.00, 0.00, 0.00, 0.00, 0.00),
(1691, 3236, 'C', 15600.00, 0.00, 0.00, 0.00, 0.00),
(1692, 3237, 'C', 27545.00, 0.00, 0.00, 0.00, 0.00),
(1693, 3238, 'C', 15600.00, 0.00, 0.00, 0.00, 0.00),
(1694, 3239, 'C', 15600.00, 0.00, 0.00, 0.00, 0.00),
(1666, 3240, 'C', 21600.00, 0.00, 0.00, 0.00, 0.00),
(1695, 3243, 'C', 13800.00, 1725.00, 500.00, 18216.00, 250.00),
(1696, 3244, 'C', 11020.00, 1378.00, 500.00, 14546.00, 250.00),
(1697, 3245, 'C', 16916.00, 2115.00, 500.00, 22329.00, 500.00),
(1698, 3246, 'C', 16560.00, 2070.00, 500.00, 22952.00, 250.00),
(1699, 3247, 'C', 16937.00, 2117.00, 500.00, 22357.00, 250.00),
(1700, 3248, 'C', 14921.00, 1865.00, 500.00, 19696.00, 250.00),
(341, 3249, 'C', 21600.00, 4320.00, 500.00, 17280.00, 120.00),
(406, 3258, 'C', 21600.00, 4320.00, 500.00, 17280.00, 120.00),
(413, 3261, 'C', 21600.00, 4320.00, 500.00, 17280.00, 120.00),
(405, 3263, 'C', 2200.00, 0.00, 0.00, 0.00, 0.00),
(410, 3265, 'C', 21600.00, 4320.00, 500.00, 17280.00, 120.00),
(339, 3266, 'C', 21600.00, 4320.00, 500.00, 17280.00, 120.00),
(412, 3267, 'C', 21600.00, 4320.00, 500.00, 17280.00, 120.00),
(409, 3268, 'C', 21600.00, 4320.00, 500.00, 17280.00, 120.00),
(1701, 3269, 'C', 14931.00, 1866.00, 500.00, 19709.00, 250.00),
(257, 3273, 'C', 21600.00, 4320.00, 500.00, 17280.00, 120.00),
(1684, 3274, 'C', 15600.00, 0.00, 0.00, 0.00, 0.00),
(252, 3275, 'C', 64300.00, 12860.00, 500.00, 80375.00, 120.00),
(1702, 3276, 'C', 17588.00, 2199.00, 500.00, 23216.00, 250.00),
(1703, 3277, 'C', 16034.00, 2004.00, 500.00, 21165.00, 250.00),
(251, 3278, 'C', 67450.00, 13490.00, 500.00, 84313.00, 120.00),
(352, 3280, 'C', 65850.00, 13170.00, 500.00, 82313.00, 120.00),
(1704, 3281, 'C', 21600.00, 0.00, 0.00, 0.00, 0.00),
(1705, 3282, 'C', 21600.00, 0.00, 0.00, 0.00, 0.00),
(1706, 3283, 'C', 21600.00, 0.00, 0.00, 0.00, 0.00),
(1707, 3284, 'C', 21600.00, 0.00, 0.00, 0.00, 0.00),
(1708, 3285, 'C', 21600.00, 0.00, 0.00, 0.00, 0.00),
(1709, 3287, 'C', 62420.00, 8193.00, 500.00, 86514.00, 500.00),
(1710, 3288, 'C', 65850.00, 8231.00, 500.00, 86922.00, 500.00),
(1711, 3289, 'C', 57110.00, 7496.00, 500.00, 79155.00, 500.00),
(1712, 3290, 'C', 60600.00, 7575.00, 500.00, 79992.00, 500.00),
(1713, 3291, 'C', 62420.00, 7803.00, 500.00, 82394.00, 500.00),
(1714, 3292, 'C', 28390.00, 1420.00, 350.00, 33784.00, 0.00),
(1715, 3293, 'C', 17000.00, 0.00, 0.00, 0.00, 0.00),
(1716, 3294, 'C', 17000.00, 0.00, 0.00, 0.00, 0.00),
(1717, 3295, 'C', 17000.00, 0.00, 0.00, 0.00, 0.00),
(1718, 3296, 'C', 17000.00, 0.00, 0.00, 0.00, 0.00),
(1719, 3297, 'C', 25810.00, 1291.00, 350.00, 30714.00, 0.00),
(1720, 3298, 'C', 18500.00, 0.00, 0.00, 0.00, 0.00),
(1721, 3299, 'C', 17000.00, 0.00, 0.00, 0.00, 0.00),
(1722, 3300, 'C', 17000.00, 0.00, 0.00, 0.00, 0.00),
(1723, 3301, 'C', 22920.00, 1146.00, 350.00, 27275.00, 0.00),
(1724, 3302, 'C', 22920.00, 1146.00, 350.00, 27275.00, 0.00),
(1725, 3303, 'C', 21600.00, 0.00, 0.00, 4200.00, 0.00),
(1726, 3304, 'C', 21600.00, 0.00, 0.00, 4200.00, 0.00),
(1727, 3305, 'C', 21600.00, 0.00, 0.00, 4200.00, 0.00),
(1728, 3306, 'C', 21600.00, 0.00, 0.00, 4200.00, 0.00),
(1729, 3307, 'C', 21600.00, 0.00, 0.00, 4200.00, 0.00),
(1730, 3308, 'C', 21600.00, 0.00, 0.00, 4200.00, 0.00),
(1731, 3309, 'C', 21600.00, 0.00, 0.00, 4200.00, 0.00),
(1732, 3310, 'C', 21600.00, 0.00, 0.00, 4200.00, 0.00),
(1733, 3311, 'C', 15600.00, 0.00, 0.00, 0.00, 0.00),
(1734, 3312, 'C', 15600.00, 0.00, 0.00, 0.00, 0.00),
(1735, 3313, 'C', 22920.00, 1146.00, 350.00, 27275.00, 0.00),
(1736, 3314, 'C', 21600.00, 732.00, 237.00, 17412.00, 0.00),
(1737, 3315, 'C', 17000.00, 0.00, 0.00, 0.00, 0.00),
(1738, 3316, 'C', 17000.00, 0.00, 0.00, 0.00, 0.00),
(1739, 3317, 'C', 22920.00, 1146.00, 350.00, 27275.00, 0.00),
(1740, 3318, 'C', 21600.00, 0.00, 0.00, 4200.00, 0.00),
(1741, 3319, 'C', 46400.00, 0.00, 0.00, 0.00, 4640.00),
(1742, 3320, 'C', 21600.00, 0.00, 0.00, 0.00, 2160.00),
(1743, 3321, 'C', 21600.00, 0.00, 0.00, 0.00, 2160.00),
(1744, 3322, 'C', 21600.00, 0.00, 0.00, 0.00, 2160.00),
(1746, 3324, 'C', 21600.00, 0.00, 0.00, 0.00, 2159.00),
(1745, 3325, 'C', 21600.00, 0.00, 0.00, 0.00, 2157.00),
(1747, 3326, 'C', 21600.00, 0.00, 0.00, 0.00, 2160.00),
(1748, 3327, 'C', 21600.00, 0.00, 0.00, 0.00, 2160.00),
(1749, 3328, 'C', 21600.00, 0.00, 0.00, 0.00, 2160.00),
(1750, 3329, 'C', 64300.00, 0.00, 350.00, 76517.00, 0.00),
(1752, 3331, 'C', 64300.00, 3215.00, 350.00, 76517.00, 0.00),
(1753, 3332, 'C', 58830.00, 0.00, 350.00, 70008.00, 0.00),
(1754, 3333, 'C', 27620.00, 1381.00, 350.00, 32868.00, 0.00),
(1755, 3334, 'C', 23610.00, 1181.00, 350.00, 28096.00, 0.00),
(1756, 3335, 'C', 22920.00, 1146.00, 350.00, 27275.00, 0.00),
(1751, 3336, 'C', 64300.00, 3215.00, 350.00, 76517.00, 0.00),
(1757, 3337, 'C', 11390.00, 0.00, 350.00, 13554.00, 0.00),
(1758, 3338, 'C', 14190.00, 710.00, 350.00, 16886.00, 0.00),
(1759, 3339, 'C', 12250.00, 0.00, 350.00, 14578.00, 0.00),
(1760, 3340, 'C', 8550.00, 428.00, 350.00, 10175.00, 0.00),
(1761, 3341, 'C', 8550.00, 428.00, 350.00, 10175.00, 0.00),
(1762, 3342, 'C', 8050.00, 403.00, 350.00, 9580.00, 0.00),
(1763, 3343, 'C', 12000.00, 0.00, 0.00, 0.00, 13440.00),
(1764, 3344, 'C', 12000.00, 0.00, 0.00, 0.00, 1880.00),
(1765, 3345, 'C', 9000.00, 0.00, 0.00, 0.00, 10080.00),
(1766, 3346, 'C', 9000.00, 0.00, 0.00, 0.00, 10080.00),
(1767, 3347, 'C', 8000.00, 0.00, 0.00, 0.00, 8960.00),
(1768, 3348, 'C', 7500.00, 0.00, 0.00, 0.00, 8400.00),
(1769, 3349, 'C', 7500.00, 0.00, 0.00, 0.00, 8400.00),
(1770, 3350, 'C', 7500.00, 0.00, 0.00, 0.00, 8400.00),
(1771, 3351, 'C', 7500.00, 0.00, 0.00, 0.00, 8400.00),
(1773, 3353, 'C', 7980.00, 0.00, 250.00, 5746.00, 0.00),
(1774, 3354, 'C', 7980.00, 0.00, 250.00, 5746.00, 0.00),
(1772, 3355, 'C', 8550.00, 0.00, 250.00, 6156.00, 0.00),
(1775, 3356, 'C', 7980.00, 0.00, 250.00, 5746.00, 0.00),
(1776, 3357, 'C', 6790.00, 0.00, 250.00, 4889.00, 0.00),
(1777, 3358, 'C', 6790.00, 0.00, 250.00, 4889.00, 0.00),
(1778, 3359, 'C', 6790.00, 0.00, 250.00, 4889.00, 0.00),
(1779, 3360, 'C', 6790.00, 0.00, 250.00, 4889.00, 0.00),
(1780, 3361, 'C', 29250.00, 5156.00, 350.00, 34808.00, 0.00),
(1781, 3362, 'C', 17000.00, 0.00, 0.00, 0.00, 17000.00),
(1782, 3363, 'C', 17000.00, 0.00, 0.00, 0.00, 17000.00),
(1783, 3364, 'C', 17000.00, 0.00, 0.00, 0.00, 17000.00),
(1784, 3367, 'C', 17000.00, 0.00, 0.00, 0.00, 17000.00),
(1785, 3368, 'C', 25810.00, 1291.00, 350.00, 30714.00, 0.00),
(1786, 3369, 'C', 18500.00, 0.00, 0.00, 0.00, 18500.00),
(1787, 3370, 'C', 17000.00, 0.00, 0.00, 0.00, 17000.00),
(1686, 3371, 'C', 15600.00, 0.00, 0.00, 0.00, 0.00),
(1534, 3374, 'C', 33990.00, 10.00, 500.00, 119.00, 0.00),
(1788, 3376, 'C', 0.00, 10.00, 500.00, 119.00, 0.00),
(1398, 3377, 'C', 62420.00, 10.00, 500.00, 119.00, 0.00),
(1397, 3378, 'C', 65850.00, 10.00, 500.00, 119.00, 0.00),
(1396, 3379, 'C', 63930.00, 10.00, 500.00, 119.00, 0.00),
(1789, 3380, 'C', 0.00, 10.00, 500.00, 119.00, 0.00),
(1790, 3381, 'C', 0.00, 10.00, 500.00, 119.00, 0.00),
(1793, 3385, 'C', 0.00, 10.00, 500.00, 119.00, 0.00),
(1791, 3386, 'C', 0.00, 10.00, 500.00, 119.00, 0.00),
(1792, 3387, 'C', 0.00, 0.00, 0.00, 0.00, 0.00),
(1794, 3388, 'C', 0.00, 10.00, 500.00, 119.00, 0.00),
(1795, 3389, 'C', 0.00, 10.00, 500.00, 119.00, 0.00),
(1796, 3390, 'C', 0.00, 10.00, 500.00, 119.00, 0.00),
(1797, 3391, 'C', 0.00, 10.00, 500.00, 113.00, 0.00),
(1798, 3392, 'C', 0.00, 10.00, 500.00, 119.00, 0.00),
(1799, 3393, 'C', 0.00, 10.00, 500.00, 119.00, 0.00),
(1804, 3399, 'C', 0.00, 10.00, 500.00, 119.00, 0.00),
(1803, 3400, 'C', 0.00, 10.00, 500.00, 119.00, 0.00),
(1802, 3401, 'C', 0.00, 10.00, 500.00, 119.00, 0.00),
(1801, 3402, 'C', 0.00, 10.00, 500.00, 119.00, 0.00),
(1800, 3405, 'C', 0.00, 10.00, 500.00, 119.00, 0.00),
(1805, 3406, 'C', 21600.00, 0.00, 500.00, 5497.00, 0.00),
(1806, 3407, 'C', 21600.00, 0.00, 500.00, 4813.20, 0.00),
(1807, 3408, 'C', 21600.00, 0.00, 500.00, 4536.00, 0.00),
(1808, 3409, 'C', 21600.00, 0.00, 500.00, 0.00, 0.00),
(1809, 3410, 'C', 21600.00, 0.00, 500.00, 0.00, 0.00),
(1810, 3411, 'C', 21600.00, 0.00, 0.00, 0.00, 0.00),
(1811, 3412, 'C', 21600.00, 0.00, 0.00, 0.00, 0.00),
(1816, 3418, 'C', 0.00, 10.00, 500.00, 119.00, 0.00),
(1817, 3419, 'C', 0.00, 10.00, 500.00, 119.00, 0.00),
(1818, 3420, 'C', 0.00, 0.00, 0.00, 0.00, 0.00),
(1819, 3427, 'C', 10000.00, 0.00, 0.00, 0.00, 0.00),
(1822, 3428, 'C', 0.00, 0.00, 0.00, 0.00, 0.00),
(1823, 3429, 'C', 0.00, 0.00, 0.00, 0.00, 0.00),
(1824, 3430, 'C', 0.00, 0.00, 0.00, 0.00, 0.00),
(1825, 3431, 'C', 0.00, 0.00, 0.00, 0.00, 0.00),
(1826, 3432, 'C', 0.00, 0.00, 0.00, 0.00, 0.00),
(1827, 3433, 'C', 0.00, 0.00, 0.00, 0.00, 0.00),
(1828, 3434, 'C', 0.00, 0.00, 0.00, 0.00, 0.00),
(1829, 3435, 'C', 0.00, 0.00, 0.00, 0.00, 0.00),
(1830, 3436, 'C', 0.00, 0.00, 0.00, 0.00, 0.00),
(1831, 3437, 'C', 0.00, 0.00, 0.00, 0.00, 0.00),
(1832, 3438, 'C', 0.00, 0.00, 0.00, 0.00, 0.00),
(1833, 3439, 'C', 0.00, 0.00, 0.00, 0.00, 0.00),
(1834, 3440, 'C', 0.00, 0.00, 0.00, 0.00, 0.00),
(1835, 3441, 'C', 0.00, 0.00, 0.00, 0.00, 0.00),
(1836, 3442, 'C', 0.00, 0.00, 0.00, 0.00, 0.00),
(1837, 3443, 'C', 0.00, 0.00, 0.00, 0.00, 0.00),
(1838, 3444, 'C', 0.00, 0.00, 0.00, 0.00, 0.00),
(1839, 3445, 'C', 0.00, 0.00, 0.00, 0.00, 0.00),
(1840, 3446, 'C', 0.00, 0.00, 0.00, 0.00, 0.00),
(1841, 3447, 'C', 0.00, 0.00, 0.00, 0.00, 0.00),
(1842, 3448, 'C', 0.00, 0.00, 0.00, 0.00, 0.00),
(1843, 3449, 'C', 0.00, 0.00, 0.00, 0.00, 0.00),
(1844, 3450, 'C', 16780.00, 10.00, 500.00, 132.00, 0.00),
(1845, 3451, 'C', 16050.00, 10.00, 500.00, 132.00, 0.00),
(1341, 3452, 'C', 24300.00, 2430.00, 500.00, 32076.00, 3258.00),
(1846, 3453, 'C', 22920.00, 2292.00, 500.00, 30254.00, 3175.00),
(1365, 3455, 'C', 13000.00, 0.00, 0.00, 0.00, 0.00),
(1363, 3456, 'C', 13000.00, 0.00, 0.00, 0.00, 0.00),
(1360, 3457, 'C', 22920.00, 2292.00, 500.00, 30254.00, 3175.00),
(1359, 3458, 'C', 13000.00, 0.00, 0.00, 0.00, 0.00),
(1358, 3459, 'C', 22920.00, 2292.00, 500.00, 30254.00, 3175.00),
(1357, 3460, 'C', 31100.00, 3110.00, 500.00, 41052.00, 3666.00),
(1356, 3461, 'C', 9100.00, 455.00, 250.00, 6006.00, 2346.00),
(1353, 3462, 'C', 25810.00, 2581.00, 500.00, 34069.00, 3349.00),
(1351, 3463, 'C', 12000.00, 0.00, 0.00, 0.00, 0.00),
(1350, 3465, 'C', 31140.00, 3114.00, 500.00, 41105.00, 3668.00),
(1349, 3466, 'C', 12000.00, 0.00, 0.00, 0.00, 0.00),
(1348, 3467, 'C', 13000.00, 0.00, 0.00, 0.00, 0.00),
(1345, 3468, 'C', 21950.00, 2195.00, 500.00, 28975.00, 3117.00),
(1344, 3469, 'C', 11630.00, 1163.00, 500.00, 15352.00, 2498.00),
(1340, 3470, 'C', 13000.00, 0.00, 0.00, 0.00, 0.00),
(1339, 3471, 'C', 13000.00, 0.00, 0.00, 0.00, 0.00),
(1337, 3472, 'C', 27620.00, 2762.00, 500.00, 36458.00, 3457.00),
(1335, 3473, 'C', 31140.00, 3114.00, 500.00, 41105.00, 3605.00),
(1334, 3474, 'C', 13000.00, 0.00, 0.00, 0.00, 0.00),
(1333, 3475, 'C', 13000.00, 0.00, 0.00, 0.00, 0.00),
(1331, 3477, 'C', 8000.00, 0.00, 0.00, 0.00, 0.00),
(1327, 3479, 'C', 7000.00, 0.00, 0.00, 0.00, 0.00),
(1329, 3480, 'C', 6590.00, 659.00, 500.00, 8699.00, 2195.00),
(1343, 3481, 'C', 13000.00, 0.00, 0.00, 0.00, 0.00),
(1323, 3482, 'C', 15600.00, 0.00, 0.00, 0.00, 0.00),
(1322, 3483, 'C', 13000.00, 0.00, 0.00, 0.00, 0.00),
(1320, 3484, 'C', 13000.00, 0.00, 0.00, 0.00, 0.00),
(1847, 3486, 'C', 6000.00, 0.00, 0.00, 0.00, 0.00),
(1848, 3487, 'C', 31100.00, 3110.00, 500.00, 41052.00, 3666.00),
(1849, 3488, 'C', 13000.00, 0.00, 0.00, 0.00, 0.00);
INSERT INTO `f_staff_pays` (`Staff_Id`, `Pay_Id`, `Add_By`, `Pay_1`, `Pay_2`, `Pay_3`, `Pay_4`, `Pay_5`) VALUES
(1850, 3489, 'C', 13000.00, 0.00, 0.00, 0.00, 0.00),
(1851, 3490, 'C', 13000.00, 0.00, 0.00, 0.00, 0.00),
(1852, 3491, 'C', 13000.00, 0.00, 0.00, 0.00, 0.00),
(1853, 3492, 'C', 10000.00, 0.00, 0.00, 0.00, 0.00),
(1854, 3493, 'C', 13000.00, 0.00, 0.00, 0.00, 0.00),
(1856, 3495, 'C', 13000.00, 0.00, 0.00, 0.00, 0.00),
(1857, 3496, 'C', 13000.00, 0.00, 0.00, 0.00, 0.00),
(1855, 3497, 'C', 13000.00, 0.00, 0.00, 0.00, 0.00),
(0, 3498, 'S', 15600.00, 0.00, 0.00, 0.00, 0.00),
(1858, 3499, 'C', 60600.00, 0.00, 350.00, 79992.00, 14059.00),
(1859, 3500, 'C', 35230.00, 0.00, 350.00, 46504.00, 8173.00),
(1860, 3501, 'C', 66230.00, 3312.00, 350.00, 87424.00, 15365.00),
(1861, 3502, 'C', 21600.00, 0.00, 0.00, 0.00, 0.00),
(1862, 3503, 'C', 21600.00, 0.00, 0.00, 0.00, 0.00),
(1863, 3504, 'C', 21600.00, 0.00, 0.00, 0.00, 0.00),
(1865, 3506, 'C', 21600.00, 0.00, 0.00, 0.00, 0.00),
(1866, 3507, 'C', 21600.00, 0.00, 0.00, 0.00, 0.00),
(1867, 3508, 'C', 24300.00, 0.00, 350.00, 24300.00, 4860.00),
(1868, 3509, 'C', 22920.00, 0.00, 350.00, 22920.00, 4584.00),
(1869, 3510, 'C', 28200.00, 0.00, 350.00, 28200.00, 5640.00),
(1870, 3511, 'C', 21600.00, 0.00, 0.00, 0.00, 0.00),
(1871, 3512, 'C', 21600.00, 0.00, 0.00, 0.00, 0.00),
(1872, 3513, 'C', 1700.00, 0.00, 0.00, 0.00, 0.00),
(1873, 3514, 'C', 15600.00, 0.00, 0.00, 0.00, 0.00),
(1874, 3515, 'C', 15600.00, 0.00, 0.00, 0.00, 0.00),
(1875, 3516, 'C', 18500.00, 0.00, 0.00, 0.00, 0.00),
(1864, 3517, 'C', 21600.00, 0.00, 0.00, 0.00, 0.00),
(1878, 3525, 'C', 67830.00, 6783.00, 500.00, 89536.00, 8140.00),
(1877, 3526, 'C', 67830.00, 6783.00, 500.00, 89536.00, 8140.00),
(1876, 3527, 'C', 60600.00, 8060.00, 500.00, 79992.00, 4000.00),
(1881, 3529, 'C', 23000.00, 0.00, 0.00, 0.00, 0.00),
(1882, 3530, 'C', 21600.00, 0.00, 0.00, 0.00, 0.00),
(1879, 3532, 'C', 21600.00, 0.00, 0.00, 0.00, 0.00),
(1884, 3534, 'C', 21600.00, 0.00, 0.00, 0.00, 0.00),
(1885, 3535, 'C', 21600.00, 0.00, 0.00, 0.00, 0.00),
(1886, 3536, 'C', 16600.00, 0.00, 0.00, 0.00, 0.00),
(1887, 3537, 'C', 15600.00, 0.00, 0.00, 0.00, 0.00),
(1888, 3538, 'C', 11500.00, 0.00, 0.00, 0.00, 0.00),
(1891, 3541, 'C', 17600.00, 0.00, 0.00, 0.00, 0.00),
(1892, 3542, 'C', 21600.00, 0.00, 0.00, 0.00, 0.00),
(1893, 3543, 'C', 11000.00, 0.00, 0.00, 0.00, 0.00),
(1894, 3544, 'C', 15600.00, 0.00, 0.00, 0.00, 0.00),
(1895, 3545, 'C', 15600.00, 0.00, 0.00, 0.00, 0.00),
(1896, 3546, 'C', 15600.00, 0.00, 0.00, 0.00, 0.00),
(1897, 3547, 'C', 15600.00, 0.00, 0.00, 0.00, 0.00),
(1898, 3548, 'C', 15600.00, 0.00, 0.00, 0.00, 0.00),
(1899, 3549, 'C', 15600.00, 0.00, 0.00, 0.00, 0.00),
(1900, 3550, 'C', 15600.00, 0.00, 0.00, 0.00, 0.00),
(1901, 3551, 'C', 15600.00, 0.00, 0.00, 0.00, 0.00),
(1902, 3552, 'C', 15600.00, 0.00, 0.00, 0.00, 0.00),
(1903, 3553, 'C', 15600.00, 0.00, 0.00, 0.00, 0.00),
(1904, 3554, 'C', 9000.00, 0.00, 0.00, 0.00, 0.00),
(1905, 3556, 'C', 15600.00, 0.00, 0.00, 0.00, 0.00),
(1908, 3559, 'C', 12500.00, 0.00, 0.00, 0.00, 0.00),
(1909, 3560, 'C', 13000.00, 0.00, 0.00, 0.00, 0.00),
(1907, 3562, 'C', 15600.00, 0.00, 0.00, 0.00, 0.00),
(1910, 3563, 'C', 10000.00, 0.00, 0.00, 0.00, 0.00),
(1880, 3565, 'C', 15600.00, 0.00, 0.00, 0.00, 0.00),
(1911, 3566, 'C', 15600.00, 0.00, 0.00, 0.00, 0.00),
(1812, 3567, 'C', 8000.00, 0.00, 0.00, 0.00, 0.00),
(1813, 3568, 'C', 8000.00, 0.00, 0.00, 0.00, 0.00),
(1814, 3569, 'C', 10000.00, 0.00, 0.00, 0.00, 1.00),
(1815, 3570, 'C', 10000.00, 0.00, 0.00, 0.00, 6.00),
(754, 3571, 'C', 70820.00, 3541.00, 350.00, 84276.00, 0.00),
(1912, 3572, 'C', 8000.00, 0.00, 0.00, 0.00, 0.00),
(1913, 3573, 'C', 8000.00, 0.00, 0.00, 0.00, 0.00),
(1914, 3574, 'C', 8000.00, 0.00, 0.00, 0.00, 0.00),
(1821, 3575, 'C', 8000.00, 0.00, 0.00, 0.00, 0.00),
(1820, 3576, 'C', 13500.00, 0.00, 0.00, 0.00, 0.00),
(1915, 3577, 'C', 21600.00, 0.00, 0.00, 0.00, 0.00),
(1916, 3578, 'C', 21600.00, 0.00, 0.00, 0.00, 0.00),
(1906, 3579, 'C', 21600.00, 0.00, 0.00, 0.00, 0.00),
(1883, 3580, 'C', 21600.00, 0.00, 0.00, 0.00, 0.00),
(1890, 3581, 'C', 15600.00, 0.00, 0.00, 0.00, 0.00),
(1889, 3582, 'C', 15600.00, 0.00, 0.00, 0.00, 0.00),
(1074, 3583, 'C', 26590.00, 5318.00, 500.00, 33238.00, 120.00),
(1065, 3584, 'C', 23610.00, 5372.00, 500.00, 33575.00, 120.00),
(776, 3585, 'C', 15600.00, 0.00, 0.00, 0.00, 0.00);

-- --------------------------------------------------------

--
-- Table structure for table `links`
--

CREATE TABLE `links` (
  `Link_Id` int(18) NOT NULL,
  `Parent_Id` int(18) DEFAULT NULL,
  `Link_Title` varchar(200) DEFAULT NULL,
  `Link_Type` varchar(1) NOT NULL,
  `Link_Url` varchar(200) DEFAULT NULL,
  `Display_No` int(11) DEFAULT 1,
  `File` varchar(100) DEFAULT NULL
) ENGINE=MyISAM DEFAULT CHARSET=latin1;

--
-- Dumping data for table `links`
--

INSERT INTO `links` (`Link_Id`, `Parent_Id`, `Link_Title`, `Link_Type`, `Link_Url`, `Display_No`, `File`) VALUES
(1, NULL, 'Affiliated Colleges', 'A', '', 2, '201810231306206780341.pdf'),
(2, NULL, 'Admission guidelines', 'A', '', 5, '201807121544227226035.pdf'),
(3, NULL, 'Academic Calendar', 'A', '', 4, '201807121543515152949.pdf'),
(4, NULL, 'Fees Structure', 'A', '', 5, '201807121545403873209.pdf'),
(6, NULL, 'VC\'s Message', 'A', '', 1, '201811121111595484798.pdf'),
(7, NULL, 'Affiliation / Approvals / Appointments', 'U', 'http://dcdc.puchd.ac.in/proforma.aspx', 7, '201610260030189758282.pdf'),
(8, NULL, 'CDC Committee Members', 'A', '', 8, '201704121207558090160.pdf'),
(9, NULL, 'Standing Committee Members', 'A', '', 9, '201704121208287877724.pdf'),
(10, NULL, 'Contact US', 'A', '', 10, '201810231305108062295.pdf'),
(15, NULL, 'Courses Running in Affiliated Colleges', 'A', '', 3, '201810231306449384325.pdf'),
(13, NULL, 'Approval Letters', 'U', 'http://idipia.com/dcdc_puchd/approval-letters.html', 6, NULL),
(17, NULL, 'PU Calendar', 'U', 'http://puchd.ac.in/calendar/index.html', 8, NULL),
(18, NULL, 'List of B.Ed. Colleges affiliated to Panjab University, Chandigarh for Session 2014-15', 'A', '', 9, '201612091250484433933.pdf'),
(19, NULL, 'PIO and First Appellate Authority details of Affiliated Colleges', 'A', '', 6, '201704051532271449693.pdf'),
(20, NULL, 'Grievances Cell', 'A', '', 5, '201809201611463305569.pdf');

-- --------------------------------------------------------

--
-- Table structure for table `m_branches`
--

CREATE TABLE `m_branches` (
  `Branch_Id` int(11) NOT NULL,
  `Branch_Name` varchar(50) NOT NULL,
  `Publish` varchar(1) NOT NULL DEFAULT 'N'
) ENGINE=InnoDB DEFAULT CHARSET=latin1;

--
-- Dumping data for table `m_branches`
--

INSERT INTO `m_branches` (`Branch_Id`, `Branch_Name`, `Publish`) VALUES
(1, 'A', 'Y'),
(2, 'B', 'Y');

-- --------------------------------------------------------

--
-- Table structure for table `m_courses`
--

CREATE TABLE `m_courses` (
  `Course_Id` int(11) NOT NULL,
  `Course_Name` varchar(50) NOT NULL,
  `Level` varchar(1) NOT NULL,
  `Type` varchar(1) NOT NULL,
  `Dept` varchar(1) NOT NULL,
  `Unit_Type` varchar(1) NOT NULL,
  `Aff_Fee` float(10,2) NOT NULL,
  `Total_Sessions` int(2) NOT NULL,
  `Publish` varchar(1) NOT NULL DEFAULT 'N'
) ENGINE=InnoDB DEFAULT CHARSET=latin1;

--
-- Dumping data for table `m_courses`
--

INSERT INTO `m_courses` (`Course_Id`, `Course_Name`, `Level`, `Type`, `Dept`, `Unit_Type`, `Aff_Fee`, `Total_Sessions`, `Publish`) VALUES
(1, 'Master of Computer Application', '2', '1', '2', '1', 2000.00, 2, 'Y'),
(2, 'Bachelor of Business Administration', '1', '1', '1', '1', 2000.00, 3, 'Y'),
(3, 'Bachelor of Computer Application', '1', '1', '1', '1', 2000.00, 3, 'Y'),
(4, 'Bachelor of Commerce', '1', '1', '2', '4', 2000.00, 3, 'Y'),
(5, 'Master of Business Administration', '2', '1', '1', '1', 2000.00, 4, 'Y'),
(6, 'PG Diploma in Computer Applications', '2', '2', '2', '7', 2000.00, 1, 'Y'),
(7, 'Master of Bussiness Economics(MBE)', '2', '1', '1', '1', 2000.00, 4, 'Y'),
(8, 'PG Diploma in Marketing Management', '2', '2', '1', '7', 2000.00, 2, 'Y'),
(9, 'B.Voc. (Retail Management)', '1', '1', '1', '1', 2000.00, 3, 'Y'),
(10, 'B.Voc (Hardware and Networking)', '1', '1', '3', '1', 2000.00, 3, 'Y'),
(11, 'Master of Entrepreneurship & Family Bussiness', '2', '1', '1', '7', 2000.00, 4, 'Y'),
(12, 'PG Diploma in Computer Graphics & Animations', '2', '2', '3', '7', 2000.00, 2, 'Y'),
(13, 'PG Diploma in Personnel Mgmt & Labour Welfare', '2', '2', '1', '7', 2000.00, 2, 'Y'),
(14, 'Master of Commerce', '2', '1', '2', '1', 2000.00, 2, 'Y'),
(15, 'Master of Commerce (Accounting & Finance)', '2', '1', '2', '1', 2000.00, 4, 'Y'),
(16, 'PG Diploma in Cyber Crime', '2', '2', '3', '7', 2000.00, 2, 'Y'),
(17, 'Advance Diploma Course In Entrepreneurship', '2', '2', '1', '7', 2000.00, 2, 'Y'),
(18, 'Diploma in Computer Based Accounting', '2', '2', '3', '7', 2000.00, 2, 'Y'),
(19, 'Diploma in  Web Designing & Multimedia', '2', '2', '3', '7', 2000.00, 2, 'Y'),
(20, 'Advance Diploma in Retail Sales Management', '2', '2', '1', '7', 2000.00, 2, 'Y'),
(21, 'Certificate Course in Information & Communication', '1', '2', '3', '7', 2000.00, 2, 'Y'),
(22, 'Certificate Course in E-Commerce', '2', '2', '2', '7', 2000.00, 2, 'Y'),
(23, 'Certificate Course in Entrepreneurship Development', '1', '2', '1', '7', 2000.00, 2, 'Y'),
(24, 'Diploma in Stock Market and Training Operations', '1', '2', '2', '7', 2000.00, 2, 'Y'),
(25, 'Bachelor of Arts', '1', '1', '2', '1', 2000.00, 3, 'Y'),
(26, 'Bachelor of Library Science', '1', '1', '2', '1', 2000.00, 3, 'Y'),
(27, 'Bachelor of Science', '1', '1', '1', '1', 2000.00, 3, 'Y'),
(28, 'Master of Arts (Hindi)', '2', '1', '2', '3', 2000.00, 2, 'Y'),
(29, 'Master of Arts (History)', '2', '1', '2', '3', 2000.00, 2, 'Y'),
(30, 'Master of Arts (Punjabi)', '2', '1', '2', '3', 2000.00, 2, 'Y'),
(31, 'Master of Arts (Sociology)', '2', '1', '2', '3', 2000.00, 2, 'Y'),
(32, 'Bachelor of Science (Agriculture)', '1', '1', '1', '1', 2000.00, 3, 'Y'),
(33, 'Bachelor of Science (Hons) (Bio-Technology)', '1', '1', '1', '1', 2000.00, 3, 'Y'),
(34, 'Master of Science (Bio-Technology)', '2', '1', '1', '1', 2000.00, 2, 'Y'),
(35, 'Master of Science (Chemistry)', '2', '1', '1', '1', 2000.00, 2, 'Y'),
(36, 'Master of Science (Information Technology)', '2', '1', '1', '1', 2000.00, 2, 'Y'),
(37, 'Master of Science (Mathematics)', '2', '1', '1', '3', 2000.00, 2, 'Y'),
(38, 'Master of Science (Physics)', '2', '1', '1', '1', 2000.00, 2, 'Y'),
(39, 'Master of Arts (Political Science)', '2', '1', '2', '3', 2000.00, 2, 'Y'),
(40, 'Bachelor of Education', '1', '1', '3', '7', 2000.00, 2, 'Y'),
(41, 'Master of Education', '2', '1', '3', '1', 2000.00, 2, 'Y'),
(42, 'Master of Arts (Economics)', '2', '1', '2', '3', 2000.00, 2, 'Y'),
(43, 'Master of Arts (English)', '2', '1', '2', '3', 2000.00, 2, 'Y'),
(44, 'Bachelor of Education (Yoga)', '1', '1', '3', '1', 2000.00, 3, 'Y'),
(45, 'Bachelor of Architecture', '1', '1', '6', '1', 2000.00, 5, 'Y'),
(46, 'BE(CSE)', '1', '1', '4', '1', 25000.00, 4, 'Y'),
(47, 'BE(Mechanical)', '1', '1', '4', '1', 25000.00, 4, 'Y'),
(48, 'BE(Civil)', '1', '2', '4', '1', 25000.00, 4, 'Y'),
(49, 'BE(ECE)', '2', '1', '4', '1', 25000.00, 4, 'Y'),
(50, 'Bachelor of Science (Hons) (Bio-Informatics)', '1', '1', '1', '1', 2000.00, 3, 'Y'),
(51, 'B.Voc. (MLT)', '1', '1', '2', '1', 2000.00, 3, 'Y'),
(52, 'B.Voc. (Food Tech)', '1', '1', '2', '1', 2000.00, 3, 'Y'),
(53, 'B.Voc (Cosm.)', '1', '1', '2', '1', 2000.00, 3, 'Y'),
(54, 'PG Diploma in Mass Communication', '2', '2', '2', '7', 2000.00, 1, 'Y'),
(56, 'Bachelor of Science(Fashion Designing)', '1', '1', '1', '1', 2000.00, 3, 'Y'),
(57, 'Bachelor of Science(Home Science)', '1', '1', '1', '1', 2000.00, 3, 'Y'),
(58, 'Master of Science (Home Science( Food & Nutrition)', '1', '1', '1', '1', 2000.00, 2, 'Y'),
(59, 'B.P.Ed. (Two year Course)', '1', '1', '1', '7', 2000.00, 2, 'Y'),
(60, 'Certificate Course in Yoga and Mental Health', '1', '2', '1', '7', 2000.00, 1, 'Y'),
(61, 'Master of Science (Home Science( Human Dev. & fam', '2', '1', '1', '1', 2000.00, 2, 'Y'),
(62, 'Master of Science (Home Science(Clothing & Textil', '2', '1', '1', '1', 2000.00, 2, 'Y'),
(63, 'PG Diploma in Child Guidance & Family Counselling', '2', '2', '2', '7', 2000.00, 1, 'Y'),
(64, 'PG Diploma in Nutrition and Dietetics', '2', '2', '1', '7', 2000.00, 1, 'Y'),
(65, 'PG Diploma in Fashion Designing', '2', '2', '2', '7', 2000.00, 1, 'Y'),
(66, 'Master of Science (Stat)', '2', '1', '2', '3', 2000.00, 2, 'Y'),
(67, 'Master of Commerce (Business Economics)', '2', '1', '1', '1', 2000.00, 2, 'Y'),
(68, 'Master of Science (Bio-Informatics)', '2', '1', '1', '1', 2000.00, 2, 'Y'),
(69, 'Master of Science (Zoology)', '2', '1', '1', '1', 2000.00, 2, 'Y'),
(70, 'Master of Arts (Psychology)', '2', '1', '2', '1', 2000.00, 2, 'Y'),
(71, 'Master of Arts (Public Administration)', '2', '1', '2', '3', 2000.00, 2, 'Y'),
(72, 'Advance Diploma Course in Medical Lab Technology', '2', '1', '5', '7', 2000.00, 2, 'Y'),
(73, 'B.Voc (Agri Bussiness and Agrian)', '1', '1', '7', '1', 2000.00, 3, 'Y'),
(74, 'B.Voc (Fashion Technology and Apparel Design)', '1', '1', '2', '1', 2000.00, 3, 'Y'),
(75, 'B.Voc (Food Processing)', '1', '1', '2', '1', 2000.00, 3, 'Y'),
(76, 'Diploma in Medical Lab Technology', '1', '1', '5', '7', 2000.00, 1, 'Y'),
(77, 'Master of Science ( Applied Chemistry)', '2', '1', '1', '1', 2000.00, 2, 'Y'),
(78, 'Bachelor in Fine Arts', '1', '1', '2', '7', 2000.00, 3, 'Y'),
(79, 'Bachelor in Fine Arts(Graphics(Print Making))', '1', '1', '2', '7', 2000.00, 3, 'Y'),
(80, 'Bachelor in Fine Arts(Painting)', '1', '1', '2', '7', 2000.00, 3, 'Y'),
(81, 'Bachelor in Fine Arts(Sculputre)', '1', '1', '2', '7', 2000.00, 3, 'Y'),
(82, 'Bachelor of Fine Arts (Applied Art)', '1', '1', '2', '1', 2000.00, 3, 'Y'),
(83, 'Special Advance Diploma in Fine Arts for Deaf & Du', '1', '2', '9', '7', 2000.00, 1, 'Y'),
(84, 'Master of Fine Arts(MFA) Applied Art', '2', '1', '2', '1', 2000.00, 2, 'Y'),
(85, 'Master of Fine Arts(MFA) Graphics', '2', '1', '2', '1', 2000.00, 2, 'Y'),
(86, 'Master of Fine Arts(MFA) Painting', '2', '1', '2', '1', 2000.00, 2, 'Y'),
(87, 'Master of Fine Arts(MFA) Sculpture', '2', '1', '2', '1', 2000.00, 2, 'Y'),
(88, 'PG Diploma in Yoga Therapy', '2', '2', '1', '7', 2000.00, 1, 'Y'),
(89, 'Bachelor of Science(Microbial and Food Technology)', '1', '1', '1', '1', 2000.00, 3, 'Y'),
(90, 'P.G. Diploma in Cosmetology and Beauty Care', '2', '2', '2', '7', 2000.00, 1, 'Y'),
(91, 'ME(Regular and Modular) Manufacturing Technology', '2', '1', '4', '1', 25000.00, 2, 'Y'),
(92, 'ME(Construction Technology)', '2', '1', '4', '1', 25000.00, 2, 'Y'),
(93, 'ME(Computer Science and Technology)', '2', '1', '4', '1', 25000.00, 2, 'Y'),
(94, 'ME(Instrumentation and Control)', '2', '1', '4', '1', 25000.00, 2, 'Y'),
(95, 'ME(Electronics and Communication)', '2', '1', '4', '1', 25000.00, 2, 'Y'),
(96, 'Master of Science (Botany)', '2', '1', '1', '1', 2000.00, 2, 'Y'),
(97, 'Master of Arts (Dance)', '2', '1', '2', '1', 2000.00, 2, 'Y'),
(98, 'Master of Arts (Music Instrumental)', '2', '1', '2', '1', 2000.00, 2, 'Y'),
(99, 'Master of Arts (Music Vocal)', '2', '1', '2', '1', 2000.00, 2, 'Y'),
(100, 'Master of Science (Microbial Biotechnology)', '2', '1', '1', '1', 2000.00, 2, 'Y'),
(101, 'M.P.Ed.', '2', '1', '1', '1', 2000.00, 2, 'Y'),
(102, 'M.Phil (Physical Education)', '2', '1', '1', '1', 2000.00, 2, 'Y'),
(103, 'B.Ed Special Edu(MR)', '1', '1', '3', '6', 2000.00, 2, 'Y'),
(104, 'Bachelor of Homeopathic Medicine and Surgery', '1', '1', '5', '1', 25000.00, 3, 'Y'),
(105, 'MBBS', '1', '1', '5', '1', 25000.00, 5, 'Y'),
(106, 'Bachelor of Science (Optom.)', '1', '1', '5', '1', 25000.00, 3, 'Y'),
(107, 'Bachelor of Science (Medical Laboratory Technology', '1', '1', '5', '1', 25000.00, 3, 'Y'),
(108, 'Bachelor of Science (X-Ray)', '1', '1', '5', '1', 25000.00, 3, 'Y'),
(109, 'Bachelor of Science (Anathesia and O.T.Technique)', '1', '1', '5', '1', 25000.00, 3, 'Y'),
(110, 'Bachelor of Science (Nursing)', '1', '1', '5', '1', 25000.00, 3, 'Y'),
(111, 'Diploma in Psychiatric Nursing', '1', '2', '5', '7', 25000.00, 1, 'Y'),
(112, 'M.Phil (Psychiatric Social Work)', '2', '1', '3', '1', 2000.00, 2, 'Y'),
(113, 'M.Phil(Clinical Psychology)', '2', '1', '3', '1', 25000.00, 2, 'Y'),
(114, 'Doctor of Medicine', '2', '1', '5', '1', 25000.00, 3, 'Y'),
(115, 'Master of Science', '2', '1', '1', '1', 2000.00, 2, 'Y'),
(116, 'B.Voc(Beauty and Aesthetics)', '1', '1', '2', '1', 2000.00, 3, 'Y'),
(117, 'B.Voc(Fashion Technology)', '1', '1', '2', '1', 2000.00, 3, 'Y'),
(118, 'B.Voc(HSP Admn and Management)', '1', '1', '2', '1', 2000.00, 3, 'Y'),
(119, 'B.Voc(Software Develpoment)', '1', '1', '2', '1', 2000.00, 3, 'Y'),
(120, 'Master of Science (Cosmetology & Health care)', '2', '1', '1', '1', 2000.00, 2, 'Y'),
(121, 'Master of Arts (Fine Arts)', '2', '1', '2', '3', 2000.00, 2, 'Y'),
(122, 'B.Lib', '1', '1', '2', '7', 2000.00, 3, 'Y'),
(123, 'PG Diploma in Applied Agriculture', '2', '2', '7', '7', 2000.00, 1, 'Y'),
(124, 'D.P.Ed', '1', '2', '1', '7', 2000.00, 1, 'Y'),
(125, 'Master of Science (Instrumentation)', '2', '1', '1', '1', 2000.00, 2, 'Y'),
(126, 'Master of Arts (Human Rights & Duties)', '2', '1', '2', '3', 2000.00, 2, 'Y'),
(127, 'M.Sc. (Mathematics)', '2', '1', '1', '3', 2000.00, 2, 'Y'),
(128, 'Bachelor of Science (Medical)', '1', '1', '1', '5', 2000.00, 3, 'Y'),
(129, 'Bachelor of Science (Non-Medical)', '1', '1', '1', '5', 2000.00, 3, 'Y'),
(130, 'B.A. LL. B. (Hons)  5 Year Integrated  Course', '1', '1', '2', '3', 2000.00, 5, 'Y'),
(131, 'Bachelor of Laws (3 Year Course)', '1', '1', '2', '3', 2000.00, 3, 'Y'),
(132, 'B.Voc. (Banking, Insurance & Retailing)', '1', '1', '2', '7', 2000.00, 3, 'Y'),
(133, 'B.Voc.Multimedia (Graphics & Animation)', '1', '1', '2', '7', 2000.00, 3, 'Y'),
(134, 'B.Ed Special Education(Learning Disability)', '2', '1', '9', '7', 2000.00, 2, 'Y'),
(135, 'B.Sc. (Bio-Technology)', '1', '1', '1', '1', 2000.00, 3, 'Y'),
(136, 'Master of Science  (Fashion Designing )', '2', '1', '1', '1', 2000.00, 2, 'Y'),
(137, 'PG Diploma in Chemical Analysis of Food', '2', '2', '2', '7', 2000.00, 1, 'Y'),
(138, 'PG Diploma in International Business', '2', '2', '2', '7', 2000.00, 1, 'Y'),
(139, 'Master in Fashion Designing and Management', '2', '1', '2', '1', 2000.00, 2, 'Y'),
(140, 'Master of Commerce (Business Innovation)', '2', '1', '1', '1', 2000.00, 2, 'Y'),
(141, 'Bachelor of Science( Vocational)', '1', '1', '1', '7', 2000.00, 3, 'Y'),
(142, 'Bachelor of science (Microbiology)', '1', '1', '1', '1', 2000.00, 3, 'Y'),
(143, 'Bachelor of Science (Computer Science)', '1', '1', '1', '1', 2000.00, 3, 'Y'),
(144, 'B.P.Ed. (Four Year Course)', '1', '1', '1', '1', 2000.00, 4, 'Y'),
(145, 'Certificate Course in E-Banking', '1', '2', '2', '7', 2000.00, 1, 'Y'),
(146, 'Diploma in E-Banking', '1', '2', '2', '7', 2000.00, 1, 'Y'),
(147, 'Advance Diploma in E-Banking', '2', '2', '2', '7', 2000.00, 1, 'Y'),
(148, 'Diploma in E-Commerce', '1', '2', '1', '7', 2000.00, 1, 'Y'),
(149, 'Advance Diploma in E-Commerce', '1', '2', '1', '7', 2000.00, 1, 'Y');

-- --------------------------------------------------------

--
-- Table structure for table `m_designations`
--

CREATE TABLE `m_designations` (
  `Designation_Id` int(11) NOT NULL,
  `Designation_Name` varchar(50) NOT NULL,
  `Pay_1` float(7,2) NOT NULL,
  `Pay_2` float(7,2) NOT NULL,
  `Pay_3` float(7,2) NOT NULL,
  `Pay_4` float(7,2) NOT NULL,
  `Pay_5` float(7,2) NOT NULL,
  `Publish` varchar(1) NOT NULL DEFAULT 'N'
) ENGINE=InnoDB DEFAULT CHARSET=latin1;

--
-- Dumping data for table `m_designations`
--

INSERT INTO `m_designations` (`Designation_Id`, `Designation_Name`, `Pay_1`, `Pay_2`, `Pay_3`, `Pay_4`, `Pay_5`, `Publish`) VALUES
(1, 'Associate Professor', 0.00, 0.00, 0.00, 0.00, 0.00, 'Y'),
(2, 'Professor', 0.00, 0.00, 0.00, 0.00, 0.00, 'Y'),
(3, 'Assistant Professsor', 200.00, 0.00, 0.00, 0.00, 0.00, 'Y');

-- --------------------------------------------------------

--
-- Table structure for table `m_districts`
--

CREATE TABLE `m_districts` (
  `District_Id` int(11) NOT NULL,
  `District_Code` varchar(3) NOT NULL,
  `District_Name` varchar(50) DEFAULT NULL,
  `State_Id` int(11) DEFAULT NULL
) ENGINE=MyISAM DEFAULT CHARSET=utf8;

--
-- Dumping data for table `m_districts`
--

INSERT INTO `m_districts` (`District_Id`, `District_Code`, `District_Name`, `State_Id`) VALUES
(99, 'CH', 'Chandigarh', 6),
(456, 'AM', 'Amritsar', 28),
(457, 'BNL', 'Barnala', 28),
(458, 'BA', 'Bathinda', 28),
(459, 'FR', 'Faridkot', 28),
(460, 'FT', 'Fatehgarh Sahib', 28),
(461, 'FA', 'Fazilka', 28),
(462, 'FI', 'Ferozepur', 28),
(463, 'GU', 'Gurdaspur', 28),
(464, 'HO', 'Hoshiarpur', 28),
(465, 'JA', 'Jalandhar', 28),
(466, 'KA', 'Kapurthala', 28),
(467, 'LU', 'Ludhiana', 28),
(468, 'MA', 'Mansa', 28),
(469, 'MO', 'Moga', 28),
(470, 'MU', 'Muktsar', 28),
(471, 'PB', 'Nawanshahr', 28),
(472, 'PA', 'Pathankot', 28),
(473, 'PA', 'Patiala', 28),
(474, 'RU', 'Rupnagar', 28),
(475, 'SA', 'Sangrur', 28),
(476, 'SAS', 'SAS Nagar (Mohali)', 28),
(477, 'TT', 'Tarn Taran', 28),
(672, 'AB', 'Abohar', 28),
(673, 'NDL', 'New Delhi', 37),
(674, 'NRD', 'North Delhi', 37),
(675, 'NW', 'North West Delhi', 37),
(676, 'WDL', 'West Delhi', 37),
(677, 'SWD', 'South West Delhi', 37),
(678, 'SDL', 'South Delhi', 37),
(679, 'SED', 'South East Delhi', 37),
(680, 'CDL', 'Central Delhi', 37),
(681, 'NED', 'North East Delhi', 37),
(682, 'SH', 'Shahdara', 37),
(683, 'EDL', 'East Delhi', 37);

-- --------------------------------------------------------

--
-- Table structure for table `m_newspapers`
--

CREATE TABLE `m_newspapers` (
  `Newspaper_Id` int(11) NOT NULL,
  `Newspaper_Name` varchar(50) NOT NULL,
  `Publish` varchar(1) NOT NULL DEFAULT 'N'
) ENGINE=InnoDB DEFAULT CHARSET=latin1;

--
-- Dumping data for table `m_newspapers`
--

INSERT INTO `m_newspapers` (`Newspaper_Id`, `Newspaper_Name`, `Publish`) VALUES
(1, 'Ajit', 'Y'),
(2, 'Jagbani', 'Y'),
(3, 'HT', 'Y'),
(4, 'Times of Ecnomics', 'Y');

-- --------------------------------------------------------

--
-- Table structure for table `m_states`
--

CREATE TABLE `m_states` (
  `State_Id` int(11) NOT NULL,
  `State_Code` varchar(3) CHARACTER SET utf8 NOT NULL,
  `State_Name` varchar(50) CHARACTER SET utf8 NOT NULL
) ENGINE=MyISAM DEFAULT CHARSET=latin1;

--
-- Dumping data for table `m_states`
--

INSERT INTO `m_states` (`State_Id`, `State_Code`, `State_Name`) VALUES
(6, 'CH', 'Chandigarh'),
(28, 'PB', 'Punjab'),
(37, 'DL', 'Delhi');

-- --------------------------------------------------------

--
-- Table structure for table `m_subjects`
--

CREATE TABLE `m_subjects` (
  `Subject_Id` int(11) NOT NULL,
  `Subject_Name` varchar(50) NOT NULL,
  `Course_Id` int(11) NOT NULL,
  `Semester` int(2) NOT NULL,
  `Publish` varchar(1) NOT NULL DEFAULT 'N'
) ENGINE=InnoDB DEFAULT CHARSET=latin1;

--
-- Dumping data for table `m_subjects`
--

INSERT INTO `m_subjects` (`Subject_Id`, `Subject_Name`, `Course_Id`, `Semester`, `Publish`) VALUES
(1, 'English', 2, 1, 'Y'),
(2, 'Hindi', 2, 1, 'Y'),
(4, 'History & Culture of Punjab', 2, 1, 'Y'),
(5, 'Organization & Management', 2, 1, 'Y'),
(6, 'Quantitative Techniques', 4, 3, 'Y'),
(7, 'Business Laws-I', 2, 1, 'Y'),
(8, 'Business Economics', 2, 1, 'Y'),
(9, 'Basic Accounting', 2, 1, 'Y'),
(10, 'Computers (Fundamentals of Information Technology)', 2, 1, 'Y'),
(11, 'Environmental Education', 2, 1, 'Y'),
(12, 'Marketing Management', 2, 2, 'Y'),
(13, 'Human Resource Management', 2, 2, 'Y'),
(14, 'Financial Management', 2, 2, 'Y'),
(15, 'Production & Operations Management', 2, 2, 'Y'),
(16, 'Business Environment', 2, 2, 'Y'),
(17, 'Computer (Operating Systems and P.C. Software)', 2, 2, 'Y'),
(18, 'Entrepreneurship Development', 2, 3, 'Y'),
(19, 'Computer Based Information System', 2, 3, 'Y'),
(20, 'Insurance Management', 2, 3, 'Y'),
(22, 'Banking Law & Management', 3, 2, 'Y'),
(23, 'Organization Behavior', 2, 3, 'Y'),
(24, 'Industrial Relations & Labor Legislation', 2, 3, 'Y'),
(25, 'International Marketing', 2, 3, 'Y'),
(26, 'Sales & Distribution', 2, 3, 'Y'),
(27, 'Psychology for Managers', 4, 1, 'Y'),
(28, 'Business Economics-I', 2, 1, 'Y'),
(29, 'Principals of Financial Accounting', 4, 1, 'Y'),
(30, 'Commercial Laws', 4, 1, 'Y'),
(31, 'Principals and Practices of Management', 4, 1, 'Y'),
(32, 'E-Commerce', 4, 2, 'Y'),
(35, 'Punjabi', 4, 1, 'Y'),
(36, 'History & Culture of Punjab', 4, 1, 'Y'),
(37, 'English & Business Communication', 4, 1, 'Y'),
(39, 'Business Economics-I', 4, 1, 'Y'),
(40, 'Punjabi', 4, 2, 'Y'),
(41, 'History & Culture of Punjab', 4, 2, 'Y'),
(42, 'English & Business Communication', 4, 2, 'Y'),
(43, 'Corporate Accounting', 4, 2, 'Y'),
(44, 'Bussines Laws', 4, 2, 'Y'),
(45, 'Human Resource Management', 4, 2, 'Y'),
(46, 'Environment and Road Safety Education', 4, 2, 'Y'),
(47, 'Issues in Indian Commerce', 4, 3, 'Y'),
(48, 'Cost Accounting', 4, 3, 'Y'),
(49, 'Company Law', 4, 3, 'Y'),
(50, 'Bussiness Mathematics and Statistics', 4, 3, 'Y'),
(51, 'Banking and Insurance', 4, 3, 'Y'),
(52, 'Indirect Tax Laws', 4, 3, 'Y'),
(53, 'Security Analysis and Portfolio Management', 4, 3, 'Y'),
(54, 'Advanced Accounting', 4, 3, 'Y'),
(55, 'Auditing and Sectarial Practice', 4, 3, 'Y'),
(56, 'Cost Management', 4, 3, 'Y'),
(57, 'English', 3, 1, 'Y'),
(58, 'Punjabi', 3, 1, 'Y'),
(59, 'History & Culture of Punjab', 3, 1, 'Y'),
(60, 'Environmental Education', 3, 1, 'Y'),
(61, 'Mathematics', 3, 1, 'Y'),
(62, 'Personal Computing Software', 3, 1, 'Y'),
(63, 'Computer Organisation and System Maintenance', 3, 1, 'Y'),
(64, 'Computer Programming and Problem Solving through \"', 3, 2, 'Y'),
(65, 'Project Manajement and System Development', 4, 1, 'Y'),
(66, 'Computer based Numerical and Statisticel Methods', 3, 1, 'Y'),
(67, 'Data structure using C', 3, 2, 'Y'),
(68, 'Client Server Computing using ORACLE', 3, 2, 'Y'),
(69, 'Object Oriented Programming (using C++)', 3, 2, 'Y'),
(70, 'Unix Operating System', 3, 2, 'Y'),
(72, 'Enterpreneurship Development Programme', 3, 3, 'Y'),
(73, 'Data Communication and Networks', 3, 3, 'Y'),
(74, 'Computer Graphics and Multimedia Applications', 3, 3, 'Y'),
(75, 'Internet Programming', 3, 3, 'Y'),
(76, 'Discrete Mathematics', 3, 3, 'Y'),
(77, 'Fundamentals of Economics & Management', 8, 1, 'Y'),
(78, 'Marketing Management', 8, 1, 'Y'),
(79, 'Sales Management', 8, 1, 'Y'),
(80, 'Managerial Accounting', 8, 1, 'Y'),
(81, 'Workshop on I.T. and its application in Business', 8, 1, 'Y'),
(82, 'Advertising and Consumer Behaviour', 8, 2, 'Y'),
(83, 'Marketing Research', 8, 2, 'Y'),
(84, 'Logistic Management', 8, 2, 'Y'),
(85, 'International Marketing & Services', 8, 2, 'Y');

-- --------------------------------------------------------

--
-- Table structure for table `news`
--

CREATE TABLE `news` (
  `News_Id` int(11) NOT NULL,
  `News_Title` varchar(200) NOT NULL,
  `News_Details` text NOT NULL,
  `File` varchar(100) NOT NULL
) ENGINE=InnoDB DEFAULT CHARSET=latin1;

--
-- Dumping data for table `news`
--

INSERT INTO `news` (`News_Id`, `News_Title`, `News_Details`, `File`) VALUES
(1, 'Principal Meet Minutes', 'Principal Meet Minutes', '201702141541105899295.PDF'),
(2, 'Regarding fake SC/ST/OBC Certificates to get admission', 'Please find the enclosed file.', '201703241157105573005.PDF'),
(3, 'Press Release regarding Fee hike', 'Please find the enclosed file.', '201704181027522927852.PDF'),
(4, 'Rajiv Gandhi College Bhawan Booking Form', 'Please find the enclosed file.', '201704251557221499848.pdf'),
(5, 'Additional Seats for Rural Area and Border Area Students for session 2017-18', 'Please find the enclosed file.', '201705031623091279231.pdf'),
(6, 'Additional Seats for One girl child, Cancer, AIDS and Thalassemia Patient for session 2017-18', 'Please find the enclosed file.', '201705031624174549081.pdf'),
(7, 'Admissions in Bachelor of Commerce', 'For detailed information regarding B.Com visit http://bcomadmissions.puchd.ac.in/', ''),
(8, 'Regarding admissions to PGDCA', 'Please find the enclosed file.', '201706071006028679589.pdf'),
(9, 'Template recommended to be followed for the selection of Assistant Professor/ Associate Professors in the * Colleges (other than education and Physical Education Colleges)', 'Please find the enclosed file.', '201706141609201251554.pdf'),
(10, 'Financial Subsidy for holding Seminar/Conference/ Workshop for the Session 2017-18.', 'Please find the enclosed file.', '201706221438359296497.PDF'),
(11, 'Additional seats for Rural Area and Border area Students ( Supersession)', 'Please find the enclosed file.', '201707061552461639639.PDF'),
(12, 'Tentative schedule oe M.Ed./ B.Ed. for session 2017-18', 'Please find enclosed file.', '201707061601474511862.PDF'),
(13, 'Extension in admission dates', 'Sir/Madam,\r\nThis is to inform you that syndicate in its meeting (23/07/2017) has extended the date of admission for UG and PG classes for the session 2017-18. \r\nThe revise schedule is as under\r\n1.	Normal admission without late fees up to 05/08/2017.\r\n2.	Late Admission for, ongoing classes and new classes) to be allowed by the Principal of the College with late fee of Rs.560/- per student from 06/08/2017 to 15/08/2017.\r\n3.	Late admission  to be allowed by the Vice-Chancellor with the fee of Rs. 2040/-per student from 16/08/2017 to 31/08/2017.\r\n\r\nNote* : there is no change in the other dates  mentioned in the circular of Academic Calendar', ''),
(14, 'Schedule for Semseter System Examination of all UG and PG Classes/ Courses for dec 2017', 'Please find enclosed file.', '201709121217558086057.PDF'),
(15, 'Regarding CMAT-2018 and GPAT-2018', 'please check attachment', '201711061234323488386.PDF');

-- --------------------------------------------------------

--
-- Table structure for table `recruits`
--

CREATE TABLE `recruits` (
  `Rec_Id` int(11) NOT NULL,
  `Rec_Title` varchar(200) NOT NULL,
  `Rec_Details` text NOT NULL,
  `File` varchar(100) NOT NULL
) ENGINE=InnoDB DEFAULT CHARSET=latin1;

--
-- Dumping data for table `recruits`
--

INSERT INTO `recruits` (`Rec_Id`, `Rec_Title`, `Rec_Details`, `File`) VALUES
(1, 'Maharishi Dayanand College of Education, Abohar', 'Post of Assistant Professor', '201702201038407995258.PDF'),
(2, 'D.A.V. College of Education, Fazilka', 'Post of Assistant Professor in Education', '201702201046085108819.PDF'),
(3, 'Guru Gobind Singh Girls College,Gidderbaha, Sri Muktsar Sahib', 'Post of Assistant Professor', '201703281452189441226.PDF'),
(4, 'HKL College of Education, Ferozepur', 'Post of Assistant Professor/s', '201704121043077550529.pdf'),
(5, 'DAV College of Education, College Road, Fazilka', 'Assistant Professor in Education, Pedagogy of Social Studies, Hindi, Punjabi, English, Commerce, Science, Computer Education, Music, Fine Arts', '201802191040258508377.PDF');

--
-- Indexes for dumped tables
--

--
-- Indexes for table `approval_letters`
--
ALTER TABLE `approval_letters`
  ADD PRIMARY KEY (`Letter_Id`);

--
-- Indexes for table `a_emails_nots`
--
ALTER TABLE `a_emails_nots`
  ADD PRIMARY KEY (`Not_Id`);

--
-- Indexes for table `a_emails_nots_pers`
--
ALTER TABLE `a_emails_nots_pers`
  ADD PRIMARY KEY (`Per_Id`);

--
-- Indexes for table `a_forms`
--
ALTER TABLE `a_forms`
  ADD PRIMARY KEY (`Form_Id`);

--
-- Indexes for table `a_forms_pers`
--
ALTER TABLE `a_forms_pers`
  ADD PRIMARY KEY (`Per_Id`);

--
-- Indexes for table `a_levels`
--
ALTER TABLE `a_levels`
  ADD PRIMARY KEY (`Level_Id`),
  ADD UNIQUE KEY `Level_Title` (`Level_Name`);

--
-- Indexes for table `a_msg_pers`
--
ALTER TABLE `a_msg_pers`
  ADD PRIMARY KEY (`Per_Id`);

--
-- Indexes for table `college_signups`
--
ALTER TABLE `college_signups`
  ADD PRIMARY KEY (`Sign_Id`);

--
-- Indexes for table `frm_assigns`
--
ALTER TABLE `frm_assigns`
  ADD PRIMARY KEY (`Assign_Id`);

--
-- Indexes for table `frm_inspections`
--
ALTER TABLE `frm_inspections`
  ADD PRIMARY KEY (`Ins_Id`);

--
-- Indexes for table `f_colleges`
--
ALTER TABLE `f_colleges`
  ADD PRIMARY KEY (`College_Id`);

--
-- Indexes for table `f_college_authentication_letter`
--
ALTER TABLE `f_college_authentication_letter`
  ADD PRIMARY KEY (`College_Id`);

--
-- Indexes for table `f_college_bank`
--
ALTER TABLE `f_college_bank`
  ADD PRIMARY KEY (`College_Id`);

--
-- Indexes for table `f_college_building`
--
ALTER TABLE `f_college_building`
  ADD PRIMARY KEY (`College_Id`);

--
-- Indexes for table `f_college_courses`
--
ALTER TABLE `f_college_courses`
  ADD PRIMARY KEY (`CC_Id`);

--
-- Indexes for table `f_college_couses_affs`
--
ALTER TABLE `f_college_couses_affs`
  ADD PRIMARY KEY (`CA_Id`);

--
-- Indexes for table `f_college_facility`
--
ALTER TABLE `f_college_facility`
  ADD PRIMARY KEY (`College_Id`);

--
-- Indexes for table `f_college_fdr`
--
ALTER TABLE `f_college_fdr`
  ADD PRIMARY KEY (`Row_Id`);

--
-- Indexes for table `f_college_financial`
--
ALTER TABLE `f_college_financial`
  ADD PRIMARY KEY (`College_Id`);

--
-- Indexes for table `f_college_funds`
--
ALTER TABLE `f_college_funds`
  ADD PRIMARY KEY (`College_Id`);

--
-- Indexes for table `f_college_head`
--
ALTER TABLE `f_college_head`
  ADD PRIMARY KEY (`College_Id`);

--
-- Indexes for table `f_college_hostal`
--
ALTER TABLE `f_college_hostal`
  ADD PRIMARY KEY (`Hostal_Id`);

--
-- Indexes for table `f_college_labs`
--
ALTER TABLE `f_college_labs`
  ADD PRIMARY KEY (`Lab_Id`);

--
-- Indexes for table `f_college_lands`
--
ALTER TABLE `f_college_lands`
  ADD PRIMARY KEY (`College_Id`);

--
-- Indexes for table `f_college_parent_organization`
--
ALTER TABLE `f_college_parent_organization`
  ADD PRIMARY KEY (`College_Id`);

--
-- Indexes for table `f_college_recruitment`
--
ALTER TABLE `f_college_recruitment`
  ADD PRIMARY KEY (`Rec_Id`);

--
-- Indexes for table `f_college_staff`
--
ALTER TABLE `f_college_staff`
  ADD PRIMARY KEY (`Staff_Id`);

--
-- Indexes for table `f_college_students`
--
ALTER TABLE `f_college_students`
  ADD PRIMARY KEY (`Row_Id`);

--
-- Indexes for table `f_college_trusts`
--
ALTER TABLE `f_college_trusts`
  ADD PRIMARY KEY (`Trust_Id`);

--
-- Indexes for table `f_college_uni_funds`
--
ALTER TABLE `f_college_uni_funds`
  ADD PRIMARY KEY (`Row_Id`);

--
-- Indexes for table `f_college_users`
--
ALTER TABLE `f_college_users`
  ADD PRIMARY KEY (`College_Id`,`User_Id`);

--
-- Indexes for table `f_inspections`
--
ALTER TABLE `f_inspections`
  ADD PRIMARY KEY (`Insp_Id`);

--
-- Indexes for table `f_messages`
--
ALTER TABLE `f_messages`
  ADD PRIMARY KEY (`Msg_Id`);

--
-- Indexes for table `f_staff_academics`
--
ALTER TABLE `f_staff_academics`
  ADD PRIMARY KEY (`Row_Id`);

--
-- Indexes for table `f_staff_pays`
--
ALTER TABLE `f_staff_pays`
  ADD PRIMARY KEY (`Pay_Id`);

--
-- Indexes for table `links`
--
ALTER TABLE `links`
  ADD PRIMARY KEY (`Link_Id`);

--
-- Indexes for table `m_branches`
--
ALTER TABLE `m_branches`
  ADD PRIMARY KEY (`Branch_Id`);

--
-- Indexes for table `m_courses`
--
ALTER TABLE `m_courses`
  ADD PRIMARY KEY (`Course_Id`);

--
-- Indexes for table `m_designations`
--
ALTER TABLE `m_designations`
  ADD PRIMARY KEY (`Designation_Id`);

--
-- Indexes for table `m_districts`
--
ALTER TABLE `m_districts`
  ADD PRIMARY KEY (`District_Id`);

--
-- Indexes for table `m_newspapers`
--
ALTER TABLE `m_newspapers`
  ADD PRIMARY KEY (`Newspaper_Id`);

--
-- Indexes for table `m_states`
--
ALTER TABLE `m_states`
  ADD PRIMARY KEY (`State_Id`);

--
-- Indexes for table `m_subjects`
--
ALTER TABLE `m_subjects`
  ADD PRIMARY KEY (`Subject_Id`);

--
-- Indexes for table `news`
--
ALTER TABLE `news`
  ADD PRIMARY KEY (`News_Id`);

--
-- Indexes for table `recruits`
--
ALTER TABLE `recruits`
  ADD PRIMARY KEY (`Rec_Id`);

--
-- AUTO_INCREMENT for dumped tables
--

--
-- AUTO_INCREMENT for table `approval_letters`
--
ALTER TABLE `approval_letters`
  MODIFY `Letter_Id` int(11) NOT NULL AUTO_INCREMENT, AUTO_INCREMENT=653;

--
-- AUTO_INCREMENT for table `a_emails_nots`
--
ALTER TABLE `a_emails_nots`
  MODIFY `Not_Id` int(11) NOT NULL AUTO_INCREMENT, AUTO_INCREMENT=2;

--
-- AUTO_INCREMENT for table `a_emails_nots_pers`
--
ALTER TABLE `a_emails_nots_pers`
  MODIFY `Per_Id` int(11) NOT NULL AUTO_INCREMENT;

--
-- AUTO_INCREMENT for table `a_forms`
--
ALTER TABLE `a_forms`
  MODIFY `Form_Id` int(18) NOT NULL AUTO_INCREMENT, AUTO_INCREMENT=100;

--
-- AUTO_INCREMENT for table `a_forms_pers`
--
ALTER TABLE `a_forms_pers`
  MODIFY `Per_Id` int(18) NOT NULL AUTO_INCREMENT, AUTO_INCREMENT=1210;

--
-- AUTO_INCREMENT for table `a_levels`
--
ALTER TABLE `a_levels`
  MODIFY `Level_Id` bigint(20) NOT NULL AUTO_INCREMENT, AUTO_INCREMENT=12;

--
-- AUTO_INCREMENT for table `a_msg_pers`
--
ALTER TABLE `a_msg_pers`
  MODIFY `Per_Id` int(11) NOT NULL AUTO_INCREMENT, AUTO_INCREMENT=208;

--
-- AUTO_INCREMENT for table `college_signups`
--
ALTER TABLE `college_signups`
  MODIFY `Sign_Id` int(11) NOT NULL AUTO_INCREMENT, AUTO_INCREMENT=116;

--
-- AUTO_INCREMENT for table `frm_assigns`
--
ALTER TABLE `frm_assigns`
  MODIFY `Assign_Id` int(11) NOT NULL AUTO_INCREMENT;

--
-- AUTO_INCREMENT for table `frm_inspections`
--
ALTER TABLE `frm_inspections`
  MODIFY `Ins_Id` int(11) NOT NULL AUTO_INCREMENT, AUTO_INCREMENT=7;

--
-- AUTO_INCREMENT for table `f_colleges`
--
ALTER TABLE `f_colleges`
  MODIFY `College_Id` int(11) NOT NULL AUTO_INCREMENT, AUTO_INCREMENT=213;

--
-- AUTO_INCREMENT for table `f_college_courses`
--
ALTER TABLE `f_college_courses`
  MODIFY `CC_Id` int(11) NOT NULL AUTO_INCREMENT, AUTO_INCREMENT=398;

--
-- AUTO_INCREMENT for table `f_college_couses_affs`
--
ALTER TABLE `f_college_couses_affs`
  MODIFY `CA_Id` int(11) NOT NULL AUTO_INCREMENT, AUTO_INCREMENT=115;

--
-- AUTO_INCREMENT for table `f_college_fdr`
--
ALTER TABLE `f_college_fdr`
  MODIFY `Row_Id` int(11) NOT NULL AUTO_INCREMENT, AUTO_INCREMENT=300;

--
-- AUTO_INCREMENT for table `f_college_hostal`
--
ALTER TABLE `f_college_hostal`
  MODIFY `Hostal_Id` int(11) NOT NULL AUTO_INCREMENT, AUTO_INCREMENT=57;

--
-- AUTO_INCREMENT for table `f_college_labs`
--
ALTER TABLE `f_college_labs`
  MODIFY `Lab_Id` int(11) NOT NULL AUTO_INCREMENT, AUTO_INCREMENT=16;

--
-- AUTO_INCREMENT for table `f_college_recruitment`
--
ALTER TABLE `f_college_recruitment`
  MODIFY `Rec_Id` int(11) NOT NULL AUTO_INCREMENT, AUTO_INCREMENT=15;

--
-- AUTO_INCREMENT for table `f_college_staff`
--
ALTER TABLE `f_college_staff`
  MODIFY `Staff_Id` int(11) NOT NULL AUTO_INCREMENT, AUTO_INCREMENT=1917;

--
-- AUTO_INCREMENT for table `f_college_students`
--
ALTER TABLE `f_college_students`
  MODIFY `Row_Id` int(11) NOT NULL AUTO_INCREMENT, AUTO_INCREMENT=3680;

--
-- AUTO_INCREMENT for table `f_college_trusts`
--
ALTER TABLE `f_college_trusts`
  MODIFY `Trust_Id` int(11) NOT NULL AUTO_INCREMENT, AUTO_INCREMENT=459;

--
-- AUTO_INCREMENT for table `f_college_uni_funds`
--
ALTER TABLE `f_college_uni_funds`
  MODIFY `Row_Id` int(11) NOT NULL AUTO_INCREMENT;

--
-- AUTO_INCREMENT for table `f_inspections`
--
ALTER TABLE `f_inspections`
  MODIFY `Insp_Id` int(11) NOT NULL AUTO_INCREMENT, AUTO_INCREMENT=6;

--
-- AUTO_INCREMENT for table `f_messages`
--
ALTER TABLE `f_messages`
  MODIFY `Msg_Id` int(11) NOT NULL AUTO_INCREMENT, AUTO_INCREMENT=6;

--
-- AUTO_INCREMENT for table `f_staff_academics`
--
ALTER TABLE `f_staff_academics`
  MODIFY `Row_Id` int(11) NOT NULL AUTO_INCREMENT, AUTO_INCREMENT=2272;

--
-- AUTO_INCREMENT for table `f_staff_pays`
--
ALTER TABLE `f_staff_pays`
  MODIFY `Pay_Id` int(11) NOT NULL AUTO_INCREMENT, AUTO_INCREMENT=3586;

--
-- AUTO_INCREMENT for table `links`
--
ALTER TABLE `links`
  MODIFY `Link_Id` int(18) NOT NULL AUTO_INCREMENT, AUTO_INCREMENT=21;

--
-- AUTO_INCREMENT for table `m_branches`
--
ALTER TABLE `m_branches`
  MODIFY `Branch_Id` int(11) NOT NULL AUTO_INCREMENT, AUTO_INCREMENT=3;

--
-- AUTO_INCREMENT for table `m_courses`
--
ALTER TABLE `m_courses`
  MODIFY `Course_Id` int(11) NOT NULL AUTO_INCREMENT, AUTO_INCREMENT=150;

--
-- AUTO_INCREMENT for table `m_designations`
--
ALTER TABLE `m_designations`
  MODIFY `Designation_Id` int(11) NOT NULL AUTO_INCREMENT, AUTO_INCREMENT=4;

--
-- AUTO_INCREMENT for table `m_districts`
--
ALTER TABLE `m_districts`
  MODIFY `District_Id` int(11) NOT NULL AUTO_INCREMENT, AUTO_INCREMENT=684;

--
-- AUTO_INCREMENT for table `m_newspapers`
--
ALTER TABLE `m_newspapers`
  MODIFY `Newspaper_Id` int(11) NOT NULL AUTO_INCREMENT, AUTO_INCREMENT=5;

--
-- AUTO_INCREMENT for table `m_states`
--
ALTER TABLE `m_states`
  MODIFY `State_Id` int(11) NOT NULL AUTO_INCREMENT, AUTO_INCREMENT=38;

--
-- AUTO_INCREMENT for table `m_subjects`
--
ALTER TABLE `m_subjects`
  MODIFY `Subject_Id` int(11) NOT NULL AUTO_INCREMENT, AUTO_INCREMENT=86;

--
-- AUTO_INCREMENT for table `news`
--
ALTER TABLE `news`
  MODIFY `News_Id` int(11) NOT NULL AUTO_INCREMENT, AUTO_INCREMENT=16;

--
-- AUTO_INCREMENT for table `recruits`
--
ALTER TABLE `recruits`
  MODIFY `Rec_Id` int(11) NOT NULL AUTO_INCREMENT, AUTO_INCREMENT=6;
COMMIT;

