-- https://www.phpmyadmin.net/
--

START TRANSACTION;



--
-- Database: `idipia_dcdc`
--

-- --------------------------------------------------------

--
-- Table structure for table `approval_letters`
--

CREATE TABLE `approval_letters` (
  `Letter_Id` int(11) NOT NULL,
  `Name` varchar(50) NOT NULL,
  `Father_Name` varchar(50) NOT NULL,
  `College_Name` varchar(100) NOT NULL,
  `City` varchar(30) NOT NULL,
  `File` varchar(100) NOT NULL,
  `Add_Date` datetime NOT NULL
) ENGINE=InnoDB DEFAULT CHARSET=latin1;

--
-- Dumping data for table `approval_letters`
--

INSERT INTO `approval_letters` (`Letter_Id`, `Name`, `Father_Name`, `College_Name`, `City`, `File`, `Add_Date`) VALUES
(9, 'Rajbir Kaur', 'Kulwant Singh', 'Khalsa College for Women,Civil Lines, Ludhiana', 'Ludhiana', '201611261528248288381.PDF', '0000-00-00 00:00:00'),
(10, 'Narinder Kaur', 'Sital Singh', 'Khalsa College for Women, Civil Lines, Ludhiana', 'Ludhiana', '201611261531157757596.PDF', '0000-00-00 00:00:00'),
(11, 'Balwinder Kaur', 'Daljit singh', 'Khalsa College for Women, Sidhwan Khurd, Ludhiana', 'Ludhiana', '201611261537047128891.PDF', '0000-00-00 00:00:00'),
(12, 'Jaspreet Kaur Aulakh', 'Kuldeep Singh Aulakh', 'G.H.G. Harprakash College of Education for Women, Sidhwan Khurd, Ludhiana', 'Ludhiana', '201611261539028994675.PDF', '0000-00-00 00:00:00'),
(20, 'Jyoti Lamba', 'S S Chahal', 'Sri Guru Gobind Singh College Chandigarh', 'Chandigarh', '201612261305309920345.PDF', '0000-00-00 00:00:00'),
(27, 'Pankaja Vashist', 'Vashist', 'Dev Samaj College for Women', 'Chandigarh', '201612280947068175248.pdf', '0000-00-00 00:00:00'),
(28, 'Deepika Nanda', 'Parveen Sehgal', 'Shree Atam Vallabh Jain College', 'Ludhiana', '201612280951128886745.pdf', '0000-00-00 00:00:00'),
(29, 'Mukta Jain', 'Lal Chand Jain', 'Guru Nanak Khalsa College, Abohar', 'Abohar', '201612281612572453805.PDF', '0000-00-00 00:00:00'),
(30, 'Rawel Singh', 'Gurmit Singh', 'A.S.College, Khanna', 'Khanna', '201701091020217001291.PDF', '0000-00-00 00:00:00'),
(31, 'Chitwan Kaur Chawla', 'Jagraj Singh Chawla', 'Sri Guru Gobind Singh College, Sector 26, Chandigarh', 'Chandigarh', '201701091049596733153.PDF', '0000-00-00 00:00:00'),
(32, 'Ranjit Singh', 'Bakshish Singh', 'Guru NAnak College, Ferozepur Cantt', 'Ferozepur', '201701091142114152215.PDF', '0000-00-00 00:00:00'),
(33, 'Dr. Sapna Sharma', 'Guru Dutt Sharma', 'DAV College', 'Hoshiarpur', '201702141538433760562.PDF', '0000-00-00 00:00:00'),
(34, 'Amrita Sahney', 'Arvind Sahney', 'Guru Nanak College of Education, Gopalpur, Ludhiana', 'Ludhiana', '201702151036373264227.PDF', '0000-00-00 00:00:00'),
(35, 'Ravinder Pal Singh Gangwar', 'Ram Sewak Gangwar', 'Guru Hargobind College of Education, Gondwal, Ludhiana', 'Ludhiana', '201702151038228748273.PDF', '0000-00-00 00:00:00'),
(36, 'karmjit Kaur', 'Harjit Singh', 'Kamla Lothia Sanatan Dharam College, Subhash Nagar, Ludhiana', 'Ludhiana', '201702151040194090822.PDF', '0000-00-00 00:00:00'),
(37, 'Anil Kumar', 'Atma Ram', 'A.S. College, Khanna', 'Khanna', '201702151046454878991.PDF', '0000-00-00 00:00:00'),
(38, 'Amandeep Singh', 'Baldev Singh', 'R.S.D. College, Ferozepur', 'Ferozepur', '201702151047346858921.PDF', '0000-00-00 00:00:00'),
(39, 'Vinay Kumar', 'Kewal Krishan', 'R.S.D. College, Ferozepur', 'Ferozepur', '201702151049508541573.PDF', '0000-00-00 00:00:00'),
(40, 'Seema Rani', 'Ramesh Lal', 'MAster Tara Singh Memorial College for Women, Ludhiana', 'Ludhiana', '201702151051231517595.PDF', '0000-00-00 00:00:00'),
(41, 'Gurvir Singh', 'Avtar Singh', 'A.S. College, Khanna, Ludhiana', 'Khanna', '201702151052403722031.PDF', '0000-00-00 00:00:00'),
(42, 'Disha', 'Jaspal Singh', 'Khalsa College for Women, Sidhwan Khurd, Ludhiana', 'Ludhiana', '201702151053278561640.PDF', '0000-00-00 00:00:00'),
(43, 'Kiran Kumar', 'Dharambir', 'A.S. College, Khanna, Ludhiana', 'Khanna', '201702151054286498973.PDF', '0000-00-00 00:00:00'),
(44, 'Sheveta', 'K.L. Sehgal', 'A.S. College, Khanna, Ludhiana', 'Khanna', '201702151055266043969.PDF', '0000-00-00 00:00:00'),
(45, 'Jagminder Kaur', 'Joginder Singh', 'G.H.G. Harprakash College of Education for Women, Sidhwan Khurd, Ludhiana', 'Ludhiana', '201702151056437753373.PDF', '0000-00-00 00:00:00'),
(46, 'Ginnia Kakkar', 'Rajesh Kakkar', 'Kamla Lothia Sanatan Dharam College, Ludhiana', 'Ludhiana', '201702151058188150500.PDF', '0000-00-00 00:00:00'),
(47, 'Amanpreet Singh', 'Gurdial Singh', 'National College for Girls, Chowarrianwali, Fazilka', 'Fazilka', '201702151102295743293.PDF', '0000-00-00 00:00:00'),
(48, 'Sunil Kumar Upneja', 'Madan Lal', 'Gopihand Arya Mahila College, Abohar', 'Abohar', '201702151103164504714.PDF', '0000-00-00 00:00:00'),
(49, 'Amritpreet Kaur', 'Mohinder Singh', 'Homeopathic Medical College & Hospital, Chandigarh', 'Chandigarh', '201702151523127853797.PDF', '0000-00-00 00:00:00'),
(50, 'Swaranjeet Singh', 'Gurmail Singh', 'Guru Nanak Khalsa College, Abohar', 'Abohar', '201702151524199984891.PDF', '0000-00-00 00:00:00'),
(51, 'Mona Soin', 'Narinder Singh', 'Govt. Home Science College, Sector 10, Chandigarh', 'Chandigarh', '201702151525504936992.PDF', '0000-00-00 00:00:00'),
(52, 'Sukhvir Kaur', 'Hardit Singh', 'Mata Sahib Kaur Girls College, Talwandi Bhai, Ferozepur', 'Ferozepur', '201702151527025363394.PDF', '0000-00-00 00:00:00'),
(53, 'Gagandeep Kaura', 'Keshav Kaura', 'G.T.B. National College, Dakha, Ludhiana', 'Ludhiana', '201702151528214045922.PDF', '0000-00-00 00:00:00'),
(54, 'Seema Jaitely', 'K.S. Jaitely', 'Govt. Home Science College, Sector 10, Chandigarh', 'Chandigarh', '201702151529295573640.PDF', '0000-00-00 00:00:00'),
(55, 'Sukhjinder Singh', 'Harjeet Singh', 'G.T.B. National College, Dakha, Ludhiana', 'Ludhiana', '201702151532065311343.PDF', '0000-00-00 00:00:00'),
(56, 'Rajni Bala', 'Shri Om Prakash Azad', 'Guru Hargobind College of Education, gondwal, Raikot, Ludhiana', 'Ludhiana', '201702151533211067974.PDF', '0000-00-00 00:00:00'),
(57, 'Kuldeep Singh', 'Krishan Kumar', 'Guru Nanak College,Ferozepur Cantt', 'Ferozepur', '201702151534206427206.PDF', '0000-00-00 00:00:00'),
(58, 'Maninder Kaur', 'Sher Singh', 'G.T.B. National College, Dakha, Ludhiana', 'Ludhiana', '201702151535085185854.PDF', '0000-00-00 00:00:00'),
(59, 'Harpreet Kaur', 'Harjinder Singh', 'G.T.B. National College, Dakha, Ludhiana', 'Ludhiana', '201702151536096164172.PDF', '0000-00-00 00:00:00'),
(60, 'Rajpreet Kaur', 'Sikander Singh', 'A.S. College, Khanna, Ludhiana', 'Khanna', '201702151537098667139.PDF', '0000-00-00 00:00:00'),
(61, 'Mahesh Kumar', 'Ramesh Kumar', 'A.S. College, Khanna', 'Khanna', '201702151548251884284.PDF', '0000-00-00 00:00:00'),
(62, 'Parveen', 'Madan Lal', 'Master Tara Singh Memorial College for Women, Ludhiana', 'Ludhiana', '201702151549218140295.PDF', '0000-00-00 00:00:00'),
(63, 'Mukhtar Singh', 'Santokh Singh', 'DAV College, Hoshiarpur', 'Hoshiarpur', '201702151550112619564.PDF', '0000-00-00 00:00:00'),
(64, 'Sonu Sharma', 'Dina Nath Sharma', 'DAV College, Hoshiarpur', 'Hoshiarpur', '201702151551295676225.PDF', '0000-00-00 00:00:00'),
(65, 'Parveen Mehmi', 'Surinder Pal', 'MBBGRGC Girls B.Ed. College, Mansowal, Hoshiarpur', 'Hoshiarpur', '201702151552387170849.PDF', '0000-00-00 00:00:00'),
(66, 'Rajni Bala', 'Balvir Singh', 'DAV College Hoshiarpur', 'Hoshiarpur', '201702151553247553815.PDF', '0000-00-00 00:00:00'),
(67, 'Deepak Mathil', 'Ram Shankar', 'Guru Nanak Khalsa College, Abohar', 'Abohar', '201702171044348371445.PDF', '0000-00-00 00:00:00'),
(68, 'Kawalpreet Kaur', 'Avtar Singh Uppal', 'Sri Guru Gobind Singh College, Sector-26, Chandigarh', 'Chandigarh', '201702171046255012285.PDF', '0000-00-00 00:00:00'),
(69, 'Manjit Kaur', 'Amarjit Singh', 'Sri Guru Gobind Singh College, Sector-26, Chandigarh', 'Chandigarh', '201702171047236521308.PDF', '0000-00-00 00:00:00'),
(70, 'Amolak Singh Bhullar', 'Jagraj Singh Bhullar', 'Guru Gobind Singh College for Women, Sector-26, Chandigarh', 'Chandigarh', '201702171048505159403.PDF', '0000-00-00 00:00:00'),
(71, 'Mandeep Kaur', 'Mohinder Singh', 'R.S.D. College, Ferozepur', 'Ferozepur', '201702171054392490717.PDF', '0000-00-00 00:00:00'),
(72, 'Kuljeet Singh Chakkal', 'P.P. Singh Chakkal', 'Sri guru Gobind Singh College, Sector-26, Chandigarh', 'Chandigarh', '201703091043579876394.PDF', '0000-00-00 00:00:00'),
(73, 'Gurvir Kaur Bhullar', 'Surjit Singh', 'Sri Guru Gobind Singh College, Sctor-26, Chandigarh', 'Chandigarh', '201703091113241659740.PDF', '0000-00-00 00:00:00'),
(74, 'Pushpinder Kaur', 'Karnail Singh', 'Sri Guru Gobind Singh College, Sector-26, Chandigarh', 'Chandigarh', '201703091114317376259.PDF', '0000-00-00 00:00:00'),
(75, 'Mamta Rani', 'Prem Kumar', 'Syon College, Abohar', 'Abohar', '201703201510017652525.PDF', '0000-00-00 00:00:00'),
(76, 'Manish Kumar', 'Bijendra Singh', 'Dev Samaj College for Women, Ferozepur', 'Ferozepur', '201703201510597550642.PDF', '0000-00-00 00:00:00'),
(77, 'Ramanjeet Kaur', 'Beant Singh', 'R.S.D. College, Ferozepur', 'Ferozepur', '201703201547393990990.PDF', '0000-00-00 00:00:00'),
(78, 'Parminder Singh', 'Kuldeep Singh', 'Sri Guru Gobind Singh College, Sector-26, Chandigarh', 'Chandigarh', '201703201549197124410.PDF', '0000-00-00 00:00:00'),
(79, 'Sonia Aggarwal', 'Vijay Kumar', 'Swami Premanand Mahavidyalaya, Mukerian, Hoshiarpur', 'Hoshiarpur', '201703201550282089442.PDF', '0000-00-00 00:00:00'),
(80, 'Harsukh Baljeet Bhagwant Paul Kaur Dolly', 'Hardial Singh', 'Sant Darbara singh College of Education for Women, Lopon, Moga', 'Moga', '201703281511117990754.PDF', '0000-00-00 00:00:00'),
(81, 'Harjit Singh', 'Gurcharan Singh', 'J.C.D.A.V. College, Dasuya, Hoshiarpur', 'Hoshiarpur', '201703281522556826031.PDF', '0000-00-00 00:00:00'),
(82, 'Paan Singh', 'Dina Nath', 'SGGS Khalsa College, MAhilpur, Hoshiarpur', 'Hoshiarpur', '201703281524224146466.PDF', '0000-00-00 00:00:00'),
(83, 'Archana Vasudev', 'Vivek Vasudev', 'D.A.V. College of Education, Hoshiarpur', 'Hoshiarpur', '201703291556314709211.PDF', '0000-00-00 00:00:00'),
(84, 'Arvind Kumar Chauhan', 'Rajendra Kumar Chauhan', 'Swami Premanand Mahavidyalaya, Mukerian, Hoshiarpur', 'Hoshiarpur', '201704031007375869023.PDF', '0000-00-00 00:00:00'),
(85, 'Ranbeer Singh', 'Ram Chand', 'Sri Guru Gobind Singh College, Sector-26, Chandigarh', 'Chandigarh', '201704031009482794998.PDF', '0000-00-00 00:00:00'),
(86, 'Saroj Bala', 'Som Datt', 'Sri Guru Gobind Singh College, Sector-26, Chandigarh', 'Chandigarh', '201704081100471606249.PDF', '0000-00-00 00:00:00'),
(87, 'Deepti', 'Kanshi Ram', 'Hoshiarpur Professional & Vocational College, Adamwal, Hoshiarpur', 'Hoshiarpur', '201704101203594792967.PDF', '0000-00-00 00:00:00'),
(88, 'Opal Singh', 'Rajinder Pal', 'Guru Nanak Khalsa Colege, Abohar', 'Abohar', '201704101205472860590.PDF', '0000-00-00 00:00:00'),
(89, 'Gourav Doomra', 'Surinder Kumar Doomra', 'Guru Nanak Khalsa College, Abohar', 'Abohar', '201704101206472176201.PDF', '0000-00-00 00:00:00'),
(90, 'Anshita Kalani', 'Shashi Kant Kalani', 'Guru Nanak Khalsa College, Abohar', 'Abohar', '201704101208241418968.PDF', '0000-00-00 00:00:00'),
(91, 'Monika Lakhanpal', 'Ashok Kumar', 'DAV College, Hoshiarpur', 'Hoshiarpur', '201704251614242438003.PDF', '0000-00-00 00:00:00'),
(92, 'Bhavneet Kaur', 'Jagraj Singh', 'Dasmesh Khalsa Collehe, Sri Muktsar Sahib', 'Sri Muktsar Sahib', '201704251615539218139.PDF', '0000-00-00 00:00:00'),
(93, 'Yashpal Singh', 'Amar Singh', 'Saini Bar College, Hoshiarpur', 'Hoshiarpur', '201704251620427061310.PDF', '0000-00-00 00:00:00'),
(94, 'Deepak Kumar', 'Krishan Lal', 'D.M. College of Education, Moga', 'Moga', '201704251621269201966.PDF', '0000-00-00 00:00:00'),
(95, 'Ajmer Singh', 'Harnam Singh', 'D.M. College of Education, Moga', 'Moga', '201704251623341837014.PDF', '0000-00-00 00:00:00'),
(96, 'Umesh Kumari', 'Mai Chand', 'Lala Lajpat Rai Memorial College of Education, Moga', 'Moga', '201704251624562836896.PDF', '0000-00-00 00:00:00'),
(97, 'Hardavinder Singh', 'Shinder Singh', 'Shree Satya Sai B.Ed. College ,V.P.O. - Karaiwala,Tehsit-Gidderbaha. Distt. - Sri Muktsar Sahib', 'Sri Muktsar Sahib', '201705020945026376403.PDF', '0000-00-00 00:00:00'),
(98, 'Sandeep Puri', 'Mangat Ram Puri', 'Homeopathic Medical College & Hospital, Sector, 26, Chandigarh', 'Chandigarh', '201705041230355425491.PDF', '0000-00-00 00:00:00'),
(99, 'Deeksha Garg', 'Naveen Garg', 'Homeopathic Medical College & Hospital, Sector, 26, Chandigarh', 'Chandigarh', '201705041231112181307.PDF', '0000-00-00 00:00:00'),
(100, 'Mukesh Kumar', 'Mohar Singh', 'Babe Ke College of Education, Daudhar, Moga', 'Moga', '201705301217248697993.PDF', '0000-00-00 00:00:00'),
(101, 'Puneet Kaur', 'Mukhtiar Singh', 'G.G.D.S.D. College, Hariana, Hoshiarpur', 'Hoshiarpur', '201705301230044755957.PDF', '0000-00-00 00:00:00'),
(102, 'Nimcy', 'Satish Kumar', 'SGHRS College for Women, Chabbewal, Hoshiarpur', 'Hoshiarpur', '201705301236114824981.PDF', '0000-00-00 00:00:00'),
(103, 'Amanpreet Kaur', 'Tarlochan Singh', 'Gujranwala Guru Nanak Khalsa  College, Civil Lines, Ludhiana', 'Ludhiana', '201705301238066668256.PDF', '0000-00-00 00:00:00'),
(104, 'Swaran Preet', 'Gurdial Singh', 'R.S.D. College, Ferozepur', 'Ferozepur', '201705301239011164704.PDF', '0000-00-00 00:00:00'),
(105, 'Harpreet Kaur', 'Sukhdev Singh', 'Sant Baba Bhag Singh Memorial Girls College, Sukhanand, Moga', 'Moga', '201705301240468120613.PDF', '0000-00-00 00:00:00'),
(106, 'Phulan Rani', 'Joginder Singh', 'G.G.D.S.D. College, Hariana, Hoshiarpur', 'Hoshiarpur', '201706051639083826738.PDF', '0000-00-00 00:00:00'),
(107, 'Sakshi Sharma', 'Rajendra Sharma', 'S.D. College for Women, Moga', 'Moga', '201706161548537704496.PDF', '0000-00-00 00:00:00'),
(109, 'Karun Madan', 'Trilok Chand', 'Master Tara Singh Memorial College for Women, Ludhiana', 'Ludhiana', '201706161603388049079.PDF', '0000-00-00 00:00:00'),
(110, 'Nidhi Sethi', 'Parma Nand Sethi', 'D.M. College, Moga', 'Moga', '201706161605595891468.PDF', '0000-00-00 00:00:00'),
(111, 'Navjot Kaur', 'Harmesh Kumar', 'Siri Guru Har Rai Sahib College for Women, Chabbewal, Hoshiarpur', 'Hoshiarpur', '201706161607381482067.PDF', '0000-00-00 00:00:00'),
(112, 'Palvinder Kaur', 'Dilbag Singh', 'D.M. College, Moga', 'Moga', '201706161609278747107.PDF', '0000-00-00 00:00:00'),
(113, 'Gurpreet Singh Randhawa', 'Narinder Singh', 'SGGS Khalsa College, Mahilpur, Hoshiarpur', 'Hoshiarpur', '201706161610465954321.PDF', '0000-00-00 00:00:00'),
(114, 'Jasmeet Kaur', 'Sohan Singh', 'S.D.P. College for Women, Ludhiana', 'Ludhiana', '201706161612079951060.PDF', '0000-00-00 00:00:00'),
(115, 'Sarabjit Kaur', 'Gurdial Singh', 'Guru Gobind Singh College for Women, Sector 26, Chandigarh', 'Chandigarh', '201706171259155142610.PDF', '0000-00-00 00:00:00'),
(116, 'Deepika', 'Baljit Kumar', 'S.D.P. College for Women, Ludhiana', 'Ludhiana', '', '0000-00-00 00:00:00'),
(117, 'Minakshi Sharma', 'Suresh Kumar', 'Hoshiarpur Professional & Vocational College, Adamwal, Hoshiarpur', 'Hoshiarpur', '201706171515335146167.PDF', '0000-00-00 00:00:00'),
(119, 'Preeti Garg', 'Chander Bhan Garg', 'Sant Baba Bhag Singh Memorial Girls College Sukhanand, Moga', 'Moga', '201706171523111776656.PDF', '0000-00-00 00:00:00'),
(120, 'Preeti Dua', 'Narayan Dass', 'R.S.D. College, Ferozepur', 'Ferozepur', '201706171524327561156.PDF', '0000-00-00 00:00:00'),
(121, 'Malti', 'Ram Chand', 'Mai Bhago College for Women, Ramgarh, Ludhiana', 'Ludhiana', '201706171526541713728.PDF', '0000-00-00 00:00:00'),
(122, 'Parminder Kaur', 'Prem Singh', 'S.D.P. College for Women, Ludhiana', 'Ludhiana', '201706171528147246789.PDF', '0000-00-00 00:00:00'),
(123, 'Inderpal Singh', 'Sukhmander Singh', 'D.M. College, Moga', 'Moga', '201706241557042636609.PDF', '0000-00-00 00:00:00'),
(124, 'Navdeep Kaur', 'Ajaib Singh Sandhu', 'Muktisar Institute of Higher Education, Sri Muktsar Sahib', 'Sri Muktsar Sahib', '201706281226441926706.PDF', '0000-00-00 00:00:00'),
(125, 'Sandeep Kataria', 'Tarsem Kataria', 'Saint Sahara College of Education, Sri Muktsar Sahib', 'Sri Muktsar Sahib', '201706281227542484424.PDF', '0000-00-00 00:00:00'),
(126, 'Preeti', 'Naresh Singla', 'D.M. College, Moga', 'Moga', '201706301012563638061.PDF', '0000-00-00 00:00:00'),
(127, 'Bindia Vij', 'Balraj Vij', 'Bhai Nagahia Singh Memorial Girls College, Alamgir, Ludhiana', 'Ludhiana', '201706301013533481838.PDF', '0000-00-00 00:00:00'),
(128, 'Pardeep Kumar', 'Jaswant Rai', 'R.S.D. College, Ferozepur', 'Ferozepur', '201707081629478189578.PDF', '0000-00-00 00:00:00'),
(129, 'Ekta Sharma', 'Prem Sharma', 'G.G.D.S.D. College , Hariana, Hoshiarpur', 'Hoshiarpur', '201707081640351027835.PDF', '0000-00-00 00:00:00'),
(130, 'Poonam Saini', 'Amarjit Singh', 'Nankana Sahib College of Education, Koi Gangu Rai, Ludhiana', 'Ludhiana', '201707311212126163344.PDF', '0000-00-00 00:00:00'),
(131, 'Ranjit Singh', 'Bakshish Singh', 'Arjan Dass College, Dharamkot, Moga', 'Moga', '201707311219466671579.PDF', '0000-00-00 00:00:00'),
(132, 'Shweta Monga', 'Rakesh Monga', 'R.S.D. College, Ferozepur', 'Ferozepur', '201707311221198250159.PDF', '0000-00-00 00:00:00'),
(133, 'Pawandeep Kaur', 'Ranjeet Singh', 'Jyoti B.Ed. College, Fazilka', 'Fazilka', '201707311222558256729.PDF', '0000-00-00 00:00:00'),
(134, 'Inderpal Singh', 'Sukhmander Singh', 'D.M. College, Moga', 'Moga', '201707311230005564477.PDF', '0000-00-00 00:00:00'),
(135, 'Vimal Vidushy', 'Y.N. Chhabra', 'A.S. College of Education, Ludhiana', 'Ludhiana', '201707311305122675071.PDF', '0000-00-00 00:00:00'),
(136, 'Lovely Sharma', 'Jagdev Pal', 'G.H.G. Institute of Law for Women, Sidhwan Khurd', 'Ludhiana', '201708031521572595488.PDF', '0000-00-00 00:00:00'),
(137, 'Harpreet Kaur', 'Ranjit Singh', 'G.H.G. Institute of Law for Women, Sidhwan Khurd', 'Ludhiana', '201708031522598111292.PDF', '0000-00-00 00:00:00'),
(138, 'Manjeet Kaur', 'Bhajanbir Singh', 'G.H.G. Institute of Law for Women, Sidhwan Khurd', 'Ludhiana', '201708031524145894282.PDF', '0000-00-00 00:00:00'),
(139, 'Gagandeep Singh', 'Bhupinder Singh', 'Doraha College of Education, Doraha, Ludhiana', 'Ludhiana', '201708031526171471468.PDF', '0000-00-00 00:00:00'),
(140, 'Vanita', 'Ved Prakash', 'Dashmesh Girls College, Malout', 'Sri Muktsar Sahib', '201708041206357195777.PDF', '0000-00-00 00:00:00'),
(141, 'Lakhveer KAur', 'Kewal Singh', 'Govind National College, Narangwal, Ludhiana', 'Ludhiana', '201708101017207332693.PDF', '0000-00-00 00:00:00'),
(142, 'Sukhjeet Kaur', 'Balwant Singh', 'Govind National College, Narangwal, Ludhiana', 'Ludhiana', '201708101020003543263.PDF', '0000-00-00 00:00:00'),
(143, 'Ruchi Arora', 'Harish Bhatia', 'Dev Samaj College for Women, Sector 45, Chandigarh', 'Chandigarh', '201708101021529664566.PDF', '0000-00-00 00:00:00'),
(144, 'Poonam', 'Rubel Singh', 'Doraha College of Education, Ludhiana', 'Ludhiana', '201708101024014964038.PDF', '0000-00-00 00:00:00'),
(145, 'Savkirat Kaur', 'S.S. Sandhu', 'Dev Samaj College for Women, Sector 45, Chandigarh', 'Chandigarh', '201708101026588440049.PDF', '0000-00-00 00:00:00'),
(146, 'Suresh Kumar', 'Nikka Ram', 'Govind National College, Narangwal, Ludhiana', 'Ludhiana', '201708101029002734855.PDF', '0000-00-00 00:00:00'),
(147, 'Varinder Kaur', 'Kirpal Singh', 'Guru Tag Bahadur Khalsa College of Education, Dasuya, Hoshiarpur', 'Hoshiarpur', '201708101042198125548.PDF', '0000-00-00 00:00:00'),
(148, 'Mukesh Kumar', 'Mohar Singh', 'Babe- Ke College of Education, Daudhar, Moga', 'Moga', '201708101100211544938.PDF', '0000-00-00 00:00:00'),
(149, 'Richa Saroa', 'Er. U.C. Saroa', 'Govt. Medical College and Hospital', 'Chandigarh', '201708231531193283919.PDF', '0000-00-00 00:00:00'),
(150, 'Paramjit Kaur', 'Surinder Singh', 'Govt. Medical College and Hospital', 'Chandigarh', '201708231532367985551.PDF', '0000-00-00 00:00:00'),
(151, 'Jasveer Singh', 'Sukhdev Singh', 'Govt. Medical College and Hospital', 'Chandigarh', '201708231634387772972.PDF', '0000-00-00 00:00:00'),
(152, 'Chetan Ahuja', 'Subhash Chander Ahuja', 'Bhag Singh Khalsa College for Women, Abohar', 'Abohar', '201708291002307718810.PDF', '0000-00-00 00:00:00'),
(153, 'Chamkaur Singh', 'Gursevak Singh', '/Bhag Singh Khalsa College for Women, Abohar', 'Abohar', '201708291004529695145.PDF', '0000-00-00 00:00:00'),
(154, 'Amarjit Kaur', 'Bakshish Singh', 'Tarawati Memorialegree College, Hoshiarpur', 'Hoshiarpur', '201708291015361334487.PDF', '0000-00-00 00:00:00'),
(155, 'Rimplejeet', 'Gurvinder Singh', 'Bhag Singh Khalsa College for Women, Abohar', 'Abohar', '201708291019474646372.PDF', '0000-00-00 00:00:00'),
(156, 'Bindia Vij', 'Balraj Vij', 'Bhai Nagahia Singh Memorial Girls College, Alamgir, Ludhiana', 'Ludhiana', '201709121158483530016.PDF', '0000-00-00 00:00:00'),
(157, 'Lakhwinder Kaur', 'Malkit Singh', 'Sadh=bhavana College of Education for Women, Talwandi Road, Raikot, Ludhiana', 'Ludhiana', '201709121200252150026.PDF', '0000-00-00 00:00:00'),
(158, 'Rajni Dhingra', 'Madan Lal Dhingra', 'Bajaj College, Ludhiana', 'Ludhiana', '201710301013527673865.PDF', '0000-00-00 00:00:00'),
(159, 'Neelam', 'Surinder Kumar', 'D.D. Jain College of Education, Ludhiana', 'Ludhiana', '201710301017349581207.PDF', '0000-00-00 00:00:00'),
(160, 'Jaskaran Singh', 'Kamaljit Singh', 'Govind national College, Narangwal, Ludhiana', 'Ludhiana', '201710301018376143637.PDF', '0000-00-00 00:00:00'),
(161, 'Nand Kishore', 'Ram Prasad', 'S.D. College, Hoshiarpur', 'Hoshiarpur', '201710301044175199490.PDF', '0000-00-00 00:00:00'),
(162, 'Tanya Thakur', 'Rakesh Thakur', 'Govind National College, Ludhiana', 'Ludhiana', '201710301047046152871.PDF', '0000-00-00 00:00:00'),
(163, 'Manpreet Kaur', 'Dara Singh', 'Sant Baba Bhag Singh MEmorial Girls College, Sukhanand, Moga', 'Moga', '201710311039552555903.PDF', '0000-00-00 00:00:00'),
(164, 'Amarjot Purewal', 'Daljit Singh', 'Sant Baba Bhag Singh Memorial Girls College, Sukhanand, Moga', 'Moga', '201710311045531148256.PDF', '0000-00-00 00:00:00'),
(165, 'Karamjeet Kaur', 'Gurmeet Singh', 'Mata Sahib Kaur Girls College, Talwandi Bhai, Ferozepur', 'Ferozepur', '201710311047199174732.PDF', '0000-00-00 00:00:00'),
(166, 'Arjun Singh', 'Sarbjeet Singh', 'Arjan Dass College, Dharamkot, Moga', 'Moga', '201710311048277339875.PDF', '0000-00-00 00:00:00'),
(167, 'Vandana', 'Rajinder Kumar', 'Sant Baba Bhag Singh Memorial College, Sukhanand , Moga', 'Moga', '201710311049588095129.PDF', '0000-00-00 00:00:00'),
(168, 'Lalita Kumari', 'Rampal Sharma', 'Dashmesh Girls College, Hoshiarpur', 'Hoshiarpur', '201710311053076725823.PDF', '0000-00-00 00:00:00'),
(169, 'Pankaj Sharma', 'Surinder Mohan Sharma', 'Siri Guru Har Rai Sahib College for Women, Chabbewal, Hoshiarpur', 'Hoshiarpur', '201710311055218886182.PDF', '0000-00-00 00:00:00'),
(170, 'Hargun Singh', 'Des Raj', 'Siri Guru Har Rai Sahib College for Women, Chabbewal, Hoshiarpur', 'Hoshiarpur', '201710311057224678414.PDF', '0000-00-00 00:00:00'),
(171, 'Satosh Bhandari', 'Sohan Singh', 'Sant Darbara Singh College of Education for Women, Lopon, Moga', 'Moga', '201710311059354033313.PDF', '0000-00-00 00:00:00'),
(172, 'Chamkaur Singh', 'Gursevk Singh', 'Khalsa College of Education, Sri Muktsar Sahib', 'Sri Muktsar Sahib', '201710311101477265806.PDF', '0000-00-00 00:00:00'),
(173, 'Nisha', 'Ravinder Kumar', 'G.H.G. Institute of Law of Women, Sidhwan Khurd, Ludhiana', 'Ludhiana', '201710311111189764227.PDF', '0000-00-00 00:00:00'),
(174, 'Satvinder Kaur', 'Darshan Singh', 'DAV College, Hoshiarpur', 'Hoshiarpur', '201710311116381396642.PDF', '0000-00-00 00:00:00'),
(175, 'Mohinder Singh', 'Bir Singh Arya', 'Govt. College of Yoga Education and Health, Sector- 23 , Chandigarh', 'Chandigarh', '201710311141114127454.PDF', '0000-00-00 00:00:00'),
(176, 'Parveen Kumar', 'Dev Raj', 'Baba Kundan Rural College of Education, Ludhiana', 'Ludhiana', '201710311144258266424.PDF', '0000-00-00 00:00:00'),
(177, 'Rajesh Kumar Sharma', 'Phool Singh Sharma', 'Govt. College of Arts, Sector- 10, Chandigarh', 'Chandigarh', '201710311145189762726.PDF', '0000-00-00 00:00:00'),
(178, 'Ranjeeta Jindal', 'Roshan Lal', 'Dev Samaj College of Education, Sector-36, Chandigarh', 'Chandigarh', '201711031539113822907.PDF', '0000-00-00 00:00:00'),
(179, 'Ruchira Sen', 'Tarit Kumar Sen', 'Sri Guru Gobind Singh College, Sector-26, Chandigarh', 'Chandigarh', '201711061047047258615.PDF', '0000-00-00 00:00:00'),
(180, 'Avtar Singh', 'Ram Singh', 'GTB National College, Dakha, Ludhiana', 'Ludhiana', '201711211021142696461.PDF', '0000-00-00 00:00:00'),
(181, 'Kamalpreet Singh', 'Sulakhan Singh', 'G.H.G Institute of Law for Women, Sidhwan Khurd, Ludhiana', 'Ludhiana', '201711211023113229251.PDF', '0000-00-00 00:00:00'),
(182, 'Stephy Khurana', 'Raj Khurana', 'Bhutta College of Education, Ludhiana', 'Ludhiana', '201712211029491273634.PDF', '0000-00-00 00:00:00'),
(183, 'Shubra Gupta', 'Chander Sehkhar', 'G.H.G. Khalsa College, gurusar Sadhar, Ludhiana', 'Ludhiana', '201712211033482299176.PDF', '0000-00-00 00:00:00'),
(184, 'Rozy Jain', 'Shri Pal Jain', 'Bajaj College, Ludhiana', 'Ludhiana', '201712211054301358789.PDF', '0000-00-00 00:00:00'),
(185, 'Anshu', 'Ashok Kumar Mittal', 'Khalsa College for Women, Civil Lines, Ludhiana', 'Ludhiana', '201712211057092122606.PDF', '0000-00-00 00:00:00'),
(186, 'Aanchal Arora', 'Narinder Arora', 'Khalsa College for Women, Civil Lines, Ludhiana', 'Ludhiana', '201712211108455493488.PDF', '0000-00-00 00:00:00'),
(187, 'Harpreet Kaur', 'Balwinder singh', 'Malwa College, Bondli, Samrala, Ludhiana', 'Ludhiana', '201712211110486218076.PDF', '0000-00-00 00:00:00'),
(188, 'Monika Kohli', 'R.K. Kohli', 'Malwa Colege, Bondli, Samrala, Ludhiana', 'Ludhiana', '201712211112076402584.PDF', '0000-00-00 00:00:00'),
(189, 'Alka Joshi', 'Dinesh Indu Raj', 'Partap Colege of Education, Ludhiana', 'Ludhiana', '201712211113438693088.PDF', '0000-00-00 00:00:00'),
(190, 'Jaswinder Kaur', 'Harjit singh', 'Khalsa College for Women, Civil Lines, Ludhiana', 'Ludhiana', '201712211124276407019.PDF', '0000-00-00 00:00:00'),
(191, 'Nirvair Singh', 'Amarjit Singh', 'Malwa College, Bondli, Samrala, Ludhiana', 'Ludhiana', '201712211128158168325.PDF', '0000-00-00 00:00:00'),
(192, 'Kamalpreet Kaur', 'Dhanwant Singh', 'Bhutta College of Education, Ludhiana', 'Ludhiana', '201712211129437522970.PDF', '0000-00-00 00:00:00'),
(193, 'Jaskiran Kaur', 'Jasbir Kaur', 'Bajaj College, Ludhiana', 'Ludhiana', '201712211132117040057.PDF', '0000-00-00 00:00:00'),
(194, 'Vineet Gupta', 'Suresh Kumar', 'G.H.G. Institute of Law for Women, Ludhiana', 'Ludhiana', '201712211133058632719.PDF', '0000-00-00 00:00:00'),
(195, 'Paramjeet Kaur', 'Bhagwant Singh', 'Govind National College, Narangwal, Ludhiana', 'Ludhiana', '201712211142241882230.PDF', '0000-00-00 00:00:00'),
(196, 'Ramandeep Kaur', 'Darshan Singh', 'Govind National College, Ludhiana', 'Ludhiana', '201712211144078155853.PDF', '0000-00-00 00:00:00'),
(197, 'Satwinder Kaur', 'Jaspal Singh', 'Shri Ram College, Dalla, Ludhiana', 'Ludhiana', '201712211145327877547.PDF', '0000-00-00 00:00:00'),
(198, 'Amritpal Singh', 'Jagpal Singh', 'G.M.T. College of Education, Ludhiana', 'Ludhiana', '201712211148137963488.PDF', '0000-00-00 00:00:00'),
(199, 'Yoshoda Chopra', 'Suresh Chopra', 'G.M.T. College of Education, Ludhiana', 'Ludhiana', '201712211201543353218.PDF', '0000-00-00 00:00:00'),
(200, 'Neeraj Kumar', 'Ravinder Kamar', 'MAlwa Central College of Education for Wmen, Civil Lines, Ludhiana', 'Ludhiana', '201712211207069496589.PDF', '0000-00-00 00:00:00'),
(201, 'Jaspreet Kaur', 'Hardeep Sngh', 'D.D. Jain Memorial College for Women, Ludhiana', 'Ludhiana', '201712211209007442044.PDF', '0000-00-00 00:00:00'),
(202, 'Shiwali Mittal', 'Pawan Kumar', 'D.D. Jain Memorial College for Women, Ludhiana', 'Ludhiana', '201712211210464130156.PDF', '0000-00-00 00:00:00'),
(203, 'Ranjeet Singh', 'Gurcharan Singh', 'Guru Nanak National College, Doraha, Ludhiana', 'Ludhiana', '201712211212178126408.PDF', '0000-00-00 00:00:00'),
(204, 'Amandeep Kaur', 'Karnail Singh', 'Sant Baba Bhag Singh Memorial Girls College, Sukhanand, Moga', 'Moga', '201712211214128570872.PDF', '0000-00-00 00:00:00'),
(205, 'Amit Raj', 'Siddheshwar Singh', 'Govt. M2dical College & Hospital, Sector 32, Chandigarh', 'Chandigarh', '201712211219587262776.PDF', '0000-00-00 00:00:00'),
(206, 'Iqbal Singh', 'Harpal Singh', 'Bhutta College of Education, Ludhiana', 'Ludhiana', '201712211524179083887.PDF', '0000-00-00 00:00:00'),
(207, 'Manpreet Kaur', 'Ajaib Singh', 'Govind National College, Narangwal, Ludhiana', 'Ludhiana', '201712211525368157408.PDF', '0000-00-00 00:00:00'),
(208, 'Harbhajan Lal', 'Mohinder Lal', 'J.D. College of Education, Sri Muktsar Sahib', 'Sri Muktsar Sahib', '201712211527176183692.PDF', '0000-00-00 00:00:00'),
(209, 'Manu Rani', 'Joginder Singh', 'Dev SAmaj College for Women, Sector-45, Chandigarh', 'Chandigarh', '201712211532316297866.PDF', '0000-00-00 00:00:00'),
(210, 'Aarti Sharma', 'Mahesh Kumar Sharma', 'Khalsa College for Women, Sidhwan Khurd, Ludhiana', 'Ludhiana', '201712211536096062439.PDF', '0000-00-00 00:00:00'),
(211, 'Gurmeet Singh', 'Gurmail Dass', 'Shri Ram College, Dalla, Ludhiana', 'Ludhiana', '201712211538392844768.PDF', '0000-00-00 00:00:00'),
(212, 'Kirandeep Kaur', 'Bhagwant Singh', 'SDP College for Women, Ludhiana', 'Ludhiana', '201712211541424247032.PDF', '0000-00-00 00:00:00'),
(213, 'Abhinav Kathuria', 'Vinod Kathuria', 'Guru Nanak College, Killianwali, Sri Muktsar Sahib', 'Sri Muktsar Sahib', '201712211543202139572.PDF', '0000-00-00 00:00:00'),
(214, 'Galaxy Gupta', 'Ashok Kumar', 'Guru Nanak College, Killianwali, Sri Muktsar Sahib', 'Sri Muktsar Sahib', '201712211546087286197.PDF', '0000-00-00 00:00:00'),
(215, 'Jagjeet Singh', 'Sukhdev Singh', 'Guru Gobind Singh College of Education, Sri Muktsar Sahib', 'Sri Muktsar Sahib', '201712211550401046371.PDF', '0000-00-00 00:00:00'),
(216, 'Jasreen Grewal', 'Sukhpal Singh Grewal', 'Dev Samaj College of Education, Sector 36, Chandigarh', 'Chandigarh', '201712221017042327719.PDF', '0000-00-00 00:00:00'),
(217, 'Deepak Dhawan', 'Brij Mohan', 'LRDAV College, Jagraon, Ludhiana', 'Ludhiana', '201712221018366734284.PDF', '0000-00-00 00:00:00'),
(218, 'Rekha Sood Handa', 'Hari Chand', 'Gopi Chand Arya Mahila College, Abohar', 'Abohar', '201712261539394081495.PDF', '0000-00-00 00:00:00'),
(219, 'B.C. Josan', 'Ram Chand Josan', 'DAV Post Graduate College, Sector-10, Chandigarh', 'Chandigarh', '', '0000-00-00 00:00:00'),
(220, 'Kulwinder Kaur', 'Sukhdev Raj', 'Guru Nanak College of Education, Gopalur, Ludhiana', 'Ludhiana', '201801021444154692441.PDF', '0000-00-00 00:00:00'),
(221, 'Divya Gupta', 'Pankaj Gupta', 'DAV College for Girls, Garshankar, Hoshiarpur', 'Hoshiarpur', '201801021520444079931.PDF', '0000-00-00 00:00:00'),
(222, 'Amandeep Singh', 'Karnail Singh', 'Sant Baba Bhag Singh Memorial Girls College, Sukhanand, Moga', 'Moga', '201801021521391552240.PDF', '0000-00-00 00:00:00'),
(223, 'Kulwinder Singh', 'Jaspal Singh', 'GHG Khalsa College, Gurusar Sudhar, Ludhiana', 'Ludhiana', '201801021523377719960.PDF', '0000-00-00 00:00:00'),
(224, 'Amrita Sahney', 'Arvind Sahney', 'Guru Nanak College of Education, Gopalpur, Ludhiana', 'Ludhiana', '201801021525005382661.PDF', '0000-00-00 00:00:00'),
(225, 'Kuldeep Chand', 'Jagdish Chand', 'GHG Khalsa College, Gurusar Sudhar', 'Ludhiana', '201801021526288160084.PDF', '0000-00-00 00:00:00'),
(226, 'Harpartap Singh', 'Kulwant Singh', 'MAharaja Ranjit Singh College, Malout, Muktsar', 'Muktsar', '201801021530117491510.PDF', '0000-00-00 00:00:00'),
(227, 'Davinder Pal Singh', 'Indarjit Singh', 'Siri Guru Har Rai Sahib College for Women, Chabbewal, Hoshiarpur', 'Hoshiarpur', '201801021531169260100.PDF', '0000-00-00 00:00:00'),
(228, 'Anu Lata', 'Joginder Singh', 'Dashmesh Girls College, Chak Alla Baksh, Hoshiarpur', 'Hoshiarpur', '201801021533154400166.PDF', '0000-00-00 00:00:00'),
(229, 'Tanpreet Kaur', 'Balbir Singh', 'Homeopathic Medical College & Hospital, Chandigarh', 'Chandigarh', '201801021535046861763.PDF', '0000-00-00 00:00:00'),
(230, 'Gagandeep Kaur', 'Jagdeep Singh', 'Dashmesh Khalsa College, Muktsar', 'Muktsar', '201801021536542679158.PDF', '0000-00-00 00:00:00'),
(231, 'Shashi Kant', 'Jagat Ram', 'GHG Khalsa College, Gurusar Sadhar', 'Ludhiana', '201801021556556588099.PDF', '0000-00-00 00:00:00'),
(232, 'Rachna', 'Bajinder', 'Waheguru College, Abohar', 'Fazilka', '201801021557431856019.PDF', '0000-00-00 00:00:00'),
(233, 'Upasna Sinha', 'Rabindra Kumar Sinha', 'Govt. Medical College & Hospital, Chandigarh', 'Chandigarh', '201801031108056488837.PDF', '0000-00-00 00:00:00'),
(234, 'Awadesh Kumar Pandey', 'Pratap Narain PAndey', 'Govt. Medical College & Hospital, Chandigarh', 'Chandigarh', '201801031120193316041.PDF', '0000-00-00 00:00:00'),
(235, 'Anand Gupta', 'Bhudev Gupta', 'Govt. Medical College & Hospital, Chandigarh', 'Chandigarh', '201801031122332503500.PDF', '0000-00-00 00:00:00'),
(236, 'Kislay Dimri', 'Chakra Dhar Dimri', 'Govt. Medical College & Hospital, Chandigarh', 'Chandigarh', '201801031123213991858.PDF', '0000-00-00 00:00:00'),
(237, 'Mahesh Chander', 'Devi Sahai', 'Govt. Medical College & Hospital, Chandigarh', 'Chandigarh', '201801031124026326179.PDF', '0000-00-00 00:00:00'),
(238, 'Vidur Bhalla', 'Suraj Bhalla', 'Govt. Medical College & Hospital, Chandigarh', 'Chandigarh', '201801031124476144346.PDF', '0000-00-00 00:00:00'),
(239, 'Sham Sunder Sharma', 'Amarnath', 'DAV College of Education, Hoshiarpur', 'Hoshiarpur', '201801031127324206699.PDF', '0000-00-00 00:00:00'),
(240, 'Mandeep Kaur', 'Parmjeet Singh', 'SPM Mukerian, Hoshiarpur', 'Hoshiarpur', '201801041622104552935.PDF', '0000-00-00 00:00:00'),
(241, 'Joginder Singh', 'Mall Singh', 'MBBGRGC B.Ed. Girls College of Education, Mansowal', 'Hoshiarpur', '201801081211001246407.PDF', '0000-00-00 00:00:00'),
(242, 'Parminder Kaur', 'Kundan Singh', 'SGGS Khalsa College, Mahilpur', 'Hoshiarpur', '201801081213022267083.PDF', '0000-00-00 00:00:00'),
(243, 'Madhu Gupta', 'Keemat Rai', 'Dev Samaj College for Women, Sector 45', 'Chandigarh', '201801081226503916639.PDF', '0000-00-00 00:00:00'),
(244, 'Rajni Sahota', 'Madan Lal', 'Guru Nanak National College, Doraha, Ludhiana', 'Ludhiana', '201801081229017779037.PDF', '0000-00-00 00:00:00'),
(245, 'Inderpreet Kaur', 'Narinderpal Singh', 'Khalsa College for Women, Civil Lines', 'Ludhiana', '201801081231198295679.PDF', '0000-00-00 00:00:00'),
(246, 'Rajinder Kumar', 'Om Parkash', 'Govind National College, Narangwal', 'Ludhiana', '201801081234062818191.PDF', '0000-00-00 00:00:00'),
(247, 'Devki', 'Vijay Kumar', 'GGN Khalsa College, Civil Lines, Ludhiana', 'Ludhiana', '201801081235557552983.PDF', '0000-00-00 00:00:00'),
(248, 'Gagandeep Kaur', 'Jasdev Singh', 'Khalsa College for Women, Sidhwan Khurd', 'Ludhiana', '201801081239438970439.PDF', '0000-00-00 00:00:00'),
(249, 'Satvir Kaur', 'Shamsher Singh', 'Bhutta College of Education, Bhutta', 'Ludhiana', '201801081241254478917.PDF', '0000-00-00 00:00:00'),
(250, 'Kanwaljit Kaur', 'Bhagwan Singh', 'GHG Khalsa College, Gurusar Sadhar', 'Ludhiana', '201801081243053929086.PDF', '0000-00-00 00:00:00'),
(251, 'Arvind Mittal', 'Hari Ganesh Mittal', 'Kamla Lohtia SD College, Ludhiana', 'Ludhiana', '201801081246051519220.PDF', '0000-00-00 00:00:00'),
(252, 'Avninder Kaur', 'Surjit Singh', 'Master Tara Singh Memorial College for Women, Ludhiana', 'Ludhiana', '201801081248129622303.PDF', '0000-00-00 00:00:00'),
(253, 'Ramandeep Singh', 'Jagjit Singh', 'LRDAV College, Jagraon', 'Ludhiana', '201801081249462269393.PDF', '0000-00-00 00:00:00'),
(254, 'Maninder Kaur', 'Sher Singh', 'Kamla Lothia SD College, Ludhiana', 'Ludhiana', '201801081252538787516.PDF', '0000-00-00 00:00:00'),
(255, 'Mandeep Singla', 'Romesh Kumar Singla', 'Govt. Medical College & Hospital, Sector-32', 'Chandigarh', '201801081256062094455.PDF', '0000-00-00 00:00:00'),
(256, 'Sharda Rani', 'Harpal Singh', 'A.S. College, Khanna, Ludhiana', 'Ludhiana', '201801231111544524209.PDF', '0000-00-00 00:00:00'),
(257, 'Kiran Walia', 'Harjit Singh', 'G.H.G. Khalsa College, Gurusar Sudhar', 'Ludhiana', '201801231112456527337.PDF', '0000-00-00 00:00:00'),
(258, 'Yashmin Sofat', 'Nirmal Prakash', 'A.S. College, Khanna', 'Ludhiana', '201801231113249118570.PDF', '0000-00-00 00:00:00'),
(259, 'Satvir Kaur', 'Gurmail Singh', 'Swami Ganga Giri JAnta Girls College, Raikot', 'Ludhiana', '201801231115428824720.PDF', '0000-00-00 00:00:00'),
(260, 'Yarwinder Singh Deol', 'Gurteg Singh Deol', 'A.S. College, Khanna', 'Ludhiana', '201801231116285140961.PDF', '0000-00-00 00:00:00'),
(261, 'Subhpreet Kaur', 'Ashwinder Pal Singh', 'G.H.G. Khalsa College, Gurusar Sadhar', 'Ludhiana', '201801231117206767208.PDF', '0000-00-00 00:00:00'),
(262, 'Kiran', 'Vijayveer Singh', 'G.H.G. Khalsa College, Gurusar Sadhar', 'Ludhiana', '201801231118067499934.PDF', '0000-00-00 00:00:00'),
(263, 'Poonam Pathak', 'Madan Lal Sharma', 'Khalsa College for Women, Civil Lines', 'Ludhiana', '201801231118567596659.PDF', '0000-00-00 00:00:00'),
(264, 'Varun Goel', 'Varinder Kaumar', 'L.R.D.A.V. College, Jagraon', 'Ludhiana', '201801231119393293777.PDF', '0000-00-00 00:00:00'),
(265, 'Ajay Kumar', 'Harminder Singh', 'G.H.G. Harprakash College of Education for Women, Sidhwan Khurd', 'Ludhiana', '201801231204019120115.PDF', '0000-00-00 00:00:00'),
(266, 'Amrita Saini', 'Pankaj Saini', 'Guru Gobind Singh Girls College, Gidderbaha', 'Sri Muktsar Sahib', '201801231205002606656.PDF', '0000-00-00 00:00:00'),
(267, 'Deepak Bansal', 'Ranvir Singh Bansal', 'Govt. Medical College & Hospital, Sector 32, Chandigarh', 'Chandigarh', '201801231233464556304.PDF', '0000-00-00 00:00:00'),
(268, 'Amarjit Kaur', 'Varinder Paul', 'Govind National College, Narangwal', 'Ludhiana', '201801231235266308798.PDF', '0000-00-00 00:00:00'),
(269, 'Amandeep Kaur Sandhu', 'Avtar Singh', 'Guru Nanak College, Killianwali', 'Sri Muktsar Sahib', '201801231237108599530.PDF', '0000-00-00 00:00:00'),
(270, 'Ranjeeta Jindal', 'Roshan Lal', 'Dev Samaj College of Education, Sector 36', 'Chandigarh', '201801231238042388409.PDF', '0000-00-00 00:00:00'),
(271, 'Disha', 'Jaspal Singh', 'A.S. College, Khanna', 'Ludhiana', '201801231238448106515.PDF', '0000-00-00 00:00:00'),
(272, 'Soneet Rani', 'Krishan Gopal', 'Swami Ganga Giri Janta Girls College, Raikot', 'Ludhiana', '201801231241488011828.PDF', '0000-00-00 00:00:00'),
(273, 'Anshu Sharma', 'Ved Praksah', 'Govt. Medical College & Hospital, Sector 32', 'Chandigarh', '201801231243563443541.PDF', '0000-00-00 00:00:00'),
(274, 'Suresh Kumar', 'Tara Chand', 'Govt. Medical College & Hospital, Sector-32', 'Chandigarh', '201801231244483914561.PDF', '0000-00-00 00:00:00'),
(275, 'Pallavi Suri', 'Kawaljeet Singh', 'Bajaj College, Chaukimann', 'Ludhiana', '201801241114139153268.PDF', '0000-00-00 00:00:00'),
(276, 'Nargis Dhillon', 'S.J. Chauhan', 'J.C.D.A.V. College, Dasuya', 'Hoshiarpur', '201801241142099948910.PDF', '0000-00-00 00:00:00'),
(277, 'Anil Kalsi', 'Harbhagwan Kalsi', 'SGGS Khalsa College, Mahilpur', 'Hoshiarpur', '201801241143417520422.PDF', '0000-00-00 00:00:00'),
(278, 'Narinderjit Singh', 'Dharam Singh', 'J.C.D.A.V.  College, Dasuya', 'Hoshiarpur', '201801241146003103442.PDF', '0000-00-00 00:00:00'),
(279, 'Rachhpal Singh', 'Shivdev Singh', 'G.H.G. Khalsa College of Education, Gurusar Sadhar', 'Ludhiana', '201801241147121967463.PDF', '0000-00-00 00:00:00'),
(280, 'Rakesh Kumar', 'Rajinder Pal', 'J.C.D.A.V. College, Dasuya', 'Hoshiarpur', '201801241148242758406.PDF', '0000-00-00 00:00:00'),
(281, 'Kanchan', 'Mohal Lal', 'SGGS Khalsa College, Mahilpur', 'Hoshiarpur', '201801241149159565675.PDF', '0000-00-00 00:00:00'),
(282, 'Anu Bajaj', 'Mohinder Pal', 'J.C.D.A.V. College, Dasuya', 'Hoshiarpur', '201801241149584707606.PDF', '0000-00-00 00:00:00'),
(283, 'Gurpeet Kaur', 'Karnail Singh', 'Sadbhavna College of Education for Women, Raikot', 'Ludhiana', '201801241151128015031.PDF', '0000-00-00 00:00:00'),
(284, 'Davinder Kumar Thakur', 'Surinder Kumar', 'SGGS Khalsa College, Mahilpur', 'Hoshiarpur', '201801241153145924359.PDF', '0000-00-00 00:00:00'),
(285, 'Tara Devi', 'Jawahar Singh', 'SGGS Khalsa College, Mahilpur', 'Hoshiarpur', '201801241154029390388.PDF', '0000-00-00 00:00:00'),
(286, 'Hardeep Kaur', 'Sukhdev Singh', 'B.C.M. College of Education, Sector 32 A/ Urban Estate', 'Ludhiana', '201801251533253929276.PDF', '0000-00-00 00:00:00'),
(287, 'Sonika Dhiman', 'Tilak Raj', 'Sant Baba Hari Singh MEmorial Khalsa College of Education, Mahilpur', 'Hoshiarpur', '201801251536024647352.PDF', '0000-00-00 00:00:00'),
(288, 'Isha Narang', 'Ashok Narang', 'Bajaj College, Chaukimann', 'Ludhiana', '201801251538383634332.PDF', '0000-00-00 00:00:00'),
(289, 'Ashish Bajaj', 'Gurdass Bajaj', 'Bajaj College, Chaukimann', 'Ludhiana', '201801251540037956492.PDF', '0000-00-00 00:00:00'),
(290, 'Aksahdeep Kaur', 'Jagraj Singh', 'Khalsa College for Women, Sidhwan Khurd', 'Ludhiana', '201801251540563724777.PDF', '0000-00-00 00:00:00'),
(291, 'Amita Khosla', 'Prem Khosla', 'BCM College of Education, Sector 32/A, Urban Estate', 'Ludhiana', '201801251541448838261.PDF', '0000-00-00 00:00:00'),
(292, 'Parwinder Pal Kaur', 'Surjit Singh Saini', 'BCM College of Education, Sector 32/A, Urban Estate', 'Ludhiana', '201801251542576950681.PDF', '0000-00-00 00:00:00'),
(293, 'Vishavpreet Kaur', 'Amrik Singh', 'BCM College of Education, Sector 32/A, Urban Estate', 'Ludhiana', '201801251543383014843.PDF', '0000-00-00 00:00:00'),
(294, 'Kanwal Preet', 'Darshan Singh', 'BCM College of Education, Sector 32/A, Urban Estate', 'Ludhiana', '201801251553198174517.PDF', '0000-00-00 00:00:00'),
(295, 'Surjit Kumar', 'Rajpal', 'Arjan Dass College, Dharamkot', 'Moga', '201801251553587880361.PDF', '0000-00-00 00:00:00'),
(296, 'Ramandeep', 'Ram Chand Bajaj', 'BCM College of Education, Sector 32/A, Urban Estate', 'Ludhiana', '201801251554304889385.PDF', '0000-00-00 00:00:00'),
(297, 'Rupinder Kaur', 'Amritpal singh', 'A.S. College of Education, Kalal Majra', 'Ludhiana', '201801251555398778376.PDF', '0000-00-00 00:00:00'),
(298, 'Seema Kaushal', 'Jatinder Pal Kaushal', 'Ramgarhiya Girls College, Miller Ganj', 'Ludhiana', '201801251556563372777.PDF', '0000-00-00 00:00:00'),
(299, 'Sukhjitpal Kaur', 'Sukhdev Singh', 'GHG Khalsa College of Education, Gurusar Sadhar', 'Ludhiana', '201801251558286938564.PDF', '0000-00-00 00:00:00'),
(300, 'Virender Kumar', 'Teg Singh', 'SGGS Khalsa College, Mahilpur', 'Ludhiana', '201801251559184221253.PDF', '0000-00-00 00:00:00'),
(301, 'Navdeep Kaur', 'Harmesh Lal', 'SGGS Khalsa College, Mahilpur', 'Hoshiarpur', '201801251600482606198.PDF', '0000-00-00 00:00:00'),
(302, 'Niharika Sharma', 'Raman Kumar Sharma', 'SGGS Khalsa College, Mahilpur', 'Hoshiarpur', '201801251603271227358.PDF', '0000-00-00 00:00:00'),
(303, 'Ranjit Singh', 'Tara Singh', 'GMT College of Education', 'Ludhiana', '201801251604394081818.PDF', '0000-00-00 00:00:00'),
(304, 'Nikhil Sood', 'Pardeep Sood', 'Bajaj College, Chukimann', 'Ludhiana', '201801251605225531171.PDF', '0000-00-00 00:00:00'),
(305, 'Prabhleen Kaur', 'Harbhajan Singh', 'BCM College of Education, Sector 32/A, Urban Estate', 'Ludhiana', '201801251606022618685.PDF', '0000-00-00 00:00:00'),
(306, 'Gurjeet Kaur', 'Surinder Singh', 'GMT College of Education, Ludhiana', 'Ludhiana', '201801291503476539714.PDF', '0000-00-00 00:00:00'),
(307, 'Rajni Kant Sharma', 'Krishan Kumar', 'A.S. College, Khanna', 'Ludhiana', '201801291506553519321.PDF', '0000-00-00 00:00:00'),
(308, 'Rajan Manro', 'Ram Praksh Manro', 'A.S. College, Khanna', 'Ludhiana', '201801291507321275405.PDF', '0000-00-00 00:00:00'),
(309, 'Surinder Kaur', 'Netar Singh', 'Mata Ganga Khalsa College for Girls, Kottan', 'Ludhiana', '201801291508286393175.PDF', '0000-00-00 00:00:00'),
(310, 'Jaskiran Kaur', 'Daljeet Singh Dayal', 'Babe-ke-College of Education, Daudhar', 'Moga', '201801291509183407185.PDF', '0000-00-00 00:00:00'),
(311, 'Manminder Kaur', 'Joginder Singh', 'BCM College of Education, Sector 32', 'Ludhiana', '201801291510183736185.PDF', '0000-00-00 00:00:00'),
(312, 'Sangeeta', 'Ram Ji Dass', 'BCM College of Education, Sector 32', 'Ludhiana', '201801291511297529910.PDF', '0000-00-00 00:00:00'),
(313, 'Harkanwal Kaur', 'Bhajan Singh', 'Shri Guru Ram Das College of Education, Halwara, Ludhiana', 'Ludhiana', '201804041027084910997.PDF', '0000-00-00 00:00:00'),
(314, 'Satveer Kaur', 'Gulzar Singh', 'G.H.G. Khalsa College of Education, Gurusar Sadhar, Ludhiana', 'Ludhiana', '201804041028478693323.PDF', '0000-00-00 00:00:00'),
(315, 'Neerja', 'Madan Lal', 'Swami Ganga Giri Janta Girls College, Raikot', 'Ludhiana', '201804041030244740829.PDF', '0000-00-00 00:00:00'),
(316, 'Tarnjit Kaur', 'Balwant Singh', 'Mata Baljinder Kaur MEmorial Kaler International College, Samadh Bhai', 'Moga', '201804041032342637457.PDF', '0000-00-00 00:00:00'),
(317, 'Baljit Kaur', 'Mewa Singh', 'Govt. College for Women, Ludhiana', 'Ludhiana', '201804041033438243752.PDF', '0000-00-00 00:00:00'),
(318, 'Gurjeet Kaur', 'Sukhdev Singh', 'Bajaj College, Chaukimann, Ferozepur road, Ludhiana', 'Ludhiana', '201804041036013497052.PDF', '0000-00-00 00:00:00'),
(319, 'Ankit', 'Tarsem Pal', 'GMT College of Education, Jalandhar Bupass Chowk, Ludhiana', 'Ludhiana', '201804041037389348163.PDF', '0000-00-00 00:00:00'),
(320, 'Pooja Verma', 'Shyam Lal Verma', 'GMT College of Education, Jalandhar Bypass chowk, Ludhiana', 'Ludhiana', '201804041038566114045.PDF', '0000-00-00 00:00:00'),
(321, 'Simran Jot Singh', 'Surinder Singh', 'Bajaj College, Chaukimann, Ferozepur Road', 'Ludhiana', '201804041039596171878.PDF', '0000-00-00 00:00:00'),
(322, 'Kuljit Kaur', 'Virpal Singh', 'Khalsa Cllege for Women, Sidhwan Khurd', 'Ludhiana', '201804041041001386444.PDF', '0000-00-00 00:00:00'),
(323, 'Gagandeep Aulakh', 'Kuldip Singh Aulakh', 'Khalsa College for Women, Sidhwan Khurd', 'Ludhiana', '201804041042033073702.PDF', '0000-00-00 00:00:00'),
(324, 'Neeru Bala', 'Krishan Lal', 'Khalsa College for Women, Sidhwan Khurd', 'Ludhiana', '201804041054509590747.PDF', '0000-00-00 00:00:00'),
(325, 'Rajni', 'Valaiti Lal', 'Khalsa College for Women, Sidhwan Khurd', 'Ludhiana', '201804041056052815510.PDF', '0000-00-00 00:00:00'),
(326, 'Subhash Das', 'Lakshewar Das', 'Govt. Medical College & Hospital, Sector-32', 'Chandigarh', '201804041504152110743.PDF', '0000-00-00 00:00:00'),
(327, 'Manpreet Kaur', 'Kuldip Singh', 'SGGS Khalsa College, Mahilpur', 'Hoshiarpur', '201804041252328863056.PDF', '0000-00-00 00:00:00'),
(328, 'Parminder Kaur', 'Satpal', 'SDP College for Women, Ludhiana', 'Ludhiana', '201804041254256515595.PDF', '0000-00-00 00:00:00'),
(329, 'Hushanjeet Kaur', 'Gurmeet Singh', 'A.S. College for Women, Khanna, Ludhiana', 'Ludhiana', '201804041301083358237.PDF', '0000-00-00 00:00:00'),
(330, 'Reeta Arora', 'Om Prakash Arora', 'Sant Darbara Singh College of Education for Women, Lopon', 'Moga', '201804041303443251982.PDF', '0000-00-00 00:00:00'),
(331, 'Paramjit Singh', 'Gurmail Singh', 'Gujranwala Guru Nanak Khalsa College, Civil Lines', 'Ludhiana', '201804041305162242625.PDF', '0000-00-00 00:00:00'),
(332, 'Arwinder Kaur', 'Varinder Singh', 'Babbar Akali Memorial Khalsa College, Garshankar', 'Hoshiarpur', '201804041306256650698.PDF', '0000-00-00 00:00:00'),
(333, 'Anuradha', 'Shakti Kumar', 'Sant Hari Singh Memorial College for Women, Chella-Makhsuspur', 'Hoshiarpur', '201804041307392357330.PDF', '0000-00-00 00:00:00'),
(334, 'Gurinder Kaur Dhaliwal', 'Kashmiri Lal', 'Doraha College of Education, Doraha', 'Ludhiana', '201804041309576710419.PDF', '0000-00-00 00:00:00'),
(335, 'Simranjeet Kaur', 'Joginder Singh', 'G.H.G. Institute of Law for Women, Sidhwan Khurd', 'Ludhiana', '201804041313106363469.PDF', '0000-00-00 00:00:00'),
(336, 'Baljodh Singh', 'Sukhwant Singh', 'SGGS Khalsa College, Mahilpur', 'Hoshiarpur', '201804041314135975941.PDF', '0000-00-00 00:00:00'),
(337, 'Gagandeep Kaur', 'Daljit Singh', 'GTB Khalsa College of Education, Dasuya', 'Hoshiarpur', '201804041315441000300.PDF', '0000-00-00 00:00:00'),
(338, 'Mandeep Kaur', 'Piara Singh', 'Guru Nanak College of Education, Gopalpur', 'Ludhiana', '201804041316397690457.PDF', '0000-00-00 00:00:00'),
(339, 'Harinder Kaur', 'Jagtar Singh', 'Siri Guru Har Rai Sahib Colege for Women, Chabbewal', 'Hoshiarpur', '201804041428562207677.PDF', '0000-00-00 00:00:00'),
(340, 'Taranjit Kaur', 'Balwant Singh', 'Mata Baljinder Kaur Memorial Kaler International College, Samadh Bhai', 'Moga', '201804041431287805440.PDF', '0000-00-00 00:00:00'),
(341, 'Dalvir Kaur', 'Satvinder Singh', 'Siri Guru Har Rai Sahib College for Women, Chabbewal', 'Hoshiarpur', '201804041439183559329.PDF', '0000-00-00 00:00:00'),
(342, 'Navdeep Kaur', 'Jagdish Lal', 'Sai Colege of Education, Sardulapur', 'Hoshiarpur', '201804041441013507221.PDF', '0000-00-00 00:00:00'),
(343, 'Manjeet Kaur', 'Satnam Singh', 'Sai Colege of Education, Sardulapur', 'Hoshiarpur', '201804041441545098521.PDF', '0000-00-00 00:00:00'),
(344, 'Monika Rani', 'Harbhajan Singh', 'Sai College of Education, Sardulapur', 'Hoshiarpur', '201804041443197911517.PDF', '0000-00-00 00:00:00'),
(345, 'Ramandeep Kaur', 'Malkeet Singh', 'Siri Guru Har Rai Sahib College for Women, Chabbwal', 'Hoshiarpur', '201804041444342460936.PDF', '0000-00-00 00:00:00'),
(346, 'Sumeli', 'Sohan Lal', 'Guru Teg Bahadur Khalsa College for Women, Dasuya', 'Hoshiarpur', '201804041446409417812.PDF', '0000-00-00 00:00:00'),
(347, 'Deepika', 'Raj Kumar', 'Babbar Akali Memorial Khalsa College, Garhshankar', 'Hoshiarpur', '201804041447558174423.PDF', '0000-00-00 00:00:00'),
(348, 'Sanjay Chandwani', 'Chander Kumar', 'Sadhbhavana College of Education for Women, Raikot', 'Ludhiana', '201804041449046692925.PDF', '0000-00-00 00:00:00'),
(349, 'Kanika', 'Vinay Kumar', 'Sai Colege of Education, Sardulapur', 'Hoshiarpur', '201804041449536062546.PDF', '0000-00-00 00:00:00'),
(350, 'Amandeep Kaur', 'Karnail Singh', 'Sant Baba Bhag Singh Memorial Girls College, Sukhanand', 'Moga', '201804041452551338425.PDF', '0000-00-00 00:00:00'),
(351, 'Baljit Kaur', 'Mewa Singh', 'Govt. College for Women, Rakh Bagh', 'Ludhiana', '201804041457503236936.PDF', '0000-00-00 00:00:00'),
(352, 'Amritpal Kaur', 'Manjeet Singh', 'Doraha College of Education, Doraha', 'Ludhiana', '201804041500151428995.PDF', '0000-00-00 00:00:00'),
(353, 'Jasminder Singh', 'Tarlochan Singh', 'Swami Premanand Mahavidyalya, Mukerian', 'Hoshiarpur', '201804041501368638032.PDF', '0000-00-00 00:00:00'),
(354, 'Ashok Chaudhary', 'Kashmir Singh', 'Swami Premanand Mahavidyalaya, Mukerian', 'Hoshiarpur', '201804041505514456373.PDF', '0000-00-00 00:00:00'),
(355, 'Harpreet Kaur', 'Avtar Singh', 'MAta Bljinder Kaur Memorial Kaler International College, Samad Bhai', 'Moga', '201804041510449523915.PDF', '0000-00-00 00:00:00'),
(356, 'Rakesh Kumar', 'Bakshi Ram', 'SGGS Khalsa College, Mahilpur', 'Hoshiarpur', '201804051054348911456.PDF', '0000-00-00 00:00:00'),
(357, 'Onika', 'Darshan Lal', 'Shri Guru Ram Das College of Education, Ludhiana', 'Ludhiana', '201804051056147428189.PDF', '0000-00-00 00:00:00'),
(358, 'Inderpreet', 'Gurcharan Singh', 'R.S.D. College, Ferozepur', 'Ferozepur', '201804051057299622150.PDF', '0000-00-00 00:00:00');
INSERT INTO `approval_letters` (`Letter_Id`, `Name`, `Father_Name`, `College_Name`, `City`, `File`, `Add_Date`) VALUES
(359, 'Saroj Devi', 'Girdhari Lal', 'Sai Colege of Education, Sardulapur', 'Hoshiarpur', '201804051058287622802.PDF', '0000-00-00 00:00:00'),
(360, 'Rabia Sharma', 'Mool Raj Sharma', 'Babbar Akali Memorial Khalsa College, Garhshankar', 'Hoshiarpur', '201804051059411510177.PDF', '0000-00-00 00:00:00'),
(361, 'Surinder Kumar', 'Des Raj', 'Waheguru College, Abohar', 'Abohar', '201804051131321702895.PDF', '0000-00-00 00:00:00'),
(362, 'Deepika Sharma', 'Shiv Kumar Sharma', 'Swami Premanand Mahavidyala, Mukerian', 'Hoshiarpur', '201804051133096657375.PDF', '0000-00-00 00:00:00'),
(363, 'Sukhpal Singh', 'Tarlochan  Singh', 'Swami Premannad Mahavidyalaya, Mukerian', 'Hoshiarpur', '201804051134182746213.PDF', '0000-00-00 00:00:00'),
(364, 'Pratibha Chauhan', 'K.L. Chauhan', 'SGGS Khalsa College, Mahilpur', 'Hoshiarpur', '201804051135183310229.PDF', '0000-00-00 00:00:00'),
(365, 'Anil Kumar Taneja', 'Des Raj Taneja', 'GMT College of Education, Ludhiana', 'Ludhiana', '201804051136416005142.PDF', '0000-00-00 00:00:00'),
(366, 'Manwinderjit Kaur', 'Balkar Singh', 'G.T.B. Khalsa College of Education, Dasuya', 'Hoshiarpur', '201804051137547150202.PDF', '0000-00-00 00:00:00'),
(367, 'Shilpy Arora', 'Bishamber Wadhwa', 'A.S. College of eduation, Kalal Majra, Khanna', 'Ludhiana', '201804261102369516118.PDF', '0000-00-00 00:00:00'),
(368, 'Sarbjit', 'Atta Mohammod', 'DAV College of Education, Hoshiarpur', 'Hoshiarpur', '201804051141191321873.PDF', '0000-00-00 00:00:00'),
(369, 'Samdeep Kaur', 'Bakshi Ram', 'Guru Nanak College of Education, Gopalpur', 'Ludhiana', '201804051148174209439.PDF', '0000-00-00 00:00:00'),
(370, 'Ranju Bala', 'Amarjeet Singh', 'G.T.B. Khalsa College of Education, Dasuya', 'Hoshiarpur', '201804051149126623071.PDF', '0000-00-00 00:00:00'),
(371, 'Nirmal Singh', 'Boota Singh', 'Mata Baljinder Kaur Memorial KAler International College, Moga', 'Moga', '201804051150168517595.PDF', '0000-00-00 00:00:00'),
(372, 'Kulbir Singh', 'Surinder Singh', 'G.H.G. Khalsa College, Gurusar Sadhar', 'Ludhiana', '201804051153258718074.PDF', '0000-00-00 00:00:00'),
(373, 'Atul Kumar', 'Prakash Chand Bhardwaj', 'DAV College, Hoshiarpur', 'Hoshiarpur', '201804051154539357898.PDF', '0000-00-00 00:00:00'),
(374, 'Sarasvatas', 'Virender Kumar', 'S.D.P. College for Women, Ludhiana', 'Ludhiana', '201804051156177870197.PDF', '0000-00-00 00:00:00'),
(375, 'Baljinder Singh', 'Ramjit Singh', 'G.H.G. Khalsa College, Gurusar Sadhar', 'Ludhiana', '201804051157247397683.PDF', '0000-00-00 00:00:00'),
(376, 'Seema Rani', 'Jagdish Raj', 'Guru Teg Bahadur Khalsa College of Education. Dasuya', 'Hoshiarpur', '201804051158346576123.PDF', '0000-00-00 00:00:00'),
(377, 'Rajni Ratti', 'Virinder Kumar Ratti', 'SGGS Khalsa College, Mahilpur', 'Hoshiarpur', '201804051159281080482.PDF', '0000-00-00 00:00:00'),
(378, 'Poonam Devi', 'Mohan Lal', 'Guru Teg Bahadur Khalsa College of Education, Dasuya', 'Hoshiarpur', '201804051200409711044.PDF', '0000-00-00 00:00:00'),
(379, 'Akwinder Kaur', 'Balvir Singh', 'A.S. College for Women, Khanna', 'Ludhiana', '201804051214255818580.PDF', '0000-00-00 00:00:00'),
(380, 'Kamalpreet Singh', 'Sulakhan Singh', 'A.s. college for Women, Khanna', 'Ludhiana', '201804051215408268199.PDF', '0000-00-00 00:00:00'),
(381, 'Rajendra Prasad', 'Prahlad', 'SGGS Khalsa College, Mahilpur', 'Hoshiarpur', '201804051216473104315.PDF', '0000-00-00 00:00:00'),
(382, 'Mohit Goel', 'Darshan Kumar', 'Homeopathic Medical College & Hospital, Sector 26, Chandigarh', 'Chandigarh', '201804051217481761051.PDF', '0000-00-00 00:00:00'),
(383, 'Sukhjinder Kaur', 'Darshan Singh', 'MAta Sahib Kaur Girls College, Talwandi Bhai', 'Ferozepur', '201804060949155663412.PDF', '0000-00-00 00:00:00'),
(384, 'Paramjit Singh', 'Krishna', 'Goverment College, Hoshiarpur', 'Hoshiarpur', '201804060951406495570.PDF', '0000-00-00 00:00:00'),
(385, 'Arjun Dass', 'Mani Ram', 'Govt. Medical College  & Hospital, Sector 32', 'Chandigarh', '201804060952253496179.PDF', '0000-00-00 00:00:00'),
(386, 'Rajni', 'Sant Ram', 'S.D. College for Women, Moga', 'Moga', '201804060952574002166.PDF', '0000-00-00 00:00:00'),
(387, 'Manpreet Singh', 'Mohinder Pal Singh', 'Bajaj College, Ludhiana', 'Ludhiana', '201804100936233539740.PDF', '0000-00-00 00:00:00'),
(388, 'Swaran Singh', 'Khanda Singh', 'Sri Guru Ram Das College of Education, Halwara , Ludhiana', 'Ludhiana', '201804100939239523111.PDF', '0000-00-00 00:00:00'),
(389, 'Karamjeet Kaur', 'Malook Singh', 'Guru Nanak College of Education, Gopalpur', 'Ludhiana', '201804101200498912805.PDF', '0000-00-00 00:00:00'),
(390, 'Parmveer Singh', 'Amrik Singh', 'Nightingale College of Education, Narangwal', 'Ludhiana', '201804101202409099315.PDF', '0000-00-00 00:00:00'),
(391, 'Pardeep Kumar', 'Prem Chander Das', 'Shri Guru Ram Das College of Education, Halwara', 'Ludhiana', '201804101233271967332.PDF', '0000-00-00 00:00:00'),
(392, 'Rakesh Kumar', 'Bakshi Ram', 'SGGS Khalsa College, Mahilpur', 'Hoshiarpur', '201804101236063866179.PDF', '0000-00-00 00:00:00'),
(393, 'Priyanka Dhingra', 'Madan Lal Dhingra', 'Nightingala College of Education, Narangwal', 'Ludhiana', '201804101236541176251.PDF', '0000-00-00 00:00:00'),
(394, 'Abha Mehta', 'Vijay Kumar', 'A.S. College, Khanna', 'Ludhiana', '201804171240051348987.PDF', '0000-00-00 00:00:00'),
(395, 'Khushboo', 'Lekh Raj Minhas', 'Khalsa College, Gardhiwala, Hoshiarpur', 'Hoshiarpur', '201804191514051981199.PDF', '0000-00-00 00:00:00'),
(396, 'Jaspreet Kaur', 'Amar Dev Singh', 'Khalsa College, Gardhiwala', 'Hoshiarpur', '201804191514502968801.PDF', '0000-00-00 00:00:00'),
(397, 'Parveen Rani', 'Kundan Lal', 'Sant Darbara Singh College for Women, Moga', 'Moga', '201804201602242848956.PDF', '0000-00-00 00:00:00'),
(398, 'Kamaljit Singh', 'Jaswant Singh', 'MAta Sahib Kaur Girls College, Talwandi Bhai, Ferozepur', 'Ferozepur', '201804241039432040569.PDF', '0000-00-00 00:00:00'),
(399, 'Ramandeep Kaur', 'Rajan Vohra', 'Satyam College of Education, Ferozepur Road', 'Moga', '201804301523322840399.PDF', '0000-00-00 00:00:00'),
(400, 'Kiran Deep', 'Kala Ram', 'H.K.L. College of Education, Guruharsahai ,Ferozepur', 'Ferozepur', '201805041219008345571.PDF', '0000-00-00 00:00:00'),
(401, 'Ramneek Kaur', 'Gurmail Singh', 'Dev Samaj College for Women, Ferozepur City', 'Ferozepur', '201805041220061204265.PDF', '0000-00-00 00:00:00'),
(402, 'Amit Goyal', 'Sadhu Ram', 'G.G.D.S.D.  College, Sector-32, Chandigarh', 'Chandigarh', '201805041222085433140.PDF', '0000-00-00 00:00:00'),
(403, 'Manjeet Kaur', 'Gurjant Singh', 'J.D. College of Education, Bathinda Road, Sri Muktsar Sahib.', 'Sri Muktsar Sahib', '201805041223128305822.PDF', '0000-00-00 00:00:00'),
(404, 'Nishant Juneja', 'M.R. Juneja', 'Dev Samaj College for Women, Ferozepur City', 'Ferozepur', '201805041224211785771.PDF', '0000-00-00 00:00:00'),
(405, 'Amarjot Purewal', 'Daljit Singh', 'SD College for women, 3, Jawahar Nagar, Moga', 'Moga', '201805041227067217333.PDF', '0000-00-00 00:00:00'),
(406, 'Anjana Rani', 'Avinash Chander', 'DAV College of Education, Abohar', 'Abohar', '201805041228037429333.PDF', '0000-00-00 00:00:00'),
(407, 'Sushila Devi', 'Rai Singh', 'DAV College of Education, Abohar', 'Abohar', '201805041232562233585.PDF', '0000-00-00 00:00:00'),
(408, 'Sanjeev Raj', 'Satya Prakash', 'H.K.L. College of Education, Guruharsahai ,Ferozepur', 'Ferozepur', '201805041234371008381.PDF', '0000-00-00 00:00:00'),
(409, 'Amandeep Kaur', 'Bachan Singh', 'R.S.D. College ,Ferozepur City,Ferozepur', 'Ferozepur', '201805041235382250318.PDF', '0000-00-00 00:00:00'),
(410, 'Arashdeep Singh', 'Baz Singh', 'DAV College of Education, Abohar', 'Abohar', '201805041237103919414.PDF', '0000-00-00 00:00:00'),
(411, 'Amrinder Kaur', 'Des Raj', 'Dashmesh Girls College, Chak Alla Baksh, Hoshiarpur', 'Hoshiarpur', '201805041238048229785.PDF', '0000-00-00 00:00:00'),
(412, 'Balraj Kaur', 'Satnam Singh', 'Guru Nanak College of Education, Gopalpur, Ludhiana', 'Ludhiana', '201807131024435319463.pdf', '0000-00-00 00:00:00'),
(413, 'Namita Barman', 'Kabi Prasad Barman', 'S.D. College for Woemn, Jawahar Nagar', 'Moga', '201807131025341820464.pdf', '0000-00-00 00:00:00'),
(414, 'Rishu', 'Vijay Kumar', 'MCM DAV College for Women', 'Chandigarh', '201807171544426355244.pdf', '0000-00-00 00:00:00'),
(415, 'Lovepreet Kaur', 'Bachitter Singh', 'Sant Baba Bhag Singh Memorial Girls College of Eduation, Sukhanand, Moga', 'Moga', '201807171546046448513.pdf', '0000-00-00 00:00:00'),
(416, 'Ashish Baghla', 'Om Prakash Baghla', 'Guru Nanak College, Killianwali', 'Sri Muktsar Sahib', '201807171547432533109.pdf', '0000-00-00 00:00:00'),
(417, 'Deepika', 'Inderjit Kapoor', 'Guru Nanak College, Killianwali', 'Sri Muktsar Sahib', '201807171549486742846.pdf', '0000-00-00 00:00:00'),
(418, 'Arshdeep Kaur', 'Gurdarshan Singh', 'Sant Baba Bhag Singh Memorial Girls College of Education, Sukhanand', 'Moga', '201807171551387690502.pdf', '0000-00-00 00:00:00'),
(419, 'Harpreet Kaur', 'Joginder singh', 'Mata Sahib Kaur Girls College, Talwandi Bhai', 'Ferozepur', '201808031014509834344.pdf', '0000-00-00 00:00:00'),
(420, 'Harpreet Kaur', 'Joginder singh', 'Mata Sahib Kaur Girls College, Talwandi Bhai', 'Ferozepur', '201807171557496565764.pdf', '0000-00-00 00:00:00'),
(421, 'Parveen Kumar', 'Bijender Singh', 'Guru Nanak College, Killianwali', 'Sri Muktsar Sahib', '201807171558358158928.pdf', '0000-00-00 00:00:00'),
(422, 'Gurpreet Kaur', 'Amar Singh', 'Sant Baba Bhag Singh Memorial Girls College of Education, Sukhanand', 'Moga', '201807171600118358203.pdf', '0000-00-00 00:00:00'),
(423, 'Amandeep Kaur', 'Sukhbir Singh', 'MCM Dav College for Women, Sector 36', 'Chandigarh', '201807171601283772959.pdf', '0000-00-00 00:00:00'),
(424, 'Megha Dua', 'Harish Dua', 'S.D. College, Hoshiarpur', 'Hoshiarpur', '201807171603089501752.pdf', '0000-00-00 00:00:00'),
(425, 'Vipan Kumar', 'Hari Dutt', 'S.D. College, Hoshiarpur', 'Hoshiarpur', '201807171604252562453.pdf', '0000-00-00 00:00:00'),
(426, 'Sukhwinder Singh', 'Manjit Singh', 'Malwa Central College of Education for Women, Civil Lines', 'Ludhiana', '201807171606163417059.pdf', '0000-00-00 00:00:00'),
(427, 'Anupriya Jain', 'Abhay Kumar Jain', 'Gujranwala Guru Nanak Khalsa College, Civil Lines, Ludhiana', 'Ludhiana', '201807171607451503906.pdf', '0000-00-00 00:00:00'),
(428, 'Jaya Chawla', 'Sukhdev Raj', 'Malwa Central College of Education for Women, Civil Lines', 'Ludhiana', '201807171631443005254.pdf', '0000-00-00 00:00:00'),
(429, 'Pawan Kumar', 'Sukhendera Pal Singh', 'Guru Nanak College of Education, Dalewal', 'Hoshiarpur', '201807171633315509303.pdf', '0000-00-00 00:00:00'),
(430, 'Deepika Thalia', 'Bihari Lal Thalia', 'S.D. College Hoshiarpur', 'Hoshiarpur', '201807171634489709461.pdf', '0000-00-00 00:00:00'),
(431, 'Pooja', 'Rattan Lal', 'S.D. College, Hoshiarpar', 'Hoshiarpur', '201807171636276981758.pdf', '0000-00-00 00:00:00'),
(432, 'Jyoti Verma', 'Kewal Krishan', 'DIPS College of Education, Rarra- Morr- Jalalpur, Urmar Tanda, Dasuya', 'Hoshiarpur', '201807171640446920809.pdf', '0000-00-00 00:00:00'),
(433, 'Leetika', 'Harish Kumar', 'MCM DAV College for Women, Sector 36', 'Chandigarh', '201807181018357548850.pdf', '0000-00-00 00:00:00'),
(434, 'Sonica', 'Rajinder Kumar', 'MCM DAV College for Women, Sector 36 A', 'Chandigarh', '201807181121329357212.pdf', '0000-00-00 00:00:00'),
(435, 'Manjot Kaur', 'Narinder Singh', 'MCM DAV College for Women, Sector 36 A', 'Chandigarh', '201807181122295634441.pdf', '0000-00-00 00:00:00'),
(436, 'Nidhi Tanwar', 'Surinder Tanwar', 'MCM DAV College for Women, Sector 36 A', 'Chandigarh', '201807181124519050129.pdf', '0000-00-00 00:00:00'),
(437, 'Nisha Sharma', 'Shadi Lal Sharma', 'MCM DAV College for Women, Sector 36 A', 'Chandigarh', '201807181125574430095.pdf', '0000-00-00 00:00:00'),
(438, 'Isha', 'Vinod Kumar', 'S.D. College, Hoshiarpur', 'Hoshiarpur', '201807181127177097648.pdf', '0000-00-00 00:00:00'),
(439, 'Gurcharan Singh', 'Amarjit Singh', 'S.D. college, Hoshiarpur', 'Hoshiarpur', '201807181134139879477.pdf', '0000-00-00 00:00:00'),
(440, 'Manisha Thakur', 'Ashok Kumar', 'S.D. College, Hoshiarpur', 'Hoshiarpur', '201807181137282326057.pdf', '0000-00-00 00:00:00'),
(441, 'Palwinder Kaur', 'Sarabjit Singh', 'S.D. College, Hoshiarpur', 'Hoshiarpur', '201807181138512024072.pdf', '0000-00-00 00:00:00'),
(442, 'MAnpreet Kaur', 'Manohar Lal', 'S.D. College, Hoshiarpur', 'Hoshiarpur', '201807181141118560863.pdf', '0000-00-00 00:00:00'),
(443, 'Neha', 'Onkar singh', 'S.D. College, Hoshiarpur', 'Hoshiarpur', '201807181142135576039.pdf', '0000-00-00 00:00:00'),
(444, 'Prabh Kiran Kaur', 'Baldev Singh Vij', 'S.D. College, Hoshiarpur', 'Hoshiarpur', '201807181143247776517.pdf', '0000-00-00 00:00:00'),
(445, 'Mandeep Kaur', 'Jaswant Singh', 'Guru Nanak College of Education, Malerkotla Road, Gopalpur, Ludhiana', 'Ludhiana', '201807181144459930431.pdf', '0000-00-00 00:00:00'),
(446, 'Mini Sharma', 'Bodh Raj Sharma', 'Guru Nanak College of Education, Malerkotla Road, Gopalpur, Ludhiana', 'Ludhiana', '201807181229401389955.pdf', '0000-00-00 00:00:00'),
(447, 'Arashdeep Singh', 'Baz Singh', 'DAV College of Education, Abohar', 'Abohar', '201807181231061706356.pdf', '0000-00-00 00:00:00'),
(448, 'Nisha Baby', 'Lokinder Kumar', 'Guru Nanak College of Education, Malerkotla Road, Gopalpur, Ludhiana', 'Ludhiana', '201807181233304977617.pdf', '0000-00-00 00:00:00'),
(449, 'Parineeta Singal', 'Yash Pal Goel', 'Moga College of Education for Girls, Moga', 'Moga', '201807190937401053038.pdf', '0000-00-00 00:00:00'),
(450, 'Shaina Gupta', 'Sanjay Gupta', 'R.S.D. College, Ferozepur', 'Ferozepur', '201807190944037837729.pdf', '0000-00-00 00:00:00'),
(451, 'Nitin Gupta', 'Raj Kumar', 'Goverment Medical Colege & Hospital, Sector-32', 'Chandigarh', '201807190945051887446.pdf', '0000-00-00 00:00:00'),
(452, 'Abhinav Kathuria', 'Vinod Kathuria', 'R.S.D. College, Feorzepur', 'Ferozepur', '201807190945537593770.pdf', '0000-00-00 00:00:00'),
(453, 'Sonal Chauhan', 'Madan Lal Chauhan', 'Homeopathic Medical College & Hospital, Sector 26', 'Chandigarh', '201807190947078992969.pdf', '0000-00-00 00:00:00'),
(454, 'Charita Mehta', 'S.C. Mehta', 'Khalsa College for Women, Civil Lines', 'Ludhiana', '201807190948113592426.pdf', '0000-00-00 00:00:00'),
(455, 'Sangha Gurbaksh Kaur', 'Ajit Singh', 'BAM Khalsa College, Garhshankar', 'Hoshiarpur', '201807190954008639009.pdf', '0000-00-00 00:00:00'),
(456, 'Jatinder Kaur Sidhu', 'Hari Singh Sidhu', 'Suru Gobind Singh College for Women, Sector 26', 'Chandigarh', '201807190956335537456.pdf', '0000-00-00 00:00:00'),
(457, 'Sunil Kumar', 'Ashok Kumar', 'Guru Nanak College of Education, Gopalpur', 'Ludhiana', '201807190958091764191.pdf', '0000-00-00 00:00:00'),
(458, 'Sukhwinder Kaur', 'Kartar Singh', 'Dashmensh Girls College, Chak Alla Baksh', 'Hoshiarpur', '201807191006029938623.pdf', '0000-00-00 00:00:00'),
(459, 'Roohi', 'Pawan Kumar Soni', 'Guru Nanak College for girls, Tibbi Sahib road', 'Sri Muktsar Sahib', '201807231022509633064.pdf', '0000-00-00 00:00:00'),
(460, 'Rajdulari Makhecha', 'Babu Lal Makhecha', 'Guru Gobind Singh girls College, Gidderbaha', 'Sri Muktsar Sahib', '201807231024347247195.pdf', '0000-00-00 00:00:00'),
(461, 'Amritpal Kaur', 'Manjit Singh', 'DIPS College of Education, Dasuya', 'Hoshiarpur', '201807231028076255708.pdf', '0000-00-00 00:00:00'),
(462, 'Tarandeep Kaur', 'Satnam Singh', 'Swami Premanand Mahavidyalaya, Mukerian', 'Hoshiarpur', '201807231029468081593.pdf', '0000-00-00 00:00:00'),
(463, 'Gopi Sharma', 'Trilochan Sharma', 'Swami Premanand Mahavidyalaya, Mukerian', 'Hoshiarpur', '201808031014296335421.pdf', '0000-00-00 00:00:00'),
(464, 'Gopi Sharma', 'Trilochan Sharma', 'Swami Premanand Mahavidyalaya, Mukerian', 'Hoshiarpur', '201807231032486723340.pdf', '0000-00-00 00:00:00'),
(465, 'Vinod Kumar', 'Prem Chand', 'Swami Premanand Mahavidyalaya, Mukerian', 'Hoshiarpur', '201807231035553854753.pdf', '0000-00-00 00:00:00'),
(466, 'Meeta', 'Sardari Lal', 'Nankana Sahib College of Education, Kot Gangu Rai', 'Ludhiana', '201807231043157549170.pdf', '0000-00-00 00:00:00'),
(467, 'Kiranjot Kaur', 'Bahadur Singh', 'BAM Khalsa College, Gharshankar', 'Hoshiarpur', '201807231044384863239.pdf', '0000-00-00 00:00:00'),
(468, 'Preetinder Kaur', 'Jaspal Singh', 'BAM  Khalsa College, Gharshankar', 'Hoshiarpur', '201807231046444510192.pdf', '0000-00-00 00:00:00'),
(469, 'Navjot Banga', 'Harbans Lal Banga', 'SGGS Khalsa College, Mahilpur', 'Hoshiarpur', '201807231049098872340.pdf', '0000-00-00 00:00:00'),
(470, 'Shikha Sharma', 'Yashpal Sharma', 'Dashmesh Girls College, Chak Alla Baksh', 'Hoshiarpur', '201807231050439728691.pdf', '0000-00-00 00:00:00'),
(471, 'Ritu Singh', 'Surjit Singh', 'BAM Khalsa College, Gharshankar', 'Hoshiarpur', '201807231052113305169.pdf', '0000-00-00 00:00:00'),
(472, 'Raideep Singh', 'Jaspal Singh', 'BAM Khalsa College, Gharshankar', 'Hoshiarpur', '201807231054511481160.pdf', '0000-00-00 00:00:00'),
(473, 'Sandeep Kaur', 'Gurmukh Singh', 'DIPS College of Education, Dasuya', 'Hoshiarpur', '201807231523254299975.pdf', '0000-00-00 00:00:00'),
(474, 'Neha Barki', 'Inderjit Barki', 'DIPS College of Education, Dasuya', 'Hoshiarpur', '201807231526089835223.pdf', '0000-00-00 00:00:00'),
(475, 'Anuradha', 'Garib Dass', 'Swami Premanand Mahavidyalaya, Mukerian', 'Hoshiarpur', '201807231527437655078.pdf', '0000-00-00 00:00:00'),
(476, 'Yashpreet Kaur', 'Manjit Singh', 'Rayat College of Education, Bohan', 'Hoshiarpur', '201807231529572775187.pdf', '0000-00-00 00:00:00'),
(477, 'Sushila Devi', 'Rai Singh', 'DAV College of Education, Abohar', 'Fazilka', '201807231531387421387.pdf', '0000-00-00 00:00:00'),
(478, 'Komal Sharma', 'Parveen Sharma', 'DPIS College of Education, Dasuya', 'Hoshiarpur', '201807231536065362960.pdf', '0000-00-00 00:00:00'),
(479, 'Komal Sharma', 'Parveen Sharma', 'DIPS College of Education, Dasuya', 'Hoshiarpur', '201807240950261802356.pdf', '0000-00-00 00:00:00'),
(480, 'Rajbir Singh', 'Gurmail Singh', 'DIPS College of Education, Dasuya', 'Hoshiarpur', '201807240952151573201.pdf', '0000-00-00 00:00:00'),
(481, 'Meera', 'Ashwani Kumar', 'Siri Guru Har Rai Sahib College for Women, Chabbewal', 'Hoshiarpur', '201807240953359887657.pdf', '0000-00-00 00:00:00'),
(482, 'Naresh Kumari', 'Mohal Lal', 'BAM Khalsa College, Gharshankar', 'Hoshiarpur', '201807240955092210163.pdf', '0000-00-00 00:00:00'),
(483, 'Vidhushi Jaswal', 'Paramjit Singh Jaswal', 'MCM DAV College for Women, Sector-36 A', 'Chandigarh', '201807241037314677004.pdf', '0000-00-00 00:00:00'),
(484, 'Rashmi Gujrati', 'Baij Nath Nagar', 'Shree Atam Vallabh Jain College, Hussainpura', 'Ludhiana', '201807241039313267356.pdf', '0000-00-00 00:00:00'),
(485, 'Satkartar Singh', 'Surjit Singh', 'Baba Mangal Singh Institue of Education, Bughipura', 'Moga', '201807241041221956832.pdf', '0000-00-00 00:00:00'),
(486, 'Devinder Singh', 'Amrik Singh', 'Doraha College of Education, Doraha', 'Ludhiana', '201807241043148666156.pdf', '0000-00-00 00:00:00'),
(487, 'Kanchan', 'Mohan Lal', 'SGGS Khalsa College, Mahilpur', 'Hoshiarpur', '201807241044465985319.pdf', '0000-00-00 00:00:00'),
(488, 'Amandip Singh Sidhu', 'Sawaran Singh', 'Bawa Nihal Singh B.Ed. College, Sri Muktsar Sahib', 'Sri Muktsar Sahib', '201807241047045771651.pdf', '0000-00-00 00:00:00'),
(489, 'Ishita Ganjoo', 'Rajinder Kumar Ganjoo', 'Homeopathic Medical Colege & Hospital, Sector 26', 'Chandigarh', '201807241049449754280.pdf', '0000-00-00 00:00:00'),
(490, 'Nidhi Gupta', 'Satish Gupta', 'GGDSD College, Sector- 32', 'Chandigarh', '201807271034475312782.pdf', '0000-00-00 00:00:00'),
(491, 'Monika Khindri', 'Kamleshwar Khindri', 'GGDSD College, Sector- 32', 'Chandigarh', '201807271045262958436.pdf', '0000-00-00 00:00:00'),
(492, 'Madhuri Tanajit Patil', 'Tanaji Shivaji Patil', 'MCM DAV College for Women, Sector-36', 'Chandigarh', '201807271108465502107.pdf', '0000-00-00 00:00:00'),
(493, 'Harpreet Kaur', 'Lakhwinder Singh', 'Dev Samaj College of Education, Sector 36', 'Chandigarh', '201808030938342101483.pdf', '0000-00-00 00:00:00'),
(494, 'Sujata Vohra', 'R.L Manchanda', 'Guru Gobind Singh College for Women, Sector 26', 'Chandigarh', '201808030940238590249.pdf', '0000-00-00 00:00:00'),
(495, 'Savneet Kaur', 'Devinder Singh', 'Guru Gobind Singh College for Women, Sector 26', 'Chandigarh', '201808030941596181082.pdf', '0000-00-00 00:00:00'),
(496, 'Anamika Mukhopadhay', 'Chitta Bhushan Mukhopadhay', 'Guru Gobind Singh College for Women, Sector 26', 'Chandigarh', '201808030943388670999.pdf', '0000-00-00 00:00:00'),
(497, 'Saurabh Sood', 'Virender Sood', 'Dev Samaj College for Women, Sector 45', 'Chandigarh', '201808030944519955848.pdf', '0000-00-00 00:00:00'),
(498, 'Jasleen Kaur', 'Major Singh', 'Govt. Medical College & Hospital, Sector 32', 'Chandigarh', '201808030946586783671.pdf', '0000-00-00 00:00:00'),
(499, 'Amandeep Kaur', 'Amrik Singh', 'Khalsa College for Women, Sidhwan Khurd', 'Ludhiana', '201808030949013498389.pdf', '0000-00-00 00:00:00'),
(500, 'Jaspreet Kaur', 'Gurdeep Singh', 'Khalsa College for eomrn, Sidhwan Khurd', 'Ludhiana', '201808030950396278525.pdf', '0000-00-00 00:00:00'),
(501, 'Navjot Jyoti', 'Surjit Singh', 'Khalsa College for Women, Sidhwan Khurd', 'Ludhiana', '201808030955408740418.pdf', '0000-00-00 00:00:00'),
(502, 'Seema Gupta', 'Nurata Ram Singla', 'Govt. Medical College & Hospital, Sector 32', 'Chandigarh', '201808030958117489690.pdf', '0000-00-00 00:00:00'),
(503, 'Ramanpreet Kaur', 'Paramjeet Singh', 'Khalsa College for Women, Sidhwan Khurd', 'Ludhiana', '201808031000305304811.pdf', '0000-00-00 00:00:00'),
(504, 'Parminder Singh', 'Kuldeep Singh', 'Dev Samaj College for Women, Sector 45', 'Chandigarh', '201808031002047420224.pdf', '0000-00-00 00:00:00'),
(505, 'Ashwani Jain', 'Surinder Kumar Jain', 'Khalsa College for women, Sidhwan Khurd', 'Ludhiana', '201808031004289276300.pdf', '0000-00-00 00:00:00'),
(506, 'Mandar R Sane', 'Ramchandra Sane', 'Govt. Medical College & Hospital, Sector 32', 'Chandigarh', '201808031010387769172.pdf', '0000-00-00 00:00:00'),
(507, 'Heena', 'Kuldeep Kumar', 'R.S.D. College, Ferozepur', 'Ferozepur', '201808031012273557193.pdf', '0000-00-00 00:00:00'),
(508, 'Jyoti Jindal', 'Dharam Pal Jindal', 'GGDSD College, Sector 32', 'Chandigarh', '201808031015131992850.pdf', '0000-00-00 00:00:00'),
(509, 'Veena Rani', 'Sudagar Khan', 'MCM DAV College for Women, Secctor 36', 'Chandigarh', '201808031018553481353.pdf', '0000-00-00 00:00:00'),
(510, 'Sonam', 'Girdhari Lal', 'Dasmesh Girls College, Badal', 'Sri Muktsar Sahib', '201808031020422371787.pdf', '0000-00-00 00:00:00'),
(511, 'Paramdeep Singh', 'Anokh Singh', 'Khalsa College for Women, Sidhwan Khurd', 'Ludhiana', '201808031024508808095.pdf', '0000-00-00 00:00:00'),
(512, 'Manpreet Kaur', 'Amarjit Singh', 'Mata Sahib Kaur Girls College, Talwandi Bhai', 'Ferozepur', '201808061045496480917.pdf', '0000-00-00 00:00:00'),
(513, 'Harpreet Kaur', 'Lakhwinder Singh', 'Dev Samaj College of Education, Sector 36 B', 'Chandigarh', '201808061047355777850.pdf', '0000-00-00 00:00:00'),
(514, 'Harjot Kaur', 'Sukhdarshan Singh', 'S.D. College, Hoshiarpur', 'Hoshiarpur', '201808061050393011541.pdf', '0000-00-00 00:00:00'),
(515, 'Sandeep', 'Kuldeep Singh', 'Rayat College of Education, Bohan', 'Hoshiarpur', '201808061052332459463.pdf', '0000-00-00 00:00:00'),
(516, 'Ila Rathore', 'G.S. Patial', 'Dev Samaj College for Women, Sector 45 B', 'Chandigarh', '201808061054041099988.pdf', '0000-00-00 00:00:00'),
(517, 'Gaganpreet Walia', 'Prabjit Singh', 'GGDSD College, Sector 32', 'Chandigarh', '201808061055231882359.pdf', '0000-00-00 00:00:00'),
(518, 'Archana Verma Singh', 'V.K. Verma', 'GGDDSD College, Sector 32', 'Chandigarh', '201808061056584634402.pdf', '0000-00-00 00:00:00'),
(519, 'Bindia Vij', 'Balraj Vij', 'Bhai Nagahia Singh Memorial Girls College, Alamgir, Ludhiana', 'Ludhiana', '201808061058515823271.pdf', '0000-00-00 00:00:00'),
(520, 'Navdeep Kaur', 'Joginder Singh', 'Dasmesh Girls College, Chak Alla Baksh', 'Hoshiarpur', '201808061100134925193.pdf', '0000-00-00 00:00:00'),
(521, 'Amardeep Gupta', 'D.R. Gupta', 'JCDAV College, Dasuya', 'Hoshiarpur', '201808061102053664894.pdf', '0000-00-00 00:00:00'),
(522, 'Harpreet Kaur Wadhwa', 'Ajit Singh Wadhwa', 'DAV College', 'Hoshiarpur', '201808061103347440789.pdf', '0000-00-00 00:00:00'),
(523, 'Shefali', 'Amrit Gupta', 'DAV College, Abohar', 'Abohar', '201808061105239662992.pdf', '0000-00-00 00:00:00'),
(524, 'Navneet Golchha', 'Arun Kumar Golchha', 'DAV College, Abohar', 'Abohar', '201808061106416458903.pdf', '0000-00-00 00:00:00'),
(525, 'Anita', 'Prithvi Singh', 'DAV College, Abohar', 'Abohar', '201808061117128803960.pdf', '0000-00-00 00:00:00'),
(526, 'Ankur Gupta', 'Vijay Kumar Gupta', 'Dev Samaj College for Women, Ferozepur', 'Ferozepur', '201808061504335305479.pdf', '0000-00-00 00:00:00'),
(527, 'Sandeep Kaur', 'Harnek Singh', 'Sri Guru Gobind Singh College, Sector 26', 'Chandigarh', '201808061506191804030.pdf', '0000-00-00 00:00:00'),
(528, 'Rohit Kumar', 'Subhash Kumar', 'Swami Ganga Giri Janta Girls College, Raikot', 'Ludhiana', '201808061507592410868.pdf', '0000-00-00 00:00:00'),
(529, 'Rimpi Mehani', 'S.K. Chopra', 'Ramgarhia Girls College, Miller Ganj', 'Ludhiana', '201808061510321150395.pdf', '0000-00-00 00:00:00'),
(530, 'Manoj Kumar', 'Krishan Lal', 'Govt. Medical College & Hospital, Sector 32', 'Chandigarh', '201808061512251807188.pdf', '0000-00-00 00:00:00'),
(531, 'Liza Nanda', 'Charanjit Singh', 'GGDSD College Sector 32', 'Chandigarh', '201808061514516924403.pdf', '0000-00-00 00:00:00'),
(532, 'Ashish Kumar', 'Jiwan Kumar', 'Khalsa College for Women, Sidhwan Khurd', 'Ludhiana', '201808061517466043890.pdf', '0000-00-00 00:00:00'),
(533, 'Manpreet Kaur', 'Harbans Singh', 'Guru Nanak College, Killianwali', 'Sri Muktsar Sahib', '201808141445547157117.pdf', '0000-00-00 00:00:00'),
(534, 'Surinder Kaur', 'Amarjit singh', 'CGM College, Mohlan, Malout', 'Sri Muktsar Sahib', '201808141447238080880.pdf', '0000-00-00 00:00:00'),
(535, 'Jaspreet singh', 'Hartej Singh', 'Dasmesh Khalsa College', 'Sri Muktsar Sahib', '201808141448416539385.pdf', '0000-00-00 00:00:00'),
(536, 'Savita Rani', 'Satnam Chand', 'Guru Gobind Singh College of Education, Malout', 'Sri Muktsar Sahib', '201808141451509604509.pdf', '0000-00-00 00:00:00'),
(537, 'Sukhdeep Kaur', 'Lakhwainder Singh', 'Guru Gobind Singh Girls College, Gidderbaha', 'Sri Muktsar Sahib', '201808141454097277371.pdf', '0000-00-00 00:00:00'),
(538, 'Khushnasib Gurbakhshish Kaur', 'Kandhara Singh', 'Guru Nanak College Killianwali', 'Sri Muktsar Sahib', '201808141456342449694.pdf', '0000-00-00 00:00:00'),
(539, 'Arshdeep Kaur', 'Sarabjeet Singh', 'Sri Guru Gobind Singh College, Sector 26', 'Chndigarh', '201808281026564136464.pdf', '0000-00-00 00:00:00'),
(540, 'Pallavi Rani', 'Ashok Kumar', 'MCM DAV Colege for Women, sector 36', 'Chandigarh', '201808281045317122686.pdf', '0000-00-00 00:00:00'),
(541, 'Priyanka', 'Ishwar Dutt Kalra', 'Guru Gobind Singh College for Women, sector 26', 'Chandigarh', '201808281053303959132.pdf', '0000-00-00 00:00:00'),
(542, 'Sakshi Angi', 'Ravi Angi', 'Guru Nanak College for Girls, Tibbi Sahib Road', 'Sri Muktsar Sahib', '201808281057599276166.pdf', '0000-00-00 00:00:00'),
(543, 'Ramneek Kaur', 'Gurmail Singh', 'Dev Samaj College for Women, Ferozepur', 'Ferozepur', '201808281059206961975.pdf', '0000-00-00 00:00:00'),
(544, 'Kirti Jamwal', 'Diwakar Singh Jamwal', 'GGDSD College, Hariana', 'Hoshiarpur', '', '0000-00-00 00:00:00'),
(545, 'Kirti Jamwal', 'Diwakar Singh Jamwal', 'GGDSD College, Hariana', 'Hoshiarpur', '201808281104063021554.pdf', '0000-00-00 00:00:00'),
(546, 'Murali', 'Gundu Rao', 'Govt. Medical College and Hospital, Sector 32 C', 'Chandigarh', '201808281110295616184.pdf', '0000-00-00 00:00:00'),
(547, 'Sunaina Jain', 'Rajinder Kumar Jain', 'MCM DAV College for Women, Sector 36 A', 'Chandigarh', '', '0000-00-00 00:00:00'),
(548, 'Gaganpreet Kaur', 'Jaswant Singh', 'DAV Post Graduate College, Sector 10', 'Chandigarh', '201808281151542957337.pdf', '0000-00-00 00:00:00'),
(549, 'Varinder Kaur', 'Kirpal Singh', 'Guru Teg Bahadur Khalsa College of Education, Dasuya', 'Hoshiarpur', '201808281240199392597.pdf', '0000-00-00 00:00:00'),
(550, 'Navjot Kaur', 'Manjit Singh', 'Sant Baba Bhag Singh Memorial Girls College of Education , Sukhanand', 'Moga', '201808281243029609334.pdf', '0000-00-00 00:00:00'),
(551, 'Ketaki Dwivedi', 'T. N. Dwivedi', 'MCM DAV College for Women, Sector 36 A', 'Chandigarh', '201808281244392479217.pdf', '0000-00-00 00:00:00'),
(552, 'Gurbinder Kaur', 'Gurlal Singh', 'Guru Nanak College, Killianwali', 'Sri Muktsar Sahib', '201808281245422297056.pdf', '0000-00-00 00:00:00'),
(553, 'Bohar Singh', 'Gurcharan Singh', 'G.H.G. Khalsa College, Gurusar Sadhar', 'Ludhiana', '201808281246483386725.pdf', '0000-00-00 00:00:00'),
(554, 'Harmanjot Kaur Bhatti', 'Harpal Singh Bhatti', 'A.S. College, Samrala road, Khanna', 'Ludhiana', '201808281248542393124.pdf', '0000-00-00 00:00:00'),
(555, 'Harpreet Kaur', 'Bhupinder Singh', 'G.H.G. Khalsa College of Education, Gurusar Sadhar', 'Ludhiana', '201809051047308163781.pdf', '0000-00-00 00:00:00'),
(556, 'Navjot Singh', 'Malkit Singh', 'G.H.G. Khalsa College, Gurusar Sadhar', 'Ludhiana', '201809051050325249297.pdf', '0000-00-00 00:00:00'),
(557, 'Manish Kumar', 'Bijendra Singh', 'Dev Samaj College for Women, Ferozepur', 'Ferozepur', '201809051119288429820.pdf', '0000-00-00 00:00:00'),
(558, 'Amandeep Khosa', 'Kulwant Singh Khosa', 'D.A.V. College of Education, Abohar', 'Abohar', '201809051121124460719.pdf', '0000-00-00 00:00:00'),
(559, 'Sushma', 'Sham Sunder', 'D.D. JAin Memorial College for Women, Kidwai Nagar', 'Ludhiana', '201809051123066090781.pdf', '0000-00-00 00:00:00'),
(560, 'Jasdeep Kaur', 'Sadhu Singh Bedi', 'Khalsa College for Women, Sidhwan Khurd', 'Ludhiana', '201809051135436427550.pdf', '0000-00-00 00:00:00'),
(561, 'Purnima Bhandari', 'R.K. Bhandari', 'MCM DAV COllege for Women, Sector 36', 'Chandigarh', '201809051306179860547.pdf', '0000-00-00 00:00:00'),
(562, 'Layeka Bhatia', 'S.C. Bhatia', 'MCM DAV College for Women, Sector 36', 'Chandigarh', '201809051307539462923.pdf', '0000-00-00 00:00:00'),
(563, 'Gunjan Sud', 'Raj Kumar Sud', 'MCM DAV College for Women, Sector 36 A', 'Chandigarh', '201809051501544287614.pdf', '0000-00-00 00:00:00'),
(564, 'Simranjeet Kaur', 'Joginder Singh', 'G.H.G. Institute of Law for Women, Sidhwan Khurd', 'Ludhiana', '201809051503359409398.pdf', '0000-00-00 00:00:00'),
(565, 'Supriya Vaid', 'Raj Kumar Vaid', 'GGDSD College, Sector 32, Chandigarh', 'Chandigarh', '201809051508308232982.pdf', '0000-00-00 00:00:00'),
(566, 'Sheetal Sharma', 'Ram Pal Kalia', 'GGDSD College, Sector 32', 'Chandigarh', '201809051512269409363.pdf', '0000-00-00 00:00:00'),
(567, 'Anu Sharma', 'Yogeshwar Sharma', 'DAV Post Graduate College, Sector 10, Chandigarh', 'Chandigarh', '201809051514095612772.pdf', '0000-00-00 00:00:00'),
(568, 'Amardeep', 'Ved Pap', 'Swami Ganga Giri Janta Girls College, Raikot', 'Ludhiana', '201809051515422857830.pdf', '0000-00-00 00:00:00'),
(569, 'Pawanveer Singh', 'Amar Singh', 'G.H.G. Khalsa College, Gurusar Sadhar', 'Ludhiana', '201809051517019598167.pdf', '0000-00-00 00:00:00'),
(570, 'Onika Puri', 'Darshan Lal', 'Partap College of Education, Hambran Road', 'Ludhiana', '201809051519287127325.pdf', '0000-00-00 00:00:00'),
(571, 'Vishavpreet Kaur', 'Amrik Singh', 'G.H.G. Khalsa College, Gurusar Sadhar', 'Ludhiana', '201809051521206786810.pdf', '0000-00-00 00:00:00'),
(572, 'Ved Parkash Sharma', 'Baldev Dass Sharma', 'Dev Samaj College for Women, Ferozepur', 'Ferozepur', '201809051523371378595.pdf', '0000-00-00 00:00:00'),
(573, 'Sofia Singh', 'Charanjit Singh', 'G.H.G. Khalsa College, Gurusar Sadhar', 'Ludhiana', '201809051524539346782.pdf', '0000-00-00 00:00:00'),
(574, 'Jasdeep Kaur', 'Sadhu Singh Bedi', 'Khalsa College for Women, Sidhwan Khurd', 'Ludhiana', '201809051527039042876.pdf', '0000-00-00 00:00:00'),
(575, 'Chahat Monga', 'Rajinder Kumar', 'Guru Nanak College, Ferozepur Cantt', 'Ferozepur', '201809051529217377191.pdf', '0000-00-00 00:00:00'),
(576, 'Paramjit Kaur', 'Balkar Singh', 'Guru Nanak College, Ferozepur Cantt', 'Ferozepur', '201809051530312393948.pdf', '0000-00-00 00:00:00'),
(577, 'Jasvir Kaur', 'Dalip Singh', 'Swami Ganga Giri Janta Girls College, Raikot', 'Ludhiana', '201809051531562726920.pdf', '0000-00-00 00:00:00'),
(578, 'Sandeep Kumar', 'Vinod Kumar', 'Guru Nanak College, Ferozepur Cantt', 'Ferozepur', '201809121223445363712.pdf', '0000-00-00 00:00:00'),
(579, 'Jaspinder Kaur', 'Darshan Singh', 'Guru Nanak College, Ferozepur Cantt.', 'Ferozepur', '201809121225295164591.pdf', '0000-00-00 00:00:00'),
(580, 'Anuradha', 'Mast Ram', 'DD Jain Memorial Colege for Women,Ludhiana', 'Ludhiana', '201809121226575855635.pdf', '0000-00-00 00:00:00'),
(581, 'Rajwinder Kaur', 'Nachhattar Singh', 'D.D. Jain College for Women, Ludhiana', 'Ludhiana', '201809141143061794950.pdf', '0000-00-00 00:00:00'),
(582, 'Amrinder Kaur', 'Des Raj', 'SPM, Mukerian', 'Hoshiarpur', '201809171209149900191.pdf', '0000-00-00 00:00:00'),
(583, 'Baljinder Kaur', 'Karamjit Singh', 'S.D. College, Hoshiarpur', 'Hoshiarpur', '201809171211257565111.pdf', '0000-00-00 00:00:00'),
(584, 'Sachin Kumar', 'Sham Sunder', 'S.D. College, Hoshiarpur', 'Hoshiarpur', '201809171213151936981.pdf', '0000-00-00 00:00:00'),
(585, 'Gagan Madaan', 'Darshan Lal', 'S.D. College, Hoshiarpur', 'Hoshiarpur', '201809171215468868885.pdf', '0000-00-00 00:00:00'),
(586, 'Raj Kumar', 'Taj Masih', 'SGGS Khalsa College, Mahilpur', 'Hoshiarpur', '201809171218451816280.pdf', '0000-00-00 00:00:00'),
(587, 'Samita', 'Balbir Singh', 'Dev Samaj College for Women, Sector 45/B', 'Chandigarh', '201809251045421621520.pdf', '0000-00-00 00:00:00'),
(588, 'Ketaki Dwivedi', 'T.N. Dwivedi', 'MCM DAV College for Women, Sector 36/A', 'Chandigarh', '201809251047329922179.pdf', '0000-00-00 00:00:00'),
(589, 'Rajesh Kumar', 'Om Parkash', 'G.H.G. Khalsa College, Gurusar Sadhar', 'Ludhiana', '201809251048489759164.pdf', '0000-00-00 00:00:00'),
(590, 'Gurjeet Virk Sidhu', 'J.K. Virk', 'MCM DAV College for Women, Sector 36/A', 'Chandigarh', '201809251050073297044.pdf', '0000-00-00 00:00:00'),
(591, 'Uday Bhan Singh', 'Ram Mehala', 'DAV Post Graduate College, Sector 10', 'Chandigarh', '201809251051553549249.pdf', '0000-00-00 00:00:00'),
(592, 'Nisha Dawra', 'Ashwani Kumar Dawra', 'MCM DAV College for Women, sector 36/A', 'Chandigarh', '201809251053056166615.pdf', '0000-00-00 00:00:00'),
(593, 'Aanchal Batra', 'Gulshan Kumar Batra', 'MCM DAV College for Women, Sector 36 A', 'Chandigarh', '201809251054564504769.pdf', '0000-00-00 00:00:00'),
(594, 'Sureet Singh', 'Arvinder Singh', 'GGDSD College, Sector 32', 'Chandigarh', '201809251056126043505.pdf', '0000-00-00 00:00:00'),
(595, 'Megha Devgan', 'Surinder Kumar', 'GGDSD College, Sector 32', 'Chandigarh', '201809251101053094454.pdf', '0000-00-00 00:00:00'),
(596, 'Harjyot Kaur', 'Sukhdarshan Singh', 'S.D. College, Hoshiarpur', 'Hoshiarpur', '201809251102061762086.pdf', '0000-00-00 00:00:00'),
(597, 'Pawan Kumar', 'Sukhendera Pal Singh', 'Guru Nanak College of Education, Dalewal', 'Hoshiarpur', '201810011600137073864.pdf', '0000-00-00 00:00:00'),
(598, 'Ashish Kumar', 'Surinder PAl', 'S.D. College, Hoshiarpur', 'Hoshiarpur', '201810011610057958806.pdf', '0000-00-00 00:00:00'),
(599, 'Monika', 'Rajinder Mohan Gupta', 'A.S. College for Women, Khanna', 'Ludhiana', '201810031139017187916.pdf', '0000-00-00 00:00:00'),
(600, 'Baljeet Kaur', 'Karam Singh', 'S.D. College for Women 3, Jawahar Nagar', 'Moga', '201810031141413840826.pdf', '0000-00-00 00:00:00'),
(601, 'Sumanpreet Kaur', 'Navpreet Singh', 'Saint Sahara College of Education', 'Sri Muktsar Sahib', '201810031144214567262.pdf', '0000-00-00 00:00:00'),
(602, 'Parvesh Kumar Sharma', 'Dinesh Kumar Sharma', 'A.S. College Khanna', 'Ludhiana', '201810031146294556280.pdf', '0000-00-00 00:00:00'),
(603, 'Sukhvir Kaur', 'Harjit Singh', 'D.D. Jain Memorial College for Women', 'Ludhiana', '201810031148281606207.pdf', '0000-00-00 00:00:00'),
(604, 'Mini', 'Vijay Kumar Singla', 'Saint Shara College of Education', 'Sri Muktsar Sahib', '201810031151234134932.pdf', '0000-00-00 00:00:00'),
(605, 'Surinder Kumar', 'Hari Chand', 'DAV Post Graduate College, Sector 10', 'Chandigarh', '201810031155559266030.pdf', '0000-00-00 00:00:00'),
(606, 'Prakriti Renjen', 'Varun Renjen', 'MCM DAV College for Women, Sector 36/A', 'Chandigarh', '201810041119458591475.pdf', '0000-00-00 00:00:00'),
(607, 'Manisha', 'Jai Kumar', 'DAV Post Graduate College, Sector 10', 'Chandigarh', '201810041121049353540.pdf', '0000-00-00 00:00:00'),
(608, 'Mahak Sharma', 'Pushap Raj Sharma', 'GGDSD College, Sector 32', 'Chandigarh', '201810041123085572680.pdf', '0000-00-00 00:00:00'),
(609, 'Kanchan Goyal', 'Rajinder Prasad Gupta', 'S.D. College for Women', 'Moga', '201810041124289856802.pdf', '0000-00-00 00:00:00'),
(610, 'Vanita', 'Ved Parkash', 'Dasmesh Girls College of Education, Badal', 'Sri Muktsar Sahib', '201810051431283630549.pdf', '0000-00-00 00:00:00'),
(611, 'Amandeep Kaur', 'Karnail Singh', 'Arjan Dass College, Dharamkot', 'Moga', '201810051452458110743.pdf', '0000-00-00 00:00:00'),
(612, 'Payal Singla', 'Ram Saroop Singla', 'Guru Nanak College, Killianwali', 'Sri Muktsar Sahib', '201810051454043790316.pdf', '0000-00-00 00:00:00'),
(613, 'Sandeep Singh', 'Jagmohan Singh', 'DAV Post Graduate College, Sector 10', 'Chandigarh', '201810091043224816372.pdf', '0000-00-00 00:00:00'),
(614, 'Bhushan Kumar', 'Lakshvir Garg', 'DAV Post Graduate College, Sector 10', 'Chandigarh', '201810091045409787632.pdf', '0000-00-00 00:00:00'),
(615, 'Gagan Preet Kaur', 'Jaswant Singh', 'DAV Post Graduate College, Sector 10', 'Chandigarh', '201810091047143508950.pdf', '0000-00-00 00:00:00'),
(616, 'Rajinder Kaur', 'Tirath Singh', 'DAV Post Graduate College, Sector 10', 'Chandigarh', '201810091052103991810.pdf', '0000-00-00 00:00:00'),
(617, 'Manmeet Kaur', 'Kewal Singh', 'DAV Post Graduate College, Sector 10', 'Chandigarh', '201810091057485888033.pdf', '0000-00-00 00:00:00'),
(618, 'Amanpreet Singh', 'Gudial Singh', 'DAV Post Graduate College, Sector 10', 'Chandigarh', '201810091059305280350.pdf', '0000-00-00 00:00:00'),
(619, 'Mukesh', 'Baljeet Singh', 'DAV Post Graduate College, Sector 10', 'Chandigarh', '201810091130012592716.pdf', '0000-00-00 00:00:00'),
(620, 'Sonia Puri', 'K.C. Gupta', 'Govt. Medical College & Hospital, Sector 32', 'Chandigarh', '201810221205402610821.pdf', '0000-00-00 00:00:00'),
(621, 'Subhash Das', 'Laksheswar Das', 'Govt. Medical College & Hospital, Sector 32', 'Chandigarh', '201810221206517215294.pdf', '0000-00-00 00:00:00'),
(622, 'Pritam Singh', 'Mangat Singh', 'Govt. Medical College & Hospital, Sector 32', 'Chandigarh', '201810221207372005750.pdf', '0000-00-00 00:00:00'),
(623, 'Tina Khatri', 'Rajesh Kumar Angi', 'DAV Post Graduate College, Sector 10', 'Chandigarh', '201811051112155610841.pdf', '0000-00-00 00:00:00'),
(624, 'Harpreet Bali', 'Chand Bali', 'Sri Guru Gobind Singh College, Sector 26', 'Chandigarh', '201811051113497368205.pdf', '0000-00-00 00:00:00'),
(625, 'Mahender Singh', 'Suraj Bhan', 'Rayat College of law, Railmajra', 'S.B.S. Nagar', '201811051122428065918.pdf', '0000-00-00 00:00:00'),
(626, 'Geeta Sharma', 'P.D. Sharma', 'R.S.D. College', 'Ferozepur', '201811051124072676284.pdf', '0000-00-00 00:00:00'),
(627, 'Gurpinder Singh', 'Basant Singh', 'Babe-ke- College of Education, Daudhar', 'Moga', '201811051125268128267.pdf', '0000-00-00 00:00:00'),
(628, 'Sumanpreet', 'Nachhattar Singh', 'Moga College of Education for Girls, Ghall Kalan', 'Moga', '201811051127337887464.pdf', '0000-00-00 00:00:00'),
(629, 'Sangeeta Bagga Mehta', 'Roshan Lal Bagga', 'Chandigarh College of Architecture, Sector 12', 'Chandigarh', '201811121204448982385.pdf', '0000-00-00 00:00:00'),
(630, 'Sandeep Singh', 'Dalbeer Singh', 'Baba Kundan Singh College, Muhar, Ferozepur', 'Ferozepur', '201811281023222823006.pdf', '0000-00-00 00:00:00'),
(631, 'Mahipal Dutt', 'Ram Niwas Sharma', 'Khalsa College for Women, Sidhwan Khurd', 'Ludhiana', '201811281025106522693.pdf', '0000-00-00 00:00:00'),
(632, 'Geetanjali Arora', 'Gulshan Bhatia', 'Khalsa College for Women, Sidhwan Khurd', 'Ludhiana', '201811281028256766260.pdf', '0000-00-00 00:00:00'),
(633, 'Kirandeep', 'Jaswant Singh', 'Babe Ke College of Education, Mudki', 'Ferozepur', '201811281042021400130.pdf', '0000-00-00 00:00:00'),
(634, 'Sushma Punj', 'Ram ji Das', 'Post Graduate Govt. College for Girls, Sector 42', 'Chandigarh', '201811281045058780125.pdf', '0000-00-00 00:00:00'),
(635, 'Kawaljit Kaur', 'Dharam Singh', 'MAster Tara Singh MEmorial College for Women', 'Ludhiana', '201811281047144757220.pdf', '0000-00-00 00:00:00'),
(636, 'Rita Singh', 'A.S. Jaspal', 'Sri Guru Gobind Singh College, Sector 26', 'Chandigarh', '201811281055196621427.pdf', '0000-00-00 00:00:00'),
(637, 'Mandeep Kaur', 'Sukhdev Singh', 'Khalsa College for Women, Civil Lines, Ludhiana', 'Ludhiana', '201811281155424983630.pdf', '0000-00-00 00:00:00'),
(638, 'Sonreet Kaur', 'Surinder Singh', 'Master Tara Singh MEmorial College for Women, Ludhiana', 'Ludhiana', '201811281200217459941.pdf', '0000-00-00 00:00:00'),
(639, 'Amandeep Kaur', 'Gobinder Singh', 'G.H.G. Harprakash College of Education, Sidhwan Khurd', 'Ludhiana', '201811281202024925020.pdf', '0000-00-00 00:00:00'),
(640, 'Rakesh Kumar', 'Ram Parkash', 'B.K. M. College of education, Balachaur', 'S.B.S. Nagar', '201812031151482329246.pdf', '0000-00-00 00:00:00'),
(641, 'Sulekha', 'Devi Lal', 'DAV College, Abohar', 'Abohar', '201812181042185348096.pdf', '0000-00-00 00:00:00'),
(642, 'Amrita Saini', 'Pankaj Saini', 'Guru Gobind Singh Girls College, Gidderbaha', 'Sri Muktsar Sahib', '201812181045571559271.pdf', '0000-00-00 00:00:00'),
(643, 'Anu Pal', 'Bidhi Chand', 'DAV College, Abohar', 'Abohar', '201812181225525903154.pdf', '0000-00-00 00:00:00'),
(644, 'Neeraj Kumar', 'Mangat Rai', 'DAV College, Abohar', 'Abohar', '201812181227233627508.pdf', '0000-00-00 00:00:00'),
(645, 'Anu Katoch', 'Harnam Chand Katoch', 'SGHRS College for Women, Chabbewal', 'Hoshiarpur', '201812181229433892216.pdf', '0000-00-00 00:00:00'),
(646, 'Rajpal', 'Inderjeet', 'DAV College, Abohar', 'Abohar', '201812181240152665031.pdf', '0000-00-00 00:00:00'),
(647, 'Simrandeep Singh', 'Didar Singh', 'Govt. Medical College & Hospital, Sector 32', 'Chandigarh', '201812181243138614436.pdf', '0000-00-00 00:00:00'),
(648, 'Pardeep Singh', 'Ajit Singh', 'Partap College of Education, Ludhiana', 'Ludhiana', '201812181244358596568.pdf', '0000-00-00 00:00:00'),
(649, 'Umesh Kumari', 'Mai Chand', 'Lala Lajpat Rai Memorial College of Education, Dhudike', 'Moga', '201812181248023976734.pdf', '0000-00-00 00:00:00'),
(650, 'Rajeev Kumar Kansay', 'Prem Chand KAnsay', 'Govt. Medical College & Hospital, Sector 32', 'Chandigarh', '201812181250116555745.pdf', '0000-00-00 00:00:00'),
(651, 'Rahul Kalia', 'Rajinder Sharma', 'DAV College, Hoshiarpur', 'Hoshiarpur', '201812181251371040457.pdf', '0000-00-00 00:00:00'),
(652, 'Kuldeep Kaushik', 'Inder Parkash KAushik', 'Dev Samaj College for Women, Ferozepur', 'Ferozepur', '201812181253012035703.pdf', '0000-00-00 00:00:00');

-- --------------------------------------------------------

--
-- Table structure for table `a_emails_nots`
--

CREATE TABLE `a_emails_nots` (
  `Not_Id` int(11) NOT NULL,
  `Not_Key` varchar(100) NOT NULL,
  `Not_Subject` varchar(200) NOT NULL,
  `Not_Desc` text NOT NULL,
  `For_Admin` varchar(1) NOT NULL DEFAULT 'N',
  `For_Member` varchar(1) NOT NULL DEFAULT 'N'
) ENGINE=MyISAM DEFAULT CHARSET=latin1;

-- --------------------------------------------------------

--
-- Table structure for table `a_emails_nots_pers`
--

CREATE TABLE `a_emails_nots_pers` (
  `Per_Id` int(11) NOT NULL,
  `Level_Id` int(11) NOT NULL,
  `Not_Id` int(11) NOT NULL
) ENGINE=MyISAM DEFAULT CHARSET=latin1;

-- --------------------------------------------------------

--
-- Table structure for table `a_forms`
--

CREATE TABLE `a_forms` (
  `Form_Id` int(18) NOT NULL,
  `Parent_Id` int(18) DEFAULT NULL,
  `Form_Title` varchar(50) DEFAULT NULL,
  `Form_Code` varchar(50) DEFAULT NULL,
  `Display_No` int(11) DEFAULT 1,
  `Display_Icon` varchar(30) NOT NULL DEFAULT 'N',
  `Per_Level` int(2) NOT NULL
) ENGINE=MyISAM DEFAULT CHARSET=latin1;

--
-- Dumping data for table `a_forms`
--

INSERT INTO `a_forms` (`Form_Id`, `Parent_Id`, `Form_Title`, `Form_Code`, `Display_No`, `Display_Icon`, `Per_Level`) VALUES
(1, 0, 'App Settings', '#', 1, 'fa fa-cogs', 0),
(2, 1, 'App Menus', 'a-forms.html', 1, 'fa fa-file-code-o', 8),
(3, 45, 'Departments', 'a-levels.html', 3, 'fa fa-group', 8),
(4, 1, 'Permissions', 'a-pers.html', 4, 'fa fa-key', 2),
(5, 1, 'Registered Members', 'a-users.html', 5, 'fa fa-user', 8),
(39, 45, 'Designations', 'm-designations.html', 1, 'fa fa-bank', 8),
(40, 45, 'Courses', 'm-courses.html', 2, 'fa fa-car', 8),
(41, 45, 'States', 'm-states.html', 6, 'fa fa-user-secret', 8),
(42, 1, 'Emails / Notifications', 'a-emails.html', 2, 'fa fa-envelope', 8),
(45, 0, 'Masters', '#', 2, 'fa fa-laptop', 0),
(46, 0, 'Process', '#', 3, 'fa fa-tasks', 0),
(47, 46, 'College Registration', 'frm-colleges.html', 1, 'fa fa-graduation-cap', 8),
(48, 45, 'Branches', 'm-branches.html', 4, 'fa fa-credit-card', 8),
(49, 45, 'Newspapers', 'm-newspapers.html', 5, 'fa fa-newspaper-o', 8),
(52, 45, 'Districts', 'm-districts.html', 7, 'fa fa-list', 8),
(53, 0, 'College Details', '#', 4, 'fa fa-graduation-cap', 0),
(54, 53, 'Institute Details', 'frm-college-institute.html', 1, 'fa fa-th', 2),
(55, 53, 'Financial Details', 'frm-college-financial-details.html', 11, 'fa fa-th', 2),
(56, 53, 'College Facility', 'frm-college-facility.html', 3, 'fa fa-th', 2),
(57, 53, 'Operational Funds', 'frm-college-funds.html', 4, 'fa fa-th', 2),
(58, 53, 'Building Details', 'frm-college-building-details.html', 5, 'fa fa-th', 2),
(59, 53, 'Hostel Facility', 'frm-college-hostal-facility.html', 6, 'fa fa-th', 5),
(60, 53, 'Land Details', 'frm-college-lands.html', 6, 'fa fa-list', 2),
(61, 53, 'Parent Organization', 'frm-college-parent-organization.html', 2, 'fa fa-list', 2),
(62, 53, 'Institute Head', 'frm-college-head.html', 8, 'fa fa-list', 2),
(63, 53, 'Programme & Courses', 'frm-college-courses.html', 9, 'fa fa-list', 5),
(64, 53, 'Staff / Faculty', 'frm-college-staff.html', 15, 'fa fa-list', 5),
(65, 53, 'Trust Members', 'frm-college-trusts.html', 4, 'fa fa-list', 5),
(66, 53, 'Laboratory Details', 'frm-college-labs.html', 14, 'fa fa-list', 5),
(67, 53, 'University Funds', 'frm-college-funds.html', 4, 'fa fa-list', 2),
(68, 0, 'Correspondence', '#', 5, 'fa fa-list', 0),
(69, 68, 'Messages', 'frm-messages.html', 1, 'fa fa-envelope-o', 6),
(70, 68, 'Inspections', 'frm-inspections.html', 2, 'fa fa-comments', 8),
(71, 0, 'Recruitments', '#', 6, 'fa fa-rupee', 0),
(72, 71, 'College Recruitment', 'frm-college-recruitment.html', 1, 'fa fa-tasks', 5),
(73, 53, 'Students Strength', 'frm-college-students.html', 12, 'fa fa-th', 2),
(74, 53, 'College FDR', 'frm-college-fdr.html', 13, 'fa fa-th', 5),
(75, 0, 'Reports', '#', 8, 'fa fa-list', 0),
(76, 46, 'College Approval DR', 'frm-reg-dr.html', 2, 'fa fa-check', 2),
(77, 46, 'College Approval DCDC', 'frm-reg-dc.html', 3, 'fa fa-check', 2),
(78, 46, 'College Approval VC', 'frm-reg-vc.html', 4, 'fa fa-check', 2),
(79, 46, 'Course Affiliations DR', 'frm-cu-aff-dr.html', 5, 'fa fa-check', 2),
(80, 46, 'Course Affiliations DCDC', 'frm-cu-aff-dc.html', 6, 'fa fa-check', 2),
(81, 46, 'Course Affiliations VC', 'frm-cu-aff-vc.html', 7, 'fa fa-check', 2),
(82, 75, 'College List', 'rpt-colleges.html', 1, 'fa fa-list', 1),
(83, 75, 'College Student Strength', 'rpt-college-students.html', 2, 'fa fa-list', 1),
(84, 75, 'College Faculty Strength', 'rpt-college-faculty.html', 3, 'fa fa-list', 1),
(85, 75, 'Total Vacancies', 'rpt-college-vacancies.html', 4, 'fa fa-list', 1),
(86, 75, 'Discrepancies', 'rpt-discrepancies.html', 5, 'fa fa-list', 1),
(87, 75, 'Total Inspections', 'rpt-inspections.html', 6, 'fa fa-list', 1),
(88, 53, 'Courses Affiliations', 'frm-college-courses-affiliations.html', 10, 'fa fa-list', 8),
(89, 53, 'Staff Academics', 'frm-staff-academics.html', 17, 'fa fa-book', 2),
(90, 53, 'Staff Pays Details', 'frm-staff-pays.html', 16, 'fa fa-rupee', 2),
(91, 45, 'Subjects', 'm-subjects.html', 2, 'N', 8),
(92, 75, 'Subject wise Students', 'rpt-college-sub-students.html', 2, 'fa fa-list', 1),
(93, 94, 'Home Links', 'home-links.html', 1, 'fa fa-link', 8),
(94, 0, 'Home screen', '#', 10, 'fa fa-home', 0),
(95, 94, 'News', 'm-news.html', 2, 'fa fa-list-alt', 8),
(96, 94, 'Recruitments', 'm-recruits.html', 3, 'fa fa-list-alt', 8),
(97, 94, 'Approval Letters', 'm-approval-letters.html', 4, 'fa fa-check', 8),
(98, 53, 'Authentication letter', 'frm-college-authentication-letter.html', 20, 'fa fa-envelope', 2),
(99, 75, 'New Colleges', 'rpt-new-colleges.html', 10, 'fa fa-list', 1);

-- --------------------------------------------------------

--
-- Table structure for table `a_forms_pers`
--

CREATE TABLE `a_forms_pers` (
  `Per_Id` int(18) NOT NULL,
  `Form_Id` int(18) DEFAULT NULL,
  `Level_Id` int(18) DEFAULT NULL,
  `Per_Add` tinyint(1) NOT NULL DEFAULT 0,
  `Per_Edit` tinyint(1) NOT NULL DEFAULT 0,
  `Per_Delete` tinyint(1) NOT NULL DEFAULT 0,
  `Per_View` tinyint(1) NOT NULL DEFAULT 0
) ENGINE=MyISAM DEFAULT CHARSET=latin1;

--
-- Dumping data for table `a_forms_pers`
--

INSERT INTO `a_forms_pers` (`Per_Id`, `Form_Id`, `Level_Id`, `Per_Add`, `Per_Edit`, `Per_Delete`, `Per_View`) VALUES
(46, 48, 4, 1, 1, 1, 1),
(45, 47, 4, 1, 1, 1, 1),
(1126, 97, 1, 1, 1, 1, 1),
(1125, 96, 1, 1, 1, 1, 1),
(1124, 95, 1, 1, 1, 1, 1),
(1123, 93, 1, 1, 1, 1, 1),
(48, 50, 3, 1, 1, 0, 1),
(50, 50, 2, 1, 1, 0, 1),
(44, 50, 4, 1, 1, 0, 1),
(47, 49, 4, 1, 1, 1, 1),
(49, 41, 3, 1, 1, 1, 1),
(51, 40, 2, 1, 1, 1, 1),
(1122, 99, 1, 0, 0, 0, 1),
(1121, 85, 1, 0, 0, 0, 1),
(1120, 84, 1, 0, 0, 0, 1),
(1119, 92, 1, 0, 0, 0, 1),
(1118, 83, 1, 0, 0, 0, 1),
(1117, 82, 1, 0, 0, 0, 1),
(1116, 72, 1, 1, 1, 0, 1),
(1193, 72, 10, 1, 1, 0, 1),
(1192, 69, 10, 1, 0, 0, 1),
(1191, 98, 10, 0, 1, 0, 1),
(1190, 89, 10, 0, 1, 0, 1),
(1189, 90, 10, 0, 1, 0, 1),
(1188, 64, 10, 1, 1, 0, 1),
(1187, 66, 10, 1, 1, 0, 1),
(1186, 74, 10, 1, 1, 0, 1),
(1185, 73, 10, 0, 1, 0, 1),
(1184, 55, 10, 0, 1, 0, 1),
(1183, 88, 10, 1, 1, 1, 1),
(1182, 63, 10, 1, 1, 0, 1),
(1115, 70, 1, 1, 1, 1, 1),
(1114, 69, 1, 1, 0, 1, 1),
(1181, 62, 10, 0, 1, 0, 1),
(1113, 98, 1, 0, 1, 0, 1),
(1112, 89, 1, 0, 1, 0, 1),
(1111, 90, 1, 0, 1, 0, 1),
(1110, 64, 1, 1, 1, 0, 1),
(1109, 66, 1, 1, 1, 0, 1),
(1108, 74, 1, 1, 1, 0, 1),
(1107, 73, 1, 0, 1, 0, 1),
(1106, 55, 1, 0, 1, 0, 1),
(1105, 88, 1, 1, 1, 1, 1),
(1104, 63, 1, 1, 1, 0, 1),
(1103, 62, 1, 0, 1, 0, 1),
(1102, 59, 1, 1, 1, 0, 1),
(1101, 60, 1, 0, 1, 0, 1),
(1100, 58, 1, 0, 1, 0, 1),
(1099, 65, 1, 1, 1, 0, 1),
(1180, 59, 10, 1, 1, 0, 1),
(846, 85, 7, 0, 0, 0, 1),
(1209, 70, 9, 1, 0, 0, 1),
(1208, 69, 9, 1, 0, 0, 1),
(1207, 64, 9, 1, 1, 0, 1),
(1206, 66, 9, 0, 1, 0, 1),
(1205, 55, 9, 0, 1, 0, 1),
(1204, 63, 9, 1, 1, 0, 1),
(1203, 62, 9, 0, 1, 0, 1),
(1202, 60, 9, 0, 1, 0, 1),
(1201, 59, 9, 1, 1, 0, 1),
(1200, 58, 9, 0, 1, 0, 1),
(1199, 67, 9, 0, 1, 0, 1),
(1198, 65, 9, 1, 1, 0, 1),
(1197, 57, 9, 0, 1, 0, 1),
(1196, 56, 9, 0, 1, 0, 1),
(1195, 61, 9, 0, 1, 0, 1),
(1194, 54, 9, 0, 1, 0, 1),
(1098, 67, 1, 0, 1, 0, 1),
(1097, 57, 1, 0, 1, 0, 1),
(863, 85, 8, 0, 0, 0, 1),
(1096, 56, 1, 0, 1, 0, 1),
(1095, 61, 1, 0, 1, 0, 1),
(1179, 60, 10, 0, 1, 0, 1),
(1178, 58, 10, 0, 1, 0, 1),
(1094, 54, 1, 0, 1, 0, 1),
(1093, 81, 1, 0, 1, 0, 1),
(1092, 80, 1, 0, 1, 0, 1),
(1091, 79, 1, 0, 1, 0, 1),
(1090, 78, 1, 0, 1, 0, 1),
(1089, 77, 1, 0, 1, 0, 1),
(1088, 76, 1, 0, 1, 0, 1),
(1087, 47, 1, 1, 1, 1, 1),
(1086, 52, 1, 1, 1, 1, 1),
(1085, 41, 1, 1, 1, 1, 1),
(1084, 49, 1, 1, 1, 1, 1),
(1083, 48, 1, 1, 1, 1, 1),
(845, 84, 7, 0, 0, 0, 1),
(844, 83, 7, 0, 0, 0, 1),
(843, 92, 7, 0, 0, 0, 1),
(842, 82, 7, 0, 0, 0, 1),
(841, 72, 7, 0, 1, 0, 1),
(840, 70, 7, 1, 1, 0, 1),
(839, 69, 7, 1, 0, 0, 1),
(838, 80, 7, 0, 1, 0, 1),
(837, 77, 7, 0, 1, 0, 1),
(1082, 3, 1, 1, 1, 1, 1),
(853, 85, 6, 0, 0, 0, 1),
(852, 84, 6, 0, 0, 0, 1),
(851, 83, 6, 0, 0, 0, 1),
(850, 92, 6, 0, 0, 0, 1),
(849, 82, 6, 0, 0, 0, 1),
(848, 79, 6, 0, 1, 0, 1),
(862, 84, 8, 0, 0, 0, 1),
(861, 83, 8, 0, 0, 0, 1),
(860, 92, 8, 0, 0, 0, 1),
(859, 82, 8, 0, 0, 0, 1),
(858, 72, 8, 0, 1, 0, 1),
(857, 70, 8, 1, 1, 1, 1),
(856, 69, 8, 1, 0, 1, 1),
(855, 81, 8, 0, 1, 0, 1),
(1177, 67, 10, 0, 1, 0, 1),
(1176, 57, 10, 0, 1, 0, 1),
(1175, 65, 10, 1, 1, 0, 1),
(1081, 40, 1, 1, 1, 1, 1),
(1080, 91, 1, 1, 1, 1, 1),
(1079, 39, 1, 1, 1, 1, 1),
(1078, 5, 1, 1, 1, 1, 1),
(1077, 4, 1, 0, 1, 0, 1),
(836, 47, 7, 0, 1, 1, 1),
(847, 76, 6, 0, 1, 0, 1),
(854, 78, 8, 0, 1, 0, 1),
(1076, 42, 1, 1, 1, 1, 1),
(1075, 2, 1, 1, 1, 1, 1),
(1174, 56, 10, 0, 1, 0, 1),
(1173, 61, 10, 0, 1, 0, 1),
(1172, 54, 10, 0, 1, 0, 1);

-- --------------------------------------------------------

--
-- Table structure for table `a_levels`
--

CREATE TABLE `a_levels` (
  `Level_Id` bigint(20) NOT NULL,
  `Admin_Level` int(1) NOT NULL,
  `Level_Name` varchar(100) NOT NULL,
  `Publish` varchar(1) NOT NULL DEFAULT 'N'
) ENGINE=MyISAM DEFAULT CHARSET=latin1;

--
-- Dumping data for table `a_levels`
--

INSERT INTO `a_levels` (`Level_Id`, `Admin_Level`, `Level_Name`, `Publish`) VALUES
(1, 1, 'Administrators', 'Y'),
(6, 1, 'DR', 'Y'),
(7, 1, 'DCDC', 'Y'),
(8, 1, 'VC', 'Y'),
(9, 2, 'Superintendent', 'Y'),
(10, 3, 'College', 'Y'),
(11, 1, 'Inspection Team', 'Y');

-- --------------------------------------------------------

--
-- Table structure for table `a_msg_pers`
--

CREATE TABLE `a_msg_pers` (
  `Per_Id` int(11) NOT NULL,
  `From_Level_Id` int(11) NOT NULL,
  `To_Level_Id` int(11) NOT NULL
) ENGINE=InnoDB DEFAULT CHARSET=latin1;

--
-- Dumping data for table `a_msg_pers`
--

INSERT INTO `a_msg_pers` (`Per_Id`, `From_Level_Id`, `To_Level_Id`) VALUES
(150, 7, 1),
(151, 7, 10),
(152, 7, 6),
(153, 7, 9),
(154, 7, 8),
(155, 6, 1),
(156, 6, 10),
(157, 6, 7),
(158, 6, 11),
(159, 6, 9),
(160, 6, 8),
(161, 8, 1),
(162, 8, 10),
(163, 8, 7),
(164, 8, 6),
(165, 8, 11),
(166, 8, 9),
(191, 1, 10),
(192, 1, 7),
(193, 1, 6),
(194, 1, 11),
(195, 1, 9),
(196, 1, 8),
(201, 10, 6),
(202, 10, 9),
(203, 9, 1),
(204, 9, 10),
(205, 9, 7),
(206, 9, 6),
(207, 9, 8);

-- --------------------------------------------------------

--
-- Table structure for table `college_signups`
--

CREATE TABLE `college_signups` (
  `Sign_Id` int(11) NOT NULL,
  `Ref_Code` varchar(20) NOT NULL,
  `College_Name` varchar(50) NOT NULL,
  `Trust_Name` varchar(100) NOT NULL,
  `Address` text NOT NULL,
  `Phone_No` varchar(20) NOT NULL,
  `Email` varchar(100) NOT NULL,
  `Created_Date` datetime NOT NULL,
  `IP` varchar(20) NOT NULL,
  `File_1` varchar(50) NOT NULL,
  `File_2` varchar(50) NOT NULL,
  `File_3` varchar(50) NOT NULL,
  `File_4` varchar(50) NOT NULL,
  `File_5` varchar(50) NOT NULL,
  `File_6` varchar(50) NOT NULL,
  `File_7` varchar(50) NOT NULL,
  `File_8` varchar(50) NOT NULL,
  `Status_DR` varchar(1) NOT NULL DEFAULT 'N',
  `Remarks_DR` varchar(200) NOT NULL,
  `Status_DC` varchar(1) NOT NULL DEFAULT 'N',
  `Remarks_DC` varchar(200) NOT NULL,
  `Status_VC` varchar(1) NOT NULL DEFAULT 'N',
  `Remarks_VC` varchar(200) NOT NULL
) ENGINE=MyISAM DEFAULT CHARSET=latin1;

--
-- Dumping data for table `college_signups`
--

INSERT INTO `college_signups` (`Sign_Id`, `Ref_Code`, `College_Name`, `Trust_Name`, `Address`, `Phone_No`, `Email`, `Created_Date`, `IP`, `File_1`, `File_2`, `File_3`, `File_4`, `File_5`, `File_6`, `File_7`, `File_8`, `Status_DR`, `Remarks_DR`, `Status_DC`, `Remarks_DC`, `Status_VC`, `Remarks_VC`) VALUES
(1, 'R0416041', 'test', 'test', 'test', '123456', 'test@test.com', '2016-04-04 16:32:09', '112.196.31.250', '201604041632091258106.pdf', '201604041632092808670.pdf', '201604041632091616316.pdf', '201604041632096164295.pdf', '201604041632091410619.pdf', '201604041632092346731.pdf', '201604041632098465487.pdf', '201604041632099167549.pdf', 'Y', '', 'Y', 'test', 'N', ''),
(2, 'R0516122', 'Goverment Home Science College', 'abcd', 'Sector-10, Chandigarh', '017227403', 'homescience-chd@nic.in', '2016-05-12 12:35:40', '124.124.110.161', '', '', '', '', '', '', '', '', 'Y', '', 'R', 'NO', 'N', ''),
(3, 'R0516133', 'abc', 'xyz', 'abc,chandigarh', '2635441522', 'abcxyz@gmail.com', '2016-05-13 09:23:21', '124.124.110.161', '', '', '', '', '', '', '', '', 'Y', '', 'Y', 'ok', 'Y', ''),
(4, 'R0616024', 'Sri  Satya Sai B Ed College', 'dfhfgj', 'dfhbfjkd', '5555555555', 'dfgdrth@gmail.com', '2016-06-02 11:54:15', '124.124.110.161', '', '', '', '', '', '', '', '', 'N', '', 'N', '', 'N', ''),
(5, 'R0616095', 'Government Home Science College', 'hgjhg', 'Sector 10, Chandigarh', '2740387', 'homescience-chd@nic.in', '2016-06-09 12:56:10', '117.241.107.88', '', '', '', '', '', '', '', '', 'N', '', 'N', '', 'N', ''),
(6, 'R0716116', 'DAV College', 'D A V College Managing Committee  New Delhi', 'DAV College, Hanumangarh Road, Abohar - 152116\r\nDist. Fazilka', '1634220355', 'davabh200506@yahoo.com', '2016-07-11 16:02:09', '117.205.35.109', '', '', '', '', '', '', '', '', 'N', '', 'N', '', 'N', ''),
(7, 'R0716127', 'DASMESH GIRLS COLLEGE CHAK ALLA BAKSH MUKERIAN', 'SRI GURU GOBIND SINGH EDUCATION TRUST REGD', 'DASMESH GIRLS COLLEGE CHAK ALLA BAKSH GT ROAD MUKERIAN\r\nDISTRICT HOSHIARPUR PIN CODE 144211 (PUNJAB)', '9465137136', 'dgc_chakallabaksh17@rediffmail.com', '2016-07-12 12:27:11', '59.89.169.116', '201607121227115124175.jpg', '', '', '201607121227115378701.jpg', '201607121227113472666.jpg', '201607121227112306454.jpg', '201607121227111319251.jpg', '201607121227114258193.jpg', 'N', '', 'N', '', 'N', ''),
(8, 'R0816088', 'GURU GOBIND SINGH COLLEGE FOR WOMEN', 'SIKH EDUCATIONAL SOCIETY', 'SECTOR-26 CHANDIGARH', '2791610', 'PRINCIPALGGSCW@YAHOO.IN', '2016-08-08 13:33:15', '59.90.197.67', '201608081333156778793.pdf', '201608081333153639249.pdf', '201608081333151595979.pdf', '201608081333155258518.pdf', '201608081333157950492.pdf', '201608081333155974829.pdf', '', '201608081333156210596.pdf', 'N', '', 'N', '', 'N', ''),
(9, 'R0816239', 'CGM COLLEGE MOHLAN', '', 'VILL MOHLAN, TEH MALOUT, DIST. SRI MUKTSAR SAHIB, PUNJAB', '9915620081', 'cgmcollegemohlan@gmail.com', '2016-08-23 09:49:38', '103.18.70.173', '', '', '', '', '', '', '', '', 'N', '', 'N', '', 'N', ''),
(10, 'R08162310', 'D M College of Education Moga', 'D M  College Managing Committee Moga', 'Circular Road, Geeta Bhawan Chowk Near Chokha Palace Gate No. 2, Moga', '9915813287', 'dmce.moga@gmail.com', '2016-08-23 09:50:02', '117.205.38.163', '', '', '', '', '', '', '', '', 'N', '', 'N', '', 'N', ''),
(11, 'R08162311', 'SATYAM COLLEGE OF EDUCATION', 'SATYAM EDUCATIONAL SOCIETY', 'FEROZEPUR G.T. ROAD, VPO: GHALL KALAN, MOGA', '9876615426', 'satyamcollegeofeducation@yahoo.co.in', '2016-08-23 10:21:05', '117.255.208.84', '', '', '', '', '', '', '', '', 'N', '', 'N', '', 'N', ''),
(12, 'R08162312', 'Dev Samaj College for Women', 'Dev Samaj', 'Dev Samaj College for Women,\r\nI/s Bansi Gate,\r\nFerozepur City - 152002\r\nPunjab', '0163222214', 'principaldscw@yahoo.com', '2016-08-23 10:58:41', '59.94.165.85', '', '', '', '', '', '', '', '', 'N', '', 'N', '', 'N', ''),
(13, 'R08162313', 'Surjeet Memorial College of Education Malwal', 'Surjeet Memorial Educational Society', 'Village Malwal, P.O-Piareyana Ferozepur Moga Road, District Ferozepur Pin-142052', '1632645092', 'smcollege2006@yahoo.co.in', '2016-08-23 11:04:33', '49.32.83.72', '', '', '', '', '', '', '', '', 'N', '', 'N', '', 'N', ''),
(14, 'R08162314', 'Sant Baba Bhag Singh Memorial Girls College of Edu', 'Sant Baba Bhag Singh Memorial Education Society', 'V. & P.O.- Sukhanand\r\nDistt- Moga\r\nPin Code-142049', '9815169720', 'principalsbbs@gmail.com', '2016-08-23 11:07:32', '117.211.65.134', '', '', '', '', '', '', '', '', 'N', '', 'N', '', 'N', ''),
(15, 'R08162315', 'BABA MANGAL SINGH INSTITUTE OF EDUCATION BUGHIPURA', 'INDO GERMAN EDUCATIONAL SOCIETY REGD', 'BARNALA ROAD, BUGHIPURA, MOGA (142 001), PUNJAB', '9465606660', 'BMSIEMOGA@GMAIL.COM', '2016-08-23 11:50:08', '202.164.49.226', '', '', '', '', '', '', '', '', 'N', '', 'N', '', 'N', ''),
(16, 'R08162316', 'Siri Guru Har Rai Sahib College for Women Chabbewa', '', 'V.P.O Chabbewal,Distt.Hoshiarpur', '9592994528', 'sghrsc@gmail.com', '2016-08-23 12:18:39', '117.211.24.66', '', '', '', '', '', '', '', '', 'N', '', 'N', '', 'N', ''),
(17, 'R08162317', 'GHG KHALSA COLLEGE OF EDUCATION', 'GOVERNING COUNCIL GHG KHALSA COLLEGE GURUSAR SADHAR LUDHIANA', 'VPO GURUSAR SADHAR, LUDHIANA 141104', '1624275228', 'GHG_EDU@YAHOO.COM', '2016-08-23 12:55:37', '117.211.35.170', '201608231255372836526.jpg', '201608231255378219550.JPG', '', '', '', '', '', '', 'N', '', 'N', '', 'N', ''),
(18, 'R08162318', 'Sant Baba Hari Singh Memorial Khalsa College of Ed', 'Sikh Educational Council Mahilpur', 'Jaijon Road, V.P.O - Mahilpur, Distt - Hoshiarpur', '1884246572', 'sbhsmkce@rediffmail.com', '2016-08-23 14:19:04', '117.211.55.170', '', '', '', '', '', '', '', '', 'N', '', 'N', '', 'N', ''),
(19, 'R08162319', 'Chandigarh College of Engineering and Technology', '', 'Chandigarh College of Engineering and Technology(Degree Wing), Sector-26, Chandigarh', '9855908643', 'bgupta@ccet.ac.in', '2016-08-23 14:36:51', '14.139.60.242', '', '', '', '', '', '', '', '', 'N', '', 'N', '', 'N', ''),
(20, 'R08162420', 'Siri Guru Har Rai Sahib College for Women Chabbewa', '', 'V.P.O Chabbewal,Distt.Hoshiarpur', '9592994528', 'sghrsc@gmail.com', '2016-08-24 09:17:17', '117.211.24.96', '', '', '', '', '', '', '', '', 'N', '', 'N', '', 'N', ''),
(21, 'R08162421', 'MEHR CHAND MAHAJAN DAV COLLEGE FOR WOMEN', 'DAYANAND ANGLO VEDIC COLLEGE TRUST AND MANAGEMENT SOCIETY', 'SECTOR 36 A CHANDIGARH', '9815758400', 'principal_mcmdavcollege@yahoo.com', '2016-08-24 15:02:51', '117.215.244.140', '', '', '', '', '', '', '', '', 'N', '', 'N', '', 'N', ''),
(22, 'R08162622', 'Shree Atam Vallabh Jain College', '', 'Shree Atam Vallabh Jain College\r\nLudhiana-Jalandhar G.T. Road, \r\nNear Malhotra Resorts,\r\nHussainpura, Ludhiana-141008', '9914089941', 'savjc@savegroup.org', '2016-08-26 08:38:27', '223.225.255.179', '', '', '', '', '', '', '', '', 'N', '', 'N', '', 'N', ''),
(23, 'R08162623', 'Government College Girls Jalalabad West', 'Government Institutrion', 'Government College(Girls), Jalalabad West', '0163825045', 'principalggcjbd@gmail.com', '2016-08-26 11:56:57', '59.89.162.229', '', '', '', '', '', '', '', '', 'N', '', 'N', '', 'N', ''),
(24, 'R08162624', 'DAV COLLEGE OF EDUCATION ABOHAR', 'DAV COLLEGE MANAGING COMMITTEE NEW DEHLI', 'DAV COLLEGE OF EDUCATION,  DAV CAMPUS, HANUMANGARH ROAD, ABOHAR, TEHSIL- ABOHAR, DISTRICT- FAZILKA, STATE- PUNJAB, PIN 152116', '1634220296', 'daveduabh@yahoo.com', '2016-08-26 14:28:58', '124.253.249.184', '', '', '', '', '', '', '', '', 'N', '', 'N', '', 'N', ''),
(25, 'R08162625', 'GURU RAM DASS B ED COLLEGE  JALALABAD WEST', 'GURU RAM DASS EDUCATIONAL TRUST REGD MOHALI', 'DAV COLLEGE ROAD VILLAGE CHAK ROOM WALA \r\nBHAMNI WALA ROAD\r\nJALALABAD WEST -152 024\r\nDISTT FAZILKA \r\nPUNJAB', '1638250884', 'GRD.COLLEGE@REDIFFMAIL.COM', '2016-08-26 17:29:22', '117.220.130.185', '', '', '', '', '', '', '', '', 'N', '', 'N', '', 'N', ''),
(26, 'R08162726', 'Siri Guru Har Rai Sahib College for Women Chabbewa', '', 'V.P.O Chabbewal,Distt.Hoshiarpur', '9592994528', 'sghrs.college@rediffmail.com', '2016-08-27 13:02:28', '117.211.24.101', '', '', '', '', '', '', '', '', 'N', '', 'N', '', 'N', ''),
(27, 'R08162927', 'RAMGARHIA GIRLS COLLEGE', 'RAMGARHIA EDUCATIONAL COUNCIL', 'MILLER GANJ,\r\nLUDHIANA - 141003', '0161254622', 'ldh_rgc@yahoo.com', '2016-08-29 09:09:50', '110.225.200.98', '', '', '', '', '', '', '', '', 'N', '', 'N', '', 'N', ''),
(28, 'R08162928', 'MAHARAJ BRAHMA NAND BHURIWALE GARIB DASSI RANA GAJ', 'MAHARAJ BHURIWALE GARIB DASSI EDUCATION TRUST(REGD.)', 'H. O TAPPRIAN KHURD, P.O. CHANDIANI KHURD, TEH, BALACHAUR, DISTT S.B.S. NAGAR(TRUST ADDRESS)\r\nCOLLEGE ADDRESS\r\nVILLAGE MANSOWAL PO BINEWAL TEHSIL GARHSHANKAR DISTT . HOSHIARPUR PIN 144523', '9463404834', 'PRINCIPALMBBG@YAHOO.IN PRINCIPALMBBG@GMAIL.COM', '2016-08-29 11:18:02', '45.126.237.221', '', '201608291118021319574.jpg', '', '', '', '', '201608291118023993173.pdf', '201608291118023948991.jpg', 'N', '', 'N', '', 'N', ''),
(29, 'R08162929', 'MALWA COLLEGE', 'MALWA EDUCATION COUNCIL BONDLI SAMRALA', 'V.P.O. BONDLI, CHANDIGARH ROAD, SAMRALA,\r\nDISTRICT LUIDHIANA (PUNJAB)', '9501026921', 'malwacollege1965@gmail.com', '2016-08-29 12:38:21', '112.196.75.18', '', '', '', '', '', '', '', '201608291238217100723.pdf', 'N', '', 'N', '', 'N', ''),
(30, 'R08162930', 'SAI COLLEGE OF EDUCATION', 'SAI WIRANWALI EDUCATIONAL WELFARE TRUST', 'SARDULAPUR, NEAR - MAHILPUR, Teh. - GARHSHANKAR, Distt. - HOSHIARPUR - 146109', '9814903609', 'ESAICOLLEGE@GMAIL.COM', '2016-08-29 13:26:19', '117.211.55.180', '', '', '', '', '', '', '', '', 'N', '', 'N', '', 'N', ''),
(31, 'R08162931', 'Rayat College of Law', 'Rayat Educational and Research Trust', 'VPO Railmajra Teh. Balachaur Distt. SBS Nagar(Punjab)0', '9780872889', 'rcl@rayatbahra.com', '2016-08-29 16:49:23', '49.201.34.217', '', '', '', '', '', '', '', '', 'N', '', 'N', '', 'N', ''),
(32, 'R08163032', 'GURU GOBIND SINGH GIRLS COLLEGE GIDDARBAHA', 'GURU GOBIND SINGH SOCIETY GIDDARBAHA', 'NEAR MALWA SCHOOL,G.T.ROAD,GIDDARBAHA-152101', '9815262515', 'GGSGDB.DC@GMAIL.COM', '2016-08-30 12:31:54', '103.253.148.76', '', '', '', '', '', '', '', '201608301231549917219.PDF', 'N', '', 'N', '', 'N', ''),
(33, 'R08163133', 'G.H.G Institute of Law For Women, Sidhwan Khurd, L', 'S.G.H.G. Ujjagar Hari Trust, Sidhwan Khurd, Ludhiana', 'G.H.G Institute of Law For Women,  V.P.O-Sidhwan Khurd, Teh-Jagraon, Ludhiana, Pin Code - 142024', '9779898539', 'gsidhwankhurd@gmail.com', '2016-08-31 09:26:09', '117.211.29.221', '', '', '', '', '', '', '', '', 'N', '', 'N', '', 'N', ''),
(34, 'R08163134', 'A S College for Women Khanna', 'A S High School Khanna Trust and  Management Society Khanna', 'Amloh Road  Khanna', '1628220570', 'ascollegeforwomen@gmail.com', '2016-08-31 13:41:35', '27.255.199.195', '201608311341354346962.jpg', '', '', '', '', '', '', '201608311341354597850.jpg', 'N', '', 'N', '', 'N', ''),
(35, 'R09160635', 'Waheguru College', 'Waheguru Educational Society', 'Burj Hanumangarh Road, Abohar, Distt. Fazilka\r\nPin Code-152116', '9815979375', 'wahegurucollege.abh@gmail.com', '2016-09-06 15:44:57', '117.205.38.61', '201609061544578504255.jpg', '', '201609061544572048381.jpg', '201609061544575813483.jpg', '201609061544578807784.jpg', '201609061544574729914.jpg', '', '201609061544572057268.jpg', 'N', '', 'N', '', 'N', ''),
(36, 'R09160836', 'KHALSA COLLEGE FOR WOMEN', 'SHRI GURU HARGOBIND UJAGAR HARI TRUST', 'VPO SIDHWAN KHURD\r\nTEHSIL JAGRAON \r\nDISTT LUDHIANA\r\nPIN CODE :142024', '9878894055', 'KCW_SIDHWAN@REDIFFMAIL.COM', '2016-09-08 11:44:45', '117.211.29.196', '201609081144459464888.pdf', '201609081144452440533.pdf', '201609081144452852998.pdf', '201609081144453873848.pdf', '201609081144455365333.pdf', '201609081144451218821.pdf', '', '201609081144453528340.pdf', 'N', '', 'N', '', 'N', ''),
(37, 'R09160937', 'SCD GOVERNMENT COLLEGE LUDHIANA', '', 'S.C.D. GOVERNMENT COLLEGE LUDHIANA, NEAR ROSE GARDEN, CIVIL LINES, LUDHIANA-141001', '2448899', 'scdgovtcollege@gmail.com', '2016-09-09 11:37:21', '117.211.35.165', '', '', '', '', '', '', '', '', 'N', '', 'N', '', 'N', ''),
(38, 'R09160938', 'JAGAT SEWAK KHALSA COLLEGE FOR WOMEN', 'JAGAT SEWAK CHARITABLE AND EDUCATIONAL TRUST', 'AMARGARH PARAO MEHNA MOGA', '9217288788', 'jagatsewakmehna@yahoo.com', '2016-09-09 12:41:28', '59.91.202.138', '', '', '', '', '', '', '', '', 'N', '', 'N', '', 'N', ''),
(39, 'R09161039', 'GURU GOBIND SINGH KHALSA COLLEGE OF EDUCATION FOR ', 'GURU GOBIND SINGH EDUCATION TRUST', 'V.P.O- KAMALPURA TEHSIL- JAGRAON, DISTT- LUDHIANA\r\nPUNJAB\r\nPIN CODE- 142030', '9888394534', 'GGS.KAMALPURA.EDU@GMAIL.COM', '2016-09-10 11:32:16', '117.211.35.167', '201609101132164137533.jpg', '201609101132161137276.jpg', '201609101132166752583.jpg', '201609101132162439853.jpg', '', '201609101132166770720.jpg', '201609101132163542690.jpg', '201609101132165144834.jpg', 'N', '', 'N', '', 'N', ''),
(40, 'R09161440', 'GOSWAMI GANESH DUTTA SANATAN DHARMA COLLEGE', 'GOSWAMI GANESH DUTTA SANATAN DHARMA COLLEGE SOCIETY CHANDIGARH', 'G.G.D.S.D. COLLEGE, SECTOR 32 C, CHANDIGARH', '4912400', 'info@ggdsd.ac.in', '2016-09-14 15:01:55', '220.227.37.180', '201609141501553879278.pdf', '', '201609141501566024335.pdf', '', '', '', '', '', 'N', '', 'N', '', 'N', ''),
(41, 'R09161541', 'Lala jagat Naryan Eduction College', 'Lala jagat Naryan Eduction Society', 'Vill. Chak Arian Wala, Muktsar Road, Jalalabad west, Distt. Fazilka, Pin 152024, Punjab', '9855333300', 'ljneducollege@yahoo.com', '2016-09-15 10:45:22', '103.18.70.127', '201609151045226785888.pdf', '', '', '', '', '', '', '', 'N', '', 'N', '', 'N', ''),
(42, 'R09161942', 'DAV College For Girls Garshankar Hoshiarpur', 'Arya Vidayaka', 'DAV College For Girls Garshankar Hoshiarpur', '9814056985', 'davcollegeghr@gmail.com', '2016-09-19 10:38:26', '124.124.110.161', '', '', '', '', '', '', '', '', 'N', '', 'N', '', 'N', ''),
(43, 'R09161943', 'GOVERNMENT COLLEGE', '', 'Kotkapura Road Sri Muktsar Sahib-152026', '0163326212', 'principalgcmks@gmail.com', '2016-09-19 13:48:29', '59.89.39.252', '', '', '', '', '', '', '', '', 'N', '', 'N', '', 'N', ''),
(44, 'R09161944', 'Govt College Zira Ferozepur', '', 'Saner Road ZIra', '0168250665', 'gcz.fzr@gmail.com', '2016-09-19 14:40:45', '117.211.65.201', '', '', '', '201609191440454412995.jpg', '', '', '', '', 'N', '', 'N', '', 'N', ''),
(45, 'R09162045', 'Dev Samaj College of Education for Women Ferozepur', 'Dev Samaj Society', 'Circular Road, Bansi Gate, Ferozepur City-152002 (Pb.)', '222148', 'devsamaj_bed@yahoo.co.in', '2016-09-20 09:29:39', '117.211.65.175', '201609200929398148312.jpg', '201609200929393452428.jpg', '201609200929393983376.jpg', '201609200929392221788.jpg', '201609200929399108706.jpg', '', '', '201609200929398592978.jpeg', 'N', '', 'N', '', 'N', ''),
(46, 'R09162046', 'DASMESH GIRLS COLLEGE BADAL', 'DASMESH GIRLS COLLEGE LOCAL MANAGING COMMITTEE BADAL', 'VPO BADAL DISTT SRI MUKTSAR SAHIB', '1637244596', 'INFO@DGCBADAL.COM', '2016-09-20 10:18:55', '117.215.77.99', '', '', '', '', '', '', '', '', 'N', '', 'N', '', 'N', ''),
(47, 'R09162047', 'DASMESH GIRLS COLLEGE', 'DASMESH GIRLS COLLEGE LOCAL MANAGING COMMITTEE BADAL', 'VPO BADAL BLOCK LAMBI DISTT SRI MUKTSAR SAHIB', '1637244596', 'INFO@DGCBADAL.COM', '2016-09-20 10:27:55', '61.1.158.206', '', '', '', '', '', '', '', '', 'N', '', 'N', '', 'N', ''),
(48, 'R09162048', 'Moga College of Educationfor Girls', 'Shiva Education Trust', 'Moga College of Education for Girls, Moga Ferozepur G.T. Road, V.P.O. Ghall Kalan, Distt. Moga (Pb.)', '9463922212', 'mceg2moga@yahoo.com', '2016-09-20 13:20:22', '112.196.11.249', '', '', '', '', '', '', '', '', 'N', '', 'N', '', 'N', ''),
(49, 'R09162049', 'J D College Of Education', 'Jamna Devi Educational Society', 'J. D College Of Education Bathinda Road, Sri Muktsar Sahib-152026(Pb)', '9463095162', 'jdcemks@yahoo.in', '2016-09-20 14:52:19', '103.198.10.180', '201609201452191993904.jpg', '201609201452192598185.jpg', '201609201452191538384.jpg', '201609201452196559920.jpg', '201609201452196074080.jpg', '201609201452194196296.jpg', '201609201452197887359.jpg', '201609201452191689798.jpg', 'N', '', 'N', '', 'N', ''),
(50, 'R09162050', 'JYOTI BEd COLLEGE', 'SATGURU EDUCATIONAL SOCIETY', 'ABOHAR ROAD, RAMPURA, FAZILKA, PUNJAB', '9781700042', 'Jyotibedcollege@yahoo.co.in', '2016-09-20 15:31:44', '103.18.68.147', '201609201531445019756.jpg', '201609201531445732926.jpg', '', '201609201531449130622.pdf', '201609201531445117789.jpg', '201609201531449162456.JPG', '201609201531448068469.jpg', '201609201531447536675.jpg', 'N', '', 'N', '', 'N', ''),
(51, 'R09162051', 'Government College of Commerce and Business Admini', '', 'Sector 50 Chandigarh', '0172267431', 'gccbachd@hotmail.com', '2016-09-20 22:59:22', '117.220.106.135', '', '', '', '', '', '', '', '', 'N', '', 'N', '', 'N', ''),
(52, 'R09162252', 'GURU GOBIND SINGH KHALSA COLLEGE FOR WOMEN JHAR SA', 'MANAGEMENT Shiromani Gurdwara Parbandhak Committee SRI AMRITSAR', 'VILL. JHAR SAHIB P.O. BEHLOLPUR TEH. SAMRALA DIST. LUDHIANA PIN- 141121', '0162827129', 'GGSKHALSA.JHARSAHIB@GMAIL.COM', '2016-09-22 10:17:13', '117.214.201.30', '201609221017137023499.jpg', '201609221017133002293.jpg', '201609221017136799203.jpg', '201609221017134439302.jpg', '201609221017136143029.jpg', '201609221017137591418.jpg', '201609221017133910191.jpg', '201609221017136803906.jpg', 'N', '', 'N', '', 'N', ''),
(53, 'R09162253', 'GOVERNMENT MEDICAL COLLEGE AND HOSPITAL', '', 'SECTOR-32, CHANDIGARH', '2676037', 'DPGMCH-CHD@GMCH.GOV.IN', '2016-09-22 14:31:06', '14.139.61.167', '', '', '', '', '', '', '', '', 'N', '', 'N', '', 'N', ''),
(54, 'R09162354', 'SHUKDEVA KRISHNA COLLEGE OF EDUCATION FOR GIRLS', 'SHRI KRISHNA EDUCATIONAL SOCIETY COURT ROAD MOGA', 'SHUKDEVA KRISHNA COLLEGE OF EDUCATION FOR GIRLS , MOGA-FEROZEPUR G.T. ROAD , VPO GHALL KALAN MOGA-142001', '9316150864', 'SKCOLLEGEMOGA@GMAIL.COM', '2016-09-23 20:27:15', '112.110.49.30', '201609232027158535018.jpg', '201609232027157015794.pdf', '201609232027156144653.jpg', '201609232027157242644.pdf', '201609232027154524942.pdf', '201609232027151674038.pdf', '201609232027153315118.jpg', '201609232027155754900.pdf', 'N', '', 'N', '', 'N', ''),
(55, 'R09162455', 'ARJAN DASS COLLEGE', '', 'ARJAN DASS COLLEGE DHARAMKOT, DISTT MOGA  PINCODE: 142042', '8427700601', 'ADCDMK@YAHOO.COM', '2016-09-24 10:11:46', '117.216.142.91', '', '', '', '', '', '', '', '', 'N', '', 'N', '', 'N', ''),
(56, 'R09162456', 'GURU NANAK COLLEGE MOGA', '', 'MAJESTIC ROAD MOGA', '8054928967', 'gnc_moga@yahoo.co.in', '2016-09-24 12:53:12', '117.211.65.157', '201609241253129725684.jpg', '', '', '', '', '', '', '201609241253121538176.jpg', 'N', '', 'N', '', 'N', ''),
(57, 'R09162457', 'MMD DAV COLLEGE GIDDARBAHA', 'DAV COLLEGE MANAGING COMMITTEEE NEW DELHI', 'BHARU ROAD, NEAR BIKANER HOSPITAL, GIDDARBAHA-152101, DISTRICT-SRI MUKTSAR SAHIB, PUNJAB', '9855032777', 'MMDDAVGDB@YAHOO.CO.IN', '2016-09-24 13:41:08', '117.211.65.136', '', '', '', '', '', '', '', '', 'N', '', 'N', '', 'N', ''),
(58, 'R09162458', 'Swami Ganga Giri Janta Girls College', 'Swami Ganga Giri Janta Girls College Raekopt Ludhiana Regd Trust', 'Near Hari Singh Nalwa Chowk, Ludhiana Road, Raekot,  Distt Ludhiana-141109', '0162426555', 'sggjcraikot@yahoo.co.in', '2016-09-24 14:56:28', '202.164.41.162', '201609241456281321230.jpeg', '', '', '201609241456283587349.jpeg', '', '', '', '201609241456287191362.jpeg', 'N', '', 'N', '', 'N', ''),
(59, 'R09162559', 'Satyam College For Girls', 'Satyam Cultural Educational Society', 'Sri Ganganagar Road-\r\nVillage -Sayadwala\r\nTeh-Abohar,\r\nDistrict Fazilka', '9646511006', 'satyamcollegeabohar@gmail.com', '2016-09-25 09:11:44', '117.199.127.250', '201609250911442163303.jpg', '', '201609250911445480924.jpg', '', '', '201609250911447364065.jpg', '201609250911449679870.jpg', '201609250911448989271.pdf', 'N', '', 'N', '', 'N', ''),
(60, 'R09162660', 'SHAHEEDGANJCOLLEGEFORWOMENMUDKIDISTTFEROZEPUR', 'SHAHEEDGANJSOCIETYFORHIGHEREDUCATIONMUDKIDISTTFEROZEPUR', 'SHAHEED GANJ COLLEGE FOR WOMEN, MUDKI, DISTT FEROZEPUR', '8427004290', 'sgcm_fzr@live.com', '2016-09-26 09:15:50', '103.253.148.221', '201609260915505109763.jpg', '201609260915501571133.jpg', '201609260915506180426.jpg', '201609260915506969393.jpg', '201609260915502718610.jpg', '201609260915501886589.jpg', '201609260915506609398.jpg', '201609260915509609035.jpg', 'N', '', 'N', '', 'N', ''),
(61, 'R09162661', 'Guru Nanak Government College Guru Teg Bahadurgarh', 'State Government', 'Villege Guru Teg Bahadurgarh,Tehsil- Baghapurana,Distt-Moga,pincode 142049', '9815787900', 'gtbcollege88@gmail.com', '2016-09-26 11:13:46', '117.205.43.214', '', '', '', '', '', '', '', '', 'N', '', 'N', '', 'N', ''),
(62, 'R09162662', 'GURU TEG  BAHADUR NATIONAL COLLEGE DAKHA', 'GURU TEG BAHADUR CHARITABLE EDUCATION TRUST DAKHA', 'GURU TEG BAHADUR NATIONAL COLLEGE DAKHA  \r\n DISTT LUDHIANA (PUNJAB)', '0161287810', 'gtbncdakhaa@yahoo.co.in', '2016-09-26 11:45:43', '117.212.49.221', '', '', '', '', '', '', '', '', 'N', '', 'N', '', 'N', ''),
(63, 'R09162663', 'Brahmrishi Yoga Training College', 'Vishva Shiksha Niketan Sansthan', 'Sector: 19-A, Madhya Marg, Chandigarh.', '2725390', 'bytc19@gmail.com', '2016-09-26 13:52:53', '117.211.23.140', '201609261352536279716.pdf', '201609261352538121816.pdf', '201609261352538375493.pdf', '201609261352538886707.pdf', '201609261352534141613.pdf', '201609261352539196825.pdf', '201609261352531462656.pdf', '201609261352536429081.pdf', 'N', '', 'N', '', 'N', ''),
(64, 'R09162664', 'GHG KHALSA COLLEGE GURUSAR SADHAR', 'GOVERNING COUNCIL GHG KHALSA COLLEGES', 'GHG KAHSLA COLLEGE GURUSAR SADHAR DIST. LUDHIANA', '0162427522', 'ghgkcgs@gmail.com', '2016-09-26 14:03:46', '112.196.7.100', '', '', '', '', '', '', '', '', 'N', '', 'N', '', 'N', ''),
(65, 'R09162665', 'JC DAV COLLEGE DASUYA', 'DAYANAND ANGLO VEDIC COLLEGE TRUST AND MANGEMENT SOCIETY', 'BALGNA ROAD, DASUYA \r\nDISTT-HOHSIARPUR-144205\r\nPUNJAB', '9872986601', 'jcdav_dasuya@yahoo.co.in', '2016-09-26 15:53:32', '150.129.197.215', '201609261553323751014.jpg', '201609261553321834739.jpg', '201609261553323384942.jpg', '', '', '201609261553322159332.jpg', '201609261553327118867.jpg', '201609261553328325326.jpg', 'N', '', 'N', '', 'N', ''),
(66, 'R09162666', 'BABA MANGAL SINGH INSTITUTE OF EDUCATION', 'INDO GERMAN EDUCATION SOCIETY REGD BADHNI KALAN', 'BARNALA ROAD, BUGHIPURA, MOGA-142001', '9465606660', 'bmsiemoga@gmail.com', '2016-09-26 16:44:29', '202.164.49.226', '201609261644299078176.jpg', '201609261644296547600.jpg', '201609261644294233845.jpg', '201609261644294756408.jpg', '201609261644298385246.jpg', '201609261644296253985.jpg', '201609261644299268838.jpg', '201609261644293705855.jpg', 'N', '', 'N', '', 'N', ''),
(67, 'R09162667', 'Guru Hargobind College of Education  Gondwal  Raik', 'Guru Hargobind Charitable Medical Education  Society', 'Opp. Reliance Petrol Pump Raikot  Ludhiana 141109 (Punjab).', '9463548824', 'drblbansal@yahoo.com', '2016-09-26 17:24:24', '202.164.48.114', '201609261724245805881.jpg', '201609261724242684295.jpg', '201609261724249583636.jpg', '201609261724244300560.jpg', '201609261724244509656.jpg', '201609261724242904139.jpg', '201609261724246818143.jpg', '201609261724241907081.jpg', 'N', '', 'N', '', 'N', ''),
(68, 'R09162768', 'sfgh', 'dhfdjx', 'hjrftdkfyiuk', '1423435', 'abc@xyz.org', '2016-09-27 15:05:18', '124.124.110.161', '201609271505181609443.pdf', '201609271505185341733.pdf', '', '', '', '', '', '', 'N', '', 'N', '', 'N', ''),
(69, 'R09162869', 'A S College Khanna', 'A S High School Trust and Management', 'Samrala Road, Khanna', '1628228470', 'ascollegekhanna@gmail.com', '2016-09-28 12:45:41', '210.212.33.195', '201609281245418884933.jpg', '', '201609281245414525142.jpg', '201609281245419929751.jpg', '201609281245419499992.jpg', '201609281245411403333.jpg', '', '201609281245417025591.jpg', 'N', '', 'N', '', 'N', ''),
(70, 'R09162870', 'LR DAV College', 'DAV College', 'College Road, Jagraon', '8146460109', 'gkgulshan92@gmail.com', '2016-09-28 17:32:12', '117.215.229.193', '201609281732121785465.jpg', '201609281732128059837.jpg', '201609281732126467854.jpg', '201609281732129787548.jpg', '201609281732122372514.jpg', '201609281732127655153.jpg', '201609281732126025096.jpg', '201609281732129825327.jpg', 'N', '', 'N', '', 'N', ''),
(71, 'R10160771', 'Lajpat Rai DAV College', '', 'LR DAV COLLEGE, JAGRAON-142026 Distt.Ludhiana', '8146460109', 'gkgulshan92@gmail.com', '2016-10-07 16:29:27', '117.241.132.61', '201610071629275707275.jpg', '201610071629279412126.jpg', '201610071629271070217.jpg', '201610071629274023043.jpg', '201610071629272060776.jpg', '201610071629277625034.jpg', '', '201610071629271794718.jpg', 'N', '', 'N', '', 'N', ''),
(72, 'R10160872', 'RSD College Ferozepur City', 'RSD College Trust and Management Society Ferozepur City', 'Outside Makhu Gate, Ferozepur City', '0163222025', 'rsdcollege1921@gmail.com', '2016-10-08 11:25:14', '117.215.77.126', '', '', '', '', '', '', '', '', 'N', '', 'N', '', 'N', ''),
(73, 'R10162573', 'rediff', 'abcd', 'redif', '1234343314', 'softajay@rediffmail.com', '2016-10-25 17:55:16', '14.139.246.28', '', '', '', '', '', '', '', '', 'N', '', 'N', '', 'N', ''),
(74, 'R11160574', 'LALA LAJPAT RAI MEMORIAL COLLEGE OF EDUCATION DHUD', 'SHRI GURU NANAK DEV EDUCATION SOCIETY', 'H.NO. 501/11, TANKI WALI GALI NO. 3, DASHMESH NAGAR, MOGA', '9814360329', 'LLRMEDU@REDIFFMAIL.COM', '2016-11-05 15:09:07', '59.89.37.178', '201611051509077527052.pdf', '201611051509076119311.pdf', '201611051509076280751.pdf', '201611051509079758631.pdf', '201611051509071338517.pdf', '201611051509072698145.pdf', '201611051509079119934.pdf', '201611051509079417627.pdf', 'N', '', 'N', '', 'N', ''),
(75, 'R11160775', 'GURU TEG BAHADUR NATIONAL COLLEGE DAKHA', 'GURU TEG BAHADUR CHARITABLE EDUCATION TRUST DAKHA', 'VPO DAKHA ,TEHSIL -LUDHIANA, DIST. - LUDHIANA', '9815826301', 'gtbncdakhaa@yahoo.co.in', '2016-11-07 12:56:58', '59.96.142.192', '', '', '', '', '', '', '', '', 'N', '', 'N', '', 'N', ''),
(76, 'R11160876', 'KHALSA COLLEGE GARHDIWALA', 'SHIROMANI GURUDWARA PARBANDHAK COMMITTEE SRI AMRITSAR', 'PRINCIPAL\r\nKHALSA COLLEGE GARHDIWALA\r\nDISTT HOSHIARPUR\r\nPIN 144207', '9478401940', 'kcghoshiarpur@gmail.com', '2016-11-08 14:47:44', '117.211.24.43', '', '', '', '', '', '', '', '', 'N', '', 'N', '', 'N', ''),
(77, 'R11161077', 'DD JAIN COLLEGE OF EDUCATION', 'SS JAIN GIRLS SCHOOL COMMITTEE REGD', 'DD JAIN COLLEGE OF EDUCATION, BEHIND MINI ROSE GARDEN, KIDWAI NAGAR, LUDHIANA', '5023564', 'ddjaincollege@gmail.com', '2016-11-10 12:25:52', '124.253.180.28', '201611101225527462163.JPG', '201611101225522646971.JPG', '201611101225528396769.JPG', '201611101225524393522.JPG', '201611101225526115478.JPG', '201611101225529283711.JPG', '201611101225528041148.JPG', '201611101225526705024.JPG', 'N', '', 'N', '', 'N', ''),
(78, 'R11161078', 'Moga College of Education for Girls', 'Shiva Educational Trust', 'Moga College of Education for Girls, Ghall Kalan Near P.S. Sadar, G.T. Road, Moga.', '0163650997', 'mceg2moga@yahoo.com', '2016-11-10 12:29:12', '112.196.11.248', '', '', '', '', '', '', '', '', 'N', '', 'N', '', 'N', ''),
(79, 'R11161079', 'DASMESH  GIRLS COLLEGE', 'DASMESH GIRLS COLLEGE LOCAL MANAGING COMMITTEE', 'VPO BADAL BLOCK LAMBI DISTT SRI MUKTSAR SAHIB', '0163724459', 'INFO@DGCBADAL.COM', '2016-11-10 13:45:02', '117.205.43.101', '', '', '', '', '', '', '', '', 'N', '', 'N', '', 'N', ''),
(80, 'R11161080', 'Goswami Ganesh Dutt Sanatan Dharam College Hariana', 'Shree Sanatan Dharam Pratinidhi Sabha Punjab New Delhi', 'Goswami Ganesh Dutt Sanatan Dharam College \r\nVPO Hariana\r\nHoshiarpur\r\nPIN 144208', '1886250041', 'principalggdsdc@gmail.com', '2016-11-10 14:22:30', '117.211.55.150', '', '', '', '', '', '', '', '', 'N', '', 'N', '', 'N', ''),
(81, 'R11161081', 'SAINI BAR COLLEGE BULHOWAL DISTT HOSHIARPUR', 'SAINI BAR EDUCATION SOCIETY  BULHOWAL  DISTT HOSHIARPUR', 'SAINI BAR COLLEGE BULHOWAL AT KHADIALA SAINIAN DISTT HOSHIARPUR PUNJAB PIN 146113', '1882265336', 'sainibarcollege@gmail.com', '2016-11-10 15:10:56', '117.203.138.195', '201611101510563887210.jpg', '201611101510566034494.jpg', '201611101510566869842.PDF', '201611101510562049036.PDF', '201611101510565887718.jpg', '', '', '', 'N', '', 'N', '', 'N', ''),
(82, 'R11161182', 'M B G  Government College Pojewal District SBS Nag', 'Government of Punjab', 'V P O Pojewal District Saheed Bhagat Singh Nagar', '1885244624', 'gcpojewal@gmail.com', '2016-11-11 13:28:10', '117.211.55.174', '', '', '', '', '', '', '', '', 'N', '', 'N', '', 'N', ''),
(83, 'R11161583', 'LALA LAJPAT RAI GOVT COLLEGE DHUDIKE MOGA', '', 'VPO DHUDIKE, MADOKKE ROAD , MOGA', '9814870464', 'PRINCIPALLLRGCD@GMAIL.COM', '2016-11-15 11:55:46', '59.99.12.98', '', '', '', '', '', '', '', '', 'N', '', 'N', '', 'N', ''),
(84, 'R11161684', 'Shree Satya Sai B Ed College VPO Karaiwala', 'Shree Satya Sai Educational Society', 'VPO Karaiwala Teh. Gidderbaha Distt. Sri Muktsar Sahib 152112 (Punjab)', '9915044295', 'sssbedthakral@gmail.com', '2016-11-16 11:10:39', '169.149.139.171', '', '', '', '', '', '', '', '', 'N', '', 'N', '', 'N', ''),
(85, 'R11161685', 'PGGCG CHD', '', '# PGGCG-42,CHD PIN CODE-160036', '2676005', 'GCG42CHD@YAHOO.COM', '2016-11-16 11:37:00', '210.212.41.131', '', '', '', '', '', '', '', '', 'N', '', 'N', '', 'N', ''),
(86, 'R11161686', 'SANT BABA BHAG SINGH MEMORIAL GIRLS COLLEGE SUKHAN', 'SANT BABA BHAG SINGH EDUCATION SOCIETY DERA BHORE WALA SUKHANAND MOGA', 'SANT BABA BHAG SINGH MEMORIAL GIRLS COLLEGE SUKHANAND MOGA\r\nVILLAGE SUKHANAND\r\nTEHSIL BAGHAPURANA\r\nDISTRICT MOGA\r\nPIN 142049', '9988179186', 'SBBSMGC@GMAIL.COM', '2016-11-16 12:17:22', '117.211.65.131', '201611161217221785952.jpg', '', '', '', '', '', '201611161217225915433.jpg', '201611161217229368262.jpg', 'N', '', 'N', '', 'N', ''),
(87, 'R11161687', 'SANT DARBARA SINGH COLLEGE OF EDUCATION FOR WOMEN', 'SANT DARBARA SINGH IK ONKAR TRUST', 'VPO. LOPON, TEHSIL NIHAL SINGH WALA, DISTT. MOGA (PUNJAB) - 142037', '9855089544', 'sdsedulopon@gmail.com', '2016-11-16 15:29:01', '59.89.163.175', '', '', '', '', '', '', '', '', 'N', '', 'N', '', 'N', ''),
(88, 'R11161788', 'PG  GOVT COLLEGE FOR GIRLS', '', 'SECTOR 42 CHANDIGARH', '2676005', 'GCG42CHD@YAHOO.COM', '2016-11-17 11:40:50', '210.212.41.131', '', '', '', '', '', '', '', '', 'N', '', 'N', '', 'N', ''),
(89, 'R11161889', 'Baba Kundan Singh Memorial Law College', 'Baba Kundan Singh Ji Charitable Trust', 'Jalalabad (East), Dharamkot, Distt. Moga (Punjab)', '9876059980', 'bksmlc@yahoo.co.in', '2016-11-18 11:04:01', '150.107.95.5', '201611181104012289188.jpg', '201611181104011770230.jpg', '201611181104017942784.jpg', '201611181104016640758.jpg', '201611181104019540272.jpg', '201611181104015225911.jpg', '201611181104015867826.jpg', '201611181104015439034.jpg', 'N', '', 'N', '', 'N', ''),
(90, 'R11161990', 'SANT BABA BHAG SINGH MEMORIAL GIRLS COLLEGE SUKHAN', 'SANT BABA BHAG SINGH EDUCATION SOCIETY DERA BHORE WALA SUKHANAND MOGA', 'SANT BABA BHAG SINGH MEMORIAL GIRLS COLLEGE SUKHANAND MOGA\r\nVILLAGE SUKHANAND\r\nTEHSIL  BAGHAPURANA\r\nDISTRICT MOGA\r\nPIN 142049', '9988179186', 'sbbsmgc@gmail.com', '2016-11-19 13:26:48', '117.211.65.138', '201611191326483702128.jpg', '', '', '', '', '', '', '', 'N', '', 'N', '', 'N', ''),
(91, 'R11162291', 'JSS Ashakiran Special School and Teacher Training ', 'Ashadeep Welfare Society Regd', 'JSS Ashakiran Special School and Teacher Training Institute\r\nVPO Jahan Khelan Una Road \r\nDistrict Hoshiarpur (Pb)', '9023333903', 'jssashakiran@gmail.com', '2016-11-22 14:38:31', '117.208.101.224', '201611221438319908540.jpeg', '201611221438317095523.jpeg', '201611221438312600539.jpeg', '201611221438311050247.jpeg', '201611221438318594915.jpeg', '201611221438318265242.jpeg', '201611221438311719673.jpeg', '201611221438312186787.jpeg', 'N', '', 'N', '', 'N', ''),
(92, 'R11162592', 'BHAG SINGH KHALSA COLLEGE FOR WOMEN', 'SARDAR BHAG SINGH HAYER MEMORIAL TRUST', 'VILLAGE KALA TIBBA SITTO ROAD TEHSIL ABOHAR DISTRICT FAZILKA PUNJAB-152116', '0163422610', 'bshkclg_kalatibba@yahoo.com', '2016-11-25 14:57:18', '103.253.149.176', '', '', '', '', '', '', '', '', 'N', '', 'N', '', 'N', ''),
(93, 'R11162893', 'Master Tara Singh Memorial College for Women', 'Master Tara Singh Memorial College for Women Charitable Trust', 'Old Sabzi Mandi, Ludhiana, Punjab', '9988233666', 'mtsmcldh@gmail.com', '2016-11-28 15:03:03', '117.211.29.221', '', '', '', '', '', '', '', '', 'N', '', 'N', '', 'N', ''),
(94, 'R11162994', 'DAV College Malout', 'DAV College Trust and Management Society New Delhi', 'Shekhu Road Malout\r\nPin Code: 152107\r\nDistt. Sri Muktsar Sahib', '1637262188', 'principaldavcmlt@gmail.com', '2016-11-29 17:24:14', '210.56.110.154', '201611291724144440977.jpg', '201611291724147395146.jpg', '201611291724142017046.jpg', '201611291724149437622.jpg', '201611291724146212936.jpg', '201611291724142697918.pdf', '', '201611291724143575017.jpg', 'N', '', 'N', '', 'N', ''),
(95, 'R11163095', 'Panjab University Constituent College Patto Hira S', '', 'P.U. Constituent College\r\nVill. Patto Hira Singh, Teh. Nihal Singh Wala,\r\nDistt. Moga, Punjab-142046', '9855596480', 'pucc.nsw@gmail.com', '2016-11-30 13:29:30', '223.225.148.217', '', '', '', '', '', '', '', '', 'N', '', 'N', '', 'N', ''),
(96, 'R11163096', 'Panjab University Constituent College Patto Hira S', '', 'P.U. Constituent College\r\nVill. Patto Hira Singh, Teh. Nihal Singh Wala,\r\nDistt. Moga, Punjab-142046', '9855596480', 'pucc.nsw@gmail.com', '2016-11-30 13:30:52', '223.225.148.217', '', '', '', '', '', '', '', '', 'N', '', 'N', '', 'N', ''),
(97, 'R11163097', 'Panjab University Constituent College Patto Hira S', '', 'P.U. Constituent College\r\nVill. Patto Hira Singh\r\nTeh. Nihal Singh wala\r\nDistt. Moga, Punjab-142046', '9855596480', 'pucc.nsw@gmail.com', '2016-11-30 13:53:47', '223.225.148.217', '', '', '', '', '', '', '', '', 'N', '', 'N', '', 'N', ''),
(98, 'R12160398', 'MBG Govt College Pojewal Distt Shaheed Bhagat Sing', 'Punjab Government', 'VPO Pojewal\r\nDistt Shaheed Bhagat Singh Nagar', '9464061961', 'gcpojewal@gmail.com', '2016-12-03 21:07:45', '160.202.55.3', '', '', '', '', '', '', '', '', 'N', '', 'N', '', 'N', ''),
(99, 'R12160799', 'GURU NANAK COLLEGE FEROZEPUR CANTT', 'GURU NANAK EDUCATION SOCIETY FEROZEPUR CANTT', '163, RAILWAY ROAD NEAR BTW FEROZEPUR CANTT', '8437722786', 'gncfzr04@gmail.com', '2016-12-07 12:55:46', '112.196.52.195', '', '', '', '', '', '', '', '', 'N', '', 'N', '', 'N', ''),
(100, 'R121619100', 'sms karamjot college for women miani', 'sant majha singh karamjot education and charitable trust maqsoodpur distt kapurthala', 'sant majha singh  karamjot college for women miani distt hoshiarpur', '1886245747', 'mianicollege@gmail.com', '2016-12-19 13:43:47', '117.211.24.19', '', '', '', '', '', '', '', '', 'N', '', 'N', '', 'N', ''),
(101, 'R121620101', 'GURU GOBIND SINGH COLLEGE OF EDUCATION THERI MALOU', 'KALGIDHAR TECHNICAL EDUCATION SOCIETY', 'VILLAGE THERI BATHINDA ROAD TEHSIL GIDDERBAHA DISST SHRI MUKTSAR SAHIB', '9779330008', 'GGSC.EDU@REDIFFMAIL.COM', '2016-12-20 12:12:59', '117.255.209.2', '201612201212592817666.jpg', '201612201212597579317.jpg', '201612201212597416396.jpg', '201612201212599802132.JPG', '201612201212592072645.jpg', '201612201212598503828.JPG', '201612201212593769742.jpg', '201612201212597357762.jpg', 'N', '', 'N', '', 'N', ''),
(102, 'R121624102', 'MAHARAJA RANJIT SINGH COLLEGE MALOUT', 'MAHARAJA RANJIT SINGH EDUCATIONAL CULTURAL AND SOCIAL WELFARE SOCIETY', 'BURJAN BYE-PASS, ABOHAR ROAD, MALOUT, DIST. SRI MUKTSAR SAHIB', '9779434900', 'mrscmalout@rediffmail.com', '2016-12-24 13:06:39', '103.18.70.219', '', '', '', '', '', '', '', '', 'N', '', 'N', '', 'N', ''),
(103, 'R121624103', 'MATA SAHIB KAUR GIRLS COLLEGE TALWANDI BHAI FEROZE', 'SHROMANI GURUDWARA PARBHADHAK COMMITTEE', 'MATA SAHIB KAUR GIRLS COLLEGE TALWANDI BHAI DISTT FEROZEPUR PIN CODE 142052', '231002', 'mskgc2006@yahoo.in', '2016-12-24 13:29:36', '117.205.34.58', '', '', '201612241329365778447.pdf', '201612241329367017538.pdf', '', '201612241329369537611.pdf', '201612241329364133634.pdf', '201612241329369261483.pdf', 'N', '', 'N', '', 'N', ''),
(104, 'R121626104', 'Sanmati Government College of Science Education an', '', 'Raikot road jagraon', '1624223242', 'gcsciencejagraon@gmail.com', '2016-12-26 12:04:45', '169.149.146.156', '', '201612261204457999228.jpeg', '', '', '', '', '', '201612261204467132619.jpeg', 'N', '', 'N', '', 'N', ''),
(105, 'R121628105', 'POST GRADUATE GOVT COLLEGE FOR GIRLS', '', 'SECTOR 42 CHANDIGARH', '2676005', 'GCG42CHD@YAHOO.COM', '2016-12-28 15:45:54', '210.212.41.131', '201612281545549173895.pdf', '201612281545541757960.pdf', '201612281545548873031.pdf', '201612281545546962346.pdf', '201612281545544383071.pdf', '201612281545543536494.pdf', '', '201612281545544465805.pdf', 'N', '', 'N', '', 'N', ''),
(106, 'R121631106', 'Kalgidhar Institute of Higher Education', 'Bareta Educational Society', 'Near Danewala Chowk, Kingra-Malout', '0163732630', 'kalgidharinstitute@gmail.com', '2016-12-31 10:54:42', '117.253.227.231', '', '', '201612311054425634771.jpg', '', '201612311054421633889.jpg', '201612311054426293460.jpg', '201612311054428707168.jpg', '', 'N', '', 'N', '', 'N', ''),
(107, 'R011711107', 'Post Graduate Government College for Girls', '', 'Post Graduate Government College for Girls, Sector-11, Chandigarh 160011', '2740164', 'principal_gcg@yahoo.com', '2017-01-11 10:58:41', '117.239.7.66', '', '', '', '', '', '', '', '', 'N', '', 'N', '', 'N', ''),
(108, 'R011711108', 'dsfds', 'ek', 'lopo', '9876543210', 'sds@gmail.com', '2017-01-11 12:00:57', '182.72.107.150', '', '', '', '', '', '', '', '', 'N', '', 'N', '', 'N', ''),
(109, 'R011711109', 'dfgg', 'wsw', 'ssd l;opon', '9872869696', 'baljit_teetu@india.com', '2017-01-11 12:05:06', '182.72.107.150', '', '', '', '', '', '', '', '', 'N', '', 'N', '', 'N', ''),
(110, 'R011712110', 'WAHEGURU COLLEGE ABOHAR', 'WAHEGURU EDUCATIONAL SOCIETY', 'WAHEGURU COLLEGE, BURJ MUHAR ROAD ,ABOHAR', '9815979375', 'WAHEGURUCOLLEGE.ABH@GMAIL.COM', '2017-01-12 12:19:23', '59.89.33.243', '201701121219233469813.jpg', '201701121219235865914.jpg', '201701121219234661647.jpg', '201701121219236620862.jpg', '201701121219237773372.jpg', '201701121219239527289.jpg', '201701121219231434009.jpg', '201701121219239186922.jpg', 'N', '', 'N', '', 'N', ''),
(111, 'R041710111', 'HKL COLLEGE OF EDUCATION', 'HAKIM KISHORI LAL EDUCATIONAL  AND  CHARITABLE SOCIETY', 'GUDDAR DHANDI ROAD, GURU HAR SAHAI DISTRICT FEROZEPUR  PUNJAB', '9814860298', 'HKLCOLLEGE@GMAIL.COM', '2017-04-10 15:35:31', '117.211.65.197', '', '', '', '', '', '', '', '', 'N', '', 'N', '', 'N', ''),
(112, 'R041722112', 'Guru Teg Bahadur Khalsa College of Education Dasuy', 'Guru Teg Bahadur Educational Trust', 'Hoshiarpur  Road  Dasuya Distt Hoshiarpur 144205', '9417887516', 'gtbkce_dasuya@Yahoo.co.in', '2017-04-22 14:20:54', '59.99.124.67', '201704221420545343193.jpg', '201704221420556172504.jpg', '201704221420555307442.jpg', '201704221420551105503.pdf', '201704221420555199814.jpg', '201704221420553751320.jpg', '201704221420554643000.jpg', '201704221420555762023.jpg', 'N', '', 'N', '', 'N', ''),
(113, 'R091705113', 'Kurabask', 'Kurabask', 'http://chemicalpeel.in/chemical-peel-before-and-after', '85167693842', 'ijequ4@1syn.info', '2017-09-05 10:53:53', '195.184.208.7', '', '', '', '', '', '', '', '', 'N', '', 'N', '', 'N', ''),
(114, 'R011817114', 'PUTRESEMINAL', 'MORPHODYPLASTIC', 'BRUTAL DEATH METAL', '0857770491', 'Tedigunawan945@gmail.com', '2018-01-17 16:46:23', '114.124.138.108', '', '', '', '', '', '', '', '', 'N', '', 'N', '', 'N', ''),
(115, 'R041914115', 'daily creative designs', 'NGO firm', '£9034934  local bus market', '7986185272', 'heart4harman@gmail.com', '2019-04-14 15:12:21', '223.185.154.229', '', '', '', '', '', '', '', '', 'N', '', 'N', '', 'N', '');

-- --------------------------------------------------------

--
-- Table structure for table `frm_assigns`
--

CREATE TABLE `frm_assigns` (
  `Assign_Id` int(11) NOT NULL,
  `Assign_Date` date NOT NULL,
  `Vehicle_Id` int(11) NOT NULL,
  `Driver_Id` int(11) NOT NULL,
  `Machine_Id` int(11) NOT NULL,
  `SIM_Id` int(11) NOT NULL
) ENGINE=InnoDB DEFAULT CHARSET=latin1;

-- --------------------------------------------------------

--
-- Table structure for table `frm_inspections`
--

CREATE TABLE `frm_inspections` (
  `Ins_Id` int(11) NOT NULL,
  `College_Id` int(11) NOT NULL,
  `Sign_Id` int(11) NOT NULL,
  `User_Id` int(11) NOT NULL,
  `Add_Date` date NOT NULL
) ENGINE=InnoDB DEFAULT CHARSET=latin1;

--
-- Dumping data for table `frm_inspections`
--

INSERT INTO `frm_inspections` (`Ins_Id`, `College_Id`, `Sign_Id`, `User_Id`, `Add_Date`) VALUES
(4, 0, 14, 1, '2016-04-10'),
(5, 0, 3, 1, '2016-05-13'),
(6, 0, 1, 12, '2016-06-18');

-- --------------------------------------------------------

--
-- Table structure for table `f_colleges`
--

CREATE TABLE `f_colleges` (
  `College_Id` int(11) NOT NULL,
  `College_Code` varchar(20) NOT NULL,
  `College_Name` varchar(50) NOT NULL,
  `College_Category` varchar(100) NOT NULL,
  `College_Type` varchar(1) NOT NULL,
  `Year_Establishment` int(4) NOT NULL,
  `UGC_Year` varchar(4) NOT NULL,
  `UGC_Status` varchar(1) NOT NULL,
  `Super_Id` int(11) NOT NULL,
  `Address` text NOT NULL,
  `Pin_Code` varchar(7) NOT NULL,
  `Pan_No` varchar(10) NOT NULL,
  `District_Id` int(11) NOT NULL,
  `Phone_No` varchar(30) NOT NULL,
  `Mobile_No` varchar(10) NOT NULL,
  `Fax_No` varchar(13) NOT NULL,
  `Email` varchar(100) NOT NULL,
  `Website` varchar(100) NOT NULL,
  `Publish` varchar(1) NOT NULL DEFAULT 'Y'
) ENGINE=MyISAM DEFAULT CHARSET=latin1;

--
-- Dumping data for table `f_colleges`
--

INSERT INTO `f_colleges` (`College_Id`, `College_Code`, `College_Name`, `College_Category`, `College_Type`, `Year_Establishment`, `UGC_Year`, `UGC_Status`, `Super_Id`, `Address`, `Pin_Code`, `Pan_No`, `District_Id`, `Phone_No`, `Mobile_No`, `Fax_No`, `Email`, `Website`, `Publish`) VALUES
(19, '05161719', 'DAV College of Education Abohar', '4', '2', 1968, '1968', '3', 5, 'DAV CAMPUS, HANUMANGARH ROAD, ABOHAR', '152116', 'AAATD0495L', 461, '01634220296', '9417244771', '01634220296', 'daveduabh@yahoo.com', 'http://www.daveduabh.org', 'Y'),
(20, '05161720', 'Gopichand Arya Mahila College', '1,3', '2', 1972, '1974', '', 5, 'Abohar', '152116', 'AAATG8695B', 461, '1634220264', '9872733227', '1634224271', 'gcamabh@gmail.com', '', 'Y'),
(17, '05161317', 'Government Home Science College Chandigarh', '2', '3', 1961, '', '1', 5, 'Sector 10, Chandigarh', '160011', 'ABUPK9314Q', 99, '01722740387', '7837729090', '01722740387', 'homescience@gmail.com', 'http://www.homescience10.org', 'Y'),
(15, '05161215', 'Bhag Singh Khalsa College for Women Abohar', '1,2,3', '2', 2001, '', '', 10, 'Kala Tibba, Abohar', '', '', 461, '', '', '', '', '', 'Y'),
(18, '05161718', 'DAV  College Abohar', '1,2,3,4', '1', 1960, '1960', '3', 5, 'Abohar', '152116', 'AAATD0495L', 461, '01634220355', '9855002015', '01634220355', 'davabh200506@yahoo.com', 'http://www.davcollegeabohar.com', 'Y'),
(21, '05161721', 'Guru Nanak Khalsa College Abohar', '1,3', '2', 1996, '', '', 5, 'Abohar', '', '', 461, '', '', '', '', '', 'Y'),
(22, '05161722', 'Kenway College of Education Abohar', '4', '1', 2007, '', '', 5, 'Abohar', '', '', 461, '', '', '', '', '', 'Y'),
(23, '05161723', 'Maharishi Dayanand College of Education Abohar', '4', '1', 2005, '', '', 5, 'Abohar', '', '', 461, '', '', '', '', '', 'Y'),
(24, '05161724', 'Brahmrishi Yoga Training College Chandigarh', '4', '1', 0, '1993', '', 5, 'Sector-19, Chandigarh', '160019', 'AAATV3356Q', 99, '2725390', '9781388442', '2540128', 'bytc19@gmail.com', '', 'Y'),
(25, '05161725', 'Chandigarh College of Architecture Chandigarh', '2', '3', 1961, '', '', 5, 'Sector-12, Chandigarh', '', '', 99, '', '', '', '', '', 'Y'),
(26, '05161726', 'Chandigarh College of Engineering and Technology', '7', '3', 0, '', '', 5, 'Sector-26, Chandigarh', '', '', 99, '', '', '', '', '', 'Y'),
(27, '05161727', 'D A V Post Graduate College Chandigarh', '1,2,3', '1', 1958, '', '', 5, 'Sector-10, Chandigarh', '', '', 99, '', '', '', '', '', 'Y'),
(28, '05161728', 'Dev Samaj College for Women Chandigarh', '1,2,3', '2', 1981, '1995', '3', 5, 'Sector-45 B, Chandigarh', '160047', 'AAATT7578A', 99, '01722603497', '9876719934', '2648502', 'info@dscw45.com', '', 'Y'),
(29, '05161729', 'Dev Samaj College of Education Chandigarh', '4', '1', 1981, '1981', '3', 5, 'Sector-36, Chandigarh', '160036', 'AAATD9304Q', 99, '2603241', '9814780833', '2603652', 'info@devsamaj.org', 'http://devsamaj.org/', 'Y'),
(30, '05161730', 'GGDSD  College Chandigarh', '1,2,3', '1', 1973, '1973', '3', 5, 'Sector-32, Chandigarh', '160030', 'AAATG2773J', 99, '01724912400', '9646002816', '01722661077', 'info@ggdsd.ac.in', '', 'Y'),
(31, '05161731', 'Goverment College for Arts Chandigarh', '1', '3', 1978, '', '', 5, 'Sector-10, Chandigarh', '', '', 99, '', '', '', '', '', 'Y'),
(32, '05161732', 'Goverment College for Yoga Education Chandigarh', '1', '3', 1981, '', '', 5, 'Sector-23, Chandigarh', '', '', 99, '', '', '', '', '', 'Y'),
(33, '05161733', 'Government College of Commerce and Business Admini', '3', '3', 0, '2007', '', 5, 'Sector-50-C, Chandigarh', '160047', '', 99, '01722674319', '9417086781', '01722674319', 'gccbachd@hotmail.com', '', 'Y'),
(34, '05161734', 'Goverment College of Education Chandigarh', '4', '3', 1954, '', '', 5, 'Sector-20, Chandigarh', '', '', 99, '', '', '', '', '', 'Y'),
(35, '05161735', 'Goverment Medical College and Hospital Chandigarh', '5', '3', 1991, '1998', '', 5, 'Sector-32, Chandigarh', '160030', '', 99, '', '9646121553', '01722609360', '', '', 'Y'),
(36, '05161736', 'Guru Gobind Singh College for Women Chandigarh', '1,2,3', '1', 1973, '1973', '3', 5, 'Sector-26, Chandigarh', '1600019', 'AACTS6293H', 99, '2791610', '9781996284', '2795934', 'principalggscw@yahoo.in', 'http://www.ggscw.in/GGSCWsite/index.php', 'Y'),
(37, '05161837', 'Homoepathic Medical College and Hospital Chandigar', '5', '1', 1974, '', '', 5, 'M-671, Sector-26, Chandigarh', '', '', 99, '', '', '', '', '', 'Y'),
(38, '05161838', 'Mehr Chand Mahajan DAV College for Women Chandigar', '1,2,3', '2', 1968, '1968', '3', 5, 'Sector-36, Chandigarh', '160036', '', 99, '01722603355', '9815758400', '01722613047', 'principal_mcmdavcollege@yahoo.com', 'http://www.mcmdavcw-chd.edu', 'Y'),
(39, '05161839', 'National Institute of Technical Teachers Training ', '7', '3', 0, '2005', '3', 5, 'Sector-26, Chandigarh', '160019', '', 99, '01722792369', '9815575260', '01722791366', 'director@nitttrchd.ac.in', '', 'Y'),
(42, '05161842', 'Post Graduate Goverment College Chandigarh', '1,2,3', '3', 1953, '', '', 5, 'Sector-11, Chandigarh', '', '', 99, '', '', '', '', '', 'Y'),
(40, '05161840', 'Post Graduate Goverment  College for Girls Chd', '1,2,3', '1', 0, '', '', 5, 'Sector-11, Chandigarh', '', '', 99, '', '', '', '', '', 'Y'),
(41, '05161841', 'Post Graduate Goverment College for Girls Chd', '1,2,3', '3', 1982, '', '', 5, 'Sector-42, Chandigarh', '', '', 99, '', '', '', '', '', 'Y'),
(43, '05161943', 'Post Graduate Goverment College Chandigarh', '1,2,3', '3', 1982, '', '', 5, 'Sector-46, Chandigarh', '', '', 99, '', '', '', '', '', 'Y'),
(44, '05161944', 'Goverment Insitution for Mentally Handicapped', '4', '3', 2010, '', '', 5, 'Sector-31, Chandigarh', '', '', 99, '', '', '', '', '', 'Y'),
(45, '05161945', 'Regional Institute of English Chandigarh', '1', '3', 2010, '', '', 5, 'Sector-32, Chandigarh', '', '', 99, '', '', '', '', '', 'Y'),
(46, '05161946', 'Sri Guru Gobind Singh College Chandigarh', '1,2,3', '1', 0, '1966', '3', 5, 'Sector-26, Chandigarh', '160019', 'AACTS6293H', 99, '01722792754', '9780759042', '01722790312', 'principal.sggs@gmail.com', 'http://sggscollegechandigarh.in/', 'Y'),
(47, '05161947', 'DAV College of Education  Fazilka', '4', '1', 2005, '2005', '', 5, 'College Road, Near Hanuman Mandir, P.O. Fazilka', '152123', 'AAATD8877A', 461, '01638264146', '9876707104', '01638501578', 'dav_4146@yahoo.co.in', 'http://davcollegefazilka.com', 'Y'),
(48, '05161948', 'GGSDAV Centenary College  Fazilka', '1', '1', 1986, '', '', 5, 'Jalalabad(W), Fazilka', '', '', 461, '', '', '', '', '', 'Y'),
(49, '05161949', 'Goverment College Girls  Jalalabad West', '1,3', '3', 2014, '', '', 5, 'Goverment College Girls,  Jalalabad (W), Distt. Fazilka', '152024', '', 461, '01633250456', '9815985375', '01638250456', 'principalggcjbd@gmail.com', '', 'Y'),
(50, '05161950', 'Guru Ram Dass B Ed College Fazilka', '4', '1', 2005, '2005', '3', 5, 'Jalalabad (W), Fazilka', '152024', 'AAATG6163A', 461, '250884', '9855206499', '250885', 'grd.college@rediffmail.com', '', 'Y'),
(51, '05161951', 'Jyoti B Ed College Fazilka', '4', '1', 2005, '2005', '', 5, 'Abohar Road, Rampura , Fazilka', '152123', 'AABAS9577N', 461, '01638260299', '9781700042', '01638260299', 'jyotibedcollege@yahoo.co.in', 'http://jyotibedcollege.com/', 'Y'),
(52, '05161952', 'Lala Jagat Naryan Education College Fazilka', '4', '1', 2005, '2005', '1', 5, 'Jalalabad (W), Muktsar Road, Fazilka', '152024', 'AAABL0171H', 461, '9855333300', '9872173459', '01638250113', 'ljneducollege@yahoo.com', 'https://www.ljncollegejbd.com', 'Y'),
(53, '05161953', 'M R Govt College Fazilka', '1,2', '3', 1940, '1983', '2', 5, 'Border Road Fazilka', '152123', '', 461, '01638262662', '9872115836', '01638262960', 'gcfazilka@gmail.com', 'https://www.gcfazilka.org', 'Y'),
(54, '05161954', 'National DEGREE College', '1,3', '1', 2005, '2009', '2', 5, 'Chowarian Wali , Fazilka', '152123', 'AADAS8377G', 461, '9417447786', '9478128466', '01638265547', 'collegenational57@gmail.com', 'http://www.nationalgirlscollege.com/', 'Y'),
(55, '05161955', 'Satyam Girls College Fazilka', '1,3', '1', 0, '', '', 5, 'Village & Post Office Sayadwala, Fazilka', '', '', 461, '', '', '', '', '', 'Y'),
(56, '05161956', 'Syon  College', '1,3', '1', 0, '2015', '', 5, 'K.M. -7, Hanumangarh Road, Abohar-152116', '152116', 'AAHAS9420J', 461, '9814110809', '9216810809', '016342259444', 'syoncollege@gmail.com', '', 'Y'),
(57, '05161957', 'Baba Kundan Singh College Ferozepur', '1,3', '1', 2006, '', '', 5, 'Muhar ,Ferozepur', '', '', 462, '', '', '', '', '', 'Y'),
(58, '05161958', 'Babe Ke College of Education Ferozepur', '4', '1', 2006, '', '', 5, 'Mudki ,Ferozepur', '', '', 462, '', '', '', '', '', 'Y'),
(59, '05161959', 'DAV College for Women Ferozepur', '1,3', '1', 1971, '', '', 5, 'Ferozepur Cantt ,Ferozepur', '', '', 462, '', '', '', '', '', 'Y'),
(60, '05161960', 'Dev Samaj College for Women Ferozepur', '1,2,3', '2', 1934, '', '3', 5, 'O/s Bansi Gate \r\n<br>Ferozepur City', '152002', 'AAATT7578A', 462, '01632222145', '9815218855', '01632222144', 'principaldscw@yahoo.com', 'http://www.dscwfzr.org/', 'Y'),
(61, '05161961', 'Dev Samaj College of Education for Women Ferozepur', '4', '1', 1943, '1950', '3', 5, 'Circular Road, Bansi Gate, Ferozepur City-152002 (Pb.)', '152002', '', 462, '222148', '8284033009', '222147', 'devsamaj_bed@yahoo.co.in', 'http://devsamaj.co.in', 'Y'),
(62, '05161962', 'Goverment College Zira Ferozepur', '1', '3', 1971, '', '3', 5, 'Saner Road Zira ,Ferozepur', '142047', 'ABJPP4490P', 462, '01682250665', '9855464406', '01682250665', 'gcz.fzr@gmail.com', '', 'Y'),
(63, '05161963', 'Guru Nanak College Ferozepur', '1,2,3', '1', 1971, '', '', 5, 'Ferozepur Cantt ,Ferozepur', '', '', 462, '', '', '', '', '', 'Y'),
(64, '05161964', 'HKL College of Education Ferozepur', '4', '1', 2006, '2006', '', 5, 'Guruharsahai, Ferozepur', '152022', 'AAAAH0744H', 462, '01685230352', '9814860298', '01685500598', 'hklcollege@gmail.com', '', 'Y'),
(65, '05161965', 'Mata Sahib Kaur Girls College Ferozepur', '1', '1', 2011, '', '', 5, 'Talwandi Bhai ,Ferozepur', '', '', 462, '', '', '', '', '', 'Y'),
(66, '05161966', 'RSD College Ferozepur', '1,2,3', '1', 1921, '1977', '3', 5, 'Ferozepur City,Ferozepur', '152002', '', 462, '01632220254', '9872837811', '01632226254', 'rsdcollege1921@gmail.com', 'http://www.rsdcollege.com', 'Y'),
(67, '05161967', 'Shaheed Ganj College for Girls Ferozepur', '1,2', '1', 0, '2012', '1', 5, 'Mudki ,Ferozepur', '142060', '', 462, '', '8427004290', '01632237945', 'sgcm_fzr@live.com', '', 'Y'),
(68, '05161968', 'Surjeet Memorial College of Education Ferozepur', '4', '1', 2006, '', '', 5, 'Malwal ,Ferozepur', '142052', '', 462, '01632645092', '7508200471', '01632250020', 'smcollege2006@yahoo.co.in', '', 'Y'),
(69, '05162069', 'BAM Khalsa College Hoshiarpur', '1,2,3', '1', 1970, '', '', 5, 'Garhshankar, Hoshiarpur', '', '', 464, '', '', '', '', '', 'Y'),
(70, '05162070', 'DAV College Hoshiarpur', '1,2,3', '1', 1926, '', '', 5, 'Hoshiarpur', '', '', 464, '', '', '', '', '', 'Y'),
(71, '05162071', 'DAV College for Girls Hoshiarpur', '1,3', '1', 1995, '1995', '3', 5, 'PRINCIPAL, D.A.V. COLLEGE FOR GIRLS GARHSHANKAR (HOSHIARPUR)', '144527', 'AAEAA8540J', 464, '01884282003', '9814056989', '01884280246', 'davcollegegsr@gmail.com', 'http://www.avfdav.com/', 'Y'),
(72, '05162072', 'DAV College of Education', '4', '2', 1966, '1966', '3', 5, 'Arya Samaj Road, Hoshiarpur', '146001', '', 464, '01882222016', '9855205252', '01882243134', 'davcollegeofeducation@gmail.com', '', 'Y'),
(73, '05162073', 'DIPS College of Education Hoshiarpur', '4', '1', 2010, '', '', 5, 'Rarra Morr, Jalalpur, Tanda Umar, Hoshiarpur', '', '', 464, '', '', '', '', '', 'Y'),
(74, '05162074', 'DASMESH GIRLS COLLEGE CHAK ALLA BAKSH MUKERIAN HOS', '1,2,3,4', '1', 2001, '2006', '', 5, 'DASMESH GIRLS COLLEGE \r\n<br><br><br><br>CHAK ALLA BAKSH GT ROAD MUKERIAN\r\n<br><br><br><br>DISTRICT- HOSHIARPUR\r\n<br><br><br><br> PIN CODE-144211 \r\n<br><br><br><br>PUNJAB', '144211', '', 464, '01883247895', '9465137136', '01883247995', 'dgc_chakallabaksh17@rediffmail.com', '', 'Y'),
(75, '05162075', 'GGDSD College Hoshiarpur', '1,2,3', '1', 1973, '1946', '1', 5, 'Hariana, Hoshiarpur', '144208', '', 464, '', '9417264182', '1886250241', 'principalggdsdc@gmail.com', '', 'Y'),
(76, '05162076', 'Giani Kartar Singh Memorial Goverment College', '1,2,3', '3', 1951, '', '', 5, 'Tanda Urmar, Hoshiarpur', '', '', 464, '', '', '', '', '', 'Y'),
(77, '05162077', 'Goverment Arts and Science College Hoshiarpur', '1,2,3', '3', 1986, '', '', 5, 'Talwara, Hoshiarpur', '', '', 464, '', '', '', '', '', 'Y'),
(78, '05162078', 'Goverment College Hoshiarpur', '1,2,3', '3', 1927, '', '', 5, 'Hoshiarpur', '', '', 464, '', '', '', '', '', 'Y'),
(79, '05162079', 'Guru Nanak College of Education Hoshiarpur', '4', '1', 2003, '', '', 5, 'Vill- Dalewal,VPO Hariana, Hoshiarpur', '', '', 464, '', '', '', '', '', 'Y'),
(80, '05162080', 'Guru Nanak Khalsa College for Women Hoshiarpur', '1', '1', 2002, '', '', 5, 'Sham Chuarasi, Hoshiarpur', '', '', 464, '', '', '', '', '', 'Y'),
(81, '05162081', 'Guru Teg Bahadur Khalsa College for Women Hoshiarp', '1,2,3', '1', 1992, '1992', '3', 5, 'Dayasu, Hoshiarpur', '144205', 'AAATG4514D', 464, '01883285327', '9815211932', '01883287194', 'gtbdasuya@hotmail.com', 'http://www.gtbwomendasuya.com', 'Y'),
(82, '05162082', 'Guru Teg Bahadur Khalsa College of Education', '4', '1', 2005, '2010', '3', 5, 'Hoshiarpur Road,Dasuya\r\nDistt. Hoshiarpur', '144205', 'AAATG4514D', 464, '01883287967', '9417887516', '01883287967', 'gtbkce_dasuya@yahoo.co.in', 'http://www.gtbkce.com', 'Y'),
(83, '05162083', 'JCDAV College Hoshiarpur', '1,2,3', '1', 1971, '', '', 5, 'Dasuya, Hoshiarpur', '', '', 464, '', '', '', '', '', 'Y'),
(84, '05162084', 'JSS Ashakiran Special School and Teachers Training', '4', '1', 2014, '2014', '1', 5, 'Jahan khelan, Hoshiarpur', '146001', '', 464, '01882272460', '9023333903', '01882272460', 'jssashakiran@gmail.com', 'http://www.jssahakiran.org', 'Y'),
(85, '05162085', 'Khalsa College Garhdiwala Hoshiarpur', '1,2,3', '2', 1966, '1966', '3', 5, 'Garhdiwala, Hoshiarpur', '144207', 'AAABS0986P', 464, '01886260940', '9478401940', '01886260940', 'kcghoshiarpur@gmail.com', 'www.kcghoshiarpur.org', 'Y'),
(86, '05162086', 'MBBG RGC Girls College of Education', '4', '1', 0, '2006', '', 5, 'Mansowal, Hoshiarpur', '144523', '', 464, '01884265749', '9463404834', '01884265749', 'principalmbbg@yahoo.in', '', 'Y'),
(87, '05162087', 'MBBGRGC Girls College Hoshiarpur', '1,3', '1', 2006, '1997', '', 5, 'Mansowal, Hoshiarpur', '144523', '', 464, '01884265649', '9417758085', '01884265649', 'mbbg_principal@yahoo.in', '', 'Y'),
(88, '05162088', 'Public Khalsa College for Women Hoshiarpur', '1', '1', 1995, '1991', '3', 5, 'Kandhla Jattan, Hoshiarpur', '146116', '', 464, '01886231232', '9855514884', '01886231232', 'pkcwkandhalajattan@gmail.com', '', 'Y'),
(89, '05162189', 'Rayat Bahra College of Education Hoshiarpur', '4', '1', 2008, '', '', 5, 'Bohan , Hoshiarpur', '', '', 464, '', '', '', '', '', 'Y'),
(90, '05162190', 'S B H S M Khalsa College of Education', '4', '1', 2006, '2006', '', 5, 'Sant Baba Hari Singh Memorial Khalsa College of Educaton, Jaijon Road Mahilpur, Hoshiarpur', '146105', 'AAGAS9970E', 464, '01884246572', '9463414442', '01884245235', 'sbhsmkce@rediffmail.com', 'http://www.sbhsmkce.org', 'Y'),
(91, '05162191', 'SD College Hoshiarpur', '1,2,3', '1', 1973, '1973', '3', 5, 'Phagwara Road ,Hoshiarpur', '146001', '', 464, '', '9464784777', '248068', 'sdcollegehsp@gmail.com', 'http://www.sdcollegehsp.net', 'Y'),
(92, '05162192', 'SGGS Khalsa College Hoshiarpur', '1,2,3', '2', 1946, '1990', '3', 5, 'Jajion road, Mahilpur, Distt Hoshiarpur', '146105', '', 464, '01884245236', '9463675767', '01884245235', 'sggskcm@live.com', 'http://www.sggskcm.org', 'Y'),
(93, '05162193', 'SGHRS College for Women Hoshiarpur', '1,2,3', '1', 2001, '', '', 5, 'Chabbewal, Hoshiarpur', '146102', '', 464, '', '9592994528', '01182270981', '', '', 'Y'),
(94, '05162194', 'Saini Bar College Hoshiarpur', '1', '1', 1971, '', '', 5, 'Bulhowal, Hoshiarpur', '', '', 464, '', '', '', '', '', 'Y'),
(95, '05162195', 'Sant Hari Singh Memorial College for Women', '1,3', '1', 2007, '2007', '', 5, 'Chella, Makhsuspur, Hoshiarpur', '144519', 'AAATZ0140N', 464, '1884256381', '9814162220', '1884256281', 'shsmcollege78@yahoo.com', 'http://www.shsmcollege.com/', 'Y'),
(96, '05162196', 'Sant Majha Singh Karamjot College for Women', '1', '1', 1995, '1997', '3', 5, 'Sant majha singh karamjot college for women miani distt hoshiarpur', '144202', 'AAETS9586R', 464, '01886245747', '9855426603', '01886245747', 'mianicollege@gmail.com', '', 'Y'),
(97, '05162197', 'Sri Guru Gobind Singh College of Education Hoshiar', '4', '1', 2005, '', '', 5, 'Beghpur Kamlooh, Mukerian , Hoshiarpur', '', '', 464, '', '', '', '', '', 'Y'),
(98, '05162198', 'Swami Premanand Mahavidyalaya Hoshiarpur', '1,2,3', '1', 1971, '', '', 5, 'Mukerian, Hoshiarpur', '', '', 464, '', '', '', '', '', 'Y'),
(99, '05162199', 'Tarawati Memorial Degree College Hoshiarpur', '1', '1', 2007, '', '', 5, 'Bringali, Hoshiarpur', '', '', 464, '', '', '', '', '', 'Y'),
(100, '051621100', 'Vishveshvaranand Vedic Research Institute Hoshiarp', '1', '3', 0, '', '', 5, 'Sandhu Ashram, Hoshiarpur', '', '', 464, '', '', '', '', '', 'Y'),
(101, '051623101', 'A S College for Women Ludhiana', '1,3', '2', 1973, '1973', '3', 5, 'Khanna, Ludhiana', '141401', 'AABTA4574E', 467, '01628220570', '9872207005', '01628220470', 'ascollegeforwomen@gmail.com', '', 'Y'),
(102, '051623102', 'A S College of Education Ludhiana', '4', '1', 2007, '2007', '', 5, 'Kalalmajra, Khanna,Samrala Road, Ludhiana', '141402', 'AABTA4574E', 467, '01628226570', '8146000847', '01628226570', 'asce_khn@yahoo.com', 'http://www.ascekhn.com', 'Y'),
(103, '051623103', 'A S College Ludhiana', '1,2,3', '2', 1946, '', '3', 5, 'Samrala Road, Khanna, Ludhiana', '141402', 'AABTA4574E', 467, '01628228470', '9814923470', '0162229470', 'ascollegekhanna@gmail.com', '', 'Y'),
(104, '051623104', 'Arya College Ludhiana', '1,2,3', '1', 1946, '', '', 5, 'Ludhiana', '', '', 467, '', '', '', '', '', 'Y'),
(105, '051623105', 'B C M College of Education Ludhiana', '4', '1', 1998, '1998', '3', 5, 'Sector-32A Urban Estate, Ludhiana', '141010', 'AAATL2854M', 467, '01612223252', '9815408765', '01612223252', 'bcmcollegeedu@gmail.com', 'http://www.bcminstitutes.org', 'Y'),
(106, '051623106', 'B S S G Goverment College Ludhiana', '1', '3', 1970, '', '', 5, 'Sidhsar, Ludhiana', '', '', 467, '', '', '', '', '', 'Y'),
(107, '051623107', 'Baba Kundan Rural College of Education Ludhiana', '4', '1', 2007, '2007', '', 5, 'Adjoining to Sarpanch Colony Rishi Nagar Kullianwal , Jamalpur Ludhiana', '141010', 'AAATK7263R', 467, '01612300557', '9417348549', '01612300557', 'babakundan77@yahoo.com', 'http://babakundancollegeofeducation.com', 'Y'),
(108, '051623108', 'Bajaj College Ludhiana', '2,3', '1', 0, '2015', '', 5, 'Village-Gureh, Chowkimann, Ferozepur Road , Ludhiana', '142024', '', 467, '01616550119', '9876051817', '01616550119', 'bajajcollegeldh@gmail.com', 'http://www.bajajcollege.in/', 'Y'),
(109, '051623109', 'Bhai Nagahia Singh Memorial Girls College Ludhiana', '1,3', '1', 2006, '', '', 5, 'Alamgir , Ludhiana', '', '', 467, '', '', '', '', '', 'Y'),
(110, '051623110', 'Bhutta College of Education Ludhiana', '4', '1', 2006, '', '', 5, 'Ludhiana', '', '', 467, '', '', '', '', '', 'Y'),
(111, '051623111', 'D D Jain College of Education  Ludhiana', '4', '1', 1999, '1999', '', 5, 'Kidwai Nagar,Behind Mini Rose Garden, Ludhiana', '141008', 'AACTS5872N', 467, '5023564', '9876018697', '01612224682', 'ddjaincollege@gmail.com', 'http://www.ddjaineducation.com/', 'Y'),
(112, '051623112', 'Devki Devi Jain Memorial College for Women Ludhian', '1,2,3', '2', 1971, '1971', '3', 5, 'Devki Devi Jain Memorial college for Women, Near Suffian Bagh Chowk, Kidwai Nagar, Ludhiana.', '141008', 'AACTS5872N', 467, '01612224682', '9417420999', '01612224682', 'ddjainldh@rediffmail.com', 'http://ddjaincollege.org/', 'Y'),
(113, '051623113', 'Doraha College of Education  Ludhiana', '4', '1', 2005, '', '', 5, 'Doraha, Ludhiana', '', '', 467, '', '', '', '', '', 'Y'),
(114, '051623114', 'GHG Harprakash College of Education for Women', '4', '1', 0, '', '', 5, 'Sidhwan Khurd, Ludhiana', '', '', 467, '', '', '', '', '', 'Y'),
(115, '051623115', 'GHG Institute of Law for Women  Ludhiana', '6', '1', 2006, '2006', '', 5, 'VPO. Sidhwan Khurd, Ludhiana', '142024', '', 467, '01624235677', '9779898539', '01624234392', 'gsidhwankhurd@gmail.com', 'http://www.ghginstoflaw.com/', 'Y'),
(116, '051623116', 'GHG Khalsa College of Education  Ludhiana', '4', '1', 1955, '', '', 5, 'Gurusar Sadhar, Ludhiana', '', '', 467, '', '', '', '', '', 'Y'),
(117, '051623117', 'GHG Khalsa College  Ludhiana', '1,2,3', '1', 1948, '', '', 5, 'Gurusar Sadhar, Ludhiana', '', '', 467, '', '', '', '', '', 'Y'),
(118, '051623118', 'GMT College of Education  Ludhiana', '4', '1', 2005, '', '', 5, 'Jalandhar Bypass, Ludhiana', '', '', 467, '', '', '', '', '', 'Y'),
(119, '051623119', 'Gobindgarh Public College Alour Khanna', '1,2,3', '1', 2003, '2003', '3', 5, 'Alour, Khanna, Ludhiana', '141401', 'AAATT5918N', 467, '01765251770', '9814004474', '01765259779', 'gpc_alour03@yahoo.com', 'http://gpcalour.com', 'Y'),
(120, '051623120', 'Govind National College  Ludhiana', '1,2,3', '1', 1966, '', '', 5, 'Narangwal, Ludhiana', '', '', 467, '', '', '', '', '', 'Y'),
(121, '051623121', 'Government College for Women  Ludhiana', '1,2,3', '3', 1943, '', '', 5, 'Ludhiana', '', '', 467, '', '', '', '', '', 'Y'),
(122, '051623122', 'Goverment College Karamsar Rara Sahib Ludhiana', '1,2,3', '3', 1969, '', '', 5, 'Karamsar-Rara Sahib, Ludhiana', '', '', 467, '', '', '', '', '', 'Y'),
(123, '051623123', 'Gujranwala Guru Nanak Khalsa College  Ludhiana', '1,2,3', '1', 1953, '', '', 5, 'Ludhiana', '', '', 467, '', '', '', '', '', 'Y'),
(124, '051623124', 'Guru Gobind Singh Khalsa College for Women', '1,2,3', '1', 1975, '2000', '3', 5, 'Vill. Jhar Sahib, \r\nP.O. Behlolpur Bet\r\nTeh. Samrala\r\nDist. Ludhiana', '141121', 'AAABS0986P', 467, '01628271290', '9530697511', '01628271291', 'ggskhalsa.jharsahib@gmail.com', '', 'Y'),
(125, '051623125', 'Guru Gobind Singh Khalsa College for Women Ludhian', '1,2,3', '1', 2000, '', '', 5, 'Kamalpura, Ludhiana', '', '', 467, '', '', '', '', '', 'Y'),
(126, '051623126', 'GGS Khalsa College of Education for Women Ludhiana', '4', '1', 2006, '', '', 5, 'Kamalpura,Jagraon, Ludhiana', '', '', 467, '', '', '', '', '', 'Y'),
(127, '051623127', 'Guru Hargobind College of Education  Ludhiana', '4', '1', 2010, '', '', 5, 'Gondwal, Raikot, Ludhiana', '', '', 467, '', '', '', '', '', 'Y'),
(128, '051624128', 'Guru Nanak College of Education  Ludhiana', '4', '1', 2006, '2006', '', 5, 'Malerkotla Road, Gopalpur, Ludhiana', '141118', 'AABTG1445L', 467, '93566660561', '8196052888', '01612854595', 'gnceducation@gmail.com', 'http://www.gnes.in/guru-nanak-college-of-education/', 'Y'),
(129, '051624129', 'Guru Nanak Girls College  Ludhiana', '1,2,3', '1', 1970, '1970', '3', 5, 'Model Town, Ludhiana', '141002', '', 467, '01612423872', '9814176981', '01615052675', 'gngoffice@rediffmail.com', 'http://gngcldh.com/', 'Y'),
(130, '051624130', 'Guru Nanak Khalsa College for Women  Ludhiana', '1,3', '1', 1970, '', '', 5, 'Model Town, Ludhiana', '', '', 467, '', '', '', '', '', 'Y'),
(131, '051624131', 'Guru Nanak National College  Ludhiana', '1,2,3', '1', 1974, '', '', 5, 'Doraha, Ludhiana', '', '', 467, '', '', '', '', '', 'Y'),
(132, '051624132', 'Sri Guru Ram Dass College of Education  Ludhiana', '4', '1', 0, '2015', '', 5, 'Halwara, Tehsil Raikot, District Ludhiana', '141107', '', 467, '01614616846', '9888666846', '01612423552', 'sgrd_halwara@yahoo.com', '', 'Y'),
(133, '051624133', 'Guru Teg Bahadur National College  Ludhiana', '1,3', '1', 1972, '1973', '3', 5, 'Dakha, Ludhiana', '141102', 'AABTG5019L', 467, '9988095895', '9988095895', '01612882264', 'gtbncdakhaa@yahoo.co.in', '', 'Y'),
(134, '051624134', 'Kamla Lohtia SD College  Ludhiana', '1,2,3', '1', 1992, '', '', 5, 'Subhash Nagar, Ludhiana', '', '', 467, '', '', '', '', '', 'Y'),
(135, '051624135', 'Khalsa College for Women Civil Lines Ludhiana', '1,2,3', '1', 1958, '', '', 5, 'Civil Lines, Ludhiana', '', '', 467, '', '', '', '', '', 'Y'),
(136, '051624136', 'Khalsa College for Women Sidhwan Khurd Ludhiana', '1,2,3', '2', 1950, '1950', '3', 5, 'Sidhwan Khurd, Ludhiana', '142024', 'AAFTS7171P', 467, '01624234450', '9878894055', '01624234967', 'kcw_sidhwan@rediffmail.com', 'http://kcwsidhwan.org', 'Y'),
(137, '051624137', 'Lajpat Rai DAV College  Ludhiana', '1,2,3', '1', 1959, '', '', 5, 'Jagraon, Ludhiana', '', '', 467, '', '', '', '', '', 'Y'),
(138, '051624138', 'Mai Bhago College for Women  Ludhiana', '1,3', '1', 1999, '1999', '3', 5, 'VPO Ramgarh,Chandigarh Road, Ludhiana', '141123', 'AAATC0603K', 467, '01612843268', '9988234264', '01612848985', 'mai_bahgo@ymail.com', 'http://www.maibhagocollege.org/', 'Y'),
(139, '051624139', 'Malwa Central College of Education for Women Ludhi', '4', '2', 1955, '1956', '3', 5, 'Malwa Central College of Education for Women, \r\n<br><br>Civil Lines, Ludhiana - 141001', '141001', '', 467, '01612410920', '9417006935', '01612400042', 'malwaedu_ldh@yahoo.in', 'http://www.malwaedu.in', 'Y'),
(140, '051624140', 'Malwa College  Ludhiana', '1,2,3', '2', 1965, '1965', '3', 5, 'Bondli, Samrala, Ludhiana', '141114', 'AACTM9980D', 467, '01628263153', '9501026921', '01628263153', 'malwacollege1965@gmail.com', '', 'Y'),
(141, '051624141', 'Master Tara Singh Memorial College for Women  Ludh', '1,3', '1', 1968, '', '', 5, 'Ludhiana', '', '', 467, '', '', '', '', '', 'Y'),
(142, '051624142', 'Mata Ganga Khalsa College for Girls', '1,2,3', '1', 1997, '1997', '3', 5, 'Near Gurudwara Manji Sahib, GT Road, Kottan, Ludhiana', '141412', '', 467, '01628289292', '9855706825', '01628289292', 'mgkcollege@yahoo.co.in', '', 'Y'),
(143, '051624143', 'MGKM Shahi Sports College of Physical Education Lu', '4', '1', 0, '2005', '', 5, 'Jhakroudi, Bhagwanpura, Samrala, Ludhiana', '141114', 'AACAS3212K', 467, '9417519363', '9814107646', '9417519363', 'shahisportscollege@gmail.com', 'http://www.shahisportscollege.com', 'Y'),
(144, '051624144', 'Nankana Sahib College of Education  Ludhiana', '4', '1', 2005, '', '', 5, 'Kot-ganga Rai,  Ludhiana', '', '', 467, '', '', '', '', '', 'Y'),
(145, '051624145', 'National College for Women  Ludhiana', '1,2,3', '1', 1985, '2008', '3', 5, 'Machhiwara, Ludhiana', '141115', 'AAATN4981D', 467, '01628250173', '8427899001', '10628250067', 'info@ncwmachhiwara.com', 'http://www..ncwmachhiwara.com', 'Y'),
(146, '051624146', 'Nightingale College of Education  Ludhiana', '4', '1', 0, '', '', 5, 'V.P.O. Narangwal, Ludhiana', '', '', 467, '', '', '', '', '', 'Y'),
(147, '051624147', 'Partap College of Education  Ludhiana', '4', '1', 1956, '2000', '3', 5, 'Hambran Road, Ludhiana', '141008', '', 467, '0161236018', '9814209497', '01612309497', 'partapcollege@gmail.com', 'http://www.partapcollege.com', 'Y'),
(148, '051624148', 'Ramgarhia Girls College  Ludhiana', '1,2,3', '1', 1970, '1970', '3', 5, 'Miller Ganj, Ludhiana', '141003', 'AAATR6479C', 467, '2546228', '9914096480', '2543516', 'ldh_rgc@yahoo.com', '', 'Y'),
(149, '051624149', 'Sanmati Goverment College of Science Education and', '2', '3', 1968, '1969', '3', 5, 'Jagroan, Ludhiana', '142026', '', 467, '01624223242', '9872897894', '01624220082', 'gcsciencejagraon@gmail.com', 'http://govtsciencecollegejagraon.com', 'Y'),
(150, '051624150', 'SCD Goverment College  Ludhiana', '1,2,3', '3', 1920, '', '', 5, 'Civil Lines, Near Rose Garden, Ludhiana', '141001', '', 467, '', '9463352523', '01612448899', '', '', 'Y'),
(151, '051624151', 'SDP College for Women  Ludhiana', '1,3', '1', 1968, '', '', 5, 'Ludhiana', '', '', 467, '', '', '', '', '', 'Y'),
(152, '051624152', 'Sadbhavna College of Education for Women  Ludhiana', '4', '1', 2006, '', '', 5, 'Raikot, Ludhiana', '', '', 467, '', '', '', '', '', 'Y'),
(153, '051624153', 'Shree Atam Vallabh Jain College', '3', '1', 2010, '2010', '', 5, 'Ludhiana-Jallandhar, G.T. Road,Opposite Hotel Amaltas,Village Hussianpura, Ludhiana', '141008', '', 467, '01612801924', '9914089941', '01612801923', 'savjc@savegroup.org', 'http://www.savjc.com', 'Y'),
(154, '051624154', 'Sri Aurobindo College of Commerce and Management L', '3', '1', 2004, '2004', '', 5, 'Vill. Jhande, PO Thirke , Ludhiana', '142021', '', 467, '01612804226', '0981584880', '06162804226', 'saccm2004@gmail.com', '', 'Y'),
(155, '051624155', 'Sri Ram College  Ludhiana', '1,3', '1', 0, '', '', 5, 'Dalla, Jagroan, Ludhiana', '', '', 467, '', '', '', '', '', 'Y'),
(156, '051624156', 'Swami Ganga Giri Janta Girls College Raekot', '1,2,3', '2', 1974, '1973', '3', 5, 'Ludhiana Road, Raekot', '141109', 'AABTS2185H', 467, '01624265558', '8146711567', '01624264018', 'sggjcraikot@yahoo.co.in', 'http://sggjgirlscollege.com', 'Y'),
(157, '051624157', 'Arjan Das College Moga', '1,3', '1', 1973, '', '', 5, 'Dharmkot, Moga', '', '', 469, '', '', '', '', '', 'Y'),
(158, '051624158', 'Baba Kundan Singh memorial Law College Moga', '6', '1', 2007, '', '', 5, 'Jalalabad (East), Dharamkot, Moga', '', '', 469, '', '', '', '', '', 'Y'),
(159, '051624159', 'Baba Mangal Singh Institute of Education Moga', '4', '1', 2005, '', '', 5, 'Bughipura, Moga', '', '', 469, '', '', '', '', '', 'Y'),
(160, '051624160', 'Babe Ke College of Education Moga', '4', '1', 2005, '', '', 5, 'V.P.O. -  Daudhar, Moga', '', '', 469, '', '', '', '', '', 'Y'),
(161, '051624161', 'D M College Moga', '1,2,3', '1', 1926, '', '', 5, 'Moga', '', '', 469, '', '', '', '', '', 'Y'),
(162, '051624162', 'D M College Of Education Moga', '4', '1', 1959, '', '', 5, 'Moga', '', '', 469, '', '', '', '', '', 'Y'),
(163, '051624163', 'Guru Nanak  Goverment College Moga', '1', '3', 1959, '', '', 5, 'Guru Teg Bahadur Garh, Moga', '', '', 469, '', '', '', '', '', 'Y'),
(164, '051624164', 'Guru Nanak College Moga', '1,3', '1', 1971, '', '', 5, 'Moga', '', '', 469, '', '', '', '', '', 'Y'),
(165, '051624165', 'Jagat Sewak Khalsa College For Women Moga', '1', '1', 2002, '2002', '', 5, 'Amargarh Parao, Mehna, Moga', '142011', 'AAAAT7440A', 469, '01636270051', '9217288788', '01636270051', 'jagatsewakmehna@yahoo.com', '', 'Y'),
(166, '051624166', 'Lala Hans Raj Memorial College of Education Moga', '4', '1', 2005, '2005', '', 5, 'Talwandi Bhangerian, Moga', '142001', 'AAATL4470D', 469, '', '9876177972', '01636278690', 'lhrm_college@yahoo.com', 'http://lhrmcollege.com', 'Y'),
(167, '051625167', 'Lala Lalpat Rai Goverment College Moga', '1', '3', 1967, '', '', 5, 'VPO-Dhudhike, Moga', '', '', 469, '', '', '', '', '', 'Y'),
(168, '051625168', 'Lala Lalpat Rai Memorial College of Education Moga', '4', '1', 2003, '', '', 5, 'VPO Dhudhike, Moga', '', '', 469, '', '', '', '', '', 'Y'),
(169, '051625169', 'Mata Baljinder Kaur Memorial International College', '1,3', '1', 0, '', '', 5, 'VPO Samadh Bhai, Moga', '', '', 469, '', '', '', '', '', 'Y'),
(170, '051625170', 'Moga College of Education for Girls Moga', '4', '1', 2005, '2004', '1', 5, 'V.P.O.- Ghall Kalan, Moga', '142001', '', 469, '01636509977', '9463922212', '01636501072', 'mceg2moga@yahoo.com', 'http://mceg.org.in', 'Y'),
(171, '051625171', 'Sant Baba Bhag Singh Memorial Girls College of Edu', '4', '1', 2005, '2005', '', 5, 'Sukhanand, Moga', '142049', 'AADAS3865R', 469, '01636249722', '9815169720', '01636249486', 'principalsbbs@gmail.com', 'http://www.sbbsmgc.in', 'Y'),
(172, '051625172', 'Sant Baba Bhag Singh Memorial Girls College Moga', '1,2,3', '1', 1996, '1996', '3', 5, 'Sant Baba Bhag Singh Mem. Girls College\r\n<br>Vill-Sukhanand\r\n<br>Tehsil- Baghapurana\r\n<br>Distt. Moga', '142049', 'AADAS0571Q', 469, '01636249486', '9988179186', '01636249486', 'sbbsmgc@gmail.com', 'http://www.sbbsmgc.in', 'Y'),
(173, '051625173', 'Sant Darbara Singh College of Education for Women', '4', '1', 1971, '', '', 5, 'Lopon, Moga', '', '', 469, '', '', '', '', '', 'Y'),
(174, '051625174', 'Sant Darbara Singh College for Women Moga', '1,2,3', '1', 1976, '', '', 5, 'Lopon, Moga', '', '', 469, '', '', '', '', '', 'Y'),
(175, '051625175', 'Satyam College of  Education Moga', '4', '1', 2005, '2005', '', 5, 'V.P.O.-Ghall Kalan, Moga', '142049', '', 469, '9781112434', '9876615426', '01636237026', 'satyamcollegeofeducation@yahoo.co.in', 'http://www.satyamcollageofeducation.com/', 'Y'),
(176, '051625176', 'SD College for women Moga', '1,2,3', '1', 1969, '', '', 5, '3, Jawahar Nagar, Moga', '', '', 469, '', '', '', '', '', 'Y'),
(177, '051625177', 'Shukdeva Krishna College of Education for Girls Mo', '4', '1', 2008, '2005', '', 5, 'Ferozpur Road, V.P.O. - Ghall Kalan, Moga', '142048', 'AAFTS4661Q', 469, '01636265484', '9316150864', '01636265443', 'skcollegemoga@gmail.com', 'http://www.skcollege.com', 'Y'),
(178, '051625178', 'Tagore College of Education Moga', '4', '1', 2005, '2005', '', 5, 'Fatehgarh Korotana, Moga', '142001', 'AABTT2595G', 469, '', '9988273702', '01636500185', 'eduat_tagore@yahoo.com', 'http://www.tcoemoga.com', 'Y'),
(179, '051625179', 'BKM College of Education SBS Nagar', '4', '1', 2005, '', '', 5, 'Balachaur, Nawashehar, S.B.S. Nagar', '', '', 471, '', '', '', '', '', 'Y'),
(180, '051625180', 'MBG Goverment College SBS Nagar', '1', '3', 1986, '', '', 5, 'Pojewal , S.B.S. Nagar', '', '', 471, '', '', '', '', '', 'Y'),
(181, '051625181', 'MBBGG Girls College SBS Nagar', '1', '1', 2005, '1998', '', 5, 'Rattewal, S.B.S. Nagar', '144521', 'AABTM3342E', 471, '01885240682', '9478894841', '000000', 'mbbggggc_rattewal@yahoo.com', '', 'Y'),
(182, '051625182', 'MLBG Girls College SBS Nagar', '1,3', '1', 2000, '', '', 5, 'Tapprian Khurd, Balachaur, S.B.S. Nagar', '144525', '', 471, '01885236152', '8146533138', '01885236152', 'mlbg.college@yahoo.com', 'http://www.mlbgcollege.com/', 'Y'),
(183, '051625183', 'Rayat College of Education SBS Nagar', '4', '1', 0, '', '', 5, 'Railmajra, S.B.S. Nagar', '', '', 471, '', '', '', '', '', 'Y'),
(184, '051625184', 'Rayat College of Law  Railmajra SBS Nagar', '6', '1', 2005, '2004', '3', 5, 'VPO Railmajra, Tehsil Balachaur S.B.S. Nagar', '144533', 'AAATR4316C', 471, '01881270500', '9780872889', '01881270501', 'rcl@rayatbahra.com', 'http://rcl.rayatbahra.com', 'Y'),
(185, '051625185', 'Bawa Nihal Singh B Ed College Muktsar', '4', '1', 2008, '', '', 5, 'Bawa Nihal Singh street, Kotkapura Road, Sri Muktsar Sahib', '', '', 470, '', '', '', '', '', 'Y'),
(186, '051625186', 'C G M College Muktsar', '1,2', '1', 2012, '', '', 5, 'VPO Mohallan,Tehsil Malout, Distt. Sri Muktsar Sahib', '', '', 470, '', '', '', '', '', 'Y'),
(187, '051625187', 'Dasmesh Girls College of Education Muktsar', '4', '1', 2005, '', '', 5, 'Badal, Sri Muktsar Sahib.', '', '', 470, '', '', '', '', '', 'Y'),
(188, '051625188', 'Dasmesh Girls College Muktsar', '1,2', '1', 1999, '', '', 5, 'VPO Badal, Sri Muktsar Sahib.', '', '', 470, '', '', '', '', '', 'Y'),
(189, '051625189', 'Dasmesh Khalsa College Muktsar', '1', '1', 1970, '', '', 5, 'Sri Muktsar Sahib.', '', '', 470, '', '', '', '', '', 'Y'),
(190, '051625190', 'DAV College  Muktsar', '1,2,3', '1', 1968, '1968', '3', 5, 'Malout,Distt. Sri Muktsar Sahib.', '152107', '', 470, '01637265288', '9779000378', '01637500988', 'principaldavcmlt@gmail.com', 'https://davcollegemalout.com', 'Y'),
(191, '051625191', 'Guru Gobind Singh College of Education Muktsar', '4', '1', 2006, '2006', '', 5, 'Village Theri Bathinda Road Maout', '152107', 'AAATK9978P', 470, '01637210806', '9779330008', '01637210806', 'ggsc.edu@rediffmail.com', 'http://ggsmalout.in', 'Y'),
(192, '051625192', 'Goverment College Muktsar', '1,2,3', '3', 1951, '', '', 5, 'Sri Muktsar Sahib.', '', '', 470, '', '', '', '', '', 'Y'),
(193, '051625193', 'Guru Gobind Singh College of Education For Women', '4', '1', 2007, '2006', '1', 5, 'Near Malwa School, G.T. Road, Giddarbaha, Sri Muktsar Sahib.', '152101', 'AAATG6435D', 470, '01637233370', '8427690540', '01637233370', 'ggscgdbmkt@gmail.com', 'http://www.ggscgdb.org/', 'Y'),
(194, '051625194', 'Guru Gobind Singh Girls College Gidderbaha', '1,3', '1', 2006, '2009', '', 5, 'GGS GIRLS COLLEGE, GIDDARBAHA -152101 DISTT. SRI MUKTSAR SAHIB (PB.)NEAR MALWA SCHOOL ,G.T.ROAD', '152101', 'AAATE6435D', 470, '01637232371', '9417147104', '01637232371', 'ggsgdb.dc@gmail.com', '', 'Y'),
(195, '051625195', 'Guru Nanak  College for  Girls Muktsar', '1,2,3,4', '1', 1970, '', '', 5, 'Tibbi Sahib Road, Sri Muktsar Sahib.', '152026', '', 470, '01633260229', '9915835053', '01633260227', 'principal_gnc@yahoo.com', '', 'Y'),
(196, '051625196', 'Guru Nanak  College Muktsar', '1,3', '2', 1956, '1956', '3', 5, 'Malout Road Mandi Killinawali, Sri Muktsar Sahib.', '151211', 'AAAAG5056D', 470, '01668222345', '8427360037', '01668222345', 'gncollegekillianwali@yahoo.co.in', '', 'Y'),
(197, '051625197', 'J D College of Education Muktsar', '4', '1', 2008, '2005', '', 5, 'Bathinda Road, Sri Muktsar Sahib.', '152026', 'AABTJ1232A', 470, '01633263981', '9876027778', '01633262560', 'jdcemks@yahoo.in', '', 'Y'),
(198, '051625198', 'Kalghidhar Institute of Higher  Education Muktsar', '4', '1', 1956, '', '', 5, 'Kingra Road, Near Dannewala Chowk,Malout, Sri Muktsar Sahib.', '', '', 470, '', '', '', '', '', 'Y'),
(199, '051625199', 'Khalsa College of Education Muktsar', '4', '1', 1956, '', '', 5, 'Sri Muktsar Sahib.', '', '', 470, '', '', '', '', '', 'Y'),
(200, '051625200', 'Maharaja Ranjit Singh College Muktsar', '1,2,3', '1', 2004, '', '', 5, 'Malout, Sri Muktsar Sahib.', '', '', 470, '', '', '', '', '', 'Y'),
(201, '051625201', 'Mata Misri Devi DAV College Muktsar', '1', '1', 1970, '', '', 5, 'Giddarbaha, Sri Muktsar Sahib.', '', '', 470, '', '', '', '', '', 'Y'),
(202, '051625202', 'Muktisar Institute of Higher  Education Muktsar', '4', '1', 2005, '', '', 5, 'Jalalabad Road, Sri Muktsar Sahib.', '', '', 470, '', '', '', '', '', 'Y'),
(203, '051625203', 'Saint Sahara College of Education Muktsar', '4', '1', 2008, '', '', 5, 'Ferozepur Road,Near Power Grid, Sri Muktsar Sahib.', '', '', 470, '', '', '', '', '', 'Y'),
(204, '051625204', 'Sri  Satya Sai B Ed College Muktsar', '4', '1', 2003, '2005', '', 5, 'VPO Karaiwala ,Tehsil Giddarbaha, Sri Muktsar Sahib.', '152112', '', 470, '', '9915044295', '01637277428', 'sssbedthakral@gmail.com', 'http://www.shreesatyasai.org/', 'Y'),
(205, '071618205', 'Sai College of Education Hoshiarpur', '4', '1', 2016, '', '', 5, 'Sardulapur ,Hoshiarpur', '', '', 464, '', '', '', '', '', 'Y'),
(206, '091602206', 'Rayat Bahra College of Law  Hoshiarpur', '6', '1', 2016, '', '', 5, 'Bohan, Hoshiarpur', '', '', 464, '', '', '', '', '', 'Y'),
(207, '091602207', 'Waheguru College  Abohar', '1,2,3', '1', 2016, '', '', 5, 'Burj Muhar Road,  Abohar', '', '', 461, '', '', '', '', '', 'Y'),
(208, '101626208', 'Panjab University CC', '', '3', 2010, '', '', 5, 'xyz', '', '', 99, '', '', '', '', '', 'Y'),
(209, '011702209', 'Baba Balraj Panjab University Constituent College', '1,3', '3', 0, '', '', 5, 'BALACHAUR', '144521', '', 471, '01885223344', '8146100199', '01885223355', 'bbpucc@gmail.com', 'http://bbpucc.puchd.ac.in/', 'Y'),
(210, '011702210', 'Panjab University Constituent College Nihal Singh', '', '3', 0, '', '', 5, 'Nihal Singh Wala,Moga', '', '', 469, '', '', '', '', '', 'Y'),
(211, '011702211', 'Panjab University Constituent College Sikhwala Sri', '', '3', 0, '', '', 5, 'Sikhwala Sri Muktsar Sahib', '', '', 470, '', '', '', '', '', 'Y'),
(212, '011702212', 'Panjab University Constituent College Guru Har Sah', '', '3', 0, '', '', 5, 'Guru Har Sahai, Ferozepur', '', '', 462, '', '', '', '', '', 'Y');

-- --------------------------------------------------------

--
-- Table structure for table `f_college_authentication_letter`
--

CREATE TABLE `f_college_authentication_letter` (
  `College_Id` int(11) NOT NULL,
  `Title` varchar(50) NOT NULL,
  `Description` text DEFAULT NULL,
  `Add_Date` date NOT NULL,
  `Edit_Date` date NOT NULL,
  `File` varchar(100) NOT NULL
) ENGINE=InnoDB DEFAULT CHARSET=latin1;

--
-- Dumping data for table `f_college_authentication_letter`
--

INSERT INTO `f_college_authentication_letter` (`College_Id`, `Title`, `Description`, `Add_Date`, `Edit_Date`, `File`) VALUES
(82, 'Guru Teg Bahadur Khalsa College of Education', '', '2017-04-29', '2017-05-11', ''),
(124, 'Under the Management of SGPC', '', '2017-09-28', '2017-09-29', '201709291309492030104.pdf');

-- --------------------------------------------------------

--
-- Table structure for table `f_college_bank`
--

CREATE TABLE `f_college_bank` (
  `College_Id` int(11) NOT NULL,
  `Bank_Name` varchar(50) NOT NULL,
  `Ac_No` varchar(40) NOT NULL,
  `IFSC_No` varchar(20) NOT NULL,
  `Branch_Name` varchar(50) NOT NULL
) ENGINE=InnoDB DEFAULT CHARSET=latin1;

--
-- Dumping data for table `f_college_bank`
--

INSERT INTO `f_college_bank` (`College_Id`, `Bank_Name`, `Ac_No`, `IFSC_No`, `Branch_Name`) VALUES
(1, 'hdfc', '08989', '8989', '98'),
(17, 'obc bank', '1263647886', '85858552565', 'sect 14'),
(18, 'Punjab National Bank', '0001010109000019', 'PUNB0466900', 'DAV College, Hanumangarh Road, ABOHAR'),
(19, 'PUNJAB NATIONAL BANK ABOHAR', '0001010109000949', 'PUNB0466900', 'ABOHAR DAV COLLEGE'),
(20, 'PUNJAB NATIONAL BANK', '0001010109002822', 'PUNB0466900', 'DAV ABOHAR'),
(24, 'State Bank of India', '10506607052', 'SBIN0003246', 'Sector 7'),
(28, 'SBI', '10286028877', 'SBIN0004703', 'Sector 22-C, chandigarh'),
(29, 'State Bank of India', '10286109916', 'SBIN0004703', 'Sector 22C'),
(30, 'Central Bank', '1789212535', 'CBIN0283198', 'Sector 32 Chandigarh'),
(33, 'SBI', '30097290341', 'SBIN0003936', '3936'),
(35, 'State Bank of India', '10413584040', 'SBIN0010607', 'GMCH, Chandigarh'),
(36, 'State Bank of India', '10506615428', 'SBIN0010608', 'Sector 26, chandigarh'),
(38, 'STATE BANK OF INDIA', '30772717538', 'SBIN0010609', 'MCM DAV COLLEGE'),
(39, 'State Bank of Patiala', '55105008209', 'STBP0000116', 'Sector, 26, Chandigarh'),
(46, 'STATE BANK OF INDIA', '10506615542', 'SBIN0010608', 'SRI GURU GOBIND SINGH COLLEGE SEC-26,CHANDIGARH'),
(47, 'HDFC BANK LTD FAZILKA', '06471000079958', 'HDFC0000647', 'FAZILKA'),
(49, 'Central Bank Of India', '3295834288', 'CBIN0284315', 'Jalalabad West'),
(50, 'STATE BANK OF PATIALA', '65001356634', 'STBP0000629', 'JALALABAD'),
(51, 'Oriental Bank of Commerce', '02752041002168', 'ORBC0100275', 'Gaushalla Road, Fazilka'),
(52, 'Oriental Bank of Commerce', '04451010003840', 'ORBC0100445', 'Jalalabad (West)'),
(53, 'SBI FAZILKA', '11135376322', 'SBIN0000639', 'MAIN FAZILKA'),
(54, 'Panjab National Bank Main Branch Fazilka', '0174002100001914', 'Panjab National Bank', '0174000101519809'),
(56, 'AXIS BANK', '915010046124153', 'UTIB0000399', 'ABOHAR'),
(60, 'State Bank of India', '10747284159', 'SBIN0016140', 'Dev Samaj College for Women, Ferozepur City'),
(61, 'State Bank of India', '10747380318', 'SBIN0016140', 'Dev Samaj College for Women, Ferozepur City'),
(62, 'State Bank of Patiala', '55077328127', 'STBP0000061', 'Zira'),
(64, 'PUNJAB NATIONAL BANK', '2361002100012028', 'PUNB0236100', 'GURU HAR SAHAI'),
(66, 'Punjab National Bank', '0172012100012210', 'PUNB0482900', 'R.S.D.College, Ferozepur City'),
(67, 'ORIENTAL BANK OF COMMERCE', '02502011002151', 'ORBC0100250', 'VPO MUDKI, DISTT FEROZEPUR'),
(68, 'Punjab National Bank', '0654000103186305', 'PUNB0065400', 'Basti Tankan wali Ferozepur'),
(71, 'CENTRAL BANK OF INDIA', '1729491448', 'CBINO281177', 'GARHSHANKAR'),
(72, 'INDIAN BANK', '472400024', 'IDIB000A111', 'ARYA SAMAJ ROAD,HOSHIARPUR'),
(74, 'PUNJAB NATIONAL BANK', '3434000107232300', 'PUNB0343400', 'TALWARA ROAD MUKERIAN'),
(75, 'ORIENTAL BANK OF COMMERCE', '11632010000100', 'ORBC0101163', 'HARIANA'),
(81, 'State Bank of India', '55047137921', 'SBIN0050262', 'Dasuya'),
(82, 'State Bank of India  Dasuya', '65018577779', 'SBIN0050262', 'Dasuya'),
(84, 'Axis Bank', '911010034496398', 'UTIB0000312', 'Axis Bank Hoshiarpur'),
(85, 'State Bank of Patiala', '55070705668', 'STBP0000718', 'Garhdiwala'),
(86, 'Punjab Gramin Bank', '85670100122956', 'PUNB0PGB003', 'Binewal'),
(87, 'Punjab Gramin Bank', '85670100060122', 'PUNB0PGB003', 'Binewal'),
(88, 'PUNJAB NATIONAL BANK KANDHALA JATTAN HOSHIARPUR', '2323000100103755', 'PUNB0232300', 'KANDHALA JATTAN (HOSHIARPUR)'),
(90, 'HDFC Bank', '50100041343707', 'HDFC0001435', 'Mahilpur'),
(91, 'BANK OF MAHARASHTRA', '20119303162', 'MAHB0000475', 'HOSHIARPUR'),
(92, 'STATE BANK OF PATIALA', '65200599182', 'STBP0000710', 'MAHILPUR'),
(93, 'State Bank of India', '10761418972', 'SBIN0002325', 'Chabbewal'),
(95, 'HDFC', '50200017132359', 'HDFC0002360', 'VILL-KOT FATUHI,NEAR MAIN GATE,KOT FATUHI'),
(96, 'punjab and sind bank', '07451000002914', 'PSIB0000745', 'lakhinder, miani'),
(101, 'State Bank of Patiala', '55087466802', 'STBP0000876', 'Amloh Road Khanna'),
(102, 'PUNJAB NATIONAL BANK', '4225000101015173', 'PUNB0422500', 'PUNJAB NATIONAL BANK A,S COLLEGE KHANNA'),
(103, 'Panjab National Bank', '4225002100000017', 'PUNB0422500', 'A S College, Khanna'),
(105, 'Indusind Bank Ltd', '100013787887', 'INDB0000520', 'Focal Point, Ludhiana'),
(107, 'Punjab and Sind Bank', '5615', '0680100000', 'Kitchlu Nagar'),
(108, 'Axis Bank', '915010040473615', 'UTIB0002152', 'Gureh Mullanpur Ludhiana'),
(111, 'State Bank of Patiala', '55122884153', 'STBP0001248', 'KIDWAI NAGAR'),
(112, 'State Bank of Patiala', '55122884073', 'STBP0001248', 'Devki Devi Jain Memorial College for Women, Ludhia'),
(115, 'Orientel bank of Commerce', '09802010020600', 'ORBC0100980', 'Sidhwan khurd'),
(119, 'AXIS BANK', '909010044117172', 'UTIB0000761', 'MANDI GOBINDGARH'),
(124, 'State Bank of India', '31048345746', 'SBIN0050078', 'Samrala'),
(128, 'PUNJAB AND SIND BANK BRANCH DEHLON DISTT LUDHIANA', '00851100000349', 'PSIB0000085', 'DEHLON DISTT LUDHIANA'),
(129, 'Punjab and Sind Bank', '02931000020066', 'PSIB0293', 'Model Town, Ludhiana'),
(132, 'ORIENTAL BANK OF COMMERECE', '07771131007765', 'ORBC0100777', 'MODEL TOWN LUDHIANA'),
(133, 'BANK OF INDIA', '653310100000099', 'BKID0006533', 'COLLEGE ROAD DAKHA'),
(136, 'ORIENTAL BANK OF COMMERCE', '09802010000030', 'ORBC0100980', 'SIDHWAN KHURD'),
(138, 'BANK OF INDIA', '653410210000002', 'BKID0006534', 'RAMGARH'),
(139, 'Punjab and Sind Bank', '06921000008825', 'PSIB0000692', 'Khalsa College for Women, Ludhiana'),
(140, 'State Bank of Patiala', '55060808394', 'STBP0000078', 'SAMRALA'),
(142, 'Punjab National Bank', '1275010100000039', 'PUNB0486300', 'Gurudwara Manji Sahib'),
(143, 'State Bank of Patiala', '55060808474', 'STBP0000078', 'SAMRALA'),
(145, 'BANK OF INDIA', '652410100003134', 'BKID0006524', 'MACHHIWARA'),
(147, 'BANK OF INDIA', '650610100001551', 'BKID0006506', 'PARTAP SINGH WALA, HAMBRAN ROAD, LUDHIANA'),
(148, 'PANJAB AND SIND BANK', '01681000000507', 'PSIB0000539', 'IBD, MILLER GANJ, LUDHIANA'),
(149, 'STATE BANK OF INDIA', '10926318972', 'SBIN0000655', 'LAJPAT RAI ROAD JAGRAON'),
(150, 'State Bank of India', '3032235350219', 'SBIN0000674', 'Fountain Chowk Civil Lines Ludhiana'),
(153, 'Allahabad Bank', '50033949538', 'ALLA0212306', 'SAN Jain Model School, Ludhiana'),
(154, 'HDFC BANK', '50100129988569', 'HDFC0001319', 'MULLANPUR DAKHA'),
(156, 'Punjab National Bank', '092900100095183', 'PUNB0092900', 'Raikot'),
(165, 'ALLAHABAD BANK', '21594972369', 'ALLA0210662', 'MEHNA'),
(166, 'Canara Bank', '2116201001395', 'CNRB0002116', 'Gandhi Road, Moga'),
(170, 'PNB Ferozepur Road Moga', '3445002100034037', 'PUNB0344500', 'PNB'),
(171, 'State Bank of India', '11435502381', 'SBIN0007520', 'sukhanand'),
(172, 'State Bank of India', '11435504140', 'SBIN0007520', 'Sukhanand'),
(175, 'Bank of India', '654620100000069', 'BKID0006546', 'D.A.C. MOGA'),
(177, 'UCO BANK', '18500100002760', 'UCBA0001850', 'UCO BANK ,DEV SAMAJ SCHOOL BUIDING ,MOGA'),
(178, 'ORIENTAL BANK OF COMERECE RAILWAY ROAD MOGA', '00931010002410', 'ORBC0100093', 'MOGA'),
(181, 'ALLAHABAD BANK', '21615093991', 'ALLA0210639', 'RATTEWAL'),
(182, 'State bank of Patiala', '65135543430', 'STBP0000504', 'CHANDIANI KHURD'),
(184, 'Indian Bank Roop Nagar', '6408746907', 'IDIB000R027', 'Railamajra'),
(190, 'Panjab National Bank', '0337012100000018', 'PUNB0482700', 'DAV College,malout'),
(191, 'State Bank of Paitala', '65201911490', 'STBP0001176', 'Malout'),
(193, 'State Bank of Patiala', '65032256725', 'STBP0000652', 'Gur Mandi Giddarbaha'),
(194, 'STATE BANK OF PATIALA', '65083655072', 'STBP0000652', 'GUR MANDI BRANCH'),
(195, 'CENTRAL BANK OF INDIA', '2013077612', 'CBIN0280331', 'MUKTSAR'),
(196, 'STATE BANK OF PATIALA', '65008556841', 'STBP0000392', 'MANDI KILLIANWALI'),
(197, 'Panjab National Bank', '3444002100027162', 'PUNB0344400', 'Sadar Bazar, Sri Muktsar Sahib'),
(204, 'Axis Bank Ltd', '910010018246952', 'UTIB0000185', 'G T Road Malout'),
(209, 'STATE BANK OF INDIA', '33708013274', 'SBIN0017019', '17019');

-- --------------------------------------------------------

--
-- Table structure for table `f_college_building`
--

CREATE TABLE `f_college_building` (
  `College_Id` int(11) NOT NULL,
  `Building_Status` varchar(1) DEFAULT NULL,
  `B_1` int(8) DEFAULT NULL,
  `B_2` int(8) DEFAULT NULL,
  `B_3` int(8) DEFAULT NULL,
  `B_4` int(8) NOT NULL,
  `B_5` int(8) DEFAULT NULL
) ENGINE=InnoDB DEFAULT CHARSET=latin1;

--
-- Dumping data for table `f_college_building`
--

INSERT INTO `f_college_building` (`College_Id`, `Building_Status`, `B_1`, `B_2`, `B_3`, `B_4`, `B_5`) VALUES
(1, '1', 676, 7676, 767, 67, 676),
(2, '2', 0, 0, 0, 0, 0),
(18, '1', 6120, 6120, 275, 118, 5728),
(19, '1', 6519, 6519, 6405, 114, 2969),
(24, '1', 1289, 1289, 1289, 25, 9),
(28, '1', 16175, 6385, 878, 111, 1067),
(30, '1', 33030, 31745, 29986, 1759, 2500),
(33, '1', 13533, 13533, 4021, 9513, 13533),
(35, '1', 208661, 169178, 0, 1447, 0),
(38, '1', 213875, 85497, 11654, 7588, 1151),
(42, '1', 153786, 153786, 0, 0, 0),
(46, '2', 0, 16649, 15034, 105, 1510),
(47, '2', 24960, 2197, 1800, 97, 300),
(51, '1', 0, 3582, 2720, 490, 372),
(52, '1', 4048, 4048, 676, 97, 0),
(61, '1', 4995, 4995, 121716, 250, 121716),
(67, '1', 25130, 25130, 31241, 25130, 25130),
(71, '1', 500, 1605, 1200, 150, 1000),
(74, '1', 22985, 20272, 20272, 550, 2163),
(75, '1', 3328, 3328, 1234, 224, 1872),
(82, '1', 3554, 3554, 2268, 103, 1182),
(84, '1', 1000, 1000, 8000, 2000, 600),
(86, '1', 3591, 3591, 2100, 239, 1252),
(87, '1', 0, 0, 0, 0, 0),
(90, '1', 3778, 3778, 1080, 605, 2093),
(91, '1', 800, 5800, 835, 184, 830),
(93, '1', 0, 7315, 6947, 198, 170),
(94, '1', 0, 10000, 5000, 1200, 400),
(95, '1', 65028, 1858, 1579, 139, 139),
(96, '1', 8094, 8094, 506, 139, 28),
(102, '1', 2700, 2700, 2615, 85, 0),
(105, '1', 11128, 5000, 4260, 0, 0),
(107, '1', 4180, 4180, 3000, 1000, 700),
(108, '1', 7432, 7432, 4900, 900, 1632),
(115, '1', 10, 10, 15000, 15000, 15000),
(116, '1', 7641, 7641, 7641, 7641, 20203),
(119, '1', 31387, 7678, 10702, 1200, 19247),
(124, '1', 415530, 12855, 12855, 0, 0),
(128, '1', 4020, 4020, 3897, 123, 525),
(136, '1', 13884, 13884, 4576, 258, 9049),
(139, '1', 6799, 6799, 2421, 116, 1376),
(145, '1', 2000, 2500, 2000, 100, 0),
(147, '1', 0, 5000, 0, 0, 0),
(150, '1', 84984, 84984, 48562, 32375, 32375),
(154, '1', 6661, 6661, 0, 0, 0),
(166, '1', 130680, 26158, 4480, 1124, 4098),
(168, '1', 8921, 4054, 4054, 314, 940),
(170, '2', 7600, 5581, 23, 23, 23),
(171, '1', 5570, 5570, 2293, 321, 5570),
(172, '1', 10348, 10348, 10348, 1320, 10348),
(190, '1', 954614, 49823, 904791, 12755, 390946),
(193, '1', 3735, 3735, 2557, 157, 246),
(194, '1', 2920, 2920, 2276, 412, 232),
(197, '1', 3601, 3601, 816, 126, 2659),
(207, '1', 41346, 13782, 5874, 2625, 5283);

-- --------------------------------------------------------

--
-- Table structure for table `f_college_courses`
--

CREATE TABLE `f_college_courses` (
  `CC_Id` int(11) NOT NULL,
  `College_Id` int(11) DEFAULT NULL,
  `Course_Id` int(11) DEFAULT NULL,
  `Subject_Id` int(11) NOT NULL,
  `Branch_Id` int(11) DEFAULT NULL,
  `FP_Time` varchar(1) DEFAULT NULL,
  `Started_In` int(4) DEFAULT NULL,
  `Current_Intake` varchar(10) DEFAULT NULL,
  `Applied_Intake` varchar(10) DEFAULT NULL,
  `Accreditation_Status` varchar(30) DEFAULT NULL,
  `Remarks` varchar(100) DEFAULT NULL
) ENGINE=InnoDB DEFAULT CHARSET=latin1;

--
-- Dumping data for table `f_college_courses`
--

INSERT INTO `f_college_courses` (`CC_Id`, `College_Id`, `Course_Id`, `Subject_Id`, `Branch_Id`, `FP_Time`, `Started_In`, `Current_Intake`, `Applied_Intake`, `Accreditation_Status`, `Remarks`) VALUES
(1, 1, 1, 0, 1, '2', 2016, '200', '162', 'ljl;j', 'ljlk'),
(2, 1, 3, 1, 1, '1', 2016, '120', '80', '', ''),
(3, 17, 61, 0, 1, '1', 2015, '12', '11', '', ''),
(4, 25, 45, 0, 1, '1', 2016, '10', '9', '', ''),
(5, 103, 25, 0, 1, '1', 1966, '0000', '436', '', 'Since 1946'),
(6, 103, 4, 0, 1, '1', 1972, '150', '149', '', ''),
(7, 17, 57, 0, 1, '1', 2015, '120', '113', '', ''),
(8, 17, 62, 0, 1, '1', 2015, '12', '13', '', ''),
(9, 17, 58, 0, 1, '1', 2015, '12', '11', '', ''),
(10, 17, 64, 0, 1, '1', 2015, '24', '25', '', ''),
(11, 17, 63, 0, 1, '1', 2015, '15', '17', '', ''),
(12, 17, 65, 0, 1, '1', 2015, '12', '12', '', ''),
(13, 17, 56, 0, 1, '1', 2015, '30', '23', '', ''),
(14, 18, 3, 0, 1, '1', 1999, '120', '105', '', ''),
(15, 18, 2, 0, 1, '1', 2009, '40', '39', '', ''),
(16, 18, 135, 0, 1, '1', 2006, '30', '15', '', ''),
(17, 18, 4, 0, 1, '1', 2010, '157', '156', '', ''),
(18, 18, 32, 0, 1, '1', 2012, '97', '93', '', ''),
(19, 18, 14, 0, 1, '1', 2008, '40', '37', '', ''),
(20, 18, 34, 0, 1, '1', 1997, '40', '8', '', ''),
(21, 18, 38, 0, 1, '1', 2006, '50', '48', '', ''),
(22, 18, 35, 0, 1, '1', 2016, '50', '46', '', ''),
(23, 18, 127, 0, 1, '1', 2006, '70', '66', '', ''),
(24, 18, 69, 0, 1, '1', 2006, '35', '0', '', ''),
(25, 18, 59, 0, 1, '1', 1997, '50', '20', '', ''),
(26, 18, 6, 0, 1, '1', 2003, '80', '7', '', ''),
(27, 18, 28, 0, 1, '1', 1986, '60', '23', '', ''),
(28, 18, 30, 0, 1, '1', 1989, '60', '21', '', ''),
(29, 18, 29, 0, 1, '1', 2016, '60', '53', '', ''),
(30, 18, 39, 0, 1, '1', 2012, '60', '38', '', ''),
(31, 18, 25, 0, 1, '1', 1966, '642', '642', '', ''),
(32, 18, 27, 0, 1, '1', 1966, '385', '385', '', ''),
(33, 50, 40, 0, 1, '1', 2005, '100', '100', 'B ++', 'Admissions are in process'),
(34, 50, 41, 0, 1, '1', 2008, '50', '50', 'B++', 'Admissions are Process'),
(35, 50, 40, 0, 1, '1', 2008, '100', '100', 'B++', 'ADMISSIONS ARE IN PROCESS'),
(36, 90, 40, 0, 1, '1', 2016, '100', '83', 'B', ''),
(37, 166, 40, 0, 1, '1', 2005, '50', '50', '', ''),
(38, 38, 25, 0, 1, '1', 1968, '1200', '1150', '', ''),
(39, 38, 2, 0, 1, '1', 2012, '40', '40', '', ''),
(40, 38, 4, 0, 1, '1', 1978, '280', '280', '', ''),
(41, 38, 3, 0, 1, '1', 2002, '80', '59', '', ''),
(42, 38, 27, 0, 1, '1', 1971, '0', '0', '', ''),
(43, 38, 129, 0, 1, '1', 1981, '200', '180', '', ''),
(44, 38, 128, 0, 1, '1', 1971, '150', '150', '', ''),
(45, 38, 89, 0, 1, '1', 2005, '60', '60', '', ''),
(46, 38, 127, 0, 1, '1', 2015, '40', '40', '', ''),
(47, 38, 42, 0, 1, '1', 2011, '40', '40', '', ''),
(48, 38, 43, 0, 1, '1', 2005, '60', '60', '', ''),
(49, 38, 70, 0, 1, '1', 2012, '40', '40', '', ''),
(50, 38, 31, 0, 1, '1', 2005, '60', '60', '', ''),
(51, 38, 14, 0, 1, '1', 2012, '40', '40', '', ''),
(52, 38, 35, 0, 1, '1', 2015, '25', '25', '', ''),
(53, 38, 6, 0, 1, '1', 2005, '30', '13', '', ''),
(54, 38, 54, 0, 1, '1', 2016, '40', '13', '', ''),
(55, 86, 40, 0, 1, '1', 2006, '2UNITS', '45', 'B GRADE BY NAAC', ''),
(56, 193, 40, 0, 1, '1', 2006, '200', '107', 'Accredited with NCTE, NAAC', 'Session 2016-17'),
(57, 193, 41, 0, 1, '1', 2008, '50', '10', 'Accredited to NCTE and NAAC', 'Session 2016-17'),
(58, 19, 40, 0, 1, '1', 1968, '250', '250', 'PERMANENT', ''),
(59, 19, 41, 0, 1, '1', 1983, '50', '17', 'PERMANENT', ''),
(60, 107, 40, 0, 1, '1', 2007, '100', '51', '', ''),
(61, 147, 40, 0, 1, '1', 2000, '4 Units ( ', '109', 'A', ''),
(62, 147, 41, 0, 1, '1', 2005, 'One Unit (', '30', 'A', ''),
(63, 207, 32, 0, 1, '1', 2016, '40-', '30', '', ''),
(64, 207, 25, 0, 1, '1', 2016, '200', '200', '', ''),
(65, 207, 4, 0, 1, '1', 2016, '60', '40', '', ''),
(66, 87, 25, 0, 1, '1', 1997, '500', '231', '', ''),
(67, 87, 4, 0, 1, '1', 2011, '30', '49', '', ''),
(68, 74, 25, 0, 1, '1', 2006, 'UNLIMITED', '184', '', ''),
(69, 74, 3, 0, 1, '1', 2007, '45', '43', '', ''),
(70, 74, 2, 0, 1, '1', 2009, '25', '20', '', ''),
(71, 74, 4, 0, 1, '1', 2011, '70', '70', '', ''),
(72, 74, 27, 0, 1, '1', 2013, '46', '46', '', ''),
(73, 74, 29, 0, 1, '1', 2009, '50', '47', '', ''),
(74, 74, 28, 0, 1, '1', 2013, '60', '40', '', ''),
(75, 74, 99, 0, 1, '1', 2014, '10', '8', '', ''),
(76, 74, 6, 0, 1, '1', 2008, '10', '7', '', ''),
(77, 74, 14, 0, 1, '1', 2015, '40', '34', '', ''),
(78, 28, 25, 0, 1, '1', 1981, '1300', '450', 'Panjab University', ''),
(79, 28, 4, 0, 1, '1', 1995, '450', '443', 'Panjab University', ''),
(80, 28, 3, 0, 1, '1', 2000, '240', '88', 'Panjab University', ''),
(81, 28, 2, 0, 1, '1', 2008, '126', '107', 'Panjab University', ''),
(82, 28, 6, 0, 1, '1', 2006, '30', '18', 'Panjab University', ''),
(83, 28, 42, 0, 1, '1', 2012, '120', '76', 'Panjab University', ''),
(84, 28, 27, 0, 1, '1', 2016, '120', '59', 'NAAC GRADE A', ''),
(85, 178, 40, 0, 1, '1', 2005, '100', '100', '', ''),
(86, 95, 25, 0, 1, '1', 2007, 'AS PER PU', '141', '', ''),
(87, 95, 4, 0, 1, '1', 2007, 'ONE UNIT', '48', '', ''),
(88, 95, 3, 0, 1, '1', 2007, 'ONE UNIT', '30', '', ''),
(89, 171, 40, 0, 1, '1', 2005, '100', '65', 'B', ''),
(90, 136, 25, 0, 1, '1', 1966, '1500', '336', '', ''),
(91, 128, 40, 0, 1, '1', 2006, '150 from', '102', '2.22 B', '200 seats upto session 2015-16'),
(92, 71, 25, 0, 1, '1', 1995, 'N.A.', '137', '', ''),
(93, 136, 3, 0, 1, '1', 2001, '120', '80', '', ''),
(94, 38, 141, 0, 1, '1', 1994, '60', '51', '', ''),
(95, 128, 40, 0, 1, '1', 2006, '200', '99', '2.22 B', 'RECORD OF SESSION 2015 16'),
(96, 194, 25, 0, 1, '1', 2010, 'NO SEAT LI', '474', 'NILL', ''),
(97, 194, 4, 0, 1, '1', 2012, '40 SEATS E', '62', 'NILL', 'BCOM-I=17,II=29,III=16  CLASS WISE STRENGTH GIVEN (62 IS TOTAL)'),
(98, 61, 40, 0, 1, '1', 1966, '250', '128', 'A Grade', ''),
(99, 61, 41, 0, 1, '1', 1969, '50', '28', 'A Grade', ''),
(100, 136, 128, 0, 1, '1', 1974, '240', '83', '', ''),
(101, 136, 129, 0, 1, '1', 1974, '240', '78', '', ''),
(102, 136, 4, 0, 1, '1', 1999, '210', '156', '', ''),
(103, 136, 30, 0, 1, '1', 2003, '120', '17', '', ''),
(104, 136, 43, 0, 1, '1', 2009, '120', '49', '', ''),
(105, 136, 39, 0, 1, '1', 2015, '120', '40', '', ''),
(106, 136, 14, 0, 1, '1', 2014, '120', '59', '', ''),
(107, 136, 36, 0, 1, '1', 2012, '60', '20', '', ''),
(108, 136, 6, 0, 1, '1', 2003, '30', '20', '', ''),
(109, 136, 29, 0, 1, '1', 1971, '120', '31', '', ''),
(110, 103, 133, 0, 1, '1', 2014, '40', '17', '', ''),
(111, 103, 132, 0, 1, '1', 2014, '50', '39', '', ''),
(112, 103, 3, 0, 1, '1', 1999, '80', '35', '', ''),
(113, 103, 6, 0, 1, '1', 2001, '30', '20', '', ''),
(114, 103, 43, 0, 1, '1', 2006, '60', '51', '', ''),
(115, 103, 42, 0, 1, '1', 2013, '60', '27', '', ''),
(116, 103, 127, 0, 1, '1', 2010, '60', '57', '', ''),
(117, 103, 30, 0, 1, '1', 1999, '60', '33', '', ''),
(118, 103, 39, 0, 1, '1', 1984, '60', '52', '', ''),
(119, 103, 29, 0, 1, '1', 2003, '60', '44', '', ''),
(120, 103, 14, 0, 1, '1', 2013, '45', '43', '', '40+5 Additonal Seats'),
(121, 103, 36, 0, 1, '1', 2012, '40', '10', '', ''),
(122, 103, 129, 0, 1, '1', 1966, '000', '146', '', ''),
(123, 103, 128, 0, 1, '1', 1970, '000', '146', '', ''),
(124, 68, 40, 0, 1, '1', 2006, '100', '55', '', ''),
(125, 35, 105, 0, 1, '1', 1991, '100', '100', '', ''),
(126, 35, 27, 0, 1, '1', 1991, '79', '79', '', 'This is totol number of seats avaiable in B.Sc. Anaesthesia & OT, B.Sc. X-ray, B.Sc. MLT, B.Sc. Nuri'),
(127, 35, 111, 0, 1, '1', 2015, '10', '0', '', ''),
(128, 35, 114, 0, 1, '1', 2001, '72', '61', '', 'IT INCLUDES MASTERS OF SCIENCE ALSO'),
(129, 35, 112, 0, 1, '1', 2011, '8', '2', '', ''),
(130, 35, 113, 0, 1, '1', 2011, '8', '8', '', ''),
(131, 47, 40, 0, 1, '1', 2005, '100', '100', 'NO', ''),
(132, 29, 40, 0, 1, '1', 1988, '100', '100', '', ''),
(133, 29, 41, 0, 1, '1', 1999, '50', '10', '', ''),
(134, 93, 25, 0, 1, '1', 2001, '100', '100', '', ''),
(135, 93, 4, 0, 1, '1', 2016, '75', '75', '', ''),
(136, 93, 3, 0, 1, '1', 2001, '40', '40', '', ''),
(137, 93, 27, 0, 1, '1', 2001, '40', '40', '', ''),
(138, 93, 14, 0, 1, '1', 2016, '40', '40', '', ''),
(139, 93, 6, 0, 1, '1', 2001, '40', '40', '', ''),
(140, 52, 40, 0, 1, '1', 2016, '200', '100', 'CGPA of 3.05 on four point sca', ''),
(141, 177, 40, 0, 1, '1', 2005, '150', '100', 'A GRADE BY NAAC', ''),
(142, 72, 40, 0, 1, '1', 1966, '200', '200', '', ''),
(143, 72, 41, 0, 1, '1', 1966, '50', '45', '', ''),
(144, 115, 131, 0, 1, '1', 2006, '60', '33', '', 'Another Course is B.A.LL.B (Hons.) 5 year Integrated Course Intake Seats - 60, Filled Seats - 47'),
(145, 115, 130, 0, 1, '1', 2006, '60', '47', '', ''),
(146, 92, 25, 0, 1, '1', 1966, '1500', '1100', 'NA', ''),
(147, 92, 129, 0, 1, '1', 2006, '600', '190', 'NA', ''),
(148, 92, 128, 0, 1, '1', 2013, '120', '81', 'NOT APPLICABLE', ''),
(149, 92, 4, 0, 1, '1', 1992, '420', '321', 'NOT APPLICABLE', ''),
(150, 92, 3, 0, 1, '1', 2008, '125', '87', 'NOT APPLICABLE', ''),
(151, 92, 32, 0, 1, '1', 2012, '160', '153', 'NOT APPLICABLE', ''),
(152, 92, 56, 0, 1, '1', 2012, '105', '55', 'NOT APPLICABLE', ''),
(153, 92, 59, 0, 1, '1', 2006, '100', '95', 'NOT APPLICABLE', ''),
(154, 92, 124, 0, 1, '1', 2009, '100', '59', 'NOT APPLICABLE', ''),
(155, 92, 6, 0, 1, '1', 2007, '40', '35', 'NOT APPLICABLE', ''),
(156, 92, 30, 0, 1, '1', 1992, '120', '54', 'NOT APPLICABLE', ''),
(157, 92, 39, 0, 1, '1', 2006, '120', '115', 'NOT APPLICABLE', ''),
(158, 92, 42, 0, 1, '1', 2005, '120', '58', 'NOT APPLICABLE', ''),
(159, 92, 29, 0, 1, '1', 2004, '120', '85', 'NOT APPLICABLE', ''),
(160, 92, 43, 0, 1, '1', 2013, '120', '85', 'NOT APPLICABLE', ''),
(161, 92, 28, 0, 1, '1', 2013, '120', '58', 'NOT APPLICABLE', ''),
(162, 92, 126, 0, 1, '1', 2014, '120', '30', 'NOT APPLICABLE', ''),
(163, 92, 127, 0, 1, '1', 2013, '85', '82', 'NOT APPLICABLE', ''),
(164, 92, 35, 0, 1, '1', 2005, '89', '89', 'NOT APPLICABLE', ''),
(165, 92, 38, 0, 1, '1', 2006, '87', '88', 'NOT APPLICABLE', 'Additional 5 + Rural area 1 + Single Girl Child 1'),
(166, 92, 125, 0, 1, '1', 2009, '40', '10', 'NOT APPLICABLE', ''),
(167, 92, 36, 0, 1, '1', 2012, '80', '34', 'NOT APPLICABLE', ''),
(168, 92, 14, 0, 1, '1', 2005, '85', '85', 'NA', ''),
(169, 153, 2, 0, 2, '1', 2010, '120', '88', '', '40 seats per unit  + ( 5 additional seats per unit)'),
(170, 153, 4, 0, 1, '1', 2010, '710', '698', '', 'B.Com-1st (280), B.Com-2nd (220) & B.Com-3rd (220) + 10 additional seats per unit'),
(171, 153, 14, 0, 1, '1', 2013, '80', '58', '', 'M.Com-1st (40) & M.Com-2nd (40) + (5 additional seats)'),
(172, 138, 25, 0, 1, '1', 2000, '120', '162', '', 'B.A.I,II,III (TOTAL STUDENTS 162) PER CLASS INTAKE SEAT 120'),
(173, 138, 4, 0, 1, '1', 2008, '60', '164', '', 'B.COM-I(52), B.COM-II(49), B.COM-III( 63)  TOTAL STUDENTS=164'),
(174, 184, 130, 0, 1, '1', 2004, '120', '88', 'No', ''),
(175, 184, 4, 0, 1, '1', 2011, '60', '42', 'No', 'B.Com.LL.B.(Hons.) should be included in Course list.'),
(176, 132, 40, 0, 1, '1', 2015, '50', '22', '', 'RECORD OF ADMISSION IN SESSION 2015-16'),
(177, 102, 40, 0, 1, '1', 2007, '100', '74', '', ''),
(178, 108, 4, 0, 1, '1', 2015, '70+5+2', '77', '', ''),
(179, 108, 2, 0, 1, '1', 2016, '40+5+2', '47', '', ''),
(180, 108, 3, 0, 1, '1', 2015, '30', '20', '', ''),
(181, 108, 56, 0, 1, '1', 2015, '30', '9', '', ''),
(182, 168, 40, 0, 1, '1', 2003, '100', '86', 'A', ''),
(183, 168, 41, 0, 1, '1', 2007, '50', '28', 'A', ''),
(184, 119, 25, 0, 1, '1', 2003, 'open', '218', 'B', ''),
(185, 119, 2, 0, 1, '1', 2007, '40', '44', 'B Grade', 'Four Additional Seats with the permission of the Hon\'ble Vice-Chancellor'),
(186, 119, 4, 0, 1, '1', 2003, '70', '77', 'B Grade', '2 Single Girl Child & 5 Additional Seats with the permission of the Hon\'ble Vice-Chancellor'),
(187, 119, 3, 0, 1, '1', 2008, '80', '22', 'B Grade', ''),
(188, 119, 43, 0, 1, '1', 2014, '30', '7', 'B Grade', ''),
(189, 119, 30, 0, 1, '1', 2014, '30', '11', 'B Grade', ''),
(190, 119, 6, 0, 1, '1', 2009, '30', '11', 'B Grade', ''),
(191, 154, 4, 0, 1, '1', 2004, '210', '210', 'A', ''),
(192, 154, 2, 0, 1, '1', 2009, '80', '80', 'A', ''),
(193, 75, 129, 0, 1, '1', 2002, '70', '50', 'Permanant', ''),
(194, 75, 25, 0, 1, '1', 1966, '00', '202', 'Permanant', ''),
(195, 75, 6, 0, 1, '1', 2003, '40', '20', 'Permanant', ''),
(196, 75, 30, 0, 1, '1', 2004, '40', '40', 'Permanant', ''),
(197, 75, 29, 0, 1, '1', 2006, '60', '40', 'Permanant', ''),
(198, 75, 3, 0, 1, '1', 2007, '40', '18', 'permanant', ''),
(199, 75, 4, 0, 1, '1', 2011, '70', '30', 'Permanant', ''),
(200, 36, 25, 0, 1, '1', 1973, '1500', '828', '', ''),
(201, 18, 36, 0, 1, '1', 2016, '40', '9', '', ''),
(202, 91, 25, 0, 1, '1', 1973, 'unlimited', '71', 'B+', 'BA'),
(203, 91, 4, 0, 1, '1', 1973, '140+20', '156', 'B+', 'BCOm'),
(204, 91, 3, 0, 1, '1', 1999, '40', '17', 'B+', 'BCA'),
(205, 91, 33, 0, 1, '1', 2007, '25', '9', 'B+', 'BIO'),
(206, 91, 2, 0, 1, '1', 2009, '40+5', '41', 'B+', 'BBA'),
(207, 91, 14, 0, 1, '1', 2006, '40', '32', 'B+', 'MCOM'),
(208, 91, 6, 0, 1, '1', 2002, '30', '4', 'B+', 'PGDCA'),
(209, 36, 4, 0, 1, '1', 1990, '630', '668', 'B', ''),
(210, 36, 3, 0, 1, '1', 1998, '120', '90', 'B', ''),
(211, 36, 129, 0, 1, '1', 2015, '160', '126', 'B', ''),
(212, 36, 43, 0, 1, '1', 2016, '120', '56', 'B', ''),
(213, 36, 42, 0, 1, '1', 2015, '120', '37', 'B', ''),
(214, 36, 31, 0, 1, '1', 2016, '120', '97', 'B', ''),
(215, 30, 14, 0, 1, '1', 1999, '80', '80', '', ''),
(216, 36, 14, 0, 1, '1', 2016, '160', '160', 'B', ''),
(217, 36, 36, 0, 1, '1', 2016, '80', '25', 'B', ''),
(218, 71, 4, 0, 1, '1', 2016, '70', '04', '', ''),
(219, 51, 40, 0, 1, '1', 2005, '100', '99', 'NAAC Accredited with CGPA 2.38', '9 students left'),
(220, 30, 4, 0, 1, '1', 1976, '350', '350', '', ''),
(221, 30, 128, 0, 1, '1', 1984, 'Unliimited', '174', '', ''),
(222, 30, 129, 0, 1, '1', 1984, 'Unlimited', '243', '', ''),
(223, 30, 25, 0, 1, '1', 1973, 'Unlimited', '1048', '', ''),
(224, 30, 3, 0, 1, '1', 1997, '120', '120', '', ''),
(225, 30, 36, 0, 1, '1', 2001, '40', '36', '', ''),
(226, 30, 38, 0, 1, '1', 2014, '40', '40', '', ''),
(227, 30, 42, 0, 1, '1', 2013, '60', '56', '', ''),
(228, 30, 43, 0, 1, '1', 2016, '40', '40', '', ''),
(229, 30, 11, 0, 1, '1', 2005, '40', '27', '', ''),
(230, 30, 77, 0, 1, '1', 2008, '20', '20', '', ''),
(231, 30, 76, 0, 1, '1', 2014, '50', '5', '', ''),
(232, 24, 44, 0, 1, '1', 2016, '20', '12', '', ''),
(233, 30, 74, 0, 1, '1', 2015, '50', '29', '', ''),
(234, 30, 75, 0, 1, '1', 2014, '50', '18', '', ''),
(235, 30, 10, 0, 1, '1', 2015, '50', '34', '', ''),
(236, 30, 9, 0, 1, '1', 2014, '50', '42', '', ''),
(237, 30, 73, 0, 1, '1', 2015, '50', '14', '', ''),
(238, 30, 6, 0, 1, '1', 2003, '60', '51', '', ''),
(239, 30, 54, 0, 1, '1', 2004, '30', '30', '', ''),
(240, 53, 25, 0, 2, '1', 1983, '1000', '1000', 'B', 'OK'),
(241, 53, 3, 0, 2, '1', 2008, '40', '40', 'B', 'OK'),
(242, 53, 27, 0, 2, '1', 1983, '20', '20', 'B', 'OKAY'),
(243, 46, 3, 0, 1, '1', 1998, '360', '333', 'REGULAR', ''),
(244, 46, 35, 0, 1, '1', 2016, '40', '40', 'REGULAR', ''),
(245, 46, 6, 0, 1, '1', 2004, '80', '37', 'REGULAR', ''),
(246, 46, 36, 0, 1, '1', 2001, '80', '12', '', ''),
(247, 46, 25, 0, 1, '1', 1966, '3227', '3227', '', ''),
(248, 46, 4, 0, 1, '1', 1966, '840', '870', '', ''),
(249, 46, 33, 0, 1, '1', 2006, '120', '92', '', ''),
(250, 46, 129, 0, 1, '1', 1966, '680', '680', '', ''),
(251, 46, 128, 0, 1, '1', 1966, '253', '253', '', ''),
(252, 46, 42, 0, 1, '1', 2011, '80', '73', '', ''),
(253, 46, 14, 0, 1, '1', 2004, '160', '173', '', ''),
(254, 46, 100, 0, 1, '1', 2010, '80', '56', '', ''),
(255, 46, 34, 0, 1, '1', 2007, '60', '63', '', ''),
(256, 46, 37, 0, 1, '1', 2006, '160', '130', '', ''),
(257, 46, 43, 0, 1, '1', 2005, '120', '78', '', ''),
(258, 46, 30, 0, 1, '1', 1991, '120', '85', '', ''),
(259, 46, 69, 0, 1, '1', 2014, '100', '98', '', ''),
(260, 204, 40, 0, 1, '1', 2005, '100', '100', '', ''),
(261, 105, 40, 0, 1, '1', 1998, '150', '112', 'A GRADE', ''),
(262, 105, 41, 0, 1, '1', 2007, '50', '01', 'A GRADE BY NAAC', ''),
(263, 105, 134, 0, 1, '1', 2013, '30', '04', '', ''),
(264, 85, 25, 0, 1, '1', 1966, 'no limit', '196', '', ''),
(265, 85, 27, 0, 1, '1', 1966, 'no limit', '47', '', ''),
(266, 62, 25, 0, 1, '1', 1971, '320', '337', 'NIL', ''),
(267, 172, 25, 0, 1, '1', 1996, 'open', '402', '', ''),
(268, 172, 3, 0, 1, '1', 2009, '120', '59', '', ''),
(269, 172, 4, 0, 1, '1', 2012, '120', '66', '', ''),
(270, 74, 40, 0, 1, '1', 2016, '50', '50', 'A', ''),
(271, 172, 2, 0, 1, '1', 2012, '120', '24', '', ''),
(272, 172, 27, 0, 1, '1', 2013, '240', '174', '', ''),
(273, 172, 30, 0, 1, '1', 2002, '160', '32', '', ''),
(274, 172, 29, 0, 1, '1', 2007, '80', '32', '', ''),
(275, 172, 39, 0, 1, '1', 2007, '80', '35', '', ''),
(276, 172, 36, 0, 1, '1', 2012, '80', '15', '', ''),
(277, 172, 28, 0, 1, '1', 2013, '80', '17', '', ''),
(278, 172, 43, 0, 1, '1', 2013, '80', '42', '', ''),
(279, 172, 31, 0, 1, '1', 2013, '80', '21', '', ''),
(280, 172, 6, 0, 1, '1', 2007, '40', '05', '', ''),
(281, 172, 127, 0, 1, '1', 2016, '40', '23', '', ''),
(282, 172, 14, 0, 1, '1', 2016, '40', '06', '', ''),
(283, 124, 3, 0, 1, '1', 2009, '120', '60', '', ''),
(284, 124, 4, 0, 1, '1', 2011, '180', '81', '', ''),
(285, 124, 30, 0, 1, '1', 2010, '60', '37', '', ''),
(286, 124, 36, 0, 1, '1', 2010, '60', '18', '', ''),
(287, 124, 6, 0, 1, '1', 2005, '30', '04', '', ''),
(288, 124, 65, 0, 1, '1', 2010, '30', '03', '', ''),
(289, 124, 26, 0, 1, '1', 2011, '40', '09', '', ''),
(290, 124, 56, 0, 1, '1', 2012, '120', '40', '', ''),
(291, 124, 25, 0, 1, '1', 2000, 'unlimited', '310', '', ''),
(292, 42, 135, 0, 1, '1', 2009, '90', '59', '', ''),
(293, 42, 25, 0, 1, '1', 1953, '2050', '2123', '', ''),
(294, 42, 2, 0, 1, '1', 1997, '240', '256', '', ''),
(295, 42, 4, 0, 1, '1', 1969, '420', '442', '', ''),
(296, 42, 3, 0, 1, '1', 1998, '240', '242', '', ''),
(297, 42, 33, 0, 1, '1', 2005, '90', '86', '', ''),
(298, 42, 128, 0, 1, '1', 1953, '220', '179', '', ''),
(299, 42, 129, 0, 1, '1', 1953, '550', '490', '', ''),
(300, 42, 101, 0, 1, '1', 2009, '80', '70', '', ''),
(301, 42, 102, 0, 1, '1', 2015, '10', '3', '', ''),
(302, 42, 43, 0, 1, '1', 1991, '80', '38', '', ''),
(303, 42, 29, 0, 1, '1', 2007, '80', '82', '', ''),
(304, 42, 30, 0, 1, '1', 2009, '80', '32', '', ''),
(305, 42, 35, 0, 1, '1', 2009, '80', '84', '', ''),
(306, 42, 36, 0, 1, '1', 2001, '80', '68', '', ''),
(307, 143, 59, 0, 1, '1', 2005, '100', '32', '', ''),
(308, 143, 124, 0, 2, '1', 2015, '50', '22', '', ''),
(309, 42, 143, 0, 1, '1', 2004, '180', '139', '', ''),
(310, 42, 142, 0, 1, '1', 2009, '90', '71', '', ''),
(311, 42, 144, 0, 1, '1', 2004, '200', '149', '', ''),
(312, 145, 25, 0, 1, '1', 2001, '100', '100', '', ''),
(313, 145, 3, 0, 1, '1', 2008, '40', '30', '', ''),
(314, 145, 6, 0, 1, '1', 2006, '13', '13', '', ''),
(315, 145, 27, 0, 1, '1', 2013, '40', '26', '', ''),
(316, 145, 4, 0, 1, '1', 2011, '60', '20', '', ''),
(317, 145, 65, 0, 1, '1', 2009, '40', '7', '', ''),
(318, 145, 30, 0, 1, '1', 2013, '40', '21', '', ''),
(319, 145, 36, 0, 1, '1', 2012, '40', '16', '', ''),
(320, 145, 56, 0, 1, '1', 2015, '40', '27', '', ''),
(321, 116, 40, 0, 1, '1', 1955, '100', '99', 'A', ''),
(322, 116, 41, 0, 1, '1', 1982, '50', '10', 'A', ''),
(323, 181, 25, 0, 1, '1', 1998, '400', '268', 'NIL', ''),
(324, 139, 40, 0, 1, '1', 1955, '250', '247', 'B++', ''),
(325, 139, 41, 0, 1, '1', 1976, '50', '11', 'B++', ''),
(326, 135, 3, 0, 1, '1', 1998, '80', '80', '', ''),
(327, 85, 4, 0, 1, '1', 1998, '60', '29', '', ''),
(328, 85, 3, 0, 1, '1', 2009, '40', '25', '', ''),
(329, 85, 32, 0, 1, '1', 2016, '40', '42', '', ''),
(330, 85, 26, 0, 1, '1', 2013, '40', '10', '', ''),
(331, 85, 6, 0, 1, '1', 2004, '30', '12', '', ''),
(332, 85, 65, 0, 1, '1', 2011, '30', '5', '', ''),
(333, 85, 123, 0, 1, '1', 2014, '30', '4', '', ''),
(334, 85, 30, 0, 1, '1', 2003, '60', '20', '', ''),
(335, 85, 39, 0, 1, '1', 2006, '60', '32', '', ''),
(336, 85, 29, 0, 1, '1', 2012, '60', '20', '', ''),
(337, 85, 14, 0, 1, '1', 2016, '40', '19', '', ''),
(338, 132, 40, 0, 1, '1', 2016, '50', '50', 'NA', 'RECORD OF ADMISSION IN SESSION 2016-17'),
(339, 112, 25, 0, 1, '1', 1971, 'unlimited', '78', '', ''),
(340, 190, 25, 0, 1, '1', 1968, 'Open', '865', 'B', 'Strength of the year 2016-17 no. of students is 865'),
(341, 190, 27, 0, 1, '1', 1988, 'open', '206', '', 'Students strength of the year 2016-17 : 206'),
(342, 190, 3, 0, 1, '1', 2008, '50 each cl', '35', '', 'Students strength of the year 2016-17 :35'),
(343, 190, 4, 0, 1, '1', 2009, '70 each', '191', '', 'Students strength of the year 2016-17 :191'),
(344, 190, 6, 0, 1, '1', 2006, '60 (two un', '16', '', 'Students strength of the year 2016-17 :16'),
(345, 190, 22, 0, 1, '1', 2013, '40 each ba', '15', '', 'Students strength of the year 2016-17 :15'),
(346, 197, 40, 0, 1, '1', 2005, 'TWO UNITS', 'ALL FILLED', 'TEMPORARY', ''),
(347, 182, 25, 0, 1, '1', 2016, '400', '240', '', 'B.A-1,2,3  each class has 400 seats. filled seats is total of three year'),
(348, 182, 4, 0, 1, '1', 2011, '60', '46', '', 'B.Com-1,2,3  each class has 60 seats. filled seats is total of three year'),
(349, 33, 4, 0, 1, '1', 2007, '140', '140', 'B', 'NAAC Results in 2015 B'),
(350, 33, 2, 0, 1, '1', 2007, '40', '40', 'B', ''),
(351, 191, 40, 0, 1, '1', 2006, '100', '100', 'NO', 'ADMISSION IN PROCESS'),
(352, 33, 14, 0, 1, '1', 2016, '40', '40', 'B', ''),
(353, 140, 25, 0, 1, '1', 1965, 'Unlimited', '790', 'No', ''),
(354, 83, 25, 0, 1, '1', 1971, '350', '223', '', ''),
(355, 83, 27, 0, 1, '1', 1971, '350', '244', '', ''),
(356, 83, 4, 0, 1, '1', 1991, '70', '77', '', '5 additional seats and 2 single girl child quota'),
(357, 83, 3, 0, 1, '1', 2001, '80', '55', '', ''),
(358, 83, 33, 0, 1, '1', 2006, '30', '13', '', ''),
(359, 83, 43, 0, 1, '1', 2006, '60', '37', '', ''),
(360, 83, 29, 0, 1, '1', 2011, '60', '18', '', ''),
(361, 83, 30, 0, 1, '1', 2011, '60', '14', '', ''),
(362, 83, 35, 0, 1, '1', 2006, '40', '43', '', '5 additional seats'),
(363, 83, 38, 0, 1, '1', 2006, '40', '46', '', '5 additional seats and 2 single girl child quota'),
(364, 83, 37, 0, 1, '1', 2006, '40', '46', '', '5 additional seats and 2 single girls child quota'),
(365, 83, 69, 0, 1, '1', 2006, '40', '48', '', '5 additional seats, 2 single girls child and 2 j&K quota'),
(366, 83, 6, 0, 1, '1', 2006, '40', '17', '', ''),
(367, 128, 41, 0, 1, '1', 2016, '50', '7', '', ''),
(368, 149, 128, 0, 1, '1', 1968, '80', '80', 'B++', ''),
(369, 149, 129, 0, 1, '1', 1968, '160', '160', 'B++', ''),
(370, 149, 96, 0, 1, '1', 1981, '40', '43', 'B++', ''),
(371, 149, 35, 0, 1, '1', 1971, '40', '47', 'B++', ''),
(372, 140, 4, 0, 1, '1', 2009, '180', '168', 'no', ''),
(373, 140, 3, 0, 1, '1', 2009, '120', '58', 'no', ''),
(374, 140, 6, 0, 1, '1', 2009, '40', '25', 'no', ''),
(375, 140, 30, 0, 1, '1', 2004, '120', '42', 'no', ''),
(376, 140, 29, 0, 1, '1', 2009, '120', '58', 'no', ''),
(377, 140, 127, 0, 1, '1', 2008, '120', '42', 'no', ''),
(378, 140, 129, 0, 1, '1', 1965, 'unlimited', '47', 'no', ''),
(379, 150, 25, 0, 1, '1', 1920, '2000', '1200', '', ''),
(380, 64, 40, 0, 2, '1', 2006, '100', '41', 'NO', 'Bachelor of Education is a 2 years Regular course'),
(381, 96, 25, 0, 1, '1', 1997, '1 unit', '144', '', ''),
(382, 82, 40, 0, 1, '1', 2005, '100(2basic', '100', '2013 B', ''),
(383, 156, 25, 0, 1, '1', 2019, 'Unlimited', '122', 'Temporary', ''),
(384, 156, 3, 0, 1, '1', 2019, '120', '23', 'Temporary', ''),
(385, 156, 4, 0, 1, '1', 2019, '180', '54', 'Temporary', ''),
(386, 156, 6, 0, 1, '1', 2019, '30', '4', 'Temporary', ''),
(387, 156, 30, 0, 1, '1', 2019, '180', '6', 'Temporary', ''),
(388, 156, 39, 0, 1, '1', 2019, '180', '25', 'Temporary', ''),
(389, 156, 36, 0, 1, '1', 2019, '40', '0', 'Temporary', ''),
(390, 156, 14, 0, 1, '1', 2019, '120', '19', 'Temporary', ''),
(391, 190, 145, 0, 1, '1', 2013, '40', '38', 'B', 'Strength in the year 2016-17'),
(392, 190, 146, 0, 1, '1', 2015, '40', '9', 'B', 'strength in the year 2016-17'),
(393, 190, 148, 0, 1, '1', 2015, '40', '8', 'B', 'strength in the year 2016-17'),
(394, 190, 147, 0, 1, '1', 2016, '40', '12', 'B', 'strength in the year 2016-17'),
(395, 190, 149, 0, 1, '1', 2016, '40', '0', 'B', 'strength in the year 2016-17'),
(396, 93, 56, 0, 1, '1', 2017, '40', '6', '', ''),
(397, 124, 14, 0, 1, '1', 2017, 'one unit', '10', 'Got in 2017', '');

-- --------------------------------------------------------

--
-- Table structure for table `f_college_couses_affs`
--

CREATE TABLE `f_college_couses_affs` (
  `CA_Id` int(11) NOT NULL,
  `College_Id` int(11) NOT NULL,
  `Course_Id` int(11) NOT NULL,
  `Subject_Id` int(11) NOT NULL,
  `Session_Year` varchar(10) NOT NULL,
  `Intake` int(11) NOT NULL,
  `Fee` float(20,2) NOT NULL,
  `DD_No` varchar(20) NOT NULL,
  `DD_Date` date NOT NULL,
  `Bank_Name` varchar(50) NOT NULL,
  `Remarks` varchar(200) NOT NULL,
  `Status_DR` varchar(1) NOT NULL DEFAULT 'N',
  `Status_DC` varchar(1) NOT NULL DEFAULT 'N',
  `Status_VC` varchar(1) NOT NULL DEFAULT 'N',
  `Apply_Date` datetime NOT NULL
) ENGINE=InnoDB DEFAULT CHARSET=latin1;

--
-- Dumping data for table `f_college_couses_affs`
--

INSERT INTO `f_college_couses_affs` (`CA_Id`, `College_Id`, `Course_Id`, `Subject_Id`, `Session_Year`, `Intake`, `Fee`, `DD_No`, `DD_Date`, `Bank_Name`, `Remarks`, `Status_DR`, `Status_DC`, `Status_VC`, `Apply_Date`) VALUES
(1, 1, 1, 0, '2016-17', 98, 890.00, '90', '2016-06-28', '2 tjelr rt', '', 'N', 'N', 'N', '2016-04-10 00:00:00'),
(2, 18, 59, 0, '2016-17', 50, 2500.00, '049635', '2016-09-27', 'PNB', '', 'N', 'N', 'N', '2016-08-13 00:00:00'),
(3, 18, 135, 0, '2016-17', 30, 2500.00, '049635', '2016-09-27', 'PNB', '', 'N', 'N', 'N', '2016-08-13 00:00:00'),
(4, 18, 25, 0, '2015-16', 642, 2500.00, '049635', '2016-09-27', 'PNB', '', 'N', 'N', 'N', '2016-08-13 00:00:00'),
(5, 18, 2, 0, '2016-17', 40, 2500.00, '049635', '2016-09-27', 'PNB', '', 'N', 'N', 'N', '2016-08-13 00:00:00'),
(6, 18, 4, 0, '2015-16', 157, 2500.00, '049635', '2016-09-27', 'PNB', '', 'N', 'N', 'N', '2016-08-13 00:00:00'),
(7, 18, 3, 0, '2015-16', 120, 2500.00, '049635', '2016-09-27', 'PNB', '', 'N', 'N', 'N', '2016-08-13 00:00:00'),
(8, 18, 27, 0, '2015-16', 385, 2500.00, '049635', '2016-09-27', 'PNB', '', 'N', 'N', 'N', '2016-08-13 00:00:00'),
(9, 18, 127, 0, '2016-17', 70, 2500.00, '049635', '2016-09-27', 'PNB', '', 'N', 'N', 'N', '2016-08-13 00:00:00'),
(10, 18, 28, 0, '2015-16', 60, 2500.00, '049635', '2016-09-27', 'PNB', '', 'N', 'N', 'N', '2016-08-13 00:00:00'),
(11, 18, 29, 0, '2015-16', 60, 2500.00, '049635', '2016-09-27', 'PNB', '', 'N', 'N', 'N', '2016-08-13 00:00:00'),
(12, 18, 39, 0, '2016-17', 60, 2500.00, '049635', '2016-09-27', 'PNB', '', 'N', 'N', 'N', '2016-08-13 00:00:00'),
(13, 18, 30, 0, '2015-16', 60, 2500.00, '049635', '2016-09-27', 'PNB', '', 'N', 'N', 'N', '2016-08-13 00:00:00'),
(14, 18, 14, 0, '2015-16', 40, 2500.00, '049635', '2016-09-27', 'PNB', '', 'N', 'N', 'N', '2016-08-13 00:00:00'),
(15, 18, 34, 0, '2016-17', 40, 2500.00, '049635', '2016-09-27', 'PNB', '', 'N', 'N', 'N', '2016-08-13 00:00:00'),
(16, 18, 35, 0, '2016-17', 50, 2500.00, '049635', '2016-09-27', 'PNB', '', 'N', 'N', 'N', '2016-08-13 00:00:00'),
(17, 18, 36, 0, '2016-17', 40, 2500.00, '049635', '2016-09-27', 'PNB', '', 'N', 'N', 'N', '2016-08-13 00:00:00'),
(18, 18, 38, 0, '2016-17', 50, 2500.00, '049635', '2016-09-27', 'PNB', '', 'N', 'N', 'N', '2016-08-13 00:00:00'),
(19, 18, 69, 0, '2016-17', 30, 2500.00, '049635', '2016-09-27', 'PNB', '', 'N', 'N', 'N', '2016-08-13 00:00:00'),
(20, 18, 6, 0, '2015-16', 85, 2500.00, '043820', '2015-10-03', 'PNB', '', 'N', 'N', 'N', '2016-08-13 00:00:00'),
(21, 18, 32, 0, '2016-17', 97, 2500.00, '049635', '2016-09-27', 'PNB', '', 'N', 'N', 'N', '2016-08-13 00:00:00'),
(22, 166, 40, 0, '2015-16', 50, 15000.00, '1', '2015-10-07', 'State Bank Of India', '', 'N', 'N', 'N', '2016-08-29 00:00:00'),
(23, 86, 40, 0, '2016-17', 100, 2000.00, '818313', '2015-09-10', 'UCO BANK, NAWANSHAHR', '', 'N', 'N', 'N', '2016-09-01 00:00:00'),
(24, 147, 41, 0, '2016-17', 50, 2000.00, '005896 ( By Neft)', '2015-12-14', 'BANK OF INDIA', '', 'N', 'N', 'N', '2016-09-09 00:00:00'),
(25, 193, 41, 0, '2016-17', 50, 4000.00, 'Bank Cash Deposit', '2016-09-30', 'State Bank of India', '', 'N', 'N', 'N', '2016-09-17 00:00:00'),
(26, 28, 25, 0, '2016-17', 1300, 0.00, '0', '0000-00-00', 'state bank of india', '', 'N', 'N', 'N', '2016-09-19 00:00:00'),
(27, 28, 4, 0, '2016-17', 450, 0.00, '0', '0000-00-00', 'state bank of india', '', 'N', 'N', 'N', '2016-09-19 00:00:00'),
(28, 95, 3, 0, '2016-17', 70, 6000.00, 'PNB0001', '2015-10-06', 'Punjab national bank panjaur', '', 'N', 'N', 'N', '2016-09-20 00:00:00'),
(29, 35, 105, 0, '2016-17', 100, 25000.00, '413391', '2015-10-28', 'STATE BANK OF INDIA', '', 'N', 'N', 'N', '2016-09-23 00:00:00'),
(30, 115, 131, 0, '2016-17', 60, 2000.00, '739133', '2015-08-12', 'Oriental Bank of Commerce, Sidhwan Khurd, Ludhiana', '', 'N', 'N', 'N', '2016-09-28 00:00:00'),
(31, 115, 130, 0, '2016-17', 60, 2000.00, '739133', '2015-08-12', 'Oriental Bank of Commerce, Sidhwan Khurd, Ludhiana', '', 'N', 'N', 'N', '2016-09-28 00:00:00'),
(32, 196, 28, 0, '2016-17', 60, 4000.00, '158913', '2015-10-14', 'STATE BANK OF PATIALA', '', 'N', 'N', 'N', '2016-11-10 00:00:00'),
(33, 196, 29, 0, '2016-17', 60, 4000.00, '158913', '2015-10-14', 'STATE BANK OF PATIALA', '', 'N', 'N', 'N', '2016-11-10 00:00:00'),
(34, 196, 30, 0, '2016-17', 60, 4000.00, '158913', '2015-10-14', 'STATE BANK OF PATIALA', '', 'N', 'N', 'N', '2016-11-10 00:00:00'),
(35, 196, 6, 0, '2016-17', 40, 5000.00, '158913', '2015-10-14', 'STATE BANK OF PATIALA', '', 'N', 'N', 'N', '2016-11-10 00:00:00'),
(36, 196, 14, 0, '2016-17', 60, 2000.00, '158913', '2015-10-14', 'STATE BANK OF PATIALA', '', 'N', 'N', 'N', '2016-11-10 00:00:00'),
(37, 75, 25, 0, '2016-17', 202, 2000.00, 'ORBCH16273068966', '2016-09-02', 'OBC', '', 'N', 'N', 'N', '2016-11-16 00:00:00'),
(38, 75, 27, 0, '2016-17', 70, 2000.00, 'ORBCH16273068966', '2016-09-02', 'OBC', '', 'N', 'N', 'N', '2016-11-16 00:00:00'),
(39, 24, 44, 0, '2016-17', 20, 2000.00, '', '2015-09-21', 'State Bank of India', '', 'N', 'N', 'N', '2016-11-21 00:00:00'),
(40, 36, 42, 0, '2016-17', 120, 2000.00, '847877', '2015-10-16', 'SBI SEC-26, CHD', '', 'N', 'N', 'N', '2016-11-25 00:00:00'),
(41, 36, 129, 0, '2016-17', 160, 2000.00, '847877', '2015-10-16', 'SBI SEC-26, CHD.', '', 'N', 'N', 'N', '2016-11-25 00:00:00'),
(43, 36, 31, 0, '2016-17', 120, 2000.00, '847877', '2015-10-16', 'sbi sector 26,chd.', '', 'N', 'N', 'N', '2016-11-26 00:00:00'),
(44, 36, 43, 0, '2016-17', 120, 2000.00, '847877', '2015-10-16', 'sbi sector 26,chd', '', 'N', 'N', 'N', '2016-11-26 00:00:00'),
(45, 105, 134, 0, '2016-17', 30, 2000.00, '', '0000-00-00', '', '', 'N', 'N', 'N', '2016-11-28 00:00:00'),
(46, 124, 56, 0, '2017-18', 2012, 63150.00, '', '0000-00-00', '', '', 'N', 'N', 'N', '2016-11-28 00:00:00'),
(47, 124, 122, 0, '2017-18', 2011, 21550.00, '', '0000-00-00', '', '', 'N', 'N', 'N', '2016-11-28 00:00:00'),
(48, 124, 65, 0, '2017-18', 2010, 10250.00, '', '0000-00-00', '', '', 'N', 'N', 'N', '2016-11-28 00:00:00'),
(49, 124, 25, 0, '2017-18', 4154, 47550.00, '', '0000-00-00', '', '', 'N', 'N', 'N', '2016-11-29 00:00:00'),
(50, 124, 3, 0, '2017-18', 2009, 97650.00, '', '0000-00-00', '', '', 'N', 'N', 'N', '2016-11-29 00:00:00'),
(51, 124, 4, 0, '2017-18', 2011, 74150.00, '', '0000-00-00', '', '', 'N', 'N', 'N', '2016-11-29 00:00:00'),
(52, 143, 59, 0, '2016-17', 100, 2000.00, '891615', '2015-10-09', 'State Bank of Patiala', '', 'N', 'N', 'N', '2016-11-29 00:00:00'),
(53, 171, 40, 0, '2016-17', 100, 2000.00, '937507', '2015-10-26', 'State Bank of India', '', 'N', 'N', 'N', '2016-11-29 00:00:00'),
(54, 143, 124, 0, '2016-17', 50, 2000.00, '891614', '2015-10-09', 'State Bank of Patiala', '', 'N', 'N', 'N', '2016-11-29 00:00:00'),
(55, 124, 30, 0, '2017-18', 2010, 36700.00, '', '0000-00-00', '', '', 'N', 'N', 'N', '2016-11-29 00:00:00'),
(56, 124, 36, 0, '2017-18', 2010, 79600.00, '', '0000-00-00', '', '', 'N', 'N', 'N', '2016-11-29 00:00:00'),
(57, 124, 6, 0, '2017-18', 2005, 20550.00, '', '0000-00-00', '', '', 'N', 'N', 'N', '2016-11-29 00:00:00'),
(58, 75, 3, 0, '2016-17', 40, 2000.00, 'ORBCH16273068966', '2016-09-02', 'OBC', '', 'N', 'N', 'N', '2016-11-29 00:00:00'),
(59, 75, 4, 0, '2016-17', 70, 2000.00, 'ORBCH16273068966', '2016-09-02', 'OBC', '', 'N', 'N', 'N', '2016-11-29 00:00:00'),
(60, 75, 6, 0, '2016-17', 40, 2000.00, 'ORBCH16273068966', '2016-09-02', 'OBC', '', 'N', 'N', 'N', '2016-11-29 00:00:00'),
(61, 75, 29, 0, '2016-17', 60, 2000.00, 'ORBCH16273068966', '2016-09-02', 'OBC', '', 'N', 'N', 'N', '2016-11-29 00:00:00'),
(62, 75, 30, 0, '2016-17', 40, 2000.00, 'ORBCH16273068966', '2016-09-02', 'OBC', '', 'N', 'N', 'N', '2016-11-29 00:00:00'),
(63, 30, 25, 0, '2015-16', 600, 22390.00, '', '0000-00-00', '', '', 'N', 'N', 'N', '2016-11-29 00:00:00'),
(64, 36, 14, 0, '2016-17', 160, 2000.00, '847877', '2015-10-16', 'SBI', '', 'N', 'N', 'N', '2016-11-29 00:00:00'),
(65, 36, 3, 0, '2016-17', 90, 2000.00, '847877', '2015-10-16', 'SBI', '', 'N', 'N', 'N', '2016-11-29 00:00:00'),
(66, 42, 144, 0, '2016-17', 200, 8000.00, '', '0000-00-00', '', '', 'N', 'N', 'N', '2016-11-30 00:00:00'),
(67, 42, 135, 0, '2016-17', 90, 6000.00, '', '0000-00-00', '', '', 'N', 'N', 'N', '2016-11-30 00:00:00'),
(68, 42, 25, 0, '2016-17', 2050, 6000.00, '', '0000-00-00', '', '', 'N', 'N', 'N', '2016-11-30 00:00:00'),
(69, 42, 2, 0, '2016-17', 240, 6000.00, '', '0000-00-00', '', '', 'N', 'N', 'N', '2016-11-30 00:00:00'),
(70, 42, 4, 0, '2016-17', 420, 6000.00, '', '0000-00-00', '', '', 'N', 'N', 'N', '2016-11-30 00:00:00'),
(71, 42, 3, 0, '2016-17', 240, 6000.00, '', '0000-00-00', '', '', 'N', 'N', 'N', '2016-11-30 00:00:00'),
(72, 42, 143, 0, '2016-17', 180, 6000.00, '', '0000-00-00', '', '', 'N', 'N', 'N', '2016-11-30 00:00:00'),
(73, 42, 33, 0, '2016-17', 90, 6000.00, '', '0000-00-00', '', '', 'N', 'N', 'N', '2016-11-30 00:00:00'),
(74, 42, 128, 0, '2016-17', 220, 6000.00, '', '0000-00-00', '', '', 'N', 'N', 'N', '2016-11-30 00:00:00'),
(75, 42, 142, 0, '2016-17', 90, 6000.00, '', '0000-00-00', '', '', 'N', 'N', 'N', '2016-11-30 00:00:00'),
(76, 42, 129, 0, '2016-17', 550, 6000.00, '', '0000-00-00', '', '', 'N', 'N', 'N', '2016-11-30 00:00:00'),
(77, 42, 101, 0, '2016-17', 120, 4000.00, '', '0000-00-00', '', '', 'N', 'N', 'N', '2016-11-30 00:00:00'),
(78, 42, 102, 0, '2016-17', 20, 2000.00, '', '0000-00-00', '', '', 'N', 'N', 'N', '2016-11-30 00:00:00'),
(79, 42, 43, 0, '2016-17', 80, 4000.00, '', '0000-00-00', '', '', 'N', 'N', 'N', '2016-11-30 00:00:00'),
(80, 42, 29, 0, '2016-17', 80, 4000.00, '', '0000-00-00', '', '', 'N', 'N', 'N', '2016-11-30 00:00:00'),
(81, 42, 30, 0, '2016-17', 120, 4000.00, '', '0000-00-00', '', '', 'N', 'N', 'N', '2016-11-30 00:00:00'),
(82, 42, 35, 0, '2016-17', 80, 4000.00, '', '0000-00-00', '', '', 'N', 'N', 'N', '2016-11-30 00:00:00'),
(83, 42, 36, 0, '2016-17', 80, 4000.00, '', '0000-00-00', '', '', 'N', 'N', 'N', '2016-11-30 00:00:00'),
(84, 145, 25, 0, '2016-17', 9, 2000.00, 'BKIDN16284813904', '0000-00-00', 'BANK OF INDIA', '', 'N', 'N', 'N', '2016-11-30 00:00:00'),
(85, 193, 40, 0, '2016-17', 200, 2000.00, 'Bank Cash Deposit', '2016-09-30', 'State Bank of India', '', 'N', 'N', 'N', '2016-11-30 00:00:00'),
(86, 116, 40, 0, '2016-17', 100, 15000.00, '', '0000-00-00', 'INDIAN OVERSEAS BANK', '', 'N', 'N', 'N', '2016-11-30 00:00:00'),
(87, 116, 41, 0, '2016-17', 50, 30500.00, '', '0000-00-00', 'INDIAN OVERSEAS BANK', '', 'N', 'N', 'N', '2016-11-30 00:00:00'),
(88, 181, 25, 0, '2016-17', 1, 2000.00, '935031', '2016-09-19', 'SBI CHANDIGARH', '', 'N', 'N', 'N', '2016-11-30 00:00:00'),
(89, 36, 36, 0, '2016-17', 80, 2000.00, '847877', '2015-10-16', 'sbi', '', 'N', 'N', 'N', '2016-11-30 00:00:00'),
(90, 36, 4, 0, '2016-17', 630, 2000.00, '847877', '2015-10-16', 'sbi', '', 'N', 'N', 'N', '2016-11-30 00:00:00'),
(91, 36, 25, 0, '2016-17', 1500, 2000.00, '847877', '2015-10-16', 'sbi', '', 'N', 'N', 'N', '2016-11-30 00:00:00'),
(92, 139, 40, 0, '2016-17', 250, 15000.00, '502189', '2016-10-06', 'Punjab & Sind Bank', '', 'N', 'N', 'N', '2016-12-02 00:00:00'),
(93, 139, 41, 0, '2016-17', 50, 150000.00, '502189', '2016-10-06', 'Punjab & Sind Bank', '', 'N', 'N', 'N', '2016-12-02 00:00:00'),
(94, 182, 25, 0, '2016-17', 2002, 2000.00, '', '0000-00-00', '', '', 'N', 'N', 'N', '2016-12-16 00:00:00'),
(95, 182, 4, 0, '2016-17', 2011, 2000.00, '', '0000-00-00', '', '', 'N', 'N', 'N', '2016-12-16 00:00:00'),
(97, 191, 40, 0, '2016-17', 100, 2000.00, '190623', '2015-09-25', 'State bank of Patiala', '', 'N', 'N', 'N', '2016-12-27 00:00:00'),
(98, 168, 40, 0, '2016-17', 1, 2000.00, '23586', '2016-09-30', '', '', 'N', 'N', 'N', '2016-12-27 00:00:00'),
(99, 168, 41, 0, '2016-17', 1, 2000.00, '23584', '2016-09-30', '', '', 'N', 'N', 'N', '2016-12-27 00:00:00'),
(100, 140, 25, 0, '2016-17', 790, 2000.00, '', '0000-00-00', '', '', 'N', 'N', 'N', '2016-12-28 00:00:00'),
(101, 33, 4, 0, '2016-17', 140, 2000.00, '495977', '2016-06-06', 'SBI', '', 'N', 'N', 'N', '2016-12-29 00:00:00'),
(102, 33, 2, 0, '2016-17', 40, 2000.00, '495977', '2016-06-06', 'SBI', '', 'N', 'N', 'N', '2016-12-29 00:00:00'),
(103, 33, 14, 0, '2016-17', 40, 2000.00, '495977', '2016-06-06', 'SBI', '', 'N', 'N', 'N', '2016-12-29 00:00:00'),
(104, 33, 4, 0, '2015-16', 140, 2000.00, '488812', '2015-07-28', 'SBI', '', 'N', 'N', 'N', '2016-12-29 00:00:00'),
(105, 33, 2, 0, '2015-16', 40, 2000.00, '488812', '2015-07-28', 'SBI', '', 'N', 'N', 'N', '2016-12-29 00:00:00'),
(106, 33, 14, 0, '2015-16', 40, 2000.00, '488812', '2015-07-28', 'SBI', '', 'N', 'N', 'N', '2016-12-29 00:00:00'),
(107, 128, 40, 0, '2016-17', 150, 4000.00, '684574', '2016-09-30', 'PUNJAB NATIONAL BANK BRANCH DEHLON DISTT. LUDHIANA', '', 'N', 'N', 'N', '2017-01-06 00:00:00'),
(108, 128, 41, 0, '2016-17', 50, 4000.00, '684577', '2016-09-30', 'PUNJAB NATIONAL BANK BRANCH DEHLON, DISTT. LUDHIAN', '', 'N', 'N', 'N', '2017-01-06 00:00:00'),
(109, 149, 128, 0, '2016-17', 80, 2217.00, '', '0000-00-00', '', '', 'N', 'N', 'N', '2017-01-13 00:00:00'),
(110, 64, 40, 0, '2017-18', 100, 2000.00, 'tr account number sb', '2016-09-21', 'sbi', '', 'N', 'N', 'N', '2017-04-11 00:00:00'),
(111, 184, 130, 0, '2017-18', 120, 59400.00, '', '0000-00-00', 'Indian Bank', '', 'N', 'N', 'N', '2017-04-13 00:00:00'),
(112, 96, 25, 0, '2016-17', 270, 41370.00, 'PSIBH162661477', '2016-09-22', 'PUNJAB AND SIND BANK MAINI', '', 'N', 'N', 'N', '2017-04-19 00:00:00'),
(113, 82, 40, 0, '2017-18', 100, 67000.00, 'AXESK169780001445', '2016-10-04', 'State Bank of India Dasuya', '', 'N', 'N', 'N', '2017-05-11 00:00:00'),
(114, 124, 14, 0, '2017-18', 2017, 28050.00, '', '0000-00-00', '', '', 'N', 'N', 'N', '2017-09-27 00:00:00');

-- --------------------------------------------------------

--
-- Table structure for table `f_college_facility`
--

CREATE TABLE `f_college_facility` (
  `College_Id` int(11) NOT NULL,
  `F_1` varchar(1) DEFAULT NULL,
  `F_2` varchar(1) DEFAULT NULL,
  `F_3` varchar(1) DEFAULT NULL,
  `F_4` varchar(1) DEFAULT NULL,
  `F_5` varchar(1) DEFAULT NULL,
  `F_6` varchar(1) DEFAULT NULL,
  `F_7` varchar(1) DEFAULT NULL,
  `F_8` varchar(1) DEFAULT NULL,
  `F_9` varchar(1) DEFAULT NULL,
  `F_10` varchar(1) DEFAULT NULL,
  `F_11` varchar(1) DEFAULT NULL,
  `F_12` varchar(1) DEFAULT NULL,
  `F_13` varchar(1) DEFAULT NULL,
  `F_14` varchar(1) DEFAULT NULL,
  `F_15` varchar(1) DEFAULT NULL,
  `F_16` varchar(1) DEFAULT NULL,
  `F_17` varchar(1) DEFAULT NULL,
  `F_18` varchar(1) DEFAULT NULL,
  `F_19` varchar(1) DEFAULT NULL,
  `F_20` varchar(1) DEFAULT NULL,
  `F_21` varchar(1) DEFAULT NULL,
  `F_22` varchar(1) DEFAULT NULL
) ENGINE=InnoDB DEFAULT CHARSET=latin1;

--
-- Dumping data for table `f_college_facility`
--

INSERT INTO `f_college_facility` (`College_Id`, `F_1`, `F_2`, `F_3`, `F_4`, `F_5`, `F_6`, `F_7`, `F_8`, `F_9`, `F_10`, `F_11`, `F_12`, `F_13`, `F_14`, `F_15`, `F_16`, `F_17`, `F_18`, `F_19`, `F_20`, `F_21`, `F_22`) VALUES
(1, 'N', 'N', 'N', 'Y', 'N', 'Y', 'N', 'Y', 'Y', 'N', 'N', 'Y', 'N', 'Y', 'Y', 'N', 'N', 'N', 'N', 'Y', 'N', 'N'),
(2, 'Y', 'Y', 'Y', 'Y', 'Y', 'Y', 'Y', 'Y', 'Y', 'Y', 'Y', 'Y', 'Y', 'Y', 'Y', 'Y', 'Y', 'Y', 'Y', 'Y', 'Y', 'Y'),
(17, 'N', 'N', 'N', 'N', 'Y', 'N', 'Y', 'N', 'Y', 'Y', 'N', 'Y', 'N', 'Y', 'N', 'N', 'Y', 'Y', 'Y', 'N', 'Y', 'Y'),
(18, 'Y', 'Y', 'Y', 'Y', 'Y', 'N', 'Y', 'Y', 'Y', 'Y', 'N', 'Y', 'Y', 'Y', 'Y', 'Y', 'Y', 'Y', 'Y', 'Y', 'Y', 'Y'),
(19, 'Y', 'Y', 'Y', 'Y', 'Y', 'N', 'Y', 'Y', 'N', 'Y', 'N', 'Y', 'Y', 'Y', 'Y', 'Y', 'Y', 'Y', 'Y', 'Y', 'Y', 'N'),
(20, 'Y', 'Y', 'Y', 'Y', 'Y', 'N', 'Y', 'N', 'N', 'Y', 'Y', 'N', 'N', 'Y', 'Y', 'Y', 'Y', 'Y', 'Y', 'N', 'Y', 'Y'),
(24, 'Y', 'N', 'Y', 'Y', 'Y', 'N', 'Y', 'N', 'N', 'Y', 'N', 'Y', 'Y', 'Y', 'Y', 'Y', 'Y', 'Y', 'Y', 'N', 'Y', 'Y'),
(28, 'Y', 'Y', 'N', 'Y', 'Y', 'Y', 'Y', 'Y', 'N', 'Y', 'Y', 'Y', 'Y', 'Y', 'Y', 'N', 'Y', 'Y', 'Y', 'N', 'Y', 'N'),
(29, 'Y', 'Y', 'Y', 'Y', 'Y', 'Y', 'Y', 'Y', 'Y', 'Y', 'N', 'Y', 'Y', 'Y', 'Y', 'Y', 'Y', 'Y', 'Y', 'Y', 'Y', 'Y'),
(30, 'Y', 'Y', 'Y', 'Y', 'Y', 'Y', 'Y', 'Y', 'Y', 'Y', 'Y', 'Y', 'Y', 'Y', 'Y', 'Y', 'Y', 'Y', 'Y', 'Y', 'Y', 'Y'),
(33, 'Y', 'N', 'Y', 'Y', 'Y', 'Y', 'Y', 'N', 'N', 'Y', 'N', 'N', 'Y', 'Y', 'Y', 'N', 'Y', 'Y', 'N', 'N', 'Y', 'N'),
(35, 'Y', 'Y', 'Y', 'Y', 'Y', 'N', 'Y', 'N', 'N', 'Y', 'N', 'N', 'Y', 'Y', 'Y', 'Y', 'Y', 'Y', 'Y', 'Y', 'Y', 'Y'),
(36, 'Y', 'Y', 'Y', 'Y', 'Y', 'Y', 'Y', 'N', 'N', 'Y', 'Y', 'Y', 'Y', 'Y', 'Y', 'Y', 'N', 'Y', 'Y', 'N', 'Y', 'N'),
(38, 'Y', 'Y', 'Y', 'Y', 'Y', 'Y', 'Y', 'Y', 'Y', 'Y', 'Y', 'Y', 'Y', 'Y', 'Y', 'Y', 'Y', 'Y', 'N', 'Y', 'Y', 'Y'),
(39, 'Y', 'Y', 'Y', 'Y', 'Y', 'Y', 'Y', 'Y', 'Y', 'Y', 'N', 'Y', 'Y', 'Y', 'Y', 'N', 'Y', 'Y', 'Y', 'Y', 'Y', 'Y'),
(42, 'Y', 'Y', 'N', 'Y', 'Y', 'Y', 'Y', 'N', 'Y', 'Y', 'N', 'Y', 'Y', 'Y', 'Y', 'Y', 'Y', 'Y', 'Y', 'Y', 'Y', 'N'),
(46, 'N', 'Y', 'N', 'Y', 'Y', 'N', 'Y', 'N', 'Y', 'Y', 'N', 'N', 'Y', 'Y', 'Y', 'Y', 'Y', 'Y', 'Y', 'N', 'Y', 'N'),
(47, 'Y', 'Y', 'Y', 'Y', 'Y', 'N', 'Y', 'N', 'N', 'Y', 'N', 'Y', 'Y', 'Y', 'N', 'N', 'Y', 'Y', 'Y', 'Y', 'Y', 'N'),
(49, 'Y', 'N', 'N', 'Y', 'Y', 'N', 'Y', 'N', 'N', 'N', 'N', 'N', 'N', 'Y', 'Y', 'N', 'Y', 'Y', 'N', 'N', 'Y', 'N'),
(50, 'Y', 'Y', 'Y', 'Y', 'Y', 'N', 'Y', 'N', 'N', 'Y', 'N', 'Y', 'Y', 'Y', 'Y', 'N', 'Y', 'Y', 'N', 'N', 'Y', 'Y'),
(51, 'Y', 'Y', 'N', 'Y', 'Y', 'N', 'Y', 'N', 'N', 'Y', 'N', 'Y', 'N', 'Y', 'Y', 'N', 'Y', 'Y', 'Y', 'N', 'Y', 'Y'),
(52, 'Y', 'Y', 'Y', 'Y', 'Y', 'N', 'Y', 'N', 'N', 'Y', 'N', 'Y', 'Y', 'Y', 'Y', 'N', 'Y', 'Y', 'Y', 'N', 'Y', 'Y'),
(53, 'N', 'N', 'N', 'Y', 'Y', 'N', 'N', 'N', 'N', 'Y', 'N', 'N', 'N', 'N', 'N', 'N', 'N', 'N', 'Y', 'N', 'Y', 'N'),
(54, 'Y', 'Y', 'Y', 'Y', 'Y', 'Y', 'Y', 'Y', 'N', 'Y', 'N', 'N', 'Y', 'Y', 'Y', 'Y', 'N', 'Y', 'Y', 'Y', 'Y', 'Y'),
(56, 'Y', 'Y', 'Y', 'N', 'Y', 'N', 'Y', 'N', 'N', 'Y', 'N', 'N', 'N', 'Y', 'Y', 'N', 'Y', 'Y', 'Y', 'Y', 'Y', 'Y'),
(60, 'Y', 'Y', 'Y', 'Y', 'Y', 'N', 'Y', 'Y', 'Y', 'Y', 'Y', 'Y', 'Y', 'Y', 'Y', 'Y', 'Y', 'Y', 'Y', 'Y', 'Y', 'Y'),
(61, 'Y', 'Y', 'Y', 'Y', 'Y', 'N', 'Y', 'N', 'N', 'Y', 'N', 'Y', 'Y', 'Y', 'Y', 'Y', 'Y', 'Y', 'Y', 'N', 'Y', 'N'),
(62, 'Y', 'Y', 'N', 'N', 'Y', 'N', 'N', 'N', 'N', 'Y', 'N', 'N', 'N', 'Y', 'Y', 'N', 'N', 'Y', 'Y', 'N', 'Y', 'N'),
(64, 'Y', 'Y', 'Y', 'Y', 'Y', 'N', 'Y', 'N', 'N', 'Y', 'N', 'Y', 'Y', 'Y', 'Y', 'N', 'Y', 'Y', 'Y', 'Y', 'Y', 'Y'),
(67, 'N', 'N', 'N', 'N', 'Y', 'N', 'Y', 'N', 'N', 'N', 'N', 'N', 'N', 'Y', 'Y', 'N', 'N', 'Y', 'N', 'N', 'Y', 'Y'),
(68, 'Y', 'Y', 'Y', 'Y', 'Y', 'N', 'Y', 'N', 'N', 'Y', 'N', 'Y', 'Y', 'Y', 'Y', 'N', 'Y', 'Y', 'Y', 'N', 'Y', 'Y'),
(71, 'N', 'Y', 'N', 'Y', 'Y', 'N', 'Y', 'N', 'N', 'Y', 'N', 'Y', 'Y', 'Y', 'Y', 'N', 'Y', 'Y', 'Y', 'N', 'Y', 'N'),
(72, 'Y', 'Y', 'Y', 'Y', 'Y', 'N', 'Y', 'Y', 'N', 'Y', 'N', 'N', 'Y', 'Y', 'Y', 'N', 'Y', 'Y', 'Y', 'N', 'Y', 'N'),
(74, 'N', 'Y', 'N', 'Y', 'Y', 'N', 'Y', 'N', 'N', 'Y', 'N', 'Y', 'Y', 'Y', 'Y', 'N', 'Y', 'Y', 'Y', 'Y', 'Y', 'Y'),
(75, 'N', 'Y', 'N', 'Y', 'Y', 'N', 'Y', 'N', 'Y', 'Y', 'N', 'Y', 'Y', 'Y', 'N', 'Y', 'Y', 'Y', 'N', 'Y', 'Y', 'N'),
(82, 'Y', 'Y', 'Y', 'Y', 'Y', 'N', 'Y', 'N', 'N', 'Y', 'N', 'Y', 'Y', 'Y', 'Y', 'N', 'Y', 'Y', 'N', 'N', 'Y', 'Y'),
(83, 'N', 'Y', 'N', 'Y', 'Y', 'N', 'Y', 'Y', 'N', 'Y', 'Y', 'Y', 'N', 'Y', 'Y', 'Y', 'Y', 'Y', 'Y', 'N', 'Y', 'Y'),
(84, 'Y', 'Y', 'Y', 'Y', 'Y', 'N', 'Y', 'N', 'N', 'Y', 'N', 'Y', 'Y', 'Y', 'Y', 'N', 'Y', 'Y', 'Y', 'N', 'Y', 'Y'),
(85, 'N', 'Y', 'N', 'Y', 'Y', 'Y', 'Y', 'Y', 'Y', 'Y', 'Y', 'Y', 'Y', 'Y', 'Y', 'Y', 'Y', 'Y', 'Y', 'N', 'Y', 'Y'),
(86, 'Y', 'Y', 'Y', 'Y', 'Y', 'N', 'Y', 'N', 'N', 'Y', 'N', 'Y', 'Y', 'Y', 'Y', 'N', 'Y', 'Y', 'Y', 'Y', 'Y', 'Y'),
(87, 'Y', 'Y', 'N', 'N', 'Y', 'N', 'Y', 'N', 'N', 'Y', 'N', 'N', 'N', 'Y', 'Y', 'N', 'N', 'Y', 'Y', 'N', 'Y', 'Y'),
(90, 'Y', 'Y', 'Y', 'N', 'Y', 'Y', 'Y', 'Y', 'N', 'Y', 'N', 'Y', 'Y', 'Y', 'Y', 'Y', 'Y', 'Y', 'Y', 'Y', 'Y', 'Y'),
(91, 'N', 'Y', 'N', 'Y', 'Y', 'N', 'Y', 'N', 'N', 'Y', 'N', 'N', 'Y', 'Y', 'Y', 'N', 'Y', 'Y', 'N', 'N', 'Y', 'N'),
(92, 'N', 'Y', 'Y', 'Y', 'Y', 'Y', 'Y', 'N', 'N', 'Y', 'N', 'Y', 'Y', 'Y', 'Y', 'Y', 'Y', 'Y', 'Y', 'Y', 'Y', 'Y'),
(93, 'Y', 'Y', 'N', 'Y', 'Y', 'N', 'Y', 'N', 'N', 'Y', 'N', 'N', 'Y', 'Y', 'Y', 'N', 'N', 'Y', 'Y', 'N', 'Y', 'Y'),
(94, 'Y', 'Y', 'N', 'N', 'Y', 'N', 'N', 'N', 'N', 'Y', 'N', 'N', 'N', 'Y', 'N', 'N', 'N', 'N', 'N', 'N', 'Y', 'N'),
(95, 'Y', 'Y', 'Y', 'N', 'Y', 'N', 'Y', 'N', 'N', 'Y', 'N', 'N', 'Y', 'Y', 'Y', 'N', 'N', 'Y', 'Y', 'N', 'Y', 'Y'),
(96, 'Y', 'Y', 'N', 'Y', 'Y', 'N', 'Y', 'N', 'N', 'Y', 'N', 'Y', 'N', 'Y', 'Y', 'Y', 'Y', 'Y', 'Y', 'N', 'Y', 'Y'),
(98, 'N', 'N', 'N', 'Y', 'N', 'N', 'Y', 'N', 'N', 'Y', 'N', 'N', 'N', 'Y', 'N', 'Y', 'N', 'N', 'N', 'N', 'N', 'N'),
(101, 'N', 'Y', 'N', 'Y', 'Y', 'N', 'Y', 'Y', 'N', 'Y', 'Y', 'Y', 'N', 'Y', 'N', 'N', 'N', 'Y', 'Y', 'N', 'Y', 'Y'),
(102, 'Y', 'Y', 'N', 'Y', 'Y', 'N', 'Y', 'N', 'N', 'Y', 'N', 'Y', 'Y', 'Y', 'Y', 'Y', 'Y', 'Y', 'Y', 'N', 'Y', 'N'),
(103, 'N', 'Y', 'N', 'Y', 'Y', 'N', 'Y', 'Y', 'N', 'Y', 'N', 'Y', 'Y', 'Y', 'Y', 'Y', 'Y', 'Y', 'Y', 'N', 'Y', 'Y'),
(105, 'Y', 'Y', 'Y', 'Y', 'Y', 'Y', 'Y', 'N', 'Y', 'Y', 'N', 'Y', 'Y', 'Y', 'Y', 'N', 'Y', 'Y', 'Y', 'Y', 'Y', 'N'),
(107, 'Y', 'Y', 'Y', 'N', 'Y', 'N', 'Y', 'N', 'N', 'Y', 'N', 'Y', 'Y', 'Y', 'Y', 'N', 'Y', 'Y', 'Y', 'Y', 'Y', 'Y'),
(108, 'Y', 'Y', 'Y', 'N', 'Y', 'Y', 'Y', 'N', 'N', 'Y', 'N', 'Y', 'Y', 'Y', 'Y', 'N', 'Y', 'Y', 'Y', 'N', 'Y', 'Y'),
(111, 'Y', 'Y', 'Y', 'N', 'Y', 'Y', 'Y', 'Y', 'N', 'Y', 'N', 'Y', 'Y', 'Y', 'Y', 'Y', 'Y', 'Y', 'Y', 'N', 'Y', 'Y'),
(112, 'Y', 'Y', 'N', 'Y', 'Y', 'N', 'Y', 'N', 'N', 'Y', 'N', 'Y', 'Y', 'Y', 'Y', 'Y', 'Y', 'Y', 'Y', 'Y', 'Y', 'Y'),
(115, 'Y', 'Y', 'N', 'Y', 'Y', 'N', 'Y', 'N', 'N', 'Y', 'N', 'N', 'Y', 'Y', 'N', 'Y', 'N', 'Y', 'Y', 'Y', 'Y', 'Y'),
(116, 'Y', 'Y', 'Y', 'Y', 'Y', 'Y', 'Y', 'Y', 'Y', 'Y', 'Y', 'Y', 'Y', 'Y', 'Y', 'Y', 'Y', 'Y', 'Y', 'Y', 'Y', 'Y'),
(117, 'N', 'Y', 'Y', 'Y', 'Y', 'Y', 'Y', 'N', 'Y', 'Y', 'Y', 'Y', 'Y', 'Y', 'Y', 'Y', 'Y', 'Y', 'Y', 'Y', 'Y', 'Y'),
(119, 'N', 'N', 'N', 'Y', 'Y', 'N', 'Y', 'Y', 'Y', 'Y', 'Y', 'N', 'Y', 'Y', 'N', 'N', 'Y', 'Y', 'N', 'N', 'Y', 'Y'),
(124, 'N', 'Y', 'N', 'Y', 'Y', 'N', 'Y', 'N', 'Y', 'Y', 'N', 'N', 'Y', 'Y', 'Y', 'N', 'N', 'Y', 'Y', 'N', 'Y', 'Y'),
(128, 'Y', 'Y', 'Y', 'Y', 'Y', 'N', 'Y', 'N', 'N', 'Y', 'N', 'Y', 'Y', 'Y', 'Y', 'N', 'Y', 'Y', 'Y', 'Y', 'Y', 'Y'),
(129, 'N', 'Y', 'N', 'Y', 'Y', 'N', 'Y', 'N', 'N', 'Y', 'N', 'Y', 'N', 'Y', 'Y', 'N', 'Y', 'Y', 'Y', 'Y', 'Y', 'N'),
(132, 'Y', 'Y', 'Y', 'N', 'Y', 'N', 'Y', 'N', 'N', 'Y', 'N', 'Y', 'Y', 'Y', 'Y', 'N', 'N', 'Y', 'Y', 'N', 'Y', 'Y'),
(135, 'N', 'Y', 'N', 'Y', 'Y', 'N', 'Y', 'N', 'N', 'Y', 'N', 'Y', 'Y', 'Y', 'N', 'Y', 'Y', 'Y', 'Y', 'Y', 'Y', 'N'),
(136, 'Y', 'Y', 'N', 'Y', 'Y', 'Y', 'Y', 'Y', 'N', 'Y', 'Y', 'Y', 'Y', 'Y', 'Y', 'Y', 'Y', 'Y', 'Y', 'Y', 'Y', 'Y'),
(138, 'Y', 'N', 'Y', 'Y', 'Y', 'N', 'Y', 'N', 'N', 'Y', 'N', 'N', 'Y', 'Y', 'Y', 'Y', 'Y', 'Y', 'Y', 'Y', 'Y', 'Y'),
(139, 'Y', 'Y', 'N', 'Y', 'Y', 'N', 'Y', 'N', 'N', 'Y', 'N', 'Y', 'Y', 'Y', 'Y', 'Y', 'Y', 'Y', 'Y', 'Y', 'Y', 'N'),
(140, 'N', 'N', 'N', 'Y', 'Y', 'N', 'N', 'N', 'N', 'Y', 'Y', 'Y', 'N', 'Y', 'N', 'N', 'N', 'N', 'N', 'N', 'Y', 'Y'),
(142, 'Y', 'Y', 'Y', 'Y', 'Y', 'N', 'Y', 'N', 'N', 'N', 'N', 'N', 'Y', 'Y', 'Y', 'Y', 'Y', 'Y', 'Y', 'N', 'Y', 'Y'),
(143, 'Y', 'Y', 'N', 'N', 'Y', 'N', 'Y', 'N', 'N', 'Y', 'N', 'N', 'Y', 'Y', 'Y', 'N', 'Y', 'Y', 'Y', 'Y', 'Y', 'Y'),
(145, 'Y', 'Y', 'N', 'Y', 'Y', 'N', 'Y', 'N', 'N', 'Y', 'N', 'N', 'N', 'Y', 'N', 'N', 'N', 'Y', 'N', 'N', 'Y', 'Y'),
(147, 'Y', 'Y', 'Y', 'Y', 'Y', 'Y', 'Y', 'N', 'N', 'Y', 'N', 'Y', 'Y', 'Y', 'Y', 'N', 'Y', 'Y', 'Y', 'N', 'Y', 'N'),
(148, 'Y', 'Y', 'N', 'N', 'Y', 'N', 'Y', 'N', 'N', 'Y', 'N', 'N', 'N', 'Y', 'Y', 'Y', 'N', 'Y', 'Y', 'Y', 'Y', 'Y'),
(149, 'Y', 'Y', 'Y', 'Y', 'Y', 'N', 'Y', 'N', 'Y', 'Y', 'N', 'Y', 'N', 'Y', 'N', 'N', 'Y', 'Y', 'Y', 'N', 'Y', 'N'),
(150, 'Y', 'Y', 'Y', 'Y', 'Y', 'N', 'Y', 'N', 'Y', 'Y', 'N', 'N', 'Y', 'Y', 'Y', 'N', 'Y', 'Y', 'Y', 'Y', 'Y', 'N'),
(153, 'N', 'Y', 'N', 'Y', 'Y', 'Y', 'Y', 'Y', 'Y', 'Y', 'Y', 'N', 'N', 'Y', 'Y', 'N', 'Y', 'Y', 'Y', 'N', 'Y', 'N'),
(154, 'Y', 'Y', 'Y', 'Y', 'Y', 'Y', 'Y', 'Y', 'Y', 'Y', 'Y', 'N', 'Y', 'Y', 'Y', 'N', 'Y', 'Y', 'Y', 'Y', 'Y', 'Y'),
(156, 'Y', 'Y', 'N', 'Y', 'Y', 'N', 'Y', 'N', 'N', 'Y', 'N', 'Y', 'N', 'Y', 'N', 'N', 'Y', 'Y', 'N', 'N', 'Y', 'Y'),
(165, 'Y', 'Y', 'N', 'Y', 'Y', 'N', 'Y', 'N', 'N', 'N', 'N', 'N', 'Y', 'Y', 'Y', 'Y', 'N', 'Y', 'Y', 'N', 'Y', 'Y'),
(166, 'N', 'N', 'N', 'N', 'N', 'N', 'N', 'N', 'N', 'N', 'N', 'N', 'N', 'N', 'N', 'N', 'N', 'N', 'N', 'N', 'N', 'N'),
(168, 'Y', 'Y', 'Y', 'Y', 'Y', 'Y', 'Y', 'N', 'Y', 'Y', 'N', 'Y', 'Y', 'Y', 'Y', 'Y', 'Y', 'Y', 'Y', 'Y', 'Y', 'Y'),
(170, 'N', 'N', 'N', 'N', 'N', 'N', 'Y', 'N', 'N', 'Y', 'N', 'Y', 'N', 'Y', 'Y', 'N', 'N', 'N', 'N', 'N', 'Y', 'Y'),
(171, 'Y', 'Y', 'N', 'N', 'Y', 'N', 'Y', 'Y', 'N', 'Y', 'N', 'Y', 'Y', 'Y', 'Y', 'Y', 'N', 'Y', 'Y', 'Y', 'Y', 'Y'),
(172, 'Y', 'Y', 'N', 'Y', 'Y', 'N', 'Y', 'Y', 'N', 'Y', 'N', 'Y', 'Y', 'Y', 'Y', 'Y', 'Y', 'Y', 'Y', 'Y', 'Y', 'Y'),
(175, 'Y', 'Y', 'Y', 'Y', 'Y', 'N', 'Y', 'N', 'N', 'Y', 'N', 'Y', 'N', 'Y', 'Y', 'N', 'Y', 'Y', 'N', 'Y', 'Y', 'Y'),
(177, 'Y', 'Y', 'Y', 'Y', 'Y', 'N', 'Y', 'N', 'N', 'Y', 'N', 'Y', 'Y', 'Y', 'Y', 'N', 'Y', 'Y', 'Y', 'N', 'Y', 'Y'),
(178, 'Y', 'Y', 'Y', 'Y', 'Y', 'N', 'Y', 'N', 'N', 'Y', 'N', 'Y', 'Y', 'Y', 'Y', 'N', 'Y', 'Y', 'Y', 'N', 'Y', 'Y'),
(180, 'Y', 'Y', 'N', 'Y', 'Y', 'N', 'Y', 'N', 'N', 'Y', 'N', 'N', 'Y', 'Y', 'Y', 'N', 'Y', 'N', 'Y', 'N', 'Y', 'Y'),
(181, 'N', 'N', 'N', 'N', 'Y', 'N', 'N', 'N', 'N', 'N', 'N', 'N', 'N', 'Y', 'N', 'N', 'N', 'N', 'N', 'N', 'Y', 'Y'),
(182, 'N', 'Y', 'N', 'N', 'Y', 'N', 'Y', 'N', 'N', 'Y', 'N', 'N', 'N', 'Y', 'Y', 'N', 'Y', 'Y', 'Y', 'N', 'Y', 'Y'),
(184, 'Y', 'Y', 'Y', 'Y', 'Y', 'Y', 'Y', 'N', 'Y', 'Y', 'N', 'Y', 'Y', 'Y', 'Y', 'Y', 'Y', 'Y', 'Y', 'Y', 'Y', 'Y'),
(190, 'Y', 'Y', 'Y', 'Y', 'Y', 'N', 'Y', 'Y', 'Y', 'Y', 'N', 'N', 'Y', 'Y', 'Y', 'Y', 'Y', 'Y', 'Y', 'N', 'Y', 'N'),
(191, 'Y', 'Y', 'N', 'N', 'Y', 'N', 'Y', 'N', 'N', 'Y', 'N', 'N', 'Y', 'Y', 'Y', 'N', 'Y', 'Y', 'Y', 'N', 'Y', 'Y'),
(192, 'N', 'N', 'N', 'N', 'Y', 'N', 'Y', 'N', 'Y', 'Y', 'N', 'N', 'N', 'Y', 'Y', 'N', 'Y', 'N', 'Y', 'N', 'Y', 'N'),
(193, 'Y', 'Y', 'Y', 'N', 'Y', 'Y', 'Y', 'Y', 'N', 'Y', 'N', 'Y', 'Y', 'Y', 'Y', 'N', 'Y', 'Y', 'Y', 'Y', 'Y', 'Y'),
(194, 'Y', 'Y', 'Y', 'N', 'Y', 'Y', 'Y', 'Y', 'N', 'Y', 'N', 'Y', 'Y', 'Y', 'Y', 'N', 'Y', 'Y', 'Y', 'Y', 'Y', 'Y'),
(195, 'Y', 'Y', 'Y', 'Y', 'Y', 'Y', 'Y', 'Y', 'Y', 'Y', 'Y', 'Y', 'Y', 'Y', 'Y', 'N', 'Y', 'Y', 'Y', 'Y', 'Y', 'Y'),
(196, 'Y', 'Y', 'Y', 'Y', 'Y', 'N', 'Y', 'N', 'Y', 'Y', 'Y', 'N', 'Y', 'Y', 'Y', 'N', 'Y', 'Y', 'Y', 'Y', 'Y', 'N'),
(197, 'Y', 'Y', 'N', 'N', 'Y', 'N', 'Y', 'N', 'N', 'Y', 'N', 'Y', 'Y', 'Y', 'Y', 'N', 'Y', 'Y', 'Y', 'Y', 'Y', 'Y'),
(204, 'Y', 'Y', 'Y', 'N', 'Y', 'N', 'Y', 'N', 'N', 'Y', 'N', 'Y', 'Y', 'Y', 'Y', 'N', 'Y', 'Y', 'N', 'N', 'Y', 'Y'),
(207, 'Y', 'Y', 'Y', 'Y', 'Y', 'N', 'Y', 'N', 'N', 'N', 'N', 'Y', 'Y', 'Y', 'Y', 'N', 'Y', 'Y', 'Y', 'Y', 'Y', 'Y'),
(210, 'N', 'Y', 'N', 'N', 'Y', 'Y', 'N', 'N', 'N', 'Y', 'N', 'N', 'N', 'Y', 'Y', 'N', 'N', 'Y', 'Y', 'N', 'N', 'N');

-- --------------------------------------------------------

--
-- Table structure for table `f_college_fdr`
--

CREATE TABLE `f_college_fdr` (
  `Row_Id` int(11) NOT NULL,
  `College_Id` int(11) NOT NULL,
  `Course_Id` int(11) NOT NULL,
  `Issue_Date` date NOT NULL,
  `Exp_Date` date NOT NULL,
  `Amount` float(10,2) NOT NULL
) ENGINE=InnoDB DEFAULT CHARSET=latin1;

--
-- Dumping data for table `f_college_fdr`
--

INSERT INTO `f_college_fdr` (`Row_Id`, `College_Id`, `Course_Id`, `Issue_Date`, `Exp_Date`, `Amount`) VALUES
(1, 1, 1, '2016-03-09', '2016-03-31', 15000.00),
(2, 166, 40, '2011-07-06', '2016-07-06', 250000.00),
(12, 86, 40, '2016-08-07', '2021-08-07', 500000.00),
(17, 193, 40, '2016-08-04', '2000-08-04', 500000.00),
(18, 193, 41, '2015-08-17', '2020-08-17', 200000.00),
(19, 28, 25, '2013-07-05', '2016-07-05', 259339.00),
(20, 28, 2, '2013-07-05', '2016-07-05', 40000.00),
(21, 28, 4, '2013-07-18', '2016-07-18', 500000.00),
(22, 28, 3, '2013-07-09', '2016-07-09', 300000.00),
(23, 28, 27, '2014-05-14', '2016-05-14', 600000.00),
(24, 28, 42, '2014-05-14', '2016-05-14', 200000.00),
(25, 28, 6, '2013-07-18', '2016-07-18', 20000.00),
(34, 95, 25, '2013-10-28', '2016-10-28', 1600000.00),
(35, 95, 4, '2013-10-28', '2016-10-28', 1600000.00),
(36, 95, 3, '2013-10-28', '2016-10-28', 1600000.00),
(37, 90, 40, '2012-02-01', '2017-02-01', 500000.00),
(41, 194, 25, '2013-02-14', '2018-02-14', 10000000.00),
(42, 194, 4, '2013-02-16', '2018-07-16', 500000.00),
(43, 61, 40, '2014-01-16', '2019-01-16', 573431.00),
(44, 61, 41, '2014-01-16', '2019-01-16', 301515.00),
(61, 107, 40, '2007-09-08', '2012-09-08', 500000.00),
(64, 87, 25, '2015-08-03', '2020-08-03', 600000.00),
(65, 87, 4, '2010-09-04', '2017-08-04', 200000.00),
(68, 178, 40, '2016-07-04', '2018-07-04', 883298.00),
(73, 19, 40, '2016-06-06', '2021-06-06', 1200000.00),
(74, 19, 41, '2016-06-06', '2021-06-06', 1200000.00),
(80, 29, 40, '2016-09-15', '2021-09-15', 165000.00),
(81, 29, 41, '2015-10-07', '2018-08-07', 60000.00),
(87, 138, 25, '2014-07-14', '2015-07-14', 600000.00),
(88, 138, 4, '2013-04-22', '2016-04-22', 700000.00),
(89, 177, 40, '2014-12-09', '2017-12-09', 500000.00),
(93, 115, 130, '2011-10-10', '2016-10-10', 1579698.00),
(94, 115, 131, '2015-09-29', '2016-09-29', 1040400.00),
(98, 128, 40, '2016-04-07', '2021-04-07', 500000.00),
(99, 102, 40, '2015-07-08', '2020-07-08', 500000.00),
(122, 47, 40, '2016-01-07', '2021-01-07', 5.00),
(124, 24, 44, '1993-08-20', '1995-08-20', 49696.00),
(125, 91, 25, '2014-12-16', '2019-12-16', 75000.00),
(126, 91, 2, '2015-12-07', '2020-12-07', 60000.00),
(127, 91, 4, '2016-06-30', '2019-09-30', 35000.00),
(128, 91, 3, '2015-12-30', '2020-12-30', 200000.00),
(129, 91, 33, '2016-11-22', '2016-11-22', 0.00),
(130, 91, 14, '2012-11-16', '2017-11-06', 200000.00),
(131, 91, 6, '2011-12-16', '2017-12-16', 300000.00),
(133, 204, 40, '2015-01-05', '2020-01-05', 500000.00),
(141, 119, 25, '2015-10-01', '2017-10-01', 1500000.00),
(142, 119, 2, '2015-07-17', '2017-07-17', 80000.00),
(143, 119, 4, '2015-10-01', '2017-10-01', 1500000.00),
(144, 119, 3, '2015-07-17', '2017-07-17', 80000.00),
(145, 119, 43, '2016-11-24', '2016-11-24', 0.00),
(146, 119, 30, '2016-11-24', '2016-11-24', 0.00),
(147, 119, 6, '2015-10-07', '2016-11-07', 200000.00),
(168, 105, 134, '2015-06-19', '2018-06-19', 300000.00),
(169, 105, 40, '2013-07-01', '2018-07-01', 999817.00),
(170, 105, 41, '2016-02-23', '2017-02-23', 999180.00),
(171, 46, 25, '2016-11-01', '2016-11-01', 3000.00),
(172, 46, 4, '2016-11-01', '2016-11-01', 0.00),
(173, 46, 3, '2015-01-15', '2018-01-15', 300000.00),
(174, 46, 33, '2016-11-01', '2016-11-01', 1100000.00),
(175, 46, 128, '2016-11-01', '2016-11-01', 0.00),
(176, 46, 129, '2016-11-01', '2016-11-01', 0.00),
(177, 46, 42, '2016-09-01', '2018-09-01', 200000.00),
(178, 46, 43, '2013-10-01', '2016-10-01', 1100000.00),
(179, 46, 30, '2014-01-27', '2017-01-27', 40000.00),
(180, 46, 14, '2013-10-01', '2016-10-01', 200000.00),
(181, 46, 34, '2013-10-01', '2016-10-01', 1100000.00),
(182, 46, 35, '2016-11-01', '2016-11-01', 0.00),
(183, 46, 36, '2015-07-14', '2018-07-14', 300000.00),
(184, 46, 37, '2013-01-01', '2016-10-01', 1100000.00),
(185, 46, 100, '2016-09-01', '2018-09-01', 300000.00),
(186, 46, 69, '2016-11-01', '2016-11-01', 0.00),
(187, 46, 6, '2013-10-01', '2016-10-01', 200000.00),
(188, 52, 40, '2015-05-23', '2020-05-23', 300000.00),
(190, 171, 40, '2015-04-09', '2017-04-09', 537581.00),
(191, 75, 25, '2014-08-27', '2019-08-27', 137481.00),
(192, 75, 4, '2015-10-01', '2018-11-12', 50000.00),
(193, 75, 3, '2014-10-31', '2019-10-31', 40000.00),
(194, 75, 129, '2014-10-31', '2019-10-31', 18614.00),
(195, 75, 29, '2012-03-01', '2017-03-01', 200000.00),
(196, 75, 30, '2014-08-27', '2019-08-27', 200000.00),
(197, 75, 6, '2016-04-07', '2021-04-07', 200000.00),
(218, 30, 73, '2016-11-01', '2017-03-31', 203250.00),
(219, 30, 74, '2016-10-31', '2017-03-31', 203250.00),
(220, 30, 75, '2016-10-31', '2017-03-31', 0.00),
(221, 30, 10, '2016-10-31', '2016-10-31', 0.00),
(222, 30, 9, '2016-10-31', '2016-10-31', 0.00),
(223, 30, 25, '2016-10-31', '2016-10-31', 0.00),
(224, 30, 4, '2016-10-31', '2016-10-31', 0.00),
(225, 30, 3, '2016-10-31', '2016-10-31', 0.00),
(226, 30, 128, '2016-10-31', '2016-10-31', 0.00),
(227, 30, 129, '2016-10-31', '2016-10-31', 0.00),
(228, 30, 76, '2016-10-31', '2016-10-31', 0.00),
(229, 30, 42, '2016-10-31', '2016-10-31', 0.00),
(230, 30, 43, '2016-10-31', '2016-10-31', 0.00),
(231, 30, 14, '2016-10-31', '2017-03-31', 0.00),
(232, 30, 11, '2016-10-31', '2017-03-31', 0.00),
(233, 30, 77, '2016-10-31', '2017-03-31', 0.00),
(234, 30, 36, '2016-10-31', '2017-03-31', 0.00),
(235, 30, 38, '2016-10-31', '2017-03-31', 0.00),
(236, 30, 6, '2016-10-31', '2017-03-31', 0.00),
(237, 30, 54, '2016-10-31', '2017-03-31', 0.00),
(238, 51, 40, '2015-10-31', '2020-10-31', 500000.00),
(239, 181, 25, '2014-11-08', '2016-11-08', 600000.00),
(240, 145, 25, '2015-06-23', '2018-06-23', 749830.00),
(241, 145, 4, '2016-05-02', '2019-05-02', 45000.00),
(242, 145, 3, '2015-06-23', '2018-06-23', 40000.00),
(243, 145, 27, '2016-11-29', '2016-11-29', 0.00),
(244, 145, 56, '2016-11-29', '2016-11-29', 0.00),
(245, 145, 30, '2015-06-23', '2018-06-23', 50170.00),
(246, 145, 36, '2014-01-23', '2017-01-23', 300000.00),
(247, 145, 6, '2016-01-12', '2019-01-12', 5000.00),
(248, 145, 65, '2015-06-23', '2018-06-23', 20000.00),
(249, 139, 40, '2015-10-21', '2020-10-21', 700000.00),
(250, 139, 41, '2015-10-21', '2020-10-21', 700000.00),
(251, 103, 132, '2016-09-22', '2017-09-22', 0.00),
(252, 103, 133, '2016-09-22', '2017-09-22', 0.00),
(253, 103, 25, '2016-03-25', '2019-03-25', 75000.00),
(254, 103, 4, '2016-03-25', '2019-03-25', 35000.00),
(255, 103, 3, '2016-03-25', '2019-03-25', 500000.00),
(256, 103, 128, '2016-03-25', '2019-03-25', 15001.00),
(257, 103, 129, '2016-03-25', '2019-03-25', 10000.00),
(258, 103, 127, '2016-03-25', '2019-03-25', 30000.00),
(259, 103, 42, '2016-03-25', '2019-03-25', 15000.00),
(260, 103, 43, '2016-03-25', '2019-03-25', 200000.00),
(261, 103, 29, '2016-03-25', '2019-03-25', 200000.00),
(262, 103, 39, '2016-03-25', '2019-03-25', 10000.00),
(263, 103, 30, '2016-03-25', '2019-03-25', 20000.00),
(264, 103, 14, '2016-03-25', '2019-03-25', 200000.00),
(265, 103, 36, '2016-03-25', '2019-03-25', 30000.00),
(266, 103, 6, '2016-03-25', '2019-03-25', 200000.00),
(269, 191, 40, '2015-10-05', '2020-10-05', 576693.00),
(270, 64, 40, '2011-08-07', '2016-08-07', 500000.00),
(271, 82, 40, '2005-10-25', '2010-10-25', 500000.00),
(282, 124, 25, '2009-03-28', '2012-03-28', 51428.00),
(283, 124, 4, '2009-03-28', '2012-03-28', 51428.00),
(284, 124, 3, '2008-12-16', '2011-12-16', 40000.00),
(285, 124, 26, '2009-03-28', '2012-03-28', 51428.00),
(286, 124, 56, '2009-03-28', '2012-03-20', 51428.00),
(287, 124, 30, '2009-03-28', '2012-03-28', 51428.00),
(288, 124, 14, '2017-09-01', '2017-09-01', 0.00),
(289, 124, 36, '2009-03-28', '2012-03-28', 51428.00),
(290, 124, 6, '2008-12-16', '2011-12-16', 200000.00),
(291, 124, 65, '2009-03-28', '2012-03-28', 51432.00),
(292, 156, 25, '2017-06-21', '2012-12-21', 39850.00),
(293, 156, 4, '2014-04-13', '2019-04-13', 72274.00),
(294, 156, 3, '2017-02-09', '2018-02-09', 995183.00),
(295, 156, 39, '2012-03-28', '2017-03-28', 303765.00),
(296, 156, 30, '2016-10-18', '2017-10-18', 569482.00),
(297, 156, 14, '2017-10-01', '2017-10-02', 0.00),
(298, 156, 36, '2017-10-01', '2017-10-02', 0.00),
(299, 156, 6, '2017-10-01', '2017-10-02', 0.00);

-- --------------------------------------------------------

--
-- Table structure for table `f_college_financial`
--

CREATE TABLE `f_college_financial` (
  `College_Id` int(11) NOT NULL,
  `F_1` float(10,2) DEFAULT NULL,
  `F_2` float(10,2) DEFAULT NULL,
  `F_3` float(10,2) DEFAULT NULL,
  `F_4` float(10,2) DEFAULT NULL,
  `F_5` float(10,2) DEFAULT NULL,
  `F_6` float(10,2) DEFAULT NULL,
  `F_7` float(10,2) DEFAULT NULL,
  `F_8` float(10,2) DEFAULT NULL,
  `F_9` float(10,2) DEFAULT NULL,
  `F_10` float(10,2) DEFAULT NULL,
  `F_11` float(10,2) DEFAULT NULL,
  `F_12` float(10,2) DEFAULT NULL,
  `F_13` float(10,2) DEFAULT NULL,
  `F_14` float(10,2) DEFAULT NULL
) ENGINE=InnoDB DEFAULT CHARSET=latin1;

--
