-- https://www.phpmyadmin.net/
--

START TRANSACTION;



--
-- Database: `idipiaco_yellowchilli`
--

-- --------------------------------------------------------

--
-- Table structure for table `addon`
--

CREATE TABLE `addon` (
  `id` int NOT NULL,
  `store_id` int NOT NULL,
  `name` varchar(250) DEFAULT NULL,
  `note` varchar(255) DEFAULT NULL,
  `price` varchar(250) DEFAULT NULL,
  `s_data` text CHARACTER SET utf8mb3 COLLATE utf8mb3_bin,
  `created_at` timestamp NOT NULL DEFAULT CURRENT_TIMESTAMP,
  `updated_at` timestamp NOT NULL DEFAULT '0000-00-00 00:00:00'
) ENGINE=InnoDB DEFAULT CHARSET=latin1;

--
-- Dumping data for table `addon`
--

INSERT INTO `addon` (`id`, `store_id`, `name`, `note`, `price`, `s_data`, `created_at`, `updated_at`) VALUES
(9, 1, 'Vanilla', NULL, '0', 'a:0:{}', '2020-06-02 23:53:27', '2020-06-02 23:53:27'),
(10, 1, 'Chocolate', NULL, '0', 'a:0:{}', '2020-06-02 23:53:53', '2020-06-02 23:53:53'),
(11, 1, 'Chicken pieces', NULL, '4', 'a:0:{}', '2020-06-03 00:06:55', '2020-06-03 00:06:55'),
(12, 1, '4 Prawns', NULL, '4', 'a:0:{}', '2020-06-03 00:07:43', '2020-06-03 00:07:43'),
(13, 1, 'Mushroom Sauce', NULL, '2.50', 'a:0:{}', '2020-06-14 00:16:33', '2020-06-14 00:16:33'),
(14, 1, 'Pepper sauce', NULL, '2.50', 'a:0:{}', '2020-06-14 00:16:57', '2020-06-14 00:16:57'),
(15, 1, 'Diane Sauce', NULL, '2.50', 'a:0:{}', '2020-06-14 00:17:29', '2020-06-14 00:17:29'),
(16, 1, 'Gravy', NULL, '2.50', 'a:0:{}', '2020-06-14 00:18:08', '2020-06-14 00:18:08'),
(17, 1, 'Sweet Onion BBQ', NULL, '2.50', 'a:0:{}', '2020-06-14 00:18:34', '2020-06-14 00:18:34'),
(18, 1, 'Garlic Sauce', NULL, '2.50', 'a:0:{}', '2020-06-14 00:18:54', '2020-06-14 00:18:54'),
(19, 1, '4 Prawns & Garlic sauce', NULL, '4.90', 'a:0:{}', '2020-06-14 00:19:22', '2020-06-14 00:19:22'),
(20, 1, 'Coke 330ml', NULL, '4.4', 'a:0:{}', '2020-06-14 00:45:20', '2020-06-14 00:45:20'),
(21, 1, 'Fanta 330ml', NULL, '4.4', 'a:0:{}', '2020-06-14 00:45:37', '2020-06-14 00:45:37'),
(22, 1, 'Sprite 330ml', NULL, '4.4', 'a:0:{}', '2020-06-14 00:45:59', '2020-06-14 00:45:59'),
(23, 1, 'Coke No Sugar 330ml', NULL, '4.4', 'a:0:{}', '2020-06-14 00:46:26', '2020-06-14 00:46:26'),
(24, 1, 'Diet Coke 330ml', NULL, '4.4', 'a:0:{}', '2020-06-14 00:46:44', '2020-06-14 00:46:44'),
(25, 1, 'Large Garlic Bread', NULL, '6.50', 'a:0:{}', '2020-06-14 00:53:40', '2020-06-14 00:53:40'),
(26, 1, 'Mini Garlic Bread', NULL, '2.50', 'a:0:{}', '2020-06-14 00:54:42', '2020-06-14 00:54:42'),
(27, 1, 'Blue', NULL, '0', 'a:0:{}', '2020-06-14 01:10:15', '2020-06-14 01:10:15'),
(28, 1, 'Rare', NULL, '0', 'a:0:{}', '2020-06-14 01:10:33', '2020-06-14 01:10:33'),
(29, 1, 'Medium - Rare', NULL, '0', 'a:0:{}', '2020-06-14 01:10:49', '2020-06-14 01:10:49'),
(30, 1, 'Medium', NULL, '0', 'a:0:{}', '2020-06-14 01:11:03', '2020-06-14 01:11:03'),
(31, 1, 'Medium - Well Done', NULL, '0', 'a:0:{}', '2020-06-14 01:11:22', '2020-06-14 01:11:22'),
(32, 1, 'Well Done', NULL, '0', 'a:0:{}', '2020-06-14 01:11:36', '2020-06-14 01:11:36'),
(33, 1, 'Spaghetti', NULL, '0', 'a:0:{}', '2020-06-14 01:12:15', '2020-06-14 01:12:15'),
(34, 1, 'Penne', NULL, '0', 'a:0:{}', '2020-06-14 01:12:33', '2020-06-14 01:12:33'),
(35, 1, 'Fettuccine', NULL, '0', 'a:0:{}', '2020-06-14 01:13:02', '2020-06-14 01:13:02'),
(36, 1, 'Risotto (rice)', NULL, '0', 'a:0:{}', '2020-06-14 01:13:32', '2020-06-14 01:13:32'),
(37, 1, '11\" - Mediterranean', NULL, '15.90', 'a:0:{}', '2020-07-19 21:17:45', '2020-07-19 21:24:49'),
(38, 1, '12\" - Original', NULL, '21.90', 'a:0:{}', '2020-07-19 21:18:48', '2020-07-19 21:25:09'),
(39, 1, 'Spicy', NULL, '0', 'a:0:{}', '2020-07-19 23:40:37', '2020-07-19 23:40:37'),
(40, 1, 'Honey BBQ', NULL, '0', 'a:0:{}', '2020-07-19 23:41:05', '2020-07-19 23:41:05'),
(41, 1, 'Cheese', 'garlic bread', '.50', 'a:0:{}', '2020-07-19 23:53:30', '2020-07-19 23:53:30'),
(42, 1, 'Cheese', 'for garlic bread', '.50', 'a:0:{}', '2020-07-19 23:59:12', '2020-07-19 23:59:12'),
(43, 1, 'Cheese', 'for garlic bread new', '.50', 'a:0:{}', '2020-07-20 00:09:13', '2020-07-20 00:10:34'),
(44, 1, 'Vanilla', NULL, '0', 'a:0:{}', '2020-10-29 19:25:49', '2020-10-29 19:25:49');

-- --------------------------------------------------------

--
-- Table structure for table `addongroup_addon`
--

CREATE TABLE `addongroup_addon` (
  `id` int NOT NULL,
  `addongroup_id` int NOT NULL,
  `addon_id` int NOT NULL,
  `created_at` timestamp NOT NULL DEFAULT CURRENT_TIMESTAMP,
  `updated_at` timestamp NOT NULL DEFAULT '0000-00-00 00:00:00'
) ENGINE=InnoDB DEFAULT CHARSET=latin1;

--
-- Dumping data for table `addongroup_addon`
--

INSERT INTO `addongroup_addon` (`id`, `addongroup_id`, `addon_id`, `created_at`, `updated_at`) VALUES
(3, 1, 4, '2020-04-28 04:55:08', '2020-04-28 04:55:08'),
(4, 1, 1, '2020-04-28 04:55:08', '2020-04-28 04:55:08'),
(9, 3, 4, '2020-05-21 22:42:03', '2020-05-21 22:42:03'),
(10, 3, 3, '2020-05-21 22:42:03', '2020-05-21 22:42:03'),
(11, 3, 2, '2020-05-21 22:42:03', '2020-05-21 22:42:03'),
(12, 3, 1, '2020-05-21 22:42:03', '2020-05-21 22:42:03'),
(20, 8, 13, '2020-06-14 00:16:33', '2020-06-14 00:16:33'),
(21, 8, 14, '2020-06-14 00:16:57', '2020-06-14 00:16:57'),
(22, 8, 15, '2020-06-14 00:17:30', '2020-06-14 00:17:30'),
(23, 8, 16, '2020-06-14 00:18:08', '2020-06-14 00:18:08'),
(24, 8, 17, '2020-06-14 00:18:34', '2020-06-14 00:18:34'),
(25, 8, 18, '2020-06-14 00:18:54', '2020-06-14 00:18:54'),
(26, 8, 19, '2020-06-14 00:19:22', '2020-06-14 00:19:22'),
(104, 11, 37, '2020-10-26 18:04:07', '2020-10-26 18:04:07'),
(105, 11, 38, '2020-10-26 18:04:07', '2020-10-26 18:04:07'),
(107, 2, 35, '2020-11-21 22:32:29', '2020-11-21 22:32:29'),
(108, 2, 34, '2020-11-21 22:32:29', '2020-11-21 22:32:29'),
(109, 2, 36, '2020-11-21 22:32:29', '2020-11-21 22:32:29'),
(110, 2, 33, '2020-11-21 22:32:29', '2020-11-21 22:32:29'),
(111, 10, 27, '2020-11-21 22:33:06', '2020-11-21 22:33:06'),
(112, 10, 30, '2020-11-21 22:33:06', '2020-11-21 22:33:06'),
(113, 10, 29, '2020-11-21 22:33:06', '2020-11-21 22:33:06'),
(114, 10, 31, '2020-11-21 22:33:06', '2020-11-21 22:33:06'),
(115, 10, 28, '2020-11-21 22:33:06', '2020-11-21 22:33:06'),
(116, 10, 32, '2020-11-21 22:33:06', '2020-11-21 22:33:06'),
(117, 12, 40, '2020-11-21 22:33:42', '2020-11-21 22:33:42'),
(118, 12, 39, '2020-11-21 22:33:42', '2020-11-21 22:33:42'),
(124, 9, 25, '2020-11-21 22:52:07', '2020-11-21 22:52:07'),
(125, 9, 26, '2020-11-21 22:52:07', '2020-11-21 22:52:07'),
(126, 6, 10, '2020-11-22 00:07:24', '2020-11-22 00:07:24'),
(127, 6, 44, '2020-11-22 00:07:24', '2020-11-22 00:07:24'),
(133, 4, 20, '2020-11-23 23:25:24', '2020-11-23 23:25:24'),
(134, 4, 23, '2020-11-23 23:25:24', '2020-11-23 23:25:24'),
(135, 4, 24, '2020-11-23 23:25:24', '2020-11-23 23:25:24'),
(136, 4, 21, '2020-11-23 23:25:24', '2020-11-23 23:25:24'),
(137, 4, 22, '2020-11-23 23:25:24', '2020-11-23 23:25:24'),
(138, 7, 12, '2021-01-03 18:29:20', '2021-01-03 18:29:20'),
(139, 7, 11, '2021-01-03 18:29:20', '2021-01-03 18:29:20'),
(140, 13, 43, '2021-01-03 18:30:06', '2021-01-03 18:30:06');

-- --------------------------------------------------------

--
-- Table structure for table `addon_group`
--

CREATE TABLE `addon_group` (
  `id` int NOT NULL,
  `store_id` int NOT NULL,
  `name` varchar(250) DEFAULT NULL,
  `code` varchar(255) DEFAULT NULL,
  `sort_no` int NOT NULL DEFAULT '0',
  `note` varchar(255) DEFAULT NULL,
  `is_mandatory` int NOT NULL DEFAULT '1',
  `type` varchar(10) NOT NULL,
  `s_data` text CHARACTER SET utf8mb3 COLLATE utf8mb3_bin,
  `created_at` timestamp NOT NULL DEFAULT CURRENT_TIMESTAMP,
  `updated_at` timestamp NOT NULL DEFAULT '0000-00-00 00:00:00'
) ENGINE=InnoDB DEFAULT CHARSET=latin1;

--
-- Dumping data for table `addon_group`
--

INSERT INTO `addon_group` (`id`, `store_id`, `name`, `code`, `sort_no`, `note`, `is_mandatory`, `type`, `s_data`, `created_at`, `updated_at`) VALUES
(1, 1, 'Pizza Addon', '', 0, '', 1, 'checkbox', 'a:1:{i:5;N;}', '2020-04-27 11:06:40', '2020-04-28 04:55:21'),
(2, 1, 'Pasta Type', '103', 0, NULL, 0, 'radio', 'a:0:{}', '2020-04-28 04:55:34', '2020-11-21 22:32:29'),
(4, 1, 'Add Drinks', '102', 1, 'testing', 1, 'checkbox', 'a:0:{}', '2020-05-26 19:32:09', '2020-11-23 23:25:24'),
(6, 1, 'Ice Cream Flavour', '107', 0, NULL, 0, 'radio', 'a:0:{}', '2020-06-02 21:57:59', '2020-11-22 00:07:24'),
(7, 1, 'Add Extra', NULL, 0, 'pasta', 1, 'checkbox', 'a:0:{}', '2020-06-03 00:05:49', '2021-01-03 18:29:20'),
(8, 1, 'Add Sauces', '', 0, '', 1, 'checkbox', 'a:0:{}', '2020-06-14 00:12:46', '2020-06-14 00:12:46'),
(9, 1, 'Add Sides', '106', 2, NULL, 1, 'checkbox', 'a:0:{}', '2020-06-14 00:53:03', '2020-11-21 22:52:07'),
(10, 1, 'Cooking instructions', '104', 0, NULL, 0, 'radio', 'a:0:{}', '2020-06-14 00:58:13', '2020-11-21 22:33:06'),
(11, 1, 'Pizza Size', '101', 0, NULL, 0, 'radio', 'a:0:{}', '2020-07-19 21:14:54', '2020-10-26 18:04:07'),
(12, 1, 'Chicken wings sauce', '105', 0, NULL, 0, 'radio', 'a:0:{}', '2020-07-19 23:40:08', '2020-11-21 22:33:42'),
(13, 1, 'Add Extra', NULL, 0, 'garlic bread', 1, 'checkbox', 'a:0:{}', '2020-07-19 23:57:56', '2021-01-03 18:30:06');

-- --------------------------------------------------------

--
-- Table structure for table `app_payment`
--

CREATE TABLE `app_payment` (
  `id` int NOT NULL,
  `item_number` varchar(255) CHARACTER SET utf8mb3 COLLATE utf8mb3_unicode_ci NOT NULL,
  `item_name` varchar(255) CHARACTER SET utf8mb3 COLLATE utf8mb3_unicode_ci NOT NULL,
  `payment_status` varchar(255) CHARACTER SET utf8mb3 COLLATE utf8mb3_unicode_ci NOT NULL,
  `payment_amount` double(10,2) NOT NULL,
  `payment_currency` varchar(255) CHARACTER SET utf8mb3 COLLATE utf8mb3_unicode_ci NOT NULL,
  `txn_id` varchar(255) CHARACTER SET utf8mb3 COLLATE utf8mb3_unicode_ci NOT NULL,
  `uid` varchar(200) CHARACTER SET utf8mb3 COLLATE utf8mb3_unicode_ci NOT NULL,
  `create_at` timestamp NOT NULL DEFAULT CURRENT_TIMESTAMP ON UPDATE CURRENT_TIMESTAMP
) ENGINE=InnoDB DEFAULT CHARSET=utf8mb3 COLLATE=utf8mb3_unicode_ci;

-- --------------------------------------------------------

--
-- Table structure for table `banner`
--

CREATE TABLE `banner` (
  `id` int NOT NULL,
  `title` varchar(255) DEFAULT NULL,
  `url` varchar(255) NOT NULL,
  `city_id` int NOT NULL,
  `img` varchar(250) DEFAULT NULL,
  `status` int NOT NULL,
  `design_type` int NOT NULL,
  `position` int NOT NULL,
  `created_at` timestamp NOT NULL DEFAULT CURRENT_TIMESTAMP,
  `updated_at` timestamp NULL DEFAULT NULL
) ENGINE=InnoDB DEFAULT CHARSET=latin1;

--
-- Dumping data for table `banner`
--

INSERT INTO `banner` (`id`, `title`, `url`, `city_id`, `img`, `status`, `design_type`, `position`, `created_at`, `updated_at`) VALUES
(5, 'The Yellow Chilli- by Master Chef Sanjeev Kapoor', '', 0, '1639095715178.jpg', 1, 0, 0, '2020-07-25 03:36:17', '2021-12-09 10:52:32'),
(6, 'Experience Fine Dining and Authentic Indian Cuisine', '', 0, '1639095328684.jpg', 0, 0, 0, '2020-07-25 03:36:30', '2021-12-09 10:45:28'),
(7, 'Welcome to The Yellow Chilli', '', 0, '1639094105523.jpg', 0, 0, 0, '2020-07-25 03:36:43', '2021-12-09 10:25:05');

-- --------------------------------------------------------

--
-- Table structure for table `banner_store`
--

CREATE TABLE `banner_store` (
  `id` int NOT NULL,
  `banner_id` int NOT NULL,
  `store_id` int NOT NULL,
  `created_at` timestamp NOT NULL DEFAULT CURRENT_TIMESTAMP,
  `updated_at` timestamp NOT NULL DEFAULT '0000-00-00 00:00:00'
) ENGINE=InnoDB DEFAULT CHARSET=latin1;

-- --------------------------------------------------------

--
-- Table structure for table `bookatable`
--

CREATE TABLE `bookatable` (
  `id` int NOT NULL,
  `name` varchar(255) CHARACTER SET utf8mb3 COLLATE utf8mb3_unicode_ci DEFAULT NULL,
  `mobile` varchar(20) CHARACTER SET utf8mb3 COLLATE utf8mb3_unicode_ci DEFAULT NULL,
  `email` varchar(255) CHARACTER SET utf8mb3 COLLATE utf8mb3_unicode_ci NOT NULL,
  `noofpeople` varchar(20) CHARACTER SET utf8mb3 COLLATE utf8mb3_unicode_ci DEFAULT NULL,
  `msg` text CHARACTER SET utf8mb3 COLLATE utf8mb3_unicode_ci,
  `booking_date` date DEFAULT NULL,
  `booking_time` time DEFAULT NULL,
  `created_at` datetime DEFAULT NULL,
  `updated_at` datetime DEFAULT NULL
) ENGINE=InnoDB DEFAULT CHARSET=utf8mb3 COLLATE=utf8mb3_unicode_ci;

--
-- Dumping data for table `bookatable`
--

INSERT INTO `bookatable` (`id`, `name`, `mobile`, `email`, `noofpeople`, `msg`, `booking_date`, `booking_time`, `created_at`, `updated_at`) VALUES
(1, 'Mandeep Singh', '9592000818', 'giftyhunjan@gmail.com', '10', 'test', '2021-11-24', '08:30:00', '2021-11-23 03:52:15', '2021-11-23 03:52:15'),
(2, 'Sukhdeep Singh', '17788652020', 'sukhdeep.karwal@gmail.com', '7', 'Need table for 7 people..', '2021-11-23', '19:00:00', '2021-11-23 10:29:02', '2021-11-23 10:29:02'),
(3, 'Mandeep Singh', '9592000818', 'giftyhunjan@gmail.com', '10', 'test', '2021-11-28', '11:45:00', '2021-11-27 03:50:44', '2021-11-27 03:50:44'),
(4, 'Mandeep Singh', '9592000818', 'giftyhunjan@gmail.com', '10', 'Test Booking', '2021-11-28', '11:30:00', '2021-11-27 04:02:21', '2021-11-27 04:02:21'),
(5, 'Testing', '1234567890', 'test@gmail.com', '1', 'test', '2022-02-25', '16:09:00', '2022-02-25 02:03:19', '2022-02-25 02:03:19'),
(6, 'test', '1234567890', 'test@gmail.com', '0', 'test', '2022-02-26', '11:30:00', '2022-02-25 02:05:51', '2022-02-25 02:05:51'),
(7, 'Testing', '1234567890', 'test@gmail.com', '0', 'test', '2022-02-25', '11:00:00', '2022-02-25 02:10:59', '2022-02-25 02:10:59'),
(8, 'samarpal', '2365586946', 'SAMARPALKAURBRAR@GMAIL.COM', '9', 'BIRTHDAY PARTY', '2022-02-25', '20:23:00', '2022-02-25 15:09:06', '2022-02-25 15:09:06'),
(9, 'RITESH', '6177500095', 'RITESHNANDA2@GMAIL.COM', '3', 'TWO ADULTS AND A CHILD (HIGH CHAIR NEEDED)', '2022-02-25', '17:56:00', '2022-02-25 15:27:21', '2022-02-25 15:27:21'),
(10, 'Nirdosh johal', '604.506.6208', 'Nerujohal@gmail.com', '2', 'Hello', '2022-02-25', '17:24:00', '2022-02-25 16:56:04', '2022-02-25 16:56:04'),
(11, 'Brijesh Patel', '7789640145', 'brijesh1019@gmail.com', '2', 'Table for 2 and a high chair for 18 months old one', '2022-02-25', '19:17:00', '2022-02-25 18:18:05', '2022-02-25 18:18:05'),
(12, 'Many', '604-8353438', 'Rommyji@yahoo.com', '2', 'Will be there in 30min', '2022-02-25', '20:37:00', '2022-02-25 19:54:36', '2022-02-25 19:54:36'),
(13, 'Reya Rana', '7789895006', 'reya_rana10@hotmail.com', '4', 'Table for 4 on February 26th at 1:30PM', '2022-02-26', '13:30:00', '2022-02-25 20:08:35', '2022-02-25 20:08:35'),
(14, 'Gurveen r Atwal', '6047279116', 'gurveena11@gmail.com', '6', 'Please book a table for 5-6 ladies .', '2022-02-26', '17:00:00', '2022-02-25 22:03:32', '2022-02-25 22:03:32'),
(15, 'Farzana Khan', '6047217660', 'fuzzy_huh69@hotmail.com', '2', 'Book a table for 2 for dinner 7pm', '2022-02-26', '19:02:00', '2022-02-26 10:18:16', '2022-02-26 10:18:16'),
(16, 'Karan dhanjal', '7782518636', 'Karan.deep287@yahoo.com', '8', 'Hi please confirm me once it booked', '2022-02-27', '19:00:00', '2022-02-26 11:29:52', '2022-02-26 11:29:52'),
(17, 'Divya Kumar', '6045618494', 'divyakumarr1@gmail.com', '4', 'I’d like to book a table for 4 please', '2022-02-26', '18:02:00', '2022-02-26 11:48:23', '2022-02-26 11:48:23'),
(18, 'Suresh', '7782288267', 'subhaandsuresh@yahoo.ca', '4', 'Prefer table with chairs over booth', '2022-02-26', '19:30:00', '2022-02-26 12:18:59', '2022-02-26 12:18:59'),
(19, 'Manny', '7788938073', 'Manny8@outlook.com', '4', 'Hi', '2022-02-26', '20:25:00', '2022-02-26 16:55:56', '2022-02-26 16:55:56'),
(20, 'Charu', '7782451740', 'charu.munish2001@gmail.com', '4', 'Table for 4', '2022-02-26', '19:38:00', '2022-02-26 18:39:31', '2022-02-26 18:39:31'),
(21, 'Ishwinder Saini', '6047154307', 'ishwinder21@icloud.com', '4', 'We are three adult and one three year old.', '2022-02-26', '20:04:00', '2022-02-26 19:07:13', '2022-02-26 19:07:13'),
(22, 'Vineeta Minhas', '6043763783', 'minhasvineeta@gmail.com', '6', 'Dinner', '2022-02-27', '18:51:00', '2022-02-27 10:06:44', '2022-02-27 10:06:44'),
(23, 'Nikhil', '6043750339', 'Nikhil10kundu@gmail.con', '8', 'Book table for 8', '2022-02-27', '20:27:00', '2022-02-27 18:12:43', '2022-02-27 18:12:43'),
(24, 'Reena', '6048323290', 'reena.arora89@yahoo.com', '2', 'We vl be there  on time', '2022-03-02', '20:08:00', '2022-03-02 10:10:44', '2022-03-02 10:10:44'),
(25, 'Deveshi', '6048174952', 'deveshid21@gmail.com', '5', 'If possible, please give a callback at the number stated above to confirm the reservation.', '2022-03-03', '21:00:00', '2022-03-02 13:22:03', '2022-03-02 13:22:03'),
(26, 'Deveshi', '6048174952', 'deveshid21@gmail.com', '5', 'Please give me a call if possible to confirm this booking. The previous reservation I received was for the wrong date. I am requesting booking for march 3, 2022 for 5 people.', '2022-03-03', '21:00:00', '2022-03-02 17:12:20', '2022-03-02 17:12:20'),
(27, 'Kartik', '5878947128', 'kartik_c73@yahoo.com', '7', 'Reservation for 7 people.', '2022-04-03', '19:30:00', '2022-03-02 19:46:33', '2022-03-02 19:46:33'),
(28, 'Gagan Garcha', '604-716-2493', 'gagan24cse@gmail.com', '4', 'Booking for 4 please', '2022-03-04', '19:00:00', '2022-03-03 12:45:50', '2022-03-03 12:45:50'),
(29, 'Bhavita Sharma', '7788613274', 'Hb1006@gmail.com', '2', 'Reservation for 2', '2022-03-04', '12:00:00', '2022-03-03 22:11:09', '2022-03-03 22:11:09'),
(30, 'Bhavita Sharma', '7788613274', 'Hb1006@gmail.com', '2', 'Reservation for 2', '2022-03-04', '12:00:00', '2022-03-03 22:11:50', '2022-03-03 22:11:50'),
(31, 'Kinza Pirzada', '7782519445', 'kinza.hassan@gmail.com', '10', 'Reservation for 6 adults and 4 children', '2022-03-05', '16:30:00', '2022-03-04 10:00:35', '2022-03-04 10:00:35'),
(32, 'Liz Ellis', '6043145466', 'lellis4@telus.net', '3', 'Please let me know if this works for tonight', '2022-03-04', '18:00:00', '2022-03-04 11:04:13', '2022-03-04 11:04:13'),
(33, 'tiger', '4165583768', 'tigerkulla@gmail.com', '2', 'we need to know your Ontario location phone number', '2022-03-04', '19:08:00', '2022-03-04 16:09:36', '2022-03-04 16:09:36'),
(34, 'Liza', '6046175719', 'leezarawat7@gmail.com', '4', '.', '2022-03-04', '21:12:00', '2022-03-04 18:58:17', '2022-03-04 18:58:17'),
(35, 'Arvinder Singh Pooni', '2368808715', 'aviinfo123456@gmail.com', '2', 'Ya', '2022-03-04', '19:59:00', '2022-03-04 19:30:57', '2022-03-04 19:30:57'),
(36, 'Sridevi', '9193080276', 'Vsridevi.ceg@gmail.com', '2', 'I want to book a table for two.', '2022-03-05', '19:08:00', '2022-03-05 09:23:36', '2022-03-05 09:23:36'),
(37, 'Lovejot Bajwa', '7788374405', 'lovejot.bajwa@gmail.com', '7', 'Reservation for a birthday dinner', '2022-03-06', '18:30:00', '2022-03-05 11:42:08', '2022-03-05 11:42:08'),
(38, 'Kajal', '6047104713', 'Dadrakajal@gmail.com', '2', 'Thanks', '2022-03-06', '19:30:00', '2022-03-05 13:12:50', '2022-03-05 13:12:50'),
(39, 'Kajal', '6047104713', 'Dadrakajal@gmail.com', '2', 'Please disregard my reservation booked at 19:30 please', '2022-03-06', '21:15:00', '2022-03-05 13:14:48', '2022-03-05 13:14:48'),
(40, 'Arun', '604-7169616', 'arunbansalcpa@gmail.com', '3', 'Please give us booth Facing Nordel', '2022-03-05', '19:27:00', '2022-03-05 18:13:32', '2022-03-05 18:13:32'),
(41, 'vishy', '7785581364', 'vishyx@hotmail.com', '5', 'hi can i book a table', '2022-03-05', '20:29:00', '2022-03-05 19:02:09', '2022-03-05 19:02:09'),
(42, 'sf', '7777777777', 'tde@gmail.com', '4', 'wf', '2022-03-05', '20:07:00', '2022-03-05 19:52:44', '2022-03-05 19:52:44'),
(43, 'Mehakdeep Singh', '7785131780', 'Mehakdhaliwal21@gmail.com', '4', 'Thank you', '2022-03-05', '20:52:00', '2022-03-05 20:09:11', '2022-03-05 20:09:11'),
(44, 'Kelly', '7789999974', 'K_esteves@hotmail.com', '5', 'All adults', '2022-03-06', '19:15:00', '2022-03-06 10:12:51', '2022-03-06 10:12:51'),
(45, 'Sammi Li', '6049924098', 'Sammili003@gmail.com', '3', 'Reservation for 3 at 5:30pm', '2022-03-06', '17:33:00', '2022-03-06 14:34:15', '2022-03-06 14:34:15'),
(46, 'Kamal Randhawa', '7788812500', 'kpsr324@gmail.com', '7', 'Need table for 7', '2022-03-06', '19:01:00', '2022-03-06 15:02:02', '2022-03-06 15:02:02'),
(47, 'Tanmay Sharma', '7789918677', 'tanmay14298@gmail.com', '6', 'there will be 5-6 persons', '2022-03-06', '21:44:00', '2022-03-06 20:45:20', '2022-03-06 20:45:20'),
(48, 'Navneet', '7788633894', 'navvy.rai@gmail.com', '3', 'n/a', '2022-03-07', '17:07:00', '2022-03-07 16:26:29', '2022-03-07 16:26:29'),
(49, 'Sandeep Singh', '7788751283', 'sndp_singh84@yahoo.com', '3', 'Hi i\'d like to book a table for our Marriage Anniversary occasion.', '2022-03-09', '18:45:00', '2022-03-08 07:14:28', '2022-03-08 07:14:28'),
(50, 'Seema', '6042023703', 'bosslady@telus.net', '8', 'Reservation for 8 people', '2022-03-08', '17:04:00', '2022-03-08 09:35:18', '2022-03-08 09:35:18'),
(51, 'Sharon', '6048050971', 'pc-harmony@shaw.ca', '5', 'Please book table for 5', '2022-03-10', '19:30:00', '2022-03-09 16:45:27', '2022-03-09 16:45:27'),
(52, 'Raman', '7782555585', 'Sandhur79@gmail.com', '2', 'None', '2022-03-10', '13:32:00', '2022-03-10 13:03:38', '2022-03-10 13:03:38'),
(53, 'Ameet Johal', '7783845081', 'ameetjohal7@gmail.com', '5', 'Thanks', '2022-03-12', '13:30:00', '2022-03-11 12:15:47', '2022-03-11 12:15:47'),
(54, 'Sandy', '778 668 6941', 'sandi_sihota@hotmail.com', '2', 'Thankyou', '2022-03-11', '18:37:00', '2022-03-11 15:22:28', '2022-03-11 15:22:28'),
(55, 'Sandy', '778 668 6941', 'sandi_sihota@hotmail.com', '2', 'Thankyoi', '2022-03-11', '19:08:00', '2022-03-11 15:24:04', '2022-03-11 15:24:04'),
(56, 'Ninder Virk', '2368852700', 'singhnarinder194@gmail.com', '2', 'Coming to celebrate our anniversary and we would appreciate if you can give us a cozy table. Thank you', '2022-03-12', '19:30:00', '2022-03-11 16:33:39', '2022-03-11 16:33:39'),
(57, 'Nikita sharma', '7782881915', 'Nikitasharma1915@gmail.com', '2', 'Table for 2', '2022-03-12', '19:45:00', '2022-03-11 18:06:07', '2022-03-11 18:06:07'),
(58, 'Meenu Kainth', '778-895-8425', 'Meenukainth@hotmail.com', '4', 'Thank you', '2022-03-12', '18:34:00', '2022-03-12 12:20:38', '2022-03-12 12:20:38'),
(59, 'Ruchir Dhall', '6047831450', 'ruchirdhall@gmail.com', '5', 'Will be there at 2004', '2022-03-12', '20:04:00', '2022-03-12 15:04:45', '2022-03-12 15:04:45'),
(60, 'Vaishali', '4372285925', 'vaishalisinghsolanki@gmail.com', '4', 'Thank you', '2022-03-12', '15:34:00', '2022-03-12 15:04:57', '2022-03-12 15:04:57'),
(61, 'RAMINDER GREWAL', '7786681367', 'Grewal.007@hotmail.com', '3', 'Please book table for 3 or add me to list', '2022-03-12', '20:44:00', '2022-03-12 19:30:35', '2022-03-12 19:30:35'),
(62, 'Teat', '9592000818', 'test@gmail.com', '1', 'testing only', '2022-03-14', '11:30:00', '2022-03-12 21:07:06', '2022-03-12 21:07:06'),
(63, 'test', '42141241241', 'test@gmail.com', '2', 'tsetsed', '2022-03-14', '11:00:00', '2022-03-12 21:09:38', '2022-03-12 21:09:38'),
(64, 'Kalyan Vemuri', '7788342787', 'kv2265@gmail.com', '6', 'Need table for 6 people', '2022-03-13', '19:00:00', '2022-03-12 22:10:52', '2022-03-12 22:10:52'),
(65, 'Dalal', '6043744424', 'Shanaz27yahoo.com', '4', 'Table for 4', '2022-03-13', '18:30:00', '2022-03-13 13:49:23', '2022-03-13 13:49:23'),
(66, 'Parizad Mistry', '7782554696', 'dazirap@hotmail.com', '4', 'Dinner for 4 at 645pm March 13', '2022-03-13', '18:45:00', '2022-03-13 14:18:36', '2022-03-13 14:18:36'),
(67, 'Husanpreet Kaur Gill', '6047809491', 'husanpreetkaur@icloud.com', '2', 'nothing', '2022-03-13', '19:57:00', '2022-03-13 18:14:54', '2022-03-13 18:14:54'),
(68, 'Navdeep', '6046573249', 'Navdeep_deo@yahoo.com', '4', 'Birthday dinner for our daughter', '2022-03-13', '19:35:00', '2022-03-13 18:21:18', '2022-03-13 18:21:18'),
(69, 'Harneet', '2368662170', 'Kharneet950@gmail.com', '4', '20:30pm for 4 people', '2022-03-13', '20:32:00', '2022-03-13 19:18:44', '2022-03-13 19:18:44'),
(70, 'Parul', '7783028871', 'parul_chalana@yahoo.com', '2', 'Table for 2 at 6:30', '2022-03-15', '18:32:00', '2022-03-15 07:48:23', '2022-03-15 07:48:23'),
(71, 'Virali Shah', '7058083721', 'Virali.shah1112@gmail.com', '2', 'Reserve table for anniversary', '2022-03-17', '19:30:00', '2022-03-16 12:08:48', '2022-03-16 12:08:48'),
(72, 'SONA', '6043655131', 'KAURSONVEER6@GMAIL.COM', '3', 'FOR DINNER', '2022-03-16', '18:48:00', '2022-03-16 17:34:46', '2022-03-16 17:34:46'),
(73, 'Yatin Shah', '6047253342', 'shahyatin@hotmail.com', '5', 'Please call me to confirm if possible. Thx.', '2022-03-19', '12:00:00', '2022-03-18 08:35:01', '2022-03-18 08:35:01'),
(74, 'Deepali Prakash', '6045005469', 'deepalibprakash@gmail.com', '3', 'None', '2022-03-19', '13:00:00', '2022-03-18 09:49:08', '2022-03-18 09:49:08'),
(75, 'Yatin Shah', '6047253342', 'shahyatin@hotmail.com', '5', 'Please call back to confirm. This is 2nd time booking!', '2022-03-19', '12:00:00', '2022-03-18 16:01:33', '2022-03-18 16:01:33'),
(76, 'AMANDEEP', '7782139595', 'aman81_81@yahoo.co.in', '3', 'Family Dinner', '2022-03-18', '19:31:00', '2022-03-18 17:46:46', '2022-03-18 17:46:46'),
(77, 'Kshitija Murudi', '9195931301', 'kshitija.murudi@gmail.com', '2', 'Prefer booth table', '2022-03-18', '19:23:00', '2022-03-18 17:55:14', '2022-03-18 17:55:14'),
(78, 'Frank Branch', '604 250 1103', 'cosmic.angler67@gmail.com', '2', 'Booking a table', '2022-03-19', '20:01:00', '2022-03-19 11:01:43', '2022-03-19 11:01:43'),
(79, 'Gurditt Singh', '7785515533', 'Gurditt_singh@outlook com', '3', 'Sofa chairs please', '2022-03-19', '19:53:00', '2022-03-19 11:39:14', '2022-03-19 11:39:14'),
(80, 'Vik', '7783456768', 'Vicky.goraya1989@yahoo.com', '04', '4 Pax - corner table please if possible', '2022-03-19', '19:06:00', '2022-03-19 16:07:43', '2022-03-19 16:07:43'),
(81, 'Anisha', '2368582280', 'Anishagandhi2606@gmail.com', '2', '2 people', '2022-03-19', '21:22:00', '2022-03-19 19:41:51', '2022-03-19 19:41:51'),
(82, 'Sridevi Venkatramanan', '9193080276', 'Vsridevi.ceg@gmail.com', '2', 'Table for 2 people', '2022-03-20', '11:36:00', '2022-03-20 10:52:55', '2022-03-20 10:52:55'),
(83, 'Sridevi Venkatramanan', '9193080276', 'vsridevi.ceg@gmail.com', '2', 'Book table', '2022-03-20', '12:57:00', '2022-03-20 12:32:07', '2022-03-20 12:32:07'),
(84, 'Manan goswami', '7788637090', 'Man.goswami12@gmail.com', '2', 'None.', '2022-03-22', '19:21:00', '2022-03-22 00:06:33', '2022-03-22 00:06:33'),
(85, 'Ashim', '6043888314', 'Ashimkhurana01@gmail.com', '5', 'Need table for 5 at 9-9:15', '2022-03-22', '21:09:00', '2022-03-22 01:40:25', '2022-03-22 01:40:25'),
(86, 'Harjot singh', '5309212677', 'harryaujla4u@gmail.com', '2', 'Dine in for 2 pekple', '2022-03-22', '19:02:00', '2022-03-22 16:03:00', '2022-03-22 16:03:00'),
(87, 'Harwinder', '7789267454', 'mandeepkhaira@icloud.com', '12', 'Thanks', '2022-03-22', '19:02:00', '2022-03-22 17:19:34', '2022-03-22 17:19:34'),
(88, 'Sahib Sidhu', '6044429098', 'ss3792798@gmail.com', '3', 'We are 3 people looking for a table to reserve for 8 pm today', '2022-03-23', '19:58:00', '2022-03-23 15:59:21', '2022-03-23 15:59:21'),
(89, 'Virender Kahlon', '7789991194', 'kahlon76@gmail.com', '4', 'Thank you', '2022-03-24', '19:49:00', '2022-03-24 19:08:10', '2022-03-24 19:08:10'),
(90, 'Mudit Sethi', '2368785152', 'muditakanksha@gmail.com', '2', 'Prefer a booth, thankyou', '2022-03-25', '20:10:00', '2022-03-25 08:42:22', '2022-03-25 08:42:22'),
(91, 'Satvvir  Bariaana', '778-858-1308', 'sbbariaana@yahoo.ca', '4', 'This booking is for 4 ladies for breakfast.', '2022-03-26', '11:30:00', '2022-03-25 08:44:15', '2022-03-25 08:44:15'),
(92, 'Mudit', '2364121841', 'setmt18@gmail.com', '2', 'Table for 2', '2022-03-25', '19:24:00', '2022-03-25 18:09:50', '2022-03-25 18:09:50'),
(93, 'Gurleen Kaur', '7783208169', 'drgurleenkaur2015@gmail.com', '4', 'For 4 people', '2022-03-25', '19:39:00', '2022-03-25 18:58:07', '2022-03-25 18:58:07'),
(94, 'Hardeep', '6045511366', 'Hardeep.soorma@gmail.com', '3', 'Thanks', '2022-03-25', '19:33:00', '2022-03-25 19:18:59', '2022-03-25 19:18:59'),
(95, 'Mandeep', '13232332', 'info@giftechies.com', '12', 'Testing Only', '2022-03-27', '11:30:00', '2022-03-25 23:18:36', '2022-03-25 23:18:36'),
(96, 'admin', '476476467', 'test@gmail.com', '0', 'testing', '2021-11-24', '11:15:00', '2022-03-25 23:19:37', '2022-03-25 23:19:37'),
(97, 'Teat', '476476467', 'demouser1@gmail.com', '0', 'test', '2022-03-27', '11:45:00', '2022-03-25 23:21:10', '2022-03-25 23:21:10'),
(98, 'Teat', '476476467', 'demouser1@gmail.com', '0', 'testing only', '2022-03-27', '11:45:00', '2022-03-25 23:23:20', '2022-03-25 23:23:20'),
(99, 'Teat', '476476467', 'demouser1@gmail.com', '0', 'Testing only', '2022-03-27', '11:15:00', '2022-03-25 23:27:16', '2022-03-25 23:27:16'),
(100, 'Sushanta Das', '2068867557', 'this.is.sushanta@gmail.com', '4', '2kids and 2 adults. Looking forward to exploring your culinary experience.', '2022-03-26', '13:38:00', '2022-03-26 07:24:23', '2022-03-26 07:24:23'),
(101, 'Natasha Nawaratne', '6477866927', 'natasha.nawaratne@gmail.com', '5', 'Table for 5 please. 6pm March 27th Sunday', '2022-03-27', '18:00:00', '2022-03-26 14:00:09', '2022-03-26 14:00:09'),
(102, 'paras Duggal', '7789559742', 'Parasduggal11@gmail.com', '7', 'Hi', '2022-03-26', '20:01:00', '2022-03-26 15:02:11', '2022-03-26 15:02:11'),
(103, 'Sandhya', '7788372643', 'Sandhya.r2811@gmail.com', '7', 'Hi \r\nWe want table for 7 people', '2022-03-26', '20:27:00', '2022-03-26 19:15:20', '2022-03-26 19:15:20'),
(104, 'Manjot Riar', '778-929-0452', 'manjotriar0@gmail.com', '5', 'Hi', '2022-03-28', '20:30:00', '2022-03-27 19:56:31', '2022-03-27 19:56:31'),
(105, 'Manmeet Makkar', '6046180102', 'manmeet.makkar09@gmail.com', '6', 'Please be advised that in case there is any change, I I will provide an update one hour prior to the reserved time.', '2022-03-28', '17:32:00', '2022-03-28 12:18:37', '2022-03-28 12:18:37'),
(106, 'Karan Suri', '6046905621', 'chefkaransuri@gmail.com', '4', 'Thank you', '2022-03-30', '18:24:00', '2022-03-30 17:25:01', '2022-03-30 17:25:01'),
(107, 'Harninder Dhillon', '7787073650', 'dhillon.harninder @gmail.com', '4', 'Hi \r\nI would like to book a table for 4 people', '2022-03-30', '19:32:00', '2022-03-30 17:50:14', '2022-03-30 17:50:14'),
(108, 'gurpreet arora', '7788826352', 'gurpreetarora2003@gmail.com', '5', 'Birthday', '2022-03-31', '19:10:00', '2022-03-31 12:26:36', '2022-03-31 12:26:36'),
(109, 'Jasmin kaur', '7783843268', 'Rooha_rs90@yahoo.com', '5', 'Tabel for 5 for birthday celebration', '2022-03-31', '19:02:00', '2022-03-31 15:03:03', '2022-03-31 15:03:03'),
(110, 'Hemlata Tailor', '6046557282', 'ktailo6209@shaw.ca', '4', 'Reserve table', '2022-04-01', '19:00:00', '2022-03-31 19:47:47', '2022-03-31 19:47:47'),
(111, 'Joti Dhami', '6048251756', 'jotidhami88@gmail.com', '8', '4 adults and 4 kids', '2022-04-01', '19:01:00', '2022-04-01 17:47:08', '2022-04-01 17:47:08'),
(112, 'Kuldeep kaur', '7786885254', 'Kuldeepkaur3366@gmail.com', '2', 'N/A', '2022-04-01', '20:37:00', '2022-04-01 18:23:26', '2022-04-01 18:23:26'),
(113, 'Sheldon Mercado', '6048317684', 'smercado@gmail.com', '3', '3 people', '2022-04-02', '19:04:00', '2022-04-02 09:51:36', '2022-04-02 09:51:36'),
(114, 'Sheldon Mercado', '6048317684', 'smercado@gmail.com', '3', '3 people', '2022-04-02', '19:08:00', '2022-04-02 09:54:41', '2022-04-02 09:54:41'),
(115, 'Sheldon Mercado', '6048317684', 'smercado@gmail.com', '3', '3 people', '2022-04-02', '19:11:00', '2022-04-02 10:57:40', '2022-04-02 10:57:40'),
(116, 'Sheldon Mercado', '6048317684', 'smercado@gmail.com', '3', '3 people', '2022-04-02', '19:02:00', '2022-04-02 12:02:59', '2022-04-02 12:02:59'),
(117, 'Shashank Verma', '647-773-8546', '709shank@gmail.com', '5', 'We have a infant with us, please accommodate us with baby chair', '2022-04-03', '20:21:00', '2022-04-03 15:07:41', '2022-04-03 15:07:41'),
(118, 'sarah', '9057815117', 'sarahbhella.sb@gmail.com', '6', '5 adults & 1 child', '2022-04-04', '18:14:00', '2022-04-04 17:00:26', '2022-04-04 17:00:26'),
(119, 'Steve Smith', '604-562-7266', 'stephen.smith@fraserhealth.ca', '5', 'Looking to reserve a table for 5 people,  at 6pm, April 7th - many thanks', '2022-04-07', '18:01:00', '2022-04-07 08:47:21', '2022-04-07 08:47:21'),
(120, 'Suki', '6043060791', 'suki@sangroupinc.com', '4', 'Book', '1969-12-31', '17:30:00', '2022-04-07 20:24:38', '2022-04-07 20:24:38'),
(121, 'Blayne Daly', '604 329 8471', 'Blayne.sc.daly@gmail.com', '2', 'Table for 2 @ 7pm', '2022-04-08', '19:06:00', '2022-04-08 10:08:43', '2022-04-08 10:08:43'),
(122, 'Raj Bhullar', '6044998263', 'Rajbhullar@hotmail.com', '2', 'Dinner reservations for this evening for 2 please. Thanks.', '2022-04-08', '19:39:00', '2022-04-08 11:24:56', '2022-04-08 11:24:56'),
(123, 'Pooja', '7788700211', 'shahpoo415@gmail.com', '2', 'Table for 2', '2022-04-08', '20:46:00', '2022-04-08 15:02:33', '2022-04-08 15:02:33'),
(124, 'Naeem Shafi', '9053348279', 'naeemshafi@hotmail.com', '7', 'Thanks', '2022-04-08', '19:02:00', '2022-04-08 16:18:57', '2022-04-08 16:18:57'),
(125, 'Naeem Shafi', '905-334-8279', 'naeemshafi@hotmail.com', '7', 'Thanks', '2022-04-08', '19:05:00', '2022-04-08 16:20:28', '2022-04-08 16:20:28'),
(126, 'Rohit', '6047839247', 'rbimbra@hotmail.com', '2', 'Thank you', '2022-04-08', '19:56:00', '2022-04-08 18:58:09', '2022-04-08 18:58:09'),
(127, 'Manish Jani', '604-817-9540', 'mdjani@yahoo.com', '2', 'Vegetarian', '2022-04-08', '20:07:00', '2022-04-08 19:38:38', '2022-04-08 19:38:38'),
(128, 'Zein', '6047284087', 'zeinul@shaw.ca', '4', 'Would like to reserve a table for 4 tonight', '2022-04-09', '20:29:00', '2022-04-09 12:30:36', '2022-04-09 12:30:36'),
(129, 'Simran Kaur', '7788906707', 'simrankaur081996@gmail.com', '6', 'We wanna book table for 6 people at 8:45pm today', '2022-04-09', '20:42:00', '2022-04-09 13:57:51', '2022-04-09 13:57:51'),
(130, 'Simran Kaur', '7788906707', 'simrankaursaini37@gmail.com', '6', 'booking for 6 people', '2022-04-09', '20:47:00', '2022-04-09 14:03:10', '2022-04-09 14:03:10'),
(131, 'Abhi', '2369894862', 'abhishek1912@gmail.com', '2', 'Reserving table for 2 people', '2022-04-09', '19:16:00', '2022-04-09 17:02:02', '2022-04-09 17:02:02'),
(132, 'Sukh', '7782460269', 'suksandhu@outlook.com', '11', '3 kids 8 adults', '2022-04-09', '18:52:00', '2022-04-09 18:07:58', '2022-04-09 18:07:58'),
(133, 'Hardeep', '6045511366', 'Hardeep.soorma@gmail.com', '3', 'Thank you', '2022-04-09', '19:23:00', '2022-04-09 19:08:38', '2022-04-09 19:08:38'),
(134, 'Mina', '7789520992', 'Solacekaur@gmail.com', '3', 'Thank you', '2022-04-09', '20:32:00', '2022-04-09 19:48:13', '2022-04-09 19:48:13'),
(135, 'Vikrant Padia', '2144782706', 'vikrant.padia@gmail.com', '3', 'We are 2 adults and a child visiting from Seattle WA', '2022-04-10', '12:56:00', '2022-04-10 08:53:27', '2022-04-10 08:53:27'),
(136, 'Jaismeen  Kaur', '2368653747', 'jk.jais.11@gmail.com', '7', 'Hi, we are 6 adults and 1 kid, and we need a table for today 10th April at 1:25 pm', '2022-04-10', '13:25:00', '2022-04-10 11:41:20', '2022-04-10 11:41:20'),
(137, 'Kyra Marshall', '7787989821', 'marshallkyra99@gmail.com', '2', 'Reservation request for 9pm please', '2022-04-10', '21:01:00', '2022-04-10 20:32:10', '2022-04-10 20:32:10'),
(138, 'Samarjit Dhillon', '604-996-2556', 'samarjit.dhillon@outlook.com', '2', 'Please book us a booth. Thank you', '2022-04-12', '18:00:00', '2022-04-11 16:41:22', '2022-04-11 16:41:22'),
(139, 'Himani Garg', '6048970866', 'himanigarg1998@gmail.com', '3', '.', '2022-04-12', '20:26:00', '2022-04-12 13:56:51', '2022-04-12 13:56:51'),
(140, 'Dewansh Modi', '7789526220', 'dewanshmodi@gmail.com', '2', 'N/a', '2022-04-12', '19:17:00', '2022-04-12 16:32:52', '2022-04-12 16:32:52'),
(141, 'Mayank Misra', '6133029277', 'misra.mayank@ymail. Com', '5', 'Table for with a Kid', '2022-04-13', '19:50:00', '2022-04-13 12:21:18', '2022-04-13 12:21:18'),
(142, 'Jatin Burman', '6042062111', 'jatinburmanca@gmail.com', '4', 'Anniversary Dinner', '2022-04-14', '19:00:00', '2022-04-13 14:50:32', '2022-04-13 14:50:32'),
(143, 'Charu Verma', '7782451740', 'Charu.verma0104@gmail.com', '6', 'Need a seating in dining lounge (the sofa sitting )', '2022-04-13', '20:03:00', '2022-04-13 18:33:11', '2022-04-13 18:33:11'),
(144, 'Gurk Singh', '7786812849', 'gsingh.van@gmail.com', '4', 'Nice booth for 4 please', '2022-04-14', '19:00:00', '2022-04-13 19:03:56', '2022-04-13 19:03:56'),
(145, 'Kieran Falconer', '6043532281', 'Falconerskk@gmail.com', '2', '.', '2022-04-14', '11:45:00', '2022-04-13 21:18:07', '2022-04-13 21:18:07'),
(146, 'Naren Tailor', '6049683939', 'Narentailor@hotmail.com', '7', '7 people', '2022-04-15', '20:45:00', '2022-04-13 21:20:30', '2022-04-13 21:20:30'),
(147, 'Gurjit Sohal', '6045376550', 'gurjitxsohal@gmail.com', '7', 'Birthday dinner', '2022-04-15', '19:30:00', '2022-04-14 20:05:47', '2022-04-14 20:05:47'),
(148, 'Alexandra', '6043682576', 'Alexandra.sanghera@gmail.com', '4', 'Near the window please', '2022-04-15', '18:00:00', '2022-04-15 11:31:00', '2022-04-15 11:31:00'),
(149, 'jas grewal', '604-832-9592', 'jaswindergrewal10@outlook.com', '8', 'looking for a table for 8;30pm', '2022-04-15', '20:36:00', '2022-04-15 13:38:47', '2022-04-15 13:38:47'),
(150, 'Divya', '7782423722', 'sdivyadrishti18@gmail.com', '2', 'Please confirm if a table is available for 2 people at 9pm tomorrow.', '2022-04-16', '21:00:00', '2022-04-15 16:12:37', '2022-04-15 16:12:37'),
(151, 'Anurag Srivastava', '2367882700', 'anuragsrivastava17@gmx.com', '4', '2 people are vegan. 2 eat non veg.', '2022-04-15', '18:57:00', '2022-04-15 16:13:10', '2022-04-15 16:13:10'),
(152, 'Gurvinder Warrya', '6043660085', 'docricky78@hotmail.com', '4', 'For family of 4', '2022-04-15', '18:39:00', '2022-04-15 16:26:56', '2022-04-15 16:26:56'),
(153, 'Manav Wasson', '7782387044', 'Manavwasson41099@gmail.com', '2', 'Table by the window', '2022-04-16', '13:34:00', '2022-04-16 12:49:51', '2022-04-16 12:49:51'),
(154, 'Rita Silveira', '604 441 4580', 'rveira@telus.net', '4', 'Thank you', '2022-04-17', '12:00:00', '2022-04-16 17:20:37', '2022-04-16 17:20:37'),
(155, 'Harshita Malik', '6046531981', 'chawlaharshita1@gmail.com', '2', 'Na', '2022-04-16', '20:49:00', '2022-04-16 19:04:41', '2022-04-16 19:04:41'),
(156, 'Sajal', '7783444939', 'Sajal31200@gmail.com', '2', 'Table for two at 9:45pm', '2022-04-17', '21:45:00', '2022-04-17 20:31:25', '2022-04-17 20:31:25'),
(157, 'Shayal Kumar', '7788860207', 'Giakumar3gmail.com', '5', 'For birthday', '2022-04-18', '12:30:00', '2022-04-18 12:01:01', '2022-04-18 12:01:01'),
(158, 'Gaurang Srivastava', '4034024127', 'gaurangsriv@gmail.com', '9', '8 adults and 1 child... celebrating parent\'s 35th marriage anniversary', '2022-04-19', '19:00:00', '2022-04-19 13:12:22', '2022-04-19 13:12:22'),
(159, 'Bevis Philip', '6045188044', 'bevistphilip1999@gmail.com', '2', 'Booking gable for Bevis and nirmal', '2022-04-20', '20:30:00', '2022-04-19 21:54:28', '2022-04-19 21:54:28');

-- --------------------------------------------------------

--
-- Table structure for table `cart`
--

CREATE TABLE `cart` (
  `id` int NOT NULL,
  `cart_no` varchar(250) DEFAULT NULL,
  `user_id` int DEFAULT NULL,
  `store_id` int NOT NULL,
  `item_id` int NOT NULL,
  `price` varchar(250) DEFAULT NULL,
  `qty` int NOT NULL,
  `qty_type` int NOT NULL,
  `msg` varchar(255) DEFAULT NULL,
  `created_at` timestamp NOT NULL DEFAULT CURRENT_TIMESTAMP,
  `updated_at` datetime DEFAULT NULL
) ENGINE=InnoDB DEFAULT CHARSET=latin1;

--
-- Dumping data for table `cart`
--

INSERT INTO `cart` (`id`, `cart_no`, `user_id`, `store_id`, `item_id`, `price`, `qty`, `qty_type`, `msg`, `created_at`, `updated_at`) VALUES
(29, '28', NULL, 1, 2, '9', 1, 1, '', '2021-09-14 16:41:31', '2021-09-14 12:41:31'),
(33, '27', NULL, 1, 1, '9', 1, 1, '', '2021-11-11 06:11:35', '2021-11-11 01:11:35'),
(34, '27', NULL, 1, 3, '10', 2, 1, '', '2021-11-11 06:11:45', '2021-11-11 01:11:45'),
(54, '32', NULL, 1, 1, '7', 1, 1, '', '2021-11-23 12:58:45', '2021-11-23 18:28:45'),
(55, '34', NULL, 1, 1, '7', 1, 1, '', '2021-11-23 13:41:18', '2021-11-23 19:11:18'),
(56, '34', NULL, 1, 6, '9.75', 2, 1, '', '2021-11-23 13:41:23', '2021-11-23 19:12:46'),
(57, '34', NULL, 1, 5, '11.75', 1, 1, '', '2021-11-23 13:41:30', '2021-11-23 19:11:30'),
(58, '34', NULL, 1, 31, '18', 1, 1, '', '2021-11-23 13:41:35', '2021-11-23 19:11:35'),
(59, '34', NULL, 1, 17, '18.75', 1, 1, '', '2021-11-23 13:41:41', '2021-11-23 19:11:41'),
(60, '34', NULL, 1, 44, '17.75', 1, 1, '', '2021-11-23 13:41:47', '2021-11-23 19:11:47'),
(61, '34', NULL, 1, 52, '6.75', 1, 1, '', '2021-11-23 13:41:53', '2021-11-23 19:11:53'),
(62, '34', NULL, 1, 197, '8', 1, 1, '', '2021-11-23 13:41:59', '2021-11-23 19:11:59'),
(83, '36', NULL, 1, 43, '15.75', 1, 1, '', '2021-11-27 13:23:01', '2021-11-27 18:53:01'),
(84, '36', NULL, 1, 46, '3', 3, 1, '', '2021-11-27 13:23:18', '2021-11-27 18:53:18'),
(85, '36', NULL, 1, 51, '4.50', 1, 1, '', '2021-11-27 13:23:31', '2021-11-27 18:53:31'),
(86, '36', NULL, 1, 29, '18', 1, 1, '', '2021-11-27 13:24:00', '2021-11-27 18:54:00'),
(87, '36', NULL, 1, 40, '16', 1, 1, '', '2021-11-27 13:24:17', '2021-11-27 18:54:17'),
(102, '37', NULL, 1, 9, '12.75', 1, 1, '', '2021-11-28 12:29:22', '2021-11-28 17:59:22'),
(103, '37', NULL, 1, 31, '18', 1, 1, '', '2021-11-28 12:29:48', '2021-11-28 17:59:48'),
(104, '37', NULL, 1, 22, '16', 1, 1, '', '2021-11-28 12:30:13', '2021-11-28 18:00:13'),
(105, '37', NULL, 1, 41, '16', 1, 1, '', '2021-11-28 12:30:54', '2021-11-28 18:00:54'),
(106, '37', NULL, 1, 49, '7.50', 1, 1, '', '2021-11-28 12:32:29', '2021-11-28 18:02:29'),
(107, '38', NULL, 1, 207, '8', 1, 1, '', '2021-11-29 14:32:35', '2021-11-29 20:02:35'),
(108, '38', NULL, 1, 11, '12.75', 1, 1, '', '2021-11-29 14:32:41', '2021-11-29 20:02:41'),
(109, '38', NULL, 1, 14, '18', 1, 1, '', '2021-11-29 14:32:44', '2021-11-29 20:02:44'),
(110, '38', NULL, 1, 20, '16.75', 1, 1, '', '2021-11-29 14:32:50', '2021-11-29 20:02:50'),
(111, '38', NULL, 1, 44, '17.75', 1, 1, '', '2021-11-29 14:32:53', '2021-11-29 20:02:53'),
(112, '38', NULL, 1, 46, '3', 3, 1, '', '2021-11-29 14:32:57', '2021-11-29 20:02:57'),
(113, '38', NULL, 1, 47, '2.50', 2, 1, '', '2021-11-29 14:33:00', '2021-11-29 20:03:00'),
(114, '38', NULL, 1, 57, '5.75', 3, 1, '', '2021-11-29 14:33:06', '2021-11-29 20:03:06'),
(116, '41', NULL, 1, 182, '16', 1, 1, '', '2021-12-08 09:51:27', '2021-12-08 15:21:27'),
(119, '42', NULL, 1, 35, '18.75', 1, 1, '', '2021-12-09 12:12:29', '2021-12-09 17:42:29'),
(120, '42', NULL, 1, 32, '26.75', 1, 1, '', '2021-12-09 12:13:35', '2021-12-09 17:43:35'),
(121, '42', NULL, 1, 29, '18', 1, 1, '', '2021-12-09 12:13:48', '2021-12-09 17:43:48'),
(122, '42', NULL, 1, 201, '4', 2, 1, '', '2021-12-09 12:14:47', '2021-12-09 17:44:47'),
(123, '42', NULL, 1, 208, '4', 2, 1, '', '2021-12-09 12:14:55', '2021-12-09 17:44:55'),
(124, '42', NULL, 1, 202, '3', 1, 1, '', '2021-12-09 12:15:04', '2021-12-09 17:45:04'),
(125, '43', NULL, 1, 44, '17.75', 1, 1, '', '2021-12-09 16:09:06', '2021-12-09 21:39:06'),
(126, '43', NULL, 1, 46, '3', 1, 1, '', '2021-12-09 16:09:31', '2021-12-09 21:39:31'),
(127, '43', NULL, 1, 47, '2.50', 2, 1, '', '2021-12-09 16:09:43', '2021-12-09 21:39:43'),
(128, '43', NULL, 1, 28, '18', 1, 1, '', '2021-12-09 16:10:50', '2021-12-09 21:40:50'),
(130, '45', NULL, 1, 180, '18', 1, 1, '', '2021-12-11 12:00:05', '2021-12-11 17:30:05'),
(131, '45', NULL, 1, 28, '18', 1, 1, '', '2021-12-11 12:00:19', '2021-12-11 17:30:19'),
(132, '45', NULL, 1, 31, '18', 1, 1, '', '2021-12-11 12:00:26', '2021-12-11 17:30:26'),
(133, '45', NULL, 1, 200, '18', 1, 1, '', '2021-12-11 12:00:31', '2021-12-11 17:30:31'),
(134, '45', NULL, 1, 34, '21.75', 1, 1, '', '2021-12-11 12:00:36', '2021-12-11 17:30:36'),
(135, '45', NULL, 1, 36, '17', 1, 1, '', '2021-12-11 12:00:49', '2021-12-11 17:30:49'),
(136, '45', NULL, 1, 208, '4', 12, 1, '', '2021-12-11 12:01:15', '2021-12-11 17:31:15'),
(137, '45', NULL, 1, 49, '7.50', 2, 1, '', '2021-12-11 12:01:28', '2021-12-11 17:31:28'),
(138, '45', NULL, 1, 57, '5.75', 2, 1, '', '2021-12-11 12:01:45', '2021-12-11 17:33:11'),
(139, '45', NULL, 1, 59, '9.75', 1, 1, '', '2021-12-11 12:02:00', '2021-12-11 17:32:00'),
(140, '45', NULL, 1, 60, '6', 1, 1, '', '2021-12-11 12:02:10', '2021-12-11 17:32:10'),
(141, '46', NULL, 1, 206, '8', 1, 1, '', '2021-12-11 13:22:50', '2021-12-11 18:52:50'),
(142, '46', NULL, 1, 29, '18', 1, 1, '', '2021-12-11 13:23:28', '2021-12-11 18:53:28'),
(144, '46', NULL, 1, 208, '4', 8, 1, '', '2021-12-11 13:24:38', '2021-12-11 18:54:38'),
(153, '47', NULL, 1, 31, '18', 1, 1, '', '2021-12-11 13:51:09', '2021-12-11 19:21:09'),
(161, '48', NULL, 1, 180, '18', 4, 1, '', '2021-12-12 15:35:06', '2021-12-12 21:05:06'),
(164, '48', NULL, 1, 181, '17.50', 2, 1, '', '2021-12-12 15:37:07', '2021-12-12 21:07:07'),
(165, '48', NULL, 1, 29, '18', 2, 1, '', '2021-12-12 15:37:17', '2021-12-12 21:07:17'),
(166, '48', NULL, 1, 36, '17', 1, 1, '', '2021-12-12 15:37:31', '2021-12-12 21:07:31'),
(167, '48', NULL, 1, 38, '17', 1, 1, '', '2021-12-12 15:37:34', '2021-12-12 21:07:34'),
(171, '49', NULL, 1, 41, '16', 1, 1, '', '2021-12-14 15:53:51', '2021-12-14 21:23:51'),
(173, '49', NULL, 1, 30, '18', 1, 1, '', '2021-12-14 15:54:36', '2021-12-14 21:24:36'),
(174, '49', NULL, 1, 208, '4', 1, 1, '', '2021-12-14 15:55:48', '2021-12-14 21:25:48'),
(179, '51', NULL, 1, 2, '10.5', 1, 1, '', '2021-12-15 10:14:21', '2021-12-15 15:44:21'),
(180, '51', NULL, 1, 201, '4', 1, 1, '', '2021-12-15 10:16:06', '2021-12-15 15:46:06'),
(181, '40', NULL, 1, 10, '14.75', 3, 1, '', '2021-12-15 12:25:37', '2021-12-15 17:55:37'),
(182, '40', NULL, 1, 37, '17.75', 3, 1, '', '2021-12-15 12:26:57', '2021-12-15 17:56:57'),
(183, '40', NULL, 1, 45, '15.75', 3, 1, '', '2021-12-15 12:27:20', '2021-12-15 18:03:48'),
(184, '40', NULL, 1, 187, '16.75', 3, 1, '', '2021-12-15 12:28:13', '2021-12-15 17:58:13'),
(185, '40', NULL, 1, 194, '3.50', 15, 1, '', '2021-12-15 12:29:31', '2021-12-15 17:59:31'),
(186, '40', NULL, 1, 48, '4.75', 5, 1, '', '2021-12-15 12:30:03', '2021-12-15 18:00:03'),
(187, '40', NULL, 1, 52, '6.75', 4, 1, '', '2021-12-15 12:30:30', '2021-12-15 18:00:30'),
(188, '40', NULL, 1, 6, '9.75', 2, 1, '', '2021-12-15 12:31:13', '2021-12-15 18:01:13'),
(189, '40', NULL, 1, 207, '8', 2, 1, '', '2021-12-15 12:32:14', '2021-12-15 18:02:14'),
(190, '52', NULL, 1, 57, '5.75', 1, 1, '', '2021-12-16 15:29:23', '2021-12-16 20:59:23'),
(191, '52', NULL, 1, 197, '8', 1, 1, '', '2021-12-16 15:29:29', '2021-12-16 20:59:29'),
(192, '54', NULL, 1, 44, '17.75', 1, 1, '', '2021-12-17 13:30:32', '2021-12-17 19:00:32'),
(193, '54', NULL, 1, 30, '18', 1, 1, '', '2021-12-17 13:30:53', '2021-12-17 19:00:53'),
(194, '54', NULL, 1, 201, '4', 2, 1, '', '2021-12-17 13:31:16', '2021-12-17 19:01:16'),
(201, '56', NULL, 1, 19, '27.75', 1, 1, '', '2021-12-18 14:34:15', '2021-12-18 20:04:15'),
(202, '56', NULL, 1, 29, '18', 1, 1, '', '2021-12-18 14:34:30', '2021-12-18 20:04:30'),
(203, '56', NULL, 1, 34, '21.75', 1, 1, '', '2021-12-18 14:35:14', '2021-12-18 20:05:14'),
(204, '56', NULL, 1, 30, '18', 1, 1, '', '2021-12-18 14:35:22', '2021-12-18 20:05:22'),
(205, '56', NULL, 1, 208, '4', 2, 1, '', '2021-12-18 14:35:33', '2021-12-18 20:05:33'),
(206, '56', NULL, 1, 192, '11', 2, 1, '', '2021-12-18 14:35:41', '2021-12-18 20:05:41'),
(207, '56', NULL, 1, 201, '4', 2, 1, '', '2021-12-18 14:35:48', '2021-12-18 20:05:48'),
(211, '57', NULL, 1, 28, '18', 1, 1, '', '2021-12-20 10:18:04', '2021-12-20 15:48:04'),
(212, '57', NULL, 1, 33, '19.75', 1, 1, '', '2021-12-20 10:18:11', '2021-12-20 15:48:11'),
(213, '57', NULL, 1, 32, '26.75', 1, 1, '', '2021-12-20 10:18:20', '2021-12-20 15:48:20'),
(214, '57', NULL, 1, 39, '16', 1, 1, '', '2021-12-20 10:18:29', '2021-12-20 15:48:29'),
(215, '57', NULL, 1, 42, '17.50', 1, 1, '', '2021-12-20 10:18:37', '2021-12-20 15:48:37'),
(216, '57', NULL, 1, 41, '16', 1, 1, '', '2021-12-20 10:18:40', '2021-12-20 15:48:40'),
(217, '57', NULL, 1, 44, '17.75', 1, 1, '', '2021-12-20 10:18:55', '2021-12-20 15:48:55'),
(218, '57', NULL, 1, 43, '15.75', 1, 1, '', '2021-12-20 10:18:56', '2021-12-20 15:48:56'),
(219, '57', NULL, 1, 48, '4.75', 1, 1, '', '2021-12-20 10:19:08', '2021-12-20 15:49:08'),
(220, '57', NULL, 1, 194, '3.50', 1, 1, '', '2021-12-20 10:19:10', '2021-12-20 15:49:10'),
(221, '57', NULL, 1, 47, '2.50', 2, 1, '', '2021-12-20 10:19:14', '2021-12-20 15:49:17'),
(222, '57', NULL, 1, 59, '9.75', 1, 1, '', '2021-12-20 10:19:34', '2021-12-20 15:49:34'),
(223, '57', NULL, 1, 57, '5.75', 1, 1, '', '2021-12-20 10:19:35', '2021-12-20 15:49:35'),
(224, '57', NULL, 1, 196, '9.75', 1, 1, '', '2021-12-20 10:19:38', '2021-12-20 15:49:38'),
(225, '57', NULL, 1, 58, '11.75', 1, 1, '', '2021-12-20 10:19:45', '2021-12-20 15:49:45'),
(226, '58', NULL, 1, 207, '8', 1, 1, '', '2021-12-24 05:25:44', '2021-12-24 10:55:44'),
(227, '58', NULL, 1, 206, '8', 1, 1, '', '2021-12-24 05:25:57', '2021-12-24 10:55:57'),
(228, '58', NULL, 1, 28, '18', 1, 1, '', '2021-12-24 05:26:33', '2021-12-24 10:56:33'),
(229, '58', NULL, 1, 30, '18', 1, 1, '', '2021-12-24 05:26:37', '2021-12-24 10:56:37'),
(230, '58', NULL, 1, 35, '18.75', 1, 1, '', '2021-12-24 05:27:08', '2021-12-24 10:57:08'),
(231, '58', NULL, 1, 38, '17', 1, 1, '', '2021-12-24 05:27:16', '2021-12-24 10:57:16'),
(232, '58', NULL, 1, 44, '17.75', 1, 1, '', '2021-12-24 05:27:26', '2021-12-24 10:57:26'),
(233, '58', NULL, 1, 46, '3', 8, 1, '', '2021-12-24 05:34:15', '2021-12-24 11:04:15'),
(234, '58', NULL, 1, 201, '4', 4, 1, '', '2021-12-24 05:34:18', '2021-12-24 11:06:55'),
(235, '58', NULL, 1, 196, '9.75', 2, 1, '', '2021-12-24 05:35:57', '2021-12-24 11:05:57'),
(236, '58', NULL, 1, 57, '5.75', 3, 1, '', '2021-12-24 05:36:05', '2021-12-24 11:06:05'),
(238, '59', NULL, 1, 35, '18.75', 1, 1, '', '2021-12-24 13:04:08', '2021-12-24 18:34:08'),
(239, '59', NULL, 1, 204, '10', 1, 1, '', '2021-12-24 13:06:39', '2021-12-24 18:36:39'),
(240, '60', NULL, 1, 36, '17', 1, 1, '', '2021-12-24 13:26:05', '2021-12-24 18:56:05'),
(241, '60', NULL, 1, 37, '17.75', 1, 1, '', '2021-12-24 13:26:10', '2021-12-24 18:56:10'),
(243, '60', NULL, 1, 201, '4', 5, 1, '', '2021-12-24 13:27:16', '2021-12-24 18:57:59'),
(245, '60', NULL, 1, 202, '3', 2, 1, '', '2021-12-24 13:28:08', '2021-12-24 18:58:08'),
(246, '60', NULL, 1, 57, '5.75', 4, 1, '', '2021-12-24 13:29:19', '2021-12-24 18:59:19'),
(258, '62', NULL, 1, 187, '16.75', 1, 1, '', '2021-12-25 10:27:54', '2021-12-25 15:57:54'),
(259, '62', NULL, 1, 54, '16.75', 1, 1, '', '2021-12-25 10:28:49', '2021-12-25 15:58:49'),
(260, '62', NULL, 1, 185, '14.75', 1, 1, '', '2021-12-25 10:30:03', '2021-12-25 16:00:03'),
(261, '63', NULL, 1, 28, '18', 1, 1, '', '2021-12-25 14:34:09', '2021-12-25 20:04:09'),
(262, '63', NULL, 1, 38, '17', 1, 1, '', '2021-12-25 14:34:51', '2021-12-25 20:04:51'),
(264, '65', NULL, 1, 25, '23.50', 1, 1, '', '2021-12-25 15:20:37', '2021-12-25 20:50:37'),
(266, '64', NULL, 1, 55, '18.50', 1, 1, '', '2021-12-25 15:21:23', '2021-12-25 20:51:23'),
(268, '65', NULL, 1, 38, '17', 1, 1, '', '2021-12-25 15:22:32', '2021-12-25 20:52:32'),
(279, '67', NULL, 1, 21, '17.50', 4, 1, '', '2021-12-29 11:19:44', '2021-12-29 16:49:44'),
(282, '67', NULL, 1, 182, '16', 4, 1, '', '2021-12-29 11:20:24', '2021-12-29 16:50:24'),
(283, '67', NULL, 1, 184, '12.75', 4, 1, '', '2021-12-29 11:20:33', '2021-12-29 16:50:33'),
(284, '67', NULL, 1, 179, '18', 4, 1, '', '2021-12-29 11:20:56', '2021-12-29 16:50:56'),
(285, '68', NULL, 1, 44, '17.75', 1, 1, '', '2021-12-29 11:28:19', '2021-12-29 16:58:19'),
(286, '68', NULL, 1, 14, '18', 1, 1, '', '2021-12-29 11:28:50', '2021-12-29 16:58:50'),
(288, '68', NULL, 1, 47, '2.50', 3, 1, '', '2021-12-29 11:29:45', '2021-12-29 16:59:45'),
(291, '69', NULL, 1, 46, '3', 1, 1, '', '2021-12-29 15:28:57', '2021-12-29 20:58:57'),
(292, '69', NULL, 1, 208, '4', 1, 1, '', '2021-12-29 15:29:03', '2021-12-29 20:59:03'),
(293, '69', NULL, 1, 201, '4', 1, 1, '', '2021-12-29 15:29:12', '2021-12-29 20:59:12'),
(308, '73', NULL, 1, 28, '18', 1, 1, '', '2021-12-31 14:43:37', '2021-12-31 20:13:37'),
(309, '73', NULL, 1, 29, '18', 1, 1, '', '2021-12-31 14:44:00', '2021-12-31 20:14:00'),
(310, '73', NULL, 1, 35, '18.75', 1, 1, '', '2021-12-31 14:44:52', '2021-12-31 20:14:52'),
(311, '73', NULL, 1, 44, '17.75', 1, 1, '', '2021-12-31 14:45:19', '2021-12-31 20:15:19'),
(312, '73', NULL, 1, 45, '15.75', 1, 1, '', '2021-12-31 14:45:50', '2021-12-31 20:15:50'),
(313, '73', NULL, 1, 208, '4', 10, 1, '', '2021-12-31 14:46:07', '2021-12-31 20:16:07'),
(314, '73', NULL, 1, 57, '5.75', 2, 1, '', '2021-12-31 14:46:41', '2021-12-31 20:16:41'),
(317, '74', NULL, 1, 195, '16.75', 1, 1, '', '2022-01-01 06:04:01', '2022-01-01 11:34:01'),
(319, '74', NULL, 1, 21, '17.50', 1, 1, '', '2022-01-01 06:09:46', '2022-01-01 11:39:46'),
(320, '74', NULL, 1, 33, '19.75', 1, 1, '', '2022-01-01 06:10:09', '2022-01-01 11:40:09'),
(321, '74', NULL, 1, 37, '17.75', 1, 1, '', '2022-01-01 06:10:12', '2022-01-01 11:40:12'),
(324, '76', NULL, 1, 44, '17.75', 1, 1, '', '2022-01-01 10:43:44', '2022-01-01 16:13:44'),
(326, '76', NULL, 1, 28, '18', 1, 1, '', '2022-01-01 10:45:57', '2022-01-01 16:15:57'),
(329, '76', NULL, 1, 188, '17.75', 1, 1, '', '2022-01-01 10:48:26', '2022-01-01 16:18:26'),
(330, '76', NULL, 1, 27, '21.75', 1, 1, '', '2022-01-01 10:50:45', '2022-01-01 16:20:45'),
(331, '76', NULL, 1, 26, '16.75', 1, 1, '', '2022-01-01 10:54:35', '2022-01-01 16:24:35'),
(332, '76', NULL, 1, 47, '2.50', 7, 1, '', '2022-01-01 10:56:28', '2022-01-01 16:26:28'),
(333, '76', NULL, 1, 51, '4.50', 2, 1, '', '2022-01-01 10:57:47', '2022-01-01 16:27:47'),
(334, '79', NULL, 1, 19, '27.75', 1, 1, '', '2022-01-04 21:47:05', '2022-01-05 03:17:05'),
(335, '79', NULL, 1, 25, '23.50', 1, 1, '', '2022-01-04 21:47:18', '2022-01-05 03:17:18'),
(336, '79', NULL, 1, 30, '18', 1, 1, '', '2022-01-04 21:49:21', '2022-01-05 03:19:21'),
(337, '79', NULL, 1, 34, '21.75', 1, 1, '', '2022-01-04 21:49:30', '2022-01-05 03:19:30'),
(338, '79', NULL, 1, 42, '17.50', 1, 1, '', '2022-01-04 21:50:00', '2022-01-05 03:20:00'),
(339, '79', NULL, 1, 41, '16', 1, 1, '', '2022-01-04 21:50:03', '2022-01-05 03:20:03'),
(340, '79', NULL, 1, 43, '15.75', 1, 1, '', '2022-01-04 21:50:30', '2022-01-05 03:20:30'),
(341, '79', NULL, 1, 201, '4', 5, 1, '', '2022-01-04 21:51:02', '2022-01-05 03:21:02'),
(342, '79', NULL, 1, 202, '3', 5, 1, '', '2022-01-04 21:51:03', '2022-01-05 03:21:03'),
(343, '79', NULL, 1, 207, '8', 1, 1, '', '2022-01-04 21:51:41', '2022-01-05 03:21:41'),
(344, '80', NULL, 1, 206, '8', 1, 1, '', '2022-01-06 14:59:30', '2022-01-06 20:29:30'),
(345, '80', NULL, 1, 13, '15', 1, 1, '', '2022-01-06 15:01:29', '2022-01-06 20:31:29'),
(346, '80', NULL, 1, 14, '18', 1, 1, '', '2022-01-06 15:02:28', '2022-01-06 20:32:28'),
(347, '80', NULL, 1, 184, '12.75', 1, 1, '', '2022-01-06 15:02:43', '2022-01-06 20:32:43'),
(348, '80', NULL, 1, 24, '17.75', 1, 1, '', '2022-01-06 15:03:10', '2022-01-06 20:33:10'),
(349, '80', NULL, 1, 183, '16', 1, 1, '', '2022-01-06 15:03:20', '2022-01-06 20:33:20'),
(350, '80', NULL, 1, 34, '21.75', 1, 1, '', '2022-01-06 15:03:31', '2022-01-06 20:33:31'),
(351, '80', NULL, 1, 30, '18', 1, 1, '', '2022-01-06 15:03:57', '2022-01-06 20:33:57'),
(352, '80', NULL, 1, 41, '16', 1, 1, '', '2022-01-06 15:04:18', '2022-01-06 20:34:18'),
(353, '80', NULL, 1, 37, '17.75', 1, 1, '', '2022-01-06 15:04:36', '2022-01-06 20:34:36'),
(354, '80', NULL, 1, 44, '17.75', 1, 1, '', '2022-01-06 15:05:55', '2022-01-06 20:35:55'),
(355, '80', NULL, 1, 202, '3', 5, 1, '', '2022-01-06 15:06:14', '2022-01-06 20:36:14'),
(356, '80', NULL, 1, 201, '4', 3, 1, '', '2022-01-06 15:06:17', '2022-01-06 20:36:17'),
(357, '82', NULL, 1, 54, '16.75', 2, 1, '', '2022-01-08 12:19:27', '2022-01-08 17:50:09'),
(358, '82', NULL, 1, 37, '17.75', 1, 1, '', '2022-01-08 12:27:24', '2022-01-08 17:57:24'),
(361, '84', NULL, 1, 29, '18', 1, 1, '', '2022-01-12 11:59:07', '2022-01-12 17:29:07'),
(362, '84', NULL, 1, 30, '18', 1, 1, '', '2022-01-12 11:59:33', '2022-01-12 17:29:33'),
(363, '84', NULL, 1, 208, '4', 1, 1, '', '2022-01-12 12:00:54', '2022-01-12 17:30:54'),
(364, '84', NULL, 1, 201, '4', 1, 1, '', '2022-01-12 12:00:56', '2022-01-12 17:30:56'),
(365, '84', NULL, 1, 46, '3', 4, 1, '', '2022-01-12 12:01:34', '2022-01-12 17:32:13'),
(370, '85', NULL, 1, 29, '18', 1, 1, '', '2022-01-13 15:28:33', '2022-01-13 20:58:33'),
(371, '85', NULL, 1, 197, '8', 1, 1, '', '2022-01-13 15:28:43', '2022-01-13 20:58:43'),
(372, '85', NULL, 1, 209, '4.75', 1, 1, '', '2022-01-13 15:29:28', '2022-01-13 20:59:28'),
(373, '85', NULL, 1, 202, '3', 1, 1, '', '2022-01-13 15:29:33', '2022-01-13 20:59:33'),
(380, '87', NULL, 1, 29, '18', 1, 1, '', '2022-01-14 12:26:08', '2022-01-14 17:56:08'),
(383, '87', NULL, 1, 28, '18', 1, 1, '', '2022-01-14 12:29:56', '2022-01-14 17:59:56'),
(388, '87', NULL, 1, 208, '4', 4, 1, '', '2022-01-14 12:35:38', '2022-01-14 18:05:38'),
(389, '88', NULL, 1, 44, '17.75', 1, 1, '', '2022-01-14 14:03:35', '2022-01-14 19:33:35'),
(390, '88', NULL, 1, 46, '3', 5, 1, '', '2022-01-14 14:03:51', '2022-01-14 19:33:51'),
(395, '88', NULL, 1, 42, '17.50', 1, 1, '', '2022-01-14 14:06:52', '2022-01-14 19:36:52'),
(397, '88', NULL, 1, 47, '2.50', 3, 1, '', '2022-01-14 14:07:47', '2022-01-14 19:37:47'),
(398, '88', NULL, 1, 49, '7.50', 2, 1, '', '2022-01-14 14:08:03', '2022-01-14 19:38:03'),
(399, '89', NULL, 1, 192, '11', 2, 1, '', '2022-01-15 05:37:53', '2022-01-15 11:07:53'),
(401, '89', NULL, 1, 49, '7.50', 10, 1, '', '2022-01-15 05:40:04', '2022-01-15 11:11:46'),
(411, '92', NULL, 1, 25, '23.50', 1, 1, '', '2022-01-15 14:00:11', '2022-01-15 19:30:11'),
(412, '92', NULL, 1, 188, '17.75', 1, 1, '', '2022-01-15 14:02:05', '2022-01-15 19:32:05'),
(413, '92', NULL, 1, 201, '4', 1, 1, '', '2022-01-15 14:03:26', '2022-01-15 19:33:26'),
(414, '92', NULL, 1, 202, '3', 1, 1, '', '2022-01-15 14:03:57', '2022-01-15 19:33:57'),
(415, '92', NULL, 1, 54, '16.75', 1, 1, '', '2022-01-15 14:06:20', '2022-01-15 19:36:20'),
(416, '93', NULL, 1, 1, '7', 1, 1, '', '2022-01-16 12:09:49', '2022-01-16 17:39:49'),
(417, '93', NULL, 1, 2, '10.5', 1, 1, '', '2022-01-16 12:09:52', '2022-01-16 17:39:52'),
(418, '93', NULL, 1, 203, '10', 1, 1, '', '2022-01-16 12:09:54', '2022-01-16 17:39:54'),
(421, '96', NULL, 1, 12, '19.75', 1, 1, '', '2022-01-20 04:06:09', '2022-01-20 09:36:09'),
(422, '96', NULL, 1, 44, '17.75', 1, 1, '', '2022-01-20 04:08:22', '2022-01-20 09:38:22'),
(425, '96', NULL, 1, 55, '18.50', 1, 1, '', '2022-01-20 04:10:46', '2022-01-20 09:40:46'),
(426, '97', NULL, 1, 16, '20.75', 1, 1, '', '2022-01-20 07:38:58', '2022-01-20 13:08:58'),
(427, '97', NULL, 1, 29, '18', 1, 1, '', '2022-01-20 07:39:34', '2022-01-20 13:09:34'),
(428, '97', NULL, 1, 38, '17', 1, 1, '', '2022-01-20 07:40:24', '2022-01-20 13:10:24'),
(429, '97', NULL, 1, 55, '18.50', 1, 1, '', '2022-01-20 07:41:42', '2022-01-20 13:11:42'),
(430, '97', NULL, 1, 28, '18', 1, 1, '', '2022-01-20 07:42:25', '2022-01-20 13:12:25'),
(435, '99', NULL, 1, 36, '17', 1, 1, '', '2022-01-22 12:00:07', '2022-01-22 17:30:07'),
(436, '99', NULL, 1, 44, '17.75', 1, 1, '', '2022-01-22 12:01:41', '2022-01-22 17:31:41'),
(437, '99', NULL, 1, 201, '4', 3, 1, '', '2022-01-22 12:03:56', '2022-01-22 17:33:56'),
(438, '99', NULL, 1, 208, '4', 3, 1, '', '2022-01-22 12:04:03', '2022-01-22 17:34:03'),
(440, '99', NULL, 1, 28, '18', 1, 1, '', '2022-01-22 12:08:42', '2022-01-22 17:38:42'),
(441, '46', NULL, 1, 179, '18', 1, 1, '', '2022-01-22 13:13:21', '2022-01-22 18:43:21'),
(444, '100', NULL, 1, 28, '18', 1, 1, '', '2022-01-23 11:46:30', '2022-01-23 17:16:30'),
(445, '100', NULL, 1, 37, '17.75', 1, 1, '', '2022-01-23 11:47:26', '2022-01-23 17:17:26'),
(446, '100', NULL, 1, 44, '17.75', 1, 1, '', '2022-01-23 11:48:07', '2022-01-23 17:18:07'),
(447, '100', NULL, 1, 47, '2.50', 6, 1, '', '2022-01-23 11:49:59', '2022-01-23 17:19:59'),
(448, '100', NULL, 1, 46, '3', 3, 1, '', '2022-01-23 11:50:08', '2022-01-23 17:20:08'),
(451, '102', NULL, 1, 16, '20.75', 1, 1, '', '2022-01-25 12:37:57', '2022-01-25 18:07:57'),
(453, '102', NULL, 1, 33, '19.75', 1, 1, '', '2022-01-25 12:40:19', '2022-01-25 18:10:19'),
(454, '102', NULL, 1, 38, '17', 1, 1, '', '2022-01-25 12:49:05', '2022-01-25 18:19:05'),
(455, '102', NULL, 1, 208, '4', 1, 1, '', '2022-01-25 12:49:57', '2022-01-25 18:19:57'),
(456, '104', NULL, 1, 184, '12.75', 1, 1, '', '2022-01-28 12:01:01', '2022-01-28 17:31:01'),
(457, '104', NULL, 1, 183, '16', 1, 1, '', '2022-01-28 12:01:29', '2022-01-28 17:31:29'),
(458, '104', NULL, 1, 13, '15', 1, 1, '', '2022-01-28 12:02:31', '2022-01-28 17:32:31'),
(459, '105', NULL, 1, 41, '16', 1, 1, '', '2022-01-29 10:50:38', '2022-01-29 16:20:38'),
(460, '105', NULL, 1, 38, '17', 1, 1, '', '2022-01-29 10:50:47', '2022-01-29 16:20:47'),
(461, '105', NULL, 1, 194, '3.50', 1, 1, '', '2022-01-29 10:51:07', '2022-01-29 16:21:07'),
(467, '107', NULL, 1, 9, '12.75', 1, 1, '', '2022-01-30 13:43:43', '2022-01-30 19:13:43'),
(468, '107', NULL, 1, 22, '16', 1, 1, '', '2022-01-30 13:43:57', '2022-01-30 19:13:57'),
(469, '107', NULL, 1, 184, '12.75', 1, 1, '', '2022-01-30 13:44:06', '2022-01-30 19:14:06'),
(470, '108', NULL, 1, 44, '17.75', 1, 1, '', '2022-01-31 13:36:47', '2022-01-31 19:06:47'),
(471, '108', NULL, 1, 36, '17', 1, 1, '', '2022-01-31 13:36:58', '2022-01-31 19:06:58'),
(474, '108', NULL, 1, 209, '4.75', 2, 1, '', '2022-01-31 13:38:41', '2022-01-31 19:14:39'),
(475, '108', NULL, 1, 202, '3', 5, 1, '', '2022-01-31 13:39:13', '2022-01-31 19:09:13'),
(476, '108', NULL, 1, 208, '4', 3, 1, '', '2022-01-31 13:39:22', '2022-01-31 19:16:23'),
(477, '108', NULL, 1, 37, '17.75', 1, 1, '', '2022-01-31 13:42:48', '2022-01-31 19:12:48'),
(478, '109', NULL, 1, 28, '18', 1, 1, '', '2022-02-01 15:34:41', '2022-02-01 21:04:41'),
(479, '109', NULL, 1, 32, '26.75', 1, 1, '', '2022-02-01 15:34:48', '2022-02-01 21:04:48'),
(481, '109', NULL, 1, 45, '15.75', 1, 1, '', '2022-02-01 15:35:17', '2022-02-01 21:05:17'),
(482, '109', NULL, 1, 43, '15.75', 1, 1, '', '2022-02-01 15:35:18', '2022-02-01 21:05:18'),
(483, '109', NULL, 1, 44, '17.75', 1, 1, '', '2022-02-01 15:35:19', '2022-02-01 21:05:19'),
(484, '109', NULL, 1, 201, '4', 3, 1, '', '2022-02-01 15:35:28', '2022-02-01 21:06:32'),
(485, '109', NULL, 1, 49, '7.50', 1, 1, '', '2022-02-01 15:35:35', '2022-02-01 21:05:35'),
(487, '109', NULL, 1, 59, '9.75', 1, 1, '', '2022-02-01 15:35:50', '2022-02-01 21:05:50'),
(488, '109', NULL, 1, 58, '11.75', 1, 1, '', '2022-02-01 15:35:53', '2022-02-01 21:05:53'),
(489, '109', NULL, 1, 57, '5.75', 1, 1, '', '2022-02-01 15:35:56', '2022-02-01 21:05:56'),
(490, '110', NULL, 1, 35, '18.75', 1, 1, '', '2022-02-02 10:57:08', '2022-02-02 16:27:08'),
(491, '112', NULL, 1, 44, '19', 1, 1, '', '2022-02-04 08:15:46', '2022-02-04 13:45:46'),
(492, '112', NULL, 1, 201, '4', 1, 1, '', '2022-02-04 08:15:54', '2022-02-04 13:45:54'),
(493, '112', NULL, 1, 47, '3', 1, 1, '', '2022-02-04 08:16:05', '2022-02-04 13:46:05'),
(494, '112', NULL, 1, 35, '20', 1, 1, '', '2022-02-04 08:17:00', '2022-02-04 13:47:00'),
(495, '113', NULL, 1, 36, '19', 1, 1, '', '2022-02-04 23:00:51', '2022-02-05 04:30:51'),
(500, '116', NULL, 1, 38, '19', 1, 1, '', '2022-02-10 14:16:58', '2022-02-10 19:46:58'),
(517, '118', NULL, 1, 8, '8', 1, 1, '', '2022-02-13 11:15:27', '2022-02-13 16:45:27'),
(518, '118', NULL, 1, 44, '19', 1, 1, '', '2022-02-13 11:16:50', '2022-02-13 16:46:50'),
(519, '118', NULL, 1, 54, '17', 1, 1, '', '2022-02-13 11:17:14', '2022-02-13 16:47:14'),
(520, '118', NULL, 1, 58, '13', 1, 1, '', '2022-02-13 11:17:20', '2022-02-13 16:47:20'),
(521, '119', NULL, 1, 1, '9', 1, 1, '', '2022-02-14 02:41:44', '2022-02-14 08:11:44'),
(522, '119', NULL, 1, 3, '10', 1, 1, '', '2022-02-14 02:41:48', '2022-02-14 08:11:48'),
(523, '120', NULL, 1, 30, '19', 1, 1, '', '2022-02-16 13:26:13', '2022-02-16 18:56:13'),
(524, '120', NULL, 1, 56, '21', 1, 1, '', '2022-02-16 13:26:53', '2022-02-16 18:56:53'),
(525, '120', NULL, 1, 55, '19', 1, 1, '', '2022-02-16 13:27:41', '2022-02-16 18:57:41'),
(526, '120', NULL, 1, 33, '21', 1, 1, '', '2022-02-16 13:28:33', '2022-02-16 18:58:33'),
(527, '120', NULL, 1, 201, '4', 2, 1, '', '2022-02-16 13:29:01', '2022-02-16 18:59:01'),
(528, '122', NULL, 1, 44, '19', 1, 1, '', '2022-02-17 07:36:07', '2022-02-17 13:06:07'),
(529, '122', NULL, 1, 46, '3', 7, 1, '', '2022-02-17 07:38:08', '2022-02-17 13:08:08'),
(530, '122', NULL, 1, 29, '19', 1, 1, '', '2022-02-17 07:39:40', '2022-02-17 13:09:40'),
(531, '123', NULL, 1, 9, '14', 1, 1, '', '2022-02-19 12:42:00', '2022-02-19 18:12:00'),
(532, '123', NULL, 1, 184, '16', 1, 1, '', '2022-02-19 12:42:18', '2022-02-19 18:12:18'),
(533, '123', NULL, 1, 45, '17', 1, 1, '', '2022-02-19 12:42:40', '2022-02-19 18:12:40'),
(534, '123', NULL, 1, 195, '18', 1, 1, '', '2022-02-19 12:43:01', '2022-02-19 18:13:01'),
(535, '123', NULL, 1, 50, '6', 1, 1, '', '2022-02-19 12:43:10', '2022-02-19 18:13:10'),
(536, '123', NULL, 1, 46, '3', 1, 1, '', '2022-02-19 12:43:26', '2022-02-19 18:13:26'),
(537, '123', NULL, 1, 201, '4', 1, 1, '', '2022-02-19 12:43:34', '2022-02-19 18:13:34'),
(538, '123', NULL, 1, 28, '19', 1, 1, '', '2022-02-19 12:43:58', '2022-02-19 18:13:58'),
(539, '123', NULL, 1, 29, '19', 1, 1, '', '2022-02-19 12:44:05', '2022-02-19 18:14:05'),
(551, '26', NULL, 1, 3, '10', 1, 1, '', '2022-02-21 00:12:14', '2022-02-21 05:42:14'),
(563, '127', NULL, 1, 203, '10', 1, 1, '', '2022-02-21 11:51:46', '2022-02-21 17:21:46'),
(564, '127', NULL, 1, 11, '14', 1, 1, '', '2022-02-21 11:53:13', '2022-02-21 17:23:13'),
(566, '128', NULL, 1, 184, '16', 1, 1, '', '2022-02-21 13:25:15', '2022-02-21 18:55:15'),
(567, '128', NULL, 1, 183, '17', 1, 1, '', '2022-02-21 13:25:31', '2022-02-21 18:55:31'),
(569, '29', NULL, 1, 1, '9', 1, 1, '', '2022-02-22 03:04:37', '2022-02-22 08:34:37'),
(574, '131', NULL, 1, 1, '9', 1, 1, '', '2022-02-22 15:49:39', '2022-02-22 21:19:39'),
(575, '132', NULL, 1, 1, '9', 1, 1, '', '2022-02-22 17:29:12', '2022-02-22 22:59:12'),
(579, '134', NULL, 1, 55, '19', 1, 1, '', '2022-02-24 12:27:16', '2022-02-24 17:57:16'),
(580, '134', NULL, 1, 29, '19', 1, 1, '', '2022-02-24 12:27:28', '2022-02-24 17:57:28'),
(581, '134', NULL, 1, 46, '3', 2, 1, '', '2022-02-24 12:56:00', '2022-02-24 18:26:00'),
(582, '135', NULL, 1, 39, '17', 1, 1, '', '2022-02-24 14:20:26', '2022-02-24 19:50:26'),
(583, '135', NULL, 1, 37, '19', 1, 1, '', '2022-02-24 14:20:29', '2022-02-24 19:50:29'),
(584, '135', NULL, 1, 28, '19', 1, 1, '', '2022-02-24 14:22:35', '2022-02-24 19:52:35'),
(594, '137', NULL, 1, 35, '20', 2, 1, '', '2022-02-26 13:50:13', '2022-02-26 19:20:13'),
(597, '137', NULL, 1, 46, '3', 12, 1, '', '2022-02-26 13:54:25', '2022-02-26 19:24:25'),
(598, '137', NULL, 1, 205, '9', 2, 1, '', '2022-02-26 13:56:58', '2022-02-26 19:26:58'),
(599, '137', NULL, 1, 188, '18', 3, 1, '', '2022-02-26 13:57:29', '2022-02-26 19:27:29'),
(602, '139', NULL, 1, 28, '19', 1, 1, '', '2022-02-27 11:40:13', '2022-02-27 17:10:13'),
(603, '139', NULL, 1, 16, '21', 1, 1, '', '2022-02-27 11:46:18', '2022-02-27 17:16:18'),
(604, '140', NULL, 1, 204, '10', 1, 1, '', '2022-02-28 14:02:19', '2022-02-28 19:32:19'),
(605, '140', NULL, 1, 185, '17', 1, 1, '', '2022-02-28 14:02:50', '2022-02-28 19:32:50'),
(606, '140', NULL, 1, 191, '19', 1, 1, '', '2022-02-28 14:03:07', '2022-02-28 19:33:07'),
(607, '140', NULL, 1, 194, '3.50', 3, 1, '', '2022-02-28 14:03:23', '2022-02-28 19:33:23'),
(613, '142', NULL, 1, 2, '10', 1, 1, '', '2022-03-05 06:39:35', '2022-03-05 12:09:35'),
(614, '142', NULL, 1, 14, '19', 1, 1, '', '2022-03-05 06:41:12', '2022-03-05 12:11:12'),
(615, '142', NULL, 1, 22, '18', 1, 1, '', '2022-03-05 06:42:19', '2022-03-05 12:12:19'),
(616, '142', NULL, 1, 44, '19', 1, 1, '', '2022-03-05 06:43:23', '2022-03-05 12:13:23'),
(617, '142', NULL, 1, 55, '19', 1, 1, '', '2022-03-05 06:43:57', '2022-03-05 12:13:57'),
(618, '142', NULL, 1, 56, '21', 1, 1, '', '2022-03-05 06:44:00', '2022-03-05 12:14:00'),
(619, '142', NULL, 1, 201, '4', 1, 1, '', '2022-03-05 06:44:25', '2022-03-05 12:14:25'),
(620, '142', NULL, 1, 202, '4', 1, 1, '', '2022-03-05 06:44:28', '2022-03-05 12:14:28'),
(629, '145', NULL, 1, 28, '19', 1, 1, '', '2022-03-06 15:21:23', '2022-03-06 20:51:23'),
(630, '146', NULL, 1, 208, '4', 1, 1, '', '2022-03-08 11:34:05', '2022-03-08 17:04:05'),
(631, '146', NULL, 1, 55, '19', 1, 1, '', '2022-03-08 11:34:47', '2022-03-08 17:04:47'),
(632, '146', NULL, 1, 28, '19', 1, 1, '', '2022-03-08 11:35:32', '2022-03-08 17:05:32'),
(636, '147', NULL, 1, 195, '18', 1, 1, '', '2022-03-12 13:19:12', '2022-03-12 18:49:12'),
(637, '147', NULL, 1, 32, '26', 1, 1, '', '2022-03-12 13:19:40', '2022-03-12 18:49:40'),
(638, '147', NULL, 1, 37, '19', 1, 1, '', '2022-03-12 13:19:55', '2022-03-12 18:49:55'),
(639, '148', NULL, 1, 30, '19', 1, 1, '', '2022-03-13 11:46:55', '2022-03-13 17:16:55'),
(640, '148', NULL, 1, 36, '19', 1, 1, '', '2022-03-13 11:47:28', '2022-03-13 17:17:28'),
(641, '149', NULL, 1, 11, '14', 1, 1, '', '2022-03-24 06:37:00', '2022-03-24 12:07:00'),
(642, '149', NULL, 1, 28, '19', 1, 1, '', '2022-03-24 06:37:12', '2022-03-24 12:07:12'),
(643, '149', NULL, 1, 43, '17', 1, 1, '', '2022-03-24 06:38:06', '2022-03-24 12:08:06'),
(644, '149', NULL, 1, 44, '19', 1, 1, '', '2022-03-24 06:38:10', '2022-03-24 12:08:10'),
(645, '149', NULL, 1, 56, '21', 1, 1, '', '2022-03-24 06:38:36', '2022-03-24 12:08:36'),
(646, '149', NULL, 1, 58, '13', 1, 1, '', '2022-03-24 06:38:47', '2022-03-24 12:08:47'),
(647, '149', NULL, 1, 59, '10', 1, 1, '', '2022-03-24 06:38:50', '2022-03-24 12:08:50'),
(648, '149', NULL, 1, 57, '7', 1, 1, '', '2022-03-24 06:39:04', '2022-03-24 12:09:04'),
(649, '149', NULL, 1, 196, '11', 1, 1, '', '2022-03-24 06:39:07', '2022-03-24 12:09:07'),
(650, '150', NULL, 1, 6, '12', 1, 1, '', '2022-03-25 13:21:57', '2022-03-25 18:51:57'),
(651, '150', NULL, 1, 28, '19', 1, 1, '', '2022-03-25 13:22:09', '2022-03-25 18:52:09'),
(652, '150', NULL, 1, 46, '3', 3, 1, '', '2022-03-25 13:22:21', '2022-03-25 18:52:21'),
(653, '150', NULL, 1, 51, '5', 1, 1, '', '2022-03-25 13:22:30', '2022-03-25 18:52:30'),
(655, '151', NULL, 1, 16, '21', 1, 1, '', '2022-03-25 14:24:20', '2022-03-25 19:54:20'),
(656, '151', NULL, 1, 55, '19', 1, 1, '', '2022-03-25 14:25:04', '2022-03-25 19:55:04'),
(657, '152', NULL, 1, 31, '19', 1, 1, '', '2022-03-27 13:04:00', '2022-03-27 18:34:00'),
(658, '152', NULL, 1, 38, '19', 1, 1, '', '2022-03-27 13:06:51', '2022-03-27 18:36:51'),
(661, '152', NULL, 1, 47, '3', 2, 1, '', '2022-03-27 13:07:33', '2022-03-27 18:43:28'),
(663, '152', NULL, 1, 208, '4', 1, 1, '', '2022-03-27 13:16:46', '2022-03-27 18:46:46'),
(664, '154', NULL, 1, 30, '19', 1, 1, '', '2022-04-04 14:46:16', '2022-04-04 20:16:16'),
(671, '156', NULL, 1, 35, '20', 1, 1, '', '2022-04-07 06:36:50', '2022-04-07 12:06:50'),
(672, '156', NULL, 1, 202, '4', 1, 1, '', '2022-04-07 06:36:58', '2022-04-07 12:06:58'),
(673, '156', NULL, 1, 51, '5', 1, 1, '', '2022-04-07 06:37:13', '2022-04-07 12:07:13'),
(674, '157', NULL, 1, 39, '17', 1, 1, '', '2022-04-07 12:43:14', '2022-04-07 18:13:14'),
(675, '157', NULL, 1, 44, '19', 1, 1, '', '2022-04-07 12:44:14', '2022-04-07 18:14:14'),
(678, '157', NULL, 1, 208, '4', 2, 1, '', '2022-04-07 12:46:35', '2022-04-07 18:16:35'),
(679, '157', NULL, 1, 46, '3', 2, 1, '', '2022-04-07 12:47:21', '2022-04-07 18:17:21'),
(680, '157', NULL, 1, 47, '3', 4, 1, '', '2022-04-07 12:47:37', '2022-04-07 18:17:37'),
(690, '159', NULL, 1, 12, '24', 2, 1, '', '2022-04-10 07:36:45', '2022-04-10 13:11:06'),
(691, '159', NULL, 1, 33, '21', 2, 1, '', '2022-04-10 07:39:15', '2022-04-10 13:11:08'),
(692, '160', NULL, 1, 28, '19', 1, 1, '', '2022-04-14 16:16:46', '2022-04-14 21:46:46'),
(693, '161', NULL, 1, 36, '19', 1, 1, '', '2022-04-17 15:01:44', '2022-04-17 20:31:44'),
(694, '161', NULL, 1, 44, '19', 1, 1, '', '2022-04-17 15:11:03', '2022-04-17 20:41:03'),
(695, '161', NULL, 1, 201, '4', 3, 1, '', '2022-04-17 15:11:19', '2022-04-17 20:41:19'),
(696, '162', NULL, 1, 187, '17', 1, 1, '', '2022-04-17 16:06:30', '2022-04-17 21:36:30'),
(698, '162', NULL, 1, 194, '3.50', 3, 1, '', '2022-04-17 16:07:10', '2022-04-17 21:38:49'),
(699, '162', NULL, 1, 52, '7', 1, 1, '', '2022-04-17 16:08:09', '2022-04-17 21:38:09'),
(700, '162', NULL, 1, 51, '5', 1, 1, '', '2022-04-17 16:08:11', '2022-04-17 21:38:11'),
(701, '162', NULL, 1, 46, '3', 1, 1, '', '2022-04-17 16:09:38', '2022-04-17 21:39:38'),
(702, '163', NULL, 1, 199, '15.50', 1, 1, '', '2022-04-20 06:15:56', '2022-04-20 11:45:56'),
(707, '165', NULL, 1, 31, '19', 1, 1, '', '2022-04-21 05:45:53', '2022-04-21 11:15:53'),
(708, '165', NULL, 1, 13, '17', 1, 1, '', '2022-04-21 05:46:10', '2022-04-21 11:16:10'),
(709, '165', NULL, 1, 201, '4', 1, 1, '', '2022-04-21 05:47:05', '2022-04-21 11:17:05'),
(718, '167', NULL, 1, 194, '3.50', 3, 1, '', '2022-04-22 13:33:16', '2022-04-22 19:03:16'),
(719, '167', NULL, 1, 201, '4', 3, 1, '', '2022-04-22 13:33:32', '2022-04-22 19:03:32'),
(721, '168', NULL, 1, 181, '19', 1, 1, '', '2022-04-22 15:14:12', '2022-04-22 20:44:12'),
(722, '168', NULL, 1, 31, '19', 1, 1, '', '2022-04-22 15:18:01', '2022-04-22 20:48:01'),
(725, '168', NULL, 1, 3, '10', 1, 1, '', '2022-04-22 15:20:50', '2022-04-22 20:50:50'),
(726, '168', NULL, 1, 46, '3', 7, 1, '', '2022-04-22 15:23:35', '2022-04-22 20:53:43'),
(727, '169', NULL, 1, 35, '20', 1, 1, '', '2022-04-23 14:45:05', '2022-04-23 20:15:05'),
(728, '169', NULL, 1, 36, '19', 1, 1, '', '2022-04-23 14:45:20', '2022-04-23 20:15:20'),
(729, '169', NULL, 1, 46, '3', 4, 1, '', '2022-04-23 14:46:14', '2022-04-23 20:16:24'),
(730, '170', NULL, 1, 35, '20', 1, 1, '', '2022-04-24 14:42:19', '2022-04-24 20:12:19'),
(733, '170', NULL, 1, 208, '4', 4, 1, '', '2022-04-24 14:43:01', '2022-04-24 20:13:40'),
(734, '170', NULL, 1, 46, '3', 2, 1, '', '2022-04-24 14:43:34', '2022-04-24 20:13:34'),
(735, '170', NULL, 1, 41, '18', 1, 1, '', '2022-04-24 14:46:35', '2022-04-24 20:16:35'),
(736, '170', NULL, 1, 43, '17', 1, 1, '', '2022-04-24 14:47:05', '2022-04-24 20:17:05'),
(737, '171', NULL, 1, 5, '14', 1, 1, '', '2022-05-03 09:22:19', '2022-05-03 14:52:19'),
(738, '171', NULL, 1, 177, '8', 1, 1, '', '2022-05-03 09:22:33', '2022-05-03 14:52:33'),
(739, '171', NULL, 1, 19, '29', 1, 1, '', '2022-05-03 09:22:37', '2022-05-03 14:52:37'),
(740, '171', NULL, 1, 25, '29', 1, 1, '', '2022-05-03 09:22:40', '2022-05-03 14:52:40'),
(741, '171', NULL, 1, 29, '19', 1, 1, '', '2022-05-03 09:22:43', '2022-05-03 14:52:43'),
(742, '171', NULL, 1, 33, '21', 1, 1, '', '2022-05-03 09:22:45', '2022-05-03 14:52:45'),
(743, '171', NULL, 1, 35, '20', 1, 1, '', '2022-05-03 09:22:48', '2022-05-03 14:52:48'),
(744, '171', NULL, 1, 188, '18', 1, 1, '', '2022-05-03 09:22:55', '2022-05-03 14:52:55'),
(745, '171', NULL, 1, 43, '17', 1, 1, '', '2022-05-03 09:23:01', '2022-05-03 14:53:01'),
(746, '171', NULL, 1, 201, '4', 6, 1, '', '2022-05-03 09:23:11', '2022-05-03 14:53:11'),
(747, '171', NULL, 1, 51, '5', 1, 1, '', '2022-05-03 09:23:17', '2022-05-03 14:53:17'),
(748, '171', NULL, 1, 198, '16', 1, 1, '', '2022-05-03 09:23:29', '2022-05-03 14:53:29'),
(749, '172', NULL, 1, 36, '19', 1, 1, '', '2022-05-03 14:51:32', '2022-05-03 20:21:32'),
(754, '172', NULL, 1, 192, '11', 1, 1, '', '2022-05-03 14:52:32', '2022-05-03 20:22:32'),
(755, '172', NULL, 1, 48, '5', 1, 1, '', '2022-05-03 14:52:53', '2022-05-03 20:22:53'),
(757, '172', NULL, 1, 209, '6', 2, 1, '', '2022-05-03 14:55:43', '2022-05-03 20:25:43'),
(758, '172', NULL, 1, 50, '6', 2, 1, '', '2022-05-03 14:55:44', '2022-05-03 20:25:44'),
(764, '173', NULL, 1, 203, '10', 1, 1, '', '2022-05-08 04:57:31', '2022-05-08 10:27:31'),
(765, '173', NULL, 1, 207, '9', 1, 1, '', '2022-05-08 04:57:46', '2022-05-08 10:27:46'),
(766, '173', NULL, 1, 23, '19', 1, 1, '', '2022-05-08 04:58:11', '2022-05-08 10:28:11'),
(767, '173', NULL, 1, 22, '18', 1, 1, '', '2022-05-08 04:58:15', '2022-05-08 10:28:15'),
(768, '173', NULL, 1, 35, '20', 1, 1, '', '2022-05-08 04:58:27', '2022-05-08 10:28:27'),
(769, '173', NULL, 1, 37, '19', 1, 1, '', '2022-05-08 04:58:30', '2022-05-08 10:28:30'),
(770, '173', NULL, 1, 208, '4', 4, 1, '', '2022-05-08 04:59:23', '2022-05-08 10:29:23'),
(771, '173', NULL, 1, 209, '6', 1, 1, '', '2022-05-08 04:59:38', '2022-05-08 10:29:38'),
(774, '173', NULL, 1, 198, '16', 1, 1, '', '2022-05-08 05:00:45', '2022-05-08 10:30:45'),
(775, '174', NULL, 1, 216, '21', 1, 1, '', '2022-05-08 14:26:46', '2022-05-08 19:56:46'),
(776, '174', NULL, 1, 33, '21', 1, 1, '', '2022-05-08 14:26:50', '2022-05-08 19:56:50'),
(777, '174', NULL, 1, 208, '4', 5, 1, '', '2022-05-08 14:27:33', '2022-05-08 19:57:33'),
(779, '175', NULL, 1, 46, '3', 13, 1, '', '2022-05-08 15:20:43', '2022-05-08 20:57:27'),
(780, '175', NULL, 1, 44, '19', 1, 1, '', '2022-05-08 15:20:53', '2022-05-08 20:50:53'),
(781, '175', NULL, 1, 188, '18', 1, 1, '', '2022-05-08 15:21:56', '2022-05-08 20:51:56'),
(783, '175', NULL, 1, 38, '19', 1, 1, '', '2022-05-08 15:27:10', '2022-05-08 20:57:10'),
(784, '176', NULL, 1, 27, '22', 1, 1, '', '2022-05-11 15:28:23', '2022-05-11 20:58:23'),
(785, '178', NULL, 1, 36, '19', 1, 1, '', '2022-05-25 12:59:12', '2022-05-25 18:29:12'),
(786, '179', NULL, 1, 184, '16', 2, 1, '', '2022-05-28 14:47:46', '2022-05-28 20:21:00'),
(787, '179', NULL, 1, 36, '19', 1, 1, '', '2022-05-28 14:48:03', '2022-05-28 20:18:03'),
(788, '179', NULL, 1, 40, '18', 1, 1, '', '2022-05-28 14:48:31', '2022-05-28 20:18:31'),
(789, '179', NULL, 1, 41, '18', 1, 1, '', '2022-05-28 14:48:36', '2022-05-28 20:18:36'),
(790, '179', NULL, 1, 201, '4', 4, 1, '', '2022-05-28 14:49:20', '2022-05-28 20:21:21'),
(791, '179', NULL, 1, 54, '17', 1, 1, '', '2022-05-28 14:49:56', '2022-05-28 20:19:56'),
(792, '179', NULL, 1, 47, '3', 1, 1, '', '2022-05-28 14:52:48', '2022-05-28 20:22:48'),
(793, '180', NULL, 1, 27, '22', 1, 1, '', '2022-05-29 13:54:42', '2022-05-29 19:24:42'),
(794, '180', NULL, 1, 23, '19', 1, 1, '', '2022-05-29 13:55:07', '2022-05-29 19:25:07'),
(795, '181', NULL, 1, 182, '18', 1, 1, '', '2022-05-30 12:30:56', '2022-05-30 18:00:56'),
(796, '181', NULL, 1, 181, '19', 1, 1, '', '2022-05-30 12:31:11', '2022-05-30 18:01:11'),
(797, '181', NULL, 1, 39, '17', 1, 1, '', '2022-05-30 12:31:42', '2022-05-30 18:01:42'),
(798, '181', NULL, 1, 35, '20', 1, 1, '', '2022-05-30 12:31:48', '2022-05-30 18:01:48'),
(800, '182', NULL, 1, 30, '19', 1, 1, '', '2022-06-01 13:22:57', '2022-06-01 18:52:57'),
(801, '182', NULL, 1, 56, '21', 1, 1, '', '2022-06-01 13:23:10', '2022-06-01 18:53:10'),
(802, '183', NULL, 1, 28, '19', 1, 1, '', '2022-06-04 09:38:56', '2022-06-04 15:08:56'),
(803, '184', NULL, 1, 19, '29', 1, 1, '', '2022-06-04 15:31:38', '2022-06-04 21:01:38'),
(804, '184', NULL, 1, 25, '29', 1, 1, '', '2022-06-04 15:32:13', '2022-06-04 21:02:13'),
(805, '184', NULL, 1, 29, '19', 2, 1, '', '2022-06-04 15:32:44', '2022-06-04 21:02:44'),
(806, '184', NULL, 1, 45, '17', 1, 1, '', '2022-06-04 15:35:09', '2022-06-04 21:05:09'),
(809, '184', NULL, 1, 195, '18', 1, 1, '', '2022-06-04 15:36:48', '2022-06-04 21:06:48'),
(810, '184', NULL, 1, 55, '19', 2, 1, '', '2022-06-04 15:37:17', '2022-06-04 21:14:05'),
(811, '184', NULL, 1, 198, '16', 2, 1, '', '2022-06-04 15:38:23', '2022-06-04 21:08:23'),
(812, '185', NULL, 1, 201, '4', 5, 1, '', '2022-06-05 15:07:52', '2022-06-05 20:39:04'),
(813, '185', NULL, 1, 31, '19', 1, 1, '', '2022-06-05 15:08:15', '2022-06-05 20:38:15'),
(817, '187', NULL, 1, 19, '29', 1, 1, '', '2022-06-17 12:34:52', '2022-06-17 18:04:52'),
(818, '187', NULL, 1, 25, '29', 1, 1, '', '2022-06-17 12:34:59', '2022-06-17 18:04:59'),
(819, '187', NULL, 1, 46, '3', 2, 1, '', '2022-06-17 12:36:05', '2022-06-17 18:06:05'),
(820, '189', NULL, 1, 20, '18', 1, 1, '', '2022-06-18 13:59:03', '2022-06-18 19:29:03'),
(821, '190', NULL, 1, 21, '19', 1, 1, '', '2022-06-18 15:53:55', '2022-06-18 21:23:55'),
(822, '190', NULL, 1, 23, '19', 1, 1, '', '2022-06-18 15:55:07', '2022-06-18 21:25:07'),
(829, '193', NULL, 1, 38, '19', 1, 1, '', '2022-06-26 13:00:33', '2022-06-26 18:30:33'),
(830, '193', NULL, 1, 42, '17', 1, 1, '', '2022-06-26 13:00:40', '2022-06-26 18:30:40'),
(831, '193', NULL, 1, 44, '19', 1, 1, '', '2022-06-26 13:00:50', '2022-06-26 18:30:50'),
(832, '193', NULL, 1, 208, '4', 4, 1, '', '2022-06-26 13:01:02', '2022-06-26 18:31:02'),
(833, '194', NULL, 1, 46, '3', 2, 1, '', '2022-06-26 13:28:46', '2022-06-26 18:58:56'),
(834, '194', NULL, 1, 47, '3', 6, 1, '', '2022-06-26 13:29:20', '2022-06-26 18:59:20'),
(837, '194', NULL, 1, 35, '20', 1, 1, '', '2022-06-26 13:29:57', '2022-06-26 18:59:57'),
(838, '194', NULL, 1, 36, '19', 1, 1, '', '2022-06-26 13:30:22', '2022-06-26 19:00:22'),
(839, '194', NULL, 1, 44, '19', 1, 1, '', '2022-06-26 13:30:37', '2022-06-26 19:00:37'),
(840, '194', NULL, 1, 59, '10', 1, 1, '', '2022-06-26 13:31:37', '2022-06-26 19:01:37'),
(841, '194', NULL, 1, 34, '23', 1, 1, '', '2022-06-26 13:31:51', '2022-06-26 19:01:51'),
(842, '194', NULL, 1, 209, '6', 1, 1, '', '2022-06-26 13:32:23', '2022-06-26 19:02:23'),
(843, '196', NULL, 1, 216, '21', 1, 1, '', '2022-06-30 14:41:30', '2022-06-30 20:11:30'),
(845, '196', NULL, 1, 44, '19', 1, 1, '', '2022-06-30 14:45:06', '2022-06-30 20:15:06'),
(846, '197', NULL, 1, 56, '21', 1, 1, '', '2022-07-01 11:54:47', '2022-07-01 17:24:47'),
(848, '198', NULL, 1, 29, '19', 1, 1, '', '2022-07-02 13:00:32', '2022-07-02 18:30:32'),
(849, '198', NULL, 1, 44, '19', 1, 1, '', '2022-07-02 13:00:54', '2022-07-02 18:30:54'),
(850, '198', NULL, 1, 208, '4', 1, 1, '', '2022-07-02 13:01:01', '2022-07-02 18:31:01'),
(851, '198', NULL, 1, 201, '4', 1, 1, '', '2022-07-02 13:01:05', '2022-07-02 18:31:05'),
(852, '198', NULL, 1, 57, '7', 1, 1, '', '2022-07-02 13:01:25', '2022-07-02 18:31:25'),
(853, '198', NULL, 1, 46, '3', 1, 1, '', '2022-07-02 13:03:06', '2022-07-02 18:33:06'),
(854, '199', NULL, 1, 36, '19', 1, 1, '', '2022-07-06 07:21:47', '2022-07-06 12:51:47'),
(855, '199', NULL, 1, 216, '21', 1, 1, '', '2022-07-06 07:22:57', '2022-07-06 12:52:57'),
(857, '199', NULL, 1, 202, '4', 3, 1, '', '2022-07-06 07:23:56', '2022-07-06 12:53:56'),
(858, '199', NULL, 1, 194, '3.50', 3, 1, '', '2022-07-06 07:24:00', '2022-07-06 12:54:00'),
(859, '199', NULL, 1, 201, '4', 3, 1, '', '2022-07-06 07:24:12', '2022-07-06 12:54:12'),
(860, '199', NULL, 1, 190, '17', 1, 1, '', '2022-07-06 07:25:00', '2022-07-06 12:55:00'),
(881, '204', NULL, 1, 21, '18.95', 1, 1, '', '2022-07-16 13:47:55', '2022-07-16 19:17:55'),
(882, '204', NULL, 1, 36, '16.95', 1, 1, '', '2022-07-16 13:48:28', '2022-07-16 19:18:28'),
(884, '204', NULL, 1, 201, '3.50', 1, 1, '', '2022-07-16 13:49:33', '2022-07-16 19:19:33'),
(885, '204', NULL, 1, 47, '3', 1, 1, '', '2022-07-16 13:49:40', '2022-07-16 19:19:40'),
(886, '204', NULL, 1, 202, '3.50', 1, 1, '', '2022-07-16 13:49:46', '2022-07-16 19:19:46'),
(887, '204', NULL, 1, 194, '3.50', 1, 1, '', '2022-07-16 13:49:50', '2022-07-16 19:19:50'),
(888, '204', NULL, 1, 49, '10', 1, 1, '', '2022-07-16 13:49:56', '2022-07-16 19:19:56'),
(889, '204', NULL, 1, 46, '3', 1, 1, '', '2022-07-16 13:53:32', '2022-07-16 19:23:32'),
(890, '204', NULL, 1, 44, '16.95', 1, 1, '', '2022-07-16 13:53:44', '2022-07-16 19:23:44'),
(891, '204', NULL, 1, 9, '11.95', 1, 1, '', '2022-07-16 13:56:44', '2022-07-16 19:26:44'),
(893, '206', NULL, 1, 28, '17.95', 1, 1, '', '2022-07-17 11:17:44', '2022-07-17 16:47:44'),
(894, '206', NULL, 1, 55, '16.95', 1, 1, '', '2022-07-17 11:18:50', '2022-07-17 16:48:50'),
(895, '206', NULL, 1, 225, '7.95', 1, 1, '', '2022-07-17 11:19:11', '2022-07-17 16:49:11'),
(896, '206', NULL, 1, 50, '4.95', 1, 1, '', '2022-07-17 11:21:26', '2022-07-17 16:51:26'),
(897, '206', NULL, 1, 38, '16.95', 1, 1, '', '2022-07-17 11:22:55', '2022-07-17 16:52:55'),
(898, '206', NULL, 1, 44, '16.95', 1, 1, '', '2022-07-17 11:57:59', '2022-07-17 17:27:59'),
(899, '207', NULL, 1, 55, '16.95', 1, 1, '', '2022-07-20 14:32:12', '2022-07-20 20:02:12'),
(900, '207', NULL, 1, 180, '18.95', 1, 1, '', '2022-07-20 14:34:29', '2022-07-20 20:04:29'),
(901, '208', NULL, 1, 44, '16.95', 1, 1, '', '2022-07-22 14:55:27', '2022-07-22 20:25:27'),
(903, '208', NULL, 1, 208, '3.50', 3, 1, '', '2022-07-22 14:58:04', '2022-07-22 20:28:04'),
(904, '209', NULL, 1, 14, '18.95', 1, 1, '', '2022-07-23 13:12:09', '2022-07-23 18:42:09'),
(909, '211', NULL, 1, 44, '16.95', 1, 1, '', '2022-07-29 15:25:45', '2022-07-29 20:55:45'),
(910, '211', NULL, 1, 194, '3.50', 1, 1, '', '2022-07-29 15:27:02', '2022-07-29 20:57:02'),
(911, '211', NULL, 1, 47, '3', 1, 1, '', '2022-07-29 15:27:18', '2022-07-29 20:57:18'),
(912, '212', NULL, 1, 13, '16.95', 1, 1, '', '2022-07-31 10:31:54', '2022-07-31 16:01:54'),
(913, '212', NULL, 1, 29, '16.95', 1, 1, '', '2022-07-31 10:32:49', '2022-07-31 16:02:49'),
(914, '212', NULL, 1, 208, '3.50', 1, 1, '', '2022-07-31 10:33:08', '2022-07-31 16:03:08'),
(915, '213', NULL, 1, 9, '11.95', 1, 1, '', '2022-08-06 16:23:39', '2022-08-06 21:53:39'),
(917, '213', NULL, 1, 35, '17.95', 1, 1, '', '2022-08-06 16:25:03', '2022-08-06 21:55:03'),
(918, '213', NULL, 1, 28, '17.95', 1, 1, '', '2022-08-06 16:26:32', '2022-08-06 21:56:32'),
(919, '213', NULL, 1, 198, '15.95', 1, 1, '', '2022-08-06 16:29:46', '2022-08-06 21:59:46'),
(920, '213', NULL, 1, 194, '3.50', 1, 1, '', '2022-08-06 16:32:22', '2022-08-06 22:02:22'),
(924, '214', NULL, 1, 28, '17.95', 1, 1, '', '2022-08-11 13:33:33', '2022-08-11 19:03:33'),
(926, '214', NULL, 1, 202, '3.50', 6, 1, '', '2022-08-11 13:34:43', '2022-08-11 19:04:43'),
(927, '215', NULL, 1, 203, '7.95', 1, 1, '', '2022-08-14 06:32:50', '2022-08-14 12:02:50'),
(928, '217', NULL, 1, 29, '16.95', 1, 1, '', '2022-08-18 04:26:07', '2022-08-18 09:56:07'),
(929, '217', NULL, 1, 201, '3.50', 1, 1, '', '2022-08-18 04:26:25', '2022-08-18 09:56:25'),
(930, '218', NULL, 1, 35, '17.95', 2, 1, '', '2022-08-18 13:28:19', '2022-08-18 18:58:28'),
(933, '90', NULL, 1, 31, '17.95', 1, 1, '', '2022-08-18 14:33:35', '2022-08-18 20:03:35'),
(935, '219', NULL, 1, 59, '8.95', 1, 1, '', '2022-08-19 15:36:51', '2022-08-19 21:06:51'),
(936, '219', NULL, 1, 58, '11.95', 2, 1, '', '2022-08-19 15:37:20', '2022-08-19 21:07:20'),
(937, '219', NULL, 1, 196, '10.95', 1, 1, '', '2022-08-19 15:37:26', '2022-08-19 21:07:26'),
(938, '220', NULL, 1, 20, '15.95', 1, 1, '', '2022-08-27 08:33:58', '2022-08-27 14:03:58'),
(939, '220', NULL, 1, 217, '15.95', 1, 1, '', '2022-08-27 08:34:14', '2022-08-27 14:04:14'),
(940, '220', NULL, 1, 46, '3', 1, 1, '', '2022-08-27 08:34:22', '2022-08-27 14:04:22'),
(941, '220', NULL, 1, 201, '3.50', 1, 1, '', '2022-08-27 08:34:58', '2022-08-27 14:04:58'),
(942, '221', NULL, 1, 16, '18.95', 2, 1, '', '2022-08-27 12:47:38', '2022-08-27 18:19:12'),
(944, '221', NULL, 1, 25, '26.95', 1, 1, '', '2022-08-27 12:48:18', '2022-08-27 18:18:18'),
(945, '223', NULL, 1, 37, '16.95', 1, 1, '', '2022-08-29 14:15:19', '2022-08-29 19:45:19'),
(946, '223', NULL, 1, 41, '15.95', 1, 1, '', '2022-08-29 14:15:26', '2022-08-29 19:45:26'),
(947, '224', NULL, 1, 184, '15.95', 2, 1, '', '2022-09-01 14:19:35', '2022-10-20 17:18:38'),
(952, '225', NULL, 1, 56, '17.95', 1, 1, '', '2022-09-02 14:37:54', '2022-09-02 20:07:54'),
(953, '225', NULL, 1, 51, '4.95', 1, 1, '', '2022-09-02 14:37:58', '2022-09-02 20:07:58'),
(956, '227', NULL, 1, 27, '16.95', 2, 1, '', '2022-09-03 08:07:07', '2022-09-03 13:37:07'),
(958, '228', NULL, 1, 28, '17.95', 1, 1, '', '2022-09-04 07:00:27', '2022-09-04 12:30:27'),
(959, '228', NULL, 1, 29, '16.95', 1, 1, '', '2022-09-04 07:00:32', '2022-09-04 12:30:32'),
(960, '228', NULL, 1, 46, '3', 4, 1, '', '2022-09-04 07:00:46', '2022-09-04 12:30:46'),
(961, '228', NULL, 1, 13, '16.95', 1, 1, '', '2022-09-04 07:01:05', '2022-09-04 12:31:05'),
(962, '229', NULL, 1, 199, '15.50', 2, 1, '', '2022-09-09 06:32:17', '2022-09-09 12:02:17'),
(963, '230', NULL, 1, 176, '9.95', 1, 1, '', '2022-09-10 15:51:10', '2022-09-10 21:21:10'),
(964, '230', NULL, 1, 28, '17.95', 1, 1, '', '2022-09-10 15:51:43', '2022-09-10 21:21:43'),
(965, '230', NULL, 1, 201, '3.50', 1, 1, '', '2022-09-10 15:52:09', '2022-09-10 21:22:09'),
(967, '230', NULL, 1, 51, '4.95', 1, 1, '', '2022-09-10 15:53:30', '2022-09-10 21:23:30'),
(972, '231', NULL, 1, 56, '17.95', 1, 1, '', '2022-09-15 13:40:18', '2022-09-15 19:10:18'),
(973, '231', NULL, 1, 58, '11.95', 1, 1, '', '2022-09-15 13:40:23', '2022-09-15 19:10:23'),
(974, '232', NULL, 1, 20, '15.95', 1, 1, '', '2022-09-17 11:17:12', '2022-09-17 16:47:12'),
(978, '233', NULL, 1, 25, '26.95', 1, 1, '', '2022-09-17 15:12:25', '2022-09-17 20:42:25'),
(979, '233', NULL, 1, 35, '17.95', 1, 1, '', '2022-09-17 15:12:33', '2022-09-17 20:42:33'),
(980, '233', NULL, 1, 36, '16.95', 1, 1, '', '2022-09-17 15:12:36', '2022-09-17 20:42:36'),
(981, '233', NULL, 1, 47, '3', 1, 1, '', '2022-09-17 15:12:46', '2022-09-17 20:42:46'),
(982, '233', NULL, 1, 201, '3.50', 1, 1, '', '2022-09-17 15:12:50', '2022-09-17 20:42:50'),
(983, '233', NULL, 1, 57, '6.95', 1, 1, '', '2022-09-17 15:12:57', '2022-09-17 20:42:57'),
(986, '234', NULL, 1, 196, '10.95', 1, 1, '', '2022-09-24 14:38:55', '2022-09-24 20:08:55'),
(987, '234', NULL, 1, 55, '16.95', 1, 1, '', '2022-09-24 14:39:14', '2022-09-24 20:09:14'),
(988, '235', NULL, 1, 28, '17.95', 1, 1, '', '2022-09-26 14:34:17', '2022-09-26 20:04:17'),
(989, '235', NULL, 1, 46, '3', 1, 1, '', '2022-09-26 14:34:33', '2022-09-26 20:04:33'),
(990, '236', NULL, 1, 35, '17.95', 1, 1, '', '2022-09-28 13:51:15', '2022-09-28 19:21:15'),
(991, '236', NULL, 1, 188, '16.95', 1, 1, '', '2022-09-28 13:51:29', '2022-09-28 19:21:29'),
(992, '236', NULL, 1, 43, '15.95', 1, 1, '', '2022-09-28 13:52:05', '2022-09-28 19:22:05'),
(993, '236', NULL, 1, 46, '3', 7, 1, '', '2022-09-28 13:52:43', '2022-09-28 19:22:43'),
(994, '236', NULL, 1, 51, '4.95', 1, 1, '', '2022-09-28 13:53:07', '2022-09-28 19:23:07'),
(995, '237', NULL, 1, 185, '16.95', 1, 1, '', '2022-09-29 18:51:44', '2022-09-30 00:21:44'),
(996, '237', NULL, 1, 37, '16.95', 1, 1, '', '2022-09-29 18:51:55', '2022-09-30 00:21:55'),
(998, '237', NULL, 1, 15, '18.95', 1, 1, '', '2022-09-29 18:53:17', '2022-09-30 00:23:17'),
(999, '237', NULL, 1, 31, '17.95', 1, 1, '', '2022-09-29 18:53:47', '2022-09-30 00:23:47'),
(1000, '232', NULL, 1, 11, '13.95', 1, 1, '', '2022-10-02 10:34:39', '2022-10-02 16:04:39'),
(1001, '232', NULL, 1, 181, '18.95', 2, 1, '', '2022-10-02 10:35:07', '2022-10-02 16:05:07'),
(1002, '232', NULL, 1, 37, '16.95', 1, 1, '', '2022-10-02 10:37:28', '2022-10-02 16:07:28'),
(1003, '232', NULL, 1, 39, '15.95', 1, 1, '', '2022-10-02 10:38:26', '2022-10-02 16:08:26'),
(1004, '232', NULL, 1, 41, '15.95', 1, 1, '', '2022-10-02 10:38:36', '2022-10-02 16:08:36'),
(1005, '232', NULL, 1, 201, '3.50', 7, 1, '', '2022-10-02 10:39:00', '2022-10-02 16:09:00');
INSERT INTO `cart` (`id`, `cart_no`, `user_id`, `store_id`, `item_id`, `price`, `qty`, `qty_type`, `msg`, `created_at`, `updated_at`) VALUES
(1010, '238', NULL, 1, 35, '17.95', 1, 1, '', '2022-10-08 11:22:49', '2022-10-08 16:52:49'),
(1013, '238', NULL, 1, 51, '4.95', 1, 1, '', '2022-10-08 11:27:05', '2022-10-08 16:57:05'),
(1014, '238', NULL, 1, 201, '3.50', 1, 1, '', '2022-10-08 11:29:06', '2022-10-08 16:59:06'),
(1015, '238', NULL, 1, 47, '3', 6, 1, '', '2022-10-08 11:30:37', '2022-10-08 17:00:37'),
(1016, '238', NULL, 1, 40, '15.95', 1, 1, '', '2022-10-08 11:31:48', '2022-10-08 17:01:48'),
(1018, '238', NULL, 1, 13, '16.95', 1, 1, '', '2022-10-08 11:38:00', '2022-10-08 17:08:00'),
(1020, '238', NULL, 1, 5, '11.95', 1, 1, '', '2022-10-08 11:40:36', '2022-10-08 17:10:36'),
(1021, '238', NULL, 1, 46, '3', 2, 1, '', '2022-10-08 11:43:03', '2022-10-08 17:13:03'),
(1022, '239', NULL, 1, 33, '19.95', 1, 1, '', '2022-10-09 11:01:11', '2022-10-09 16:31:11'),
(1024, '239', NULL, 1, 190, '15.95', 1, 1, '', '2022-10-09 11:04:06', '2022-10-09 16:34:06'),
(1025, '239', NULL, 1, 201, '3.50', 1, 1, '', '2022-10-09 11:04:17', '2022-10-09 16:34:17'),
(1026, '241', NULL, 1, 204, '7.95', 1, 1, '', '2022-10-14 12:53:03', '2022-10-14 18:23:03'),
(1027, '241', NULL, 1, 13, '16.95', 1, 1, '', '2022-10-14 12:57:07', '2022-10-14 18:27:07'),
(1029, '241', NULL, 1, 47, '3', 1, 1, '', '2022-10-14 12:59:49', '2022-10-14 18:29:49'),
(1030, '241', NULL, 1, 30, '16.95', 1, 1, '', '2022-10-14 13:01:10', '2022-10-14 18:31:10'),
(1031, '241', NULL, 1, 201, '3.50', 2, 1, '', '2022-10-14 13:02:30', '2022-10-14 18:32:30'),
(1032, '242', NULL, 1, 3, '9.95', 1, 1, '', '2022-10-15 05:14:58', '2022-10-15 10:44:58'),
(1033, '224', NULL, 1, 24, '18.95', 2, 1, '', '2022-10-20 11:46:05', '2022-10-20 17:18:40'),
(1034, '224', NULL, 1, 35, '17.95', 2, 1, '', '2022-10-20 11:46:19', '2022-10-20 17:18:41'),
(1035, '224', NULL, 1, 36, '16.95', 2, 1, '', '2022-10-20 11:46:26', '2022-10-20 17:18:43'),
(1036, '224', NULL, 1, 44, '16.95', 2, 1, '', '2022-10-20 11:46:40', '2022-10-20 17:18:45'),
(1037, '224', NULL, 1, 46, '3', 7, 1, '', '2022-10-20 11:46:53', '2022-10-20 17:16:53'),
(1038, '224', NULL, 1, 52, '5.95', 2, 1, '', '2022-10-20 11:47:24', '2022-10-20 17:17:24'),
(1039, '243', NULL, 1, 21, '18.95', 1, 1, '', '2022-10-22 10:46:29', '2022-10-22 16:16:29'),
(1040, '243', NULL, 1, 34, '19.95', 1, 1, '', '2022-10-22 10:46:57', '2022-10-22 16:16:57'),
(1041, '243', NULL, 1, 44, '16.95', 1, 1, '', '2022-10-22 10:47:31', '2022-10-22 16:17:31'),
(1042, '243', NULL, 1, 201, '3.50', 1, 1, '', '2022-10-22 10:48:06', '2022-10-22 16:18:19'),
(1043, '243', NULL, 1, 47, '3', 2, 1, '', '2022-10-22 10:48:27', '2022-10-22 16:19:18'),
(1045, '244', NULL, 1, 47, '3', 2, 1, '', '2022-10-22 15:37:04', '2022-10-22 21:07:04'),
(1051, '244', NULL, 1, 30, '16.95', 1, 1, '', '2022-10-22 15:39:32', '2022-10-22 21:09:32'),
(1054, '244', NULL, 1, 36, '16.95', 1, 1, '', '2022-10-22 15:43:52', '2022-10-22 21:13:52'),
(1056, '244', NULL, 1, 28, '17.95', 1, 1, '', '2022-10-22 15:45:16', '2022-10-22 21:15:16'),
(1057, '244', NULL, 1, 184, '15.95', 1, 1, '', '2022-10-22 15:45:51', '2022-10-22 21:15:51'),
(1058, '244', NULL, 1, 50, '4.95', 1, 1, '', '2022-10-22 15:49:21', '2022-10-22 21:19:21'),
(1059, '244', NULL, 1, 201, '3.50', 1, 1, '', '2022-10-22 15:49:58', '2022-10-22 21:19:58'),
(1060, '246', NULL, 1, 223, '7.95', 2, 1, '', '2022-10-24 10:59:09', '2022-10-24 16:29:09'),
(1061, '246', NULL, 1, 29, '16.95', 1, 1, '', '2022-10-24 11:00:23', '2022-10-24 16:30:23'),
(1062, '246', NULL, 1, 37, '16.95', 1, 1, '', '2022-10-24 11:00:32', '2022-10-24 16:30:32'),
(1063, '246', NULL, 1, 38, '16.95', 1, 1, '', '2022-10-24 11:00:41', '2022-10-24 16:30:41'),
(1064, '246', NULL, 1, 46, '3', 10, 1, '', '2022-10-24 11:01:10', '2022-10-24 16:31:10'),
(1065, '246', NULL, 1, 185, '16.95', 1, 1, '', '2022-10-24 11:02:07', '2022-10-24 16:32:07'),
(1066, '247', NULL, 1, 38, '16.95', 1, 1, '', '2022-10-24 13:51:19', '2022-10-24 19:21:19'),
(1067, '247', NULL, 1, 42, '15.95', 1, 1, '', '2022-10-24 13:51:31', '2022-10-24 19:21:31'),
(1068, '248', NULL, 1, 54, '15.95', 2, 1, '', '2022-10-26 14:50:07', '2022-10-26 20:20:35'),
(1070, '249', NULL, 1, 56, '17.95', 1, 1, '', '2022-10-27 12:13:25', '2022-10-27 17:43:25'),
(1071, '250', NULL, 1, 194, '3.50', 1, 1, '', '2022-10-28 11:12:58', '2022-10-28 16:42:58'),
(1072, '250', NULL, 1, 33, '19.95', 1, 1, '', '2022-10-28 11:13:26', '2022-10-28 16:43:26'),
(1073, '251', NULL, 1, 31, '17.95', 1, 1, '', '2022-10-29 15:39:08', '2022-10-29 21:09:08'),
(1074, '251', NULL, 1, 35, '17.95', 1, 1, '', '2022-10-29 15:39:13', '2022-10-29 21:09:13'),
(1075, '251', NULL, 1, 46, '3', 2, 1, '', '2022-10-29 15:39:44', '2022-10-29 21:09:44'),
(1076, '251', NULL, 1, 208, '3.50', 3, 1, '', '2022-10-29 15:39:45', '2022-10-29 21:09:45'),
(1077, '252', NULL, 1, 199, '15.50', 1, 1, '', '2022-10-30 06:27:50', '2022-10-30 11:57:50'),
(1078, '253', NULL, 1, 202, '3.50', 1, 1, '', '2022-10-30 21:59:10', '2022-10-31 03:29:10'),
(1079, '254', NULL, 1, 1, '7.95', 1, 1, '', '2022-10-31 06:33:33', '2022-10-31 12:03:33'),
(1081, '255', NULL, 1, 21, '18.95', 1, 1, '', '2022-11-03 12:56:29', '2022-11-03 18:26:29'),
(1082, '255', NULL, 1, 197, '8.95', 1, 1, '', '2022-11-03 12:56:42', '2022-11-03 18:26:42'),
(1083, '255', NULL, 1, 203, '7.95', 1, 1, '', '2022-11-03 12:57:12', '2022-11-03 18:27:12'),
(1084, '210', NULL, 1, 3, '9.95', 1, 1, '', '2022-11-04 13:50:40', '2022-11-04 19:20:40'),
(1085, '210', NULL, 1, 16, '18.95', 1, 1, '', '2022-11-04 13:51:48', '2022-11-04 19:21:48'),
(1086, '210', NULL, 1, 31, '17.95', 1, 1, '', '2022-11-04 13:52:11', '2022-11-04 19:22:11'),
(1087, '210', NULL, 1, 55, '16.95', 1, 1, '', '2022-11-04 13:52:42', '2022-11-04 19:22:42'),
(1088, '210', NULL, 1, 35, '17.95', 1, 1, '', '2022-11-04 13:55:53', '2022-11-04 19:25:53'),
(1089, '210', NULL, 1, 49, '10', 1, 1, '', '2022-11-04 13:56:13', '2022-11-04 19:26:13'),
(1090, '210', NULL, 1, 47, '3', 1, 1, '', '2022-11-04 13:56:24', '2022-11-04 19:26:24'),
(1091, '256', NULL, 1, 22, '16.95', 1, 1, '', '2022-11-04 14:50:47', '2022-11-04 20:20:47'),
(1092, '256', NULL, 1, 42, '15.95', 1, 1, '', '2022-11-04 14:50:58', '2022-11-04 20:20:58'),
(1094, '256', NULL, 1, 208, '3.50', 2, 1, '', '2022-11-04 14:51:15', '2022-11-04 20:21:15'),
(1095, '256', NULL, 1, 201, '3.50', 2, 1, '', '2022-11-04 14:54:10', '2022-11-04 20:24:10'),
(1096, '257', NULL, 1, 3, '9.95', 2, 1, '', '2022-11-07 11:59:36', '2022-11-07 17:29:36'),
(1097, '257', NULL, 1, 21, '18.95', 1, 1, '', '2022-11-07 11:59:45', '2022-11-07 17:29:45'),
(1104, '258', NULL, 1, 28, '17.95', 1, 1, '', '2022-11-12 15:21:34', '2022-11-12 20:51:34'),
(1105, '258', NULL, 1, 176, '9.95', 1, 1, '', '2022-11-12 15:23:34', '2022-11-12 20:53:34'),
(1106, '258', NULL, 1, 55, '16.95', 1, 1, '', '2022-11-12 15:24:16', '2022-11-12 20:54:16'),
(1107, '258', NULL, 1, 46, '3', 10, 1, '', '2022-11-12 15:25:25', '2022-11-12 20:55:25'),
(1108, '258', NULL, 1, 35, '17.95', 1, 1, '', '2022-11-12 15:28:51', '2022-11-12 20:58:51'),
(1111, '259', NULL, 1, 17, '19.95', 1, 1, '', '2022-11-12 15:36:46', '2022-11-12 21:06:46'),
(1112, '260', NULL, 1, 221, '18.95', 1, 1, '', '2022-11-13 13:37:09', '2022-11-13 19:07:09'),
(1113, '260', NULL, 1, 216, '19.95', 1, 1, '', '2022-11-13 13:37:57', '2022-11-13 19:07:57'),
(1115, '260', NULL, 1, 195, '17.95', 1, 1, '', '2022-11-13 13:38:38', '2022-11-13 19:08:38'),
(1116, '262', NULL, 1, 187, '15.95', 1, 1, '', '2022-11-18 16:41:21', '2022-11-18 22:11:21'),
(1117, '262', NULL, 1, 51, '4.95', 1, 1, '', '2022-11-18 16:41:36', '2022-11-18 22:11:36'),
(1118, '263', NULL, 1, 187, '15.95', 1, 1, '', '2022-11-19 11:09:31', '2022-11-19 16:39:31'),
(1119, '263', NULL, 1, 29, '16.95', 1, 1, '', '2022-11-19 11:10:20', '2022-11-19 16:40:20'),
(1120, '263', NULL, 1, 195, '17.95', 1, 1, '', '2022-11-19 11:10:52', '2022-11-19 16:40:52'),
(1122, '263', NULL, 1, 41, '15.95', 1, 1, '', '2022-11-19 11:12:25', '2022-11-19 16:42:25'),
(1123, '265', NULL, 1, 36, '16.95', 1, 1, '', '2022-11-20 14:42:04', '2022-11-20 20:12:04'),
(1124, '265', NULL, 1, 28, '17.95', 1, 1, '', '2022-11-20 14:42:15', '2022-11-20 20:12:15'),
(1125, '265', NULL, 1, 201, '3.50', 3, 1, '', '2022-11-20 14:42:45', '2022-11-20 20:12:45'),
(1126, '267', NULL, 1, 35, '17.95', 1, 1, '', '2022-11-24 12:45:10', '2022-11-24 18:15:10'),
(1127, '267', NULL, 1, 39, '15.95', 1, 1, '', '2022-11-24 12:56:28', '2022-11-24 18:26:28'),
(1128, '268', NULL, 1, 14, '18.95', 1, 1, '', '2022-11-25 13:32:10', '2022-11-25 19:02:10'),
(1129, '268', NULL, 1, 216, '19.95', 1, 1, '', '2022-11-25 13:32:24', '2022-11-25 19:02:24'),
(1130, '268', NULL, 1, 44, '16.95', 1, 1, '', '2022-11-25 13:32:34', '2022-11-25 19:02:34'),
(1131, '268', NULL, 1, 38, '16.95', 1, 1, '', '2022-11-25 13:32:38', '2022-11-25 19:02:38'),
(1132, '268', NULL, 1, 46, '3', 2, 1, '', '2022-11-25 13:32:52', '2022-11-25 19:02:52'),
(1133, '268', NULL, 1, 48, '5', 1, 1, '', '2022-11-25 13:32:57', '2022-11-25 19:02:57'),
(1134, '268', NULL, 1, 50, '4.95', 2, 1, '', '2022-11-25 13:33:07', '2022-11-25 19:03:07'),
(1135, '269', NULL, 1, 55, '16.95', 1, 1, '', '2022-11-26 07:51:41', '2022-11-26 13:21:41'),
(1137, '270', NULL, 1, 29, '16.95', 1, 1, '', '2022-11-26 12:38:12', '2022-11-26 18:08:12'),
(1138, '270', NULL, 1, 37, '16.95', 1, 1, '', '2022-11-26 12:39:04', '2022-11-26 18:09:04'),
(1139, '270', NULL, 1, 41, '15.95', 1, 1, '', '2022-11-26 12:39:37', '2022-11-26 18:09:37'),
(1140, '270', NULL, 1, 46, '3', 2, 1, '', '2022-11-26 12:40:12', '2022-11-26 18:10:12'),
(1142, '270', NULL, 1, 193, '8.95', 1, 1, '', '2022-11-26 12:40:40', '2022-11-26 18:10:40'),
(1143, '270', NULL, 1, 47, '3', 1, 1, '', '2022-11-26 12:41:31', '2022-11-26 18:11:31'),
(1144, '271', NULL, 1, 216, '19.95', 1, 1, '', '2022-11-26 15:24:46', '2022-11-26 20:54:46'),
(1145, '271', NULL, 1, 35, '17.95', 1, 1, '', '2022-11-26 15:25:20', '2022-11-26 20:55:20'),
(1146, '274', NULL, 1, 28, '17.95', 1, 1, '', '2022-12-03 12:35:57', '2022-12-03 18:05:57'),
(1148, '274', NULL, 1, 43, '15.95', 1, 1, '', '2022-12-03 12:36:31', '2022-12-03 18:06:31'),
(1149, '274', NULL, 1, 46, '3', 4, 1, '', '2022-12-03 12:36:43', '2022-12-03 18:06:43'),
(1150, '274', NULL, 1, 208, '3.50', 1, 1, '', '2022-12-03 12:36:47', '2022-12-03 18:06:47'),
(1152, '275', NULL, 1, 33, '19.95', 1, 1, '', '2022-12-03 14:13:35', '2022-12-03 19:43:35'),
(1153, '276', NULL, 1, 222, '7.95', 1, 1, '', '2022-12-04 05:12:11', '2022-12-04 10:42:11'),
(1154, '276', NULL, 1, 145, '16.95', 1, 1, '', '2022-12-04 05:13:03', '2022-12-04 10:43:03'),
(1155, '276', NULL, 1, 33, '19.95', 1, 1, '', '2022-12-04 05:13:37', '2022-12-04 10:43:37'),
(1156, '278', NULL, 1, 22, '16.95', 1, 1, '', '2022-12-09 04:31:16', '2022-12-09 10:01:16'),
(1157, '278', NULL, 1, 41, '15.95', 1, 1, '', '2022-12-09 04:32:10', '2022-12-09 10:02:10'),
(1160, '278', NULL, 1, 58, '11.95', 1, 1, '', '2022-12-09 04:34:34', '2022-12-09 10:04:34'),
(1161, '278', NULL, 1, 20, '15.95', 1, 1, '', '2022-12-09 04:38:07', '2022-12-09 10:08:07'),
(1162, '279', NULL, 1, 22, '16.95', 1, 1, '', '2022-12-09 07:06:35', '2022-12-09 12:36:35'),
(1163, '279', NULL, 1, 184, '15.95', 1, 1, '', '2022-12-09 07:06:44', '2022-12-09 12:36:44'),
(1164, '279', NULL, 1, 58, '11.95', 1, 1, '', '2022-12-09 07:07:44', '2022-12-09 12:37:44'),
(1167, '279', NULL, 1, 9, '11.95', 1, 1, '', '2022-12-09 07:18:19', '2022-12-09 12:48:19'),
(1168, '280', NULL, 1, 180, '18.95', 1, 1, '', '2022-12-11 10:55:35', '2022-12-11 16:25:35'),
(1169, '280', NULL, 1, 179, '18.95', 1, 1, '', '2022-12-11 10:56:10', '2022-12-11 16:26:10'),
(1170, '280', NULL, 1, 192, '11', 1, 1, '', '2022-12-11 10:56:29', '2022-12-11 16:26:29'),
(1171, '280', NULL, 1, 28, '19', 1, 1, '', '2022-12-11 10:57:14', '2022-12-11 16:27:14'),
(1172, '280', NULL, 1, 201, '4', 3, 1, '', '2022-12-11 10:57:28', '2022-12-11 17:05:19'),
(1173, '280', NULL, 1, 202, '4', 2, 1, '', '2022-12-11 10:58:10', '2022-12-11 16:29:06'),
(1175, '281', NULL, 1, 36, '19', 1, 1, '', '2022-12-11 11:18:35', '2022-12-11 16:48:35'),
(1176, '282', NULL, 1, 13, '16.95', 1, 1, '', '2022-12-11 13:53:25', '2022-12-11 19:23:25'),
(1177, '283', NULL, 1, 21, '19', 1, 1, '', '2022-12-13 13:56:40', '2022-12-13 19:26:40'),
(1179, '283', NULL, 1, 35, '20', 1, 1, '', '2022-12-13 13:57:18', '2022-12-13 19:27:18'),
(1181, '283', NULL, 1, 36, '19', 1, 1, '', '2022-12-13 14:00:01', '2022-12-13 19:30:01'),
(1182, '283', NULL, 1, 48, '5', 2, 1, '', '2022-12-13 14:00:51', '2022-12-13 19:30:51'),
(1183, '283', NULL, 1, 208, '4', 3, 1, '', '2022-12-13 14:01:57', '2022-12-13 19:31:57'),
(1184, '283', NULL, 1, 201, '4', 3, 1, '', '2022-12-13 14:02:08', '2022-12-13 19:32:08'),
(1185, '283', NULL, 1, 44, '19', 1, 1, '', '2022-12-13 14:06:18', '2022-12-13 19:36:18'),
(1186, '283', NULL, 1, 25, '29', 1, 1, '', '2022-12-13 14:06:28', '2022-12-13 19:36:28'),
(1187, '284', NULL, 1, 203, '10', 1, 1, '', '2022-12-14 10:07:56', '2022-12-14 15:37:56'),
(1188, '284', NULL, 1, 35, '20', 1, 1, '', '2022-12-14 10:08:46', '2022-12-14 15:38:46'),
(1189, '285', NULL, 1, 29, '19', 1, 1, '', '2022-12-14 14:35:15', '2022-12-14 20:05:15'),
(1190, '285', NULL, 1, 208, '4', 4, 1, '', '2022-12-14 14:36:09', '2022-12-14 20:06:09'),
(1191, '287', NULL, 1, 128, '6.95', 1, 1, '', '2022-12-17 14:16:18', '2022-12-17 19:46:18'),
(1192, '287', NULL, 1, 35, '20', 1, 1, '', '2022-12-17 14:16:37', '2022-12-17 19:46:37'),
(1193, '287', NULL, 1, 44, '19', 1, 1, '', '2022-12-17 14:17:13', '2022-12-17 19:47:13'),
(1195, '287', NULL, 1, 47, '3', 1, 1, '', '2022-12-17 14:18:26', '2022-12-17 19:48:26'),
(1197, '287', NULL, 1, 208, '4', 1, 1, '', '2022-12-17 14:19:27', '2022-12-17 19:49:27'),
(1198, '288', NULL, 1, 36, '19', 1, 1, '', '2022-12-17 16:41:25', '2022-12-17 22:11:25'),
(1199, '288', NULL, 1, 28, '19', 1, 1, '', '2022-12-17 16:41:32', '2022-12-17 22:11:32'),
(1200, '288', NULL, 1, 46, '3', 3, 1, '', '2022-12-17 16:41:51', '2022-12-17 22:11:51'),
(1201, '288', NULL, 1, 47, '3', 2, 1, '', '2022-12-17 16:42:04', '2022-12-17 22:12:04'),
(1202, '289', NULL, 1, 25, '29', 1, 1, '', '2022-12-22 12:41:32', '2022-12-22 18:11:32'),
(1203, '289', NULL, 1, 31, '19', 1, 1, '', '2022-12-22 12:41:54', '2022-12-22 18:11:54'),
(1204, '289', NULL, 1, 36, '19', 1, 1, '', '2022-12-22 12:41:59', '2022-12-22 18:11:59'),
(1205, '289', NULL, 1, 44, '19', 1, 1, '', '2022-12-22 12:42:20', '2022-12-22 18:12:20'),
(1206, '289', NULL, 1, 208, '4', 2, 1, '', '2022-12-22 12:42:55', '2022-12-22 18:12:55'),
(1207, '289', NULL, 1, 201, '4', 4, 1, '', '2022-12-22 12:43:29', '2022-12-22 18:16:06'),
(1208, '289', NULL, 1, 47, '3', 2, 1, '', '2022-12-22 12:43:41', '2022-12-22 18:13:41'),
(1209, '289', NULL, 1, 59, '10', 2, 1, '', '2022-12-22 12:44:50', '2022-12-22 18:14:50'),
(1210, '290', NULL, 1, 57, '7', 2, 1, '', '2022-12-24 06:33:16', '2022-12-24 12:03:16'),
(1211, '291', NULL, 1, 145, '16.95', 1, 1, '', '2022-12-24 12:16:40', '2022-12-24 17:46:40'),
(1212, '291', NULL, 1, 29, '19', 1, 1, '', '2022-12-24 12:16:57', '2022-12-24 17:46:57'),
(1213, '291', NULL, 1, 37, '19', 1, 1, '', '2022-12-24 12:19:26', '2022-12-24 17:49:26'),
(1214, '291', NULL, 1, 44, '19', 1, 1, '', '2022-12-24 12:19:33', '2022-12-24 17:49:33'),
(1216, '291', NULL, 1, 46, '3', 4, 1, '', '2022-12-24 12:23:39', '2022-12-24 17:53:39'),
(1217, '292', NULL, 1, 1, '9', 1, 1, '', '2022-12-24 14:09:45', '2022-12-24 19:39:45'),
(1223, '292', NULL, 1, 10, '16', 1, 1, '', '2022-12-24 14:16:24', '2022-12-24 19:46:24'),
(1224, '292', NULL, 1, 184, '17', 1, 1, '', '2022-12-24 14:16:46', '2022-12-24 19:46:46'),
(1225, '292', NULL, 1, 190, '17', 1, 1, '', '2022-12-24 14:17:22', '2022-12-24 19:47:22'),
(1226, '293', NULL, 1, 29, '19', 1, 1, '', '2022-12-25 07:54:38', '2022-12-25 13:24:38'),
(1227, '293', NULL, 1, 16, '18.95', 1, 1, '', '2022-12-25 07:55:35', '2022-12-25 13:25:35'),
(1228, '293', NULL, 1, 201, '4', 2, 1, '', '2022-12-25 07:56:32', '2022-12-25 13:27:34'),
(1229, '293', NULL, 1, 208, '4', 1, 1, '', '2022-12-25 07:56:34', '2022-12-25 13:26:34'),
(1239, '295', NULL, 1, 176, '10', 1, 1, '', '2022-12-27 14:51:07', '2022-12-27 20:21:07'),
(1240, '295', NULL, 1, 16, '18.95', 1, 1, '', '2022-12-27 14:51:42', '2022-12-27 20:21:42'),
(1241, '295', NULL, 1, 21, '19', 1, 1, '', '2022-12-27 14:51:59', '2022-12-27 20:21:59'),
(1242, '295', NULL, 1, 23, '19', 1, 1, '', '2022-12-27 14:52:03', '2022-12-27 20:22:03'),
(1243, '295', NULL, 1, 29, '19', 1, 1, '', '2022-12-27 14:52:38', '2022-12-27 20:22:38'),
(1244, '295', NULL, 1, 33, '23', 1, 1, '', '2022-12-27 14:52:50', '2022-12-27 20:22:50'),
(1245, '295', NULL, 1, 44, '19', 1, 1, '', '2022-12-27 14:53:05', '2022-12-27 20:23:05'),
(1246, '295', NULL, 1, 201, '4', 4, 1, '', '2022-12-27 14:53:19', '2022-12-27 20:23:19'),
(1247, '295', NULL, 1, 52, '7', 1, 1, '', '2022-12-27 14:53:32', '2022-12-27 20:23:32'),
(1248, '295', NULL, 1, 58, '13', 1, 1, '', '2022-12-27 14:53:40', '2022-12-27 20:23:40'),
(1249, '296', NULL, 1, 29, '19', 1, 1, '', '2022-12-29 12:20:23', '2022-12-29 17:50:23'),
(1250, '296', NULL, 1, 30, '19', 1, 1, '', '2022-12-29 12:21:08', '2022-12-29 17:51:08'),
(1251, '296', NULL, 1, 46, '3', 1, 1, '', '2022-12-29 12:21:55', '2022-12-29 17:51:55'),
(1252, '296', NULL, 1, 51, '5', 1, 1, '', '2022-12-29 12:22:09', '2022-12-29 17:52:09'),
(1253, '296', NULL, 1, 41, '18', 1, 1, '', '2022-12-29 12:22:43', '2022-12-29 17:52:43'),
(1254, '297', NULL, 1, 16, '18.95', 1, 1, '', '2022-12-29 14:37:56', '2022-12-29 20:07:56'),
(1255, '297', NULL, 1, 20, '18', 2, 1, '', '2022-12-29 14:38:05', '2022-12-29 20:08:05'),
(1256, '297', NULL, 1, 35, '20', 1, 1, '', '2022-12-29 14:38:36', '2022-12-29 20:08:36'),
(1257, '297', NULL, 1, 38, '19', 1, 1, '', '2022-12-29 14:38:40', '2022-12-29 20:08:40'),
(1258, '297', NULL, 1, 44, '19', 1, 1, '', '2022-12-29 14:38:50', '2022-12-29 20:08:50'),
(1259, '297', NULL, 1, 46, '3', 4, 1, '', '2022-12-29 14:39:01', '2022-12-29 20:09:01'),
(1260, '297', NULL, 1, 51, '5', 2, 1, '', '2022-12-29 14:39:13', '2022-12-29 20:09:13'),
(1262, '298', NULL, 1, 38, '19', 1, 1, '', '2022-12-31 10:36:35', '2022-12-31 16:06:35'),
(1263, '299', NULL, 1, 56, '21', 1, 1, '', '2022-12-31 10:38:15', '2022-12-31 16:08:15'),
(1269, '300', NULL, 1, 9, '14', 1, 1, '', '2022-12-31 13:36:03', '2022-12-31 19:06:03'),
(1270, '300', NULL, 1, 219, '8', 1, 1, '', '2022-12-31 13:36:26', '2022-12-31 19:06:26'),
(1271, '300', NULL, 1, 28, '19', 1, 1, '', '2022-12-31 13:36:39', '2022-12-31 19:06:39'),
(1273, '300', NULL, 1, 57, '7', 1, 1, '', '2022-12-31 13:37:14', '2022-12-31 19:07:14'),
(1275, '301', NULL, 1, 10, '16', 1, 1, '', '2023-01-08 09:28:40', '2023-01-08 14:58:40'),
(1276, '302', NULL, 1, 5, '14', 4, 1, '', '2023-01-09 05:39:04', '2023-01-09 11:09:04'),
(1277, '302', NULL, 1, 128, '6.95', 4, 1, '', '2023-01-09 05:39:23', '2023-01-09 11:09:23'),
(1278, '302', NULL, 1, 182, '18', 4, 1, '', '2023-01-09 05:40:04', '2023-01-09 11:10:04'),
(1279, '302', NULL, 1, 24, '19', 3, 1, '', '2023-01-09 05:40:12', '2023-01-09 11:10:12'),
(1280, '302', NULL, 1, 184, '17', 4, 1, '', '2023-01-09 05:40:20', '2023-01-09 11:10:20'),
(1281, '302', NULL, 1, 181, '19', 3, 1, '', '2023-01-09 05:40:26', '2023-01-09 11:10:26'),
(1282, '302', NULL, 1, 21, '19', 3, 1, '', '2023-01-09 05:40:30', '2023-01-09 11:10:30'),
(1283, '302', NULL, 1, 20, '18', 4, 1, '', '2023-01-09 05:40:52', '2023-01-09 11:10:52'),
(1284, '303', NULL, 1, 199, '15.50', 1, 1, '', '2023-01-10 06:04:31', '2023-01-10 11:34:31'),
(1285, '304', NULL, 1, 29, '19', 1, 1, '', '2023-01-10 13:56:12', '2023-01-10 19:26:12'),
(1286, '304', NULL, 1, 202, '4', 1, 1, '', '2023-01-10 13:56:53', '2023-01-10 19:26:53'),
(1287, '305', NULL, 1, 21, '19', 1, 1, '', '2023-01-15 13:24:50', '2023-01-15 18:54:50'),
(1288, '307', NULL, 1, 25, '29', 1, 1, '', '2023-01-20 13:38:22', '2023-01-20 19:08:22'),
(1292, '308', NULL, 1, 219, '8', 1, 1, '', '2023-01-24 03:44:13', '2023-01-24 09:14:13'),
(1294, '309', NULL, 1, 196, '11', 1, 1, '', '2023-01-25 07:27:34', '2023-01-25 12:57:34'),
(1295, '309', NULL, 1, 43, '17', 1, 1, '', '2023-01-25 07:28:21', '2023-01-25 12:58:21'),
(1296, '309', NULL, 1, 223, '9', 1, 1, '', '2023-01-25 07:30:32', '2023-01-25 13:00:32'),
(1297, '309', NULL, 1, 7, '9', 1, 1, '', '2023-01-25 07:31:35', '2023-01-25 13:01:35'),
(1299, '309', NULL, 1, 220, '8', 1, 1, '', '2023-01-25 10:06:57', '2023-01-25 15:36:57'),
(1300, '309', NULL, 1, 178, '6', 1, 1, '', '2023-01-25 10:07:10', '2023-01-25 15:37:10'),
(1301, '309', NULL, 1, 132, '8', 3, 1, '', '2023-01-25 10:07:24', '2023-01-25 15:37:24'),
(1302, '309', NULL, 1, 11, '14', 1, 1, '', '2023-01-25 10:08:13', '2023-01-25 15:38:13'),
(1303, '309', NULL, 1, 16, '18.95', 1, 1, '', '2023-01-25 10:09:08', '2023-01-25 15:39:08'),
(1304, '309', NULL, 1, 180, '18.95', 1, 1, '', '2023-01-25 10:09:12', '2023-01-25 15:39:12'),
(1305, '309', NULL, 1, 184, '17', 1, 1, '', '2023-01-25 10:09:40', '2023-01-25 15:39:40'),
(1306, '309', NULL, 1, 28, '19', 1, 1, '', '2023-01-25 10:09:51', '2023-01-25 15:39:51'),
(1307, '309', NULL, 1, 29, '19', 1, 1, '', '2023-01-25 10:09:59', '2023-01-25 15:39:59'),
(1308, '310', NULL, 1, 184, '17', 1, 1, '', '2023-01-28 14:21:23', '2023-01-28 19:51:23'),
(1309, '310', NULL, 1, 20, '18', 1, 1, '', '2023-01-28 14:21:34', '2023-01-28 19:51:34'),
(1310, '311', NULL, 1, 13, '16.95', 1, 1, '', '2023-01-29 04:13:21', '2023-01-29 09:43:21'),
(1311, '311', NULL, 1, 179, '18.95', 1, 1, '', '2023-01-29 04:13:31', '2023-01-29 09:43:31'),
(1315, '311', NULL, 1, 216, '21', 1, 1, '', '2023-01-29 04:15:26', '2023-01-29 09:45:26'),
(1316, '311', NULL, 1, 33, '23', 1, 1, '', '2023-01-29 06:05:21', '2023-01-29 11:35:21'),
(1317, '311', NULL, 1, 191, '19', 1, 1, '', '2023-01-29 06:06:27', '2023-01-29 11:36:27'),
(1318, '311', NULL, 1, 221, '18.95', 2, 1, '', '2023-01-29 06:09:47', '2023-01-29 11:41:55'),
(1319, '311', NULL, 1, 16, '18.95', 1, 1, '', '2023-01-29 06:12:23', '2023-01-29 11:42:23'),
(1320, '311', NULL, 1, 50, '6', 2, 1, '', '2023-01-29 06:22:48', '2023-01-29 11:53:14'),
(1324, '313', NULL, 1, 42, '17', 1, 1, '', '2023-02-03 09:11:17', '2023-02-03 14:41:17'),
(1325, '313', NULL, 1, 217, '18', 1, 1, '', '2023-02-03 09:11:59', '2023-02-03 14:41:59'),
(1326, '313', NULL, 1, 40, '18', 1, 1, '', '2023-02-03 09:13:05', '2023-02-03 14:43:05'),
(1327, '313', NULL, 1, 54, '17', 1, 1, '', '2023-02-03 09:13:18', '2023-02-03 14:43:18'),
(1328, '313', NULL, 1, 57, '7', 3, 1, '', '2023-02-03 09:13:47', '2023-02-03 14:43:47'),
(1329, '314', NULL, 1, 35, '20', 1, 1, '', '2023-02-04 10:31:46', '2023-02-04 16:01:46'),
(1330, '314', NULL, 1, 38, '19', 1, 1, '', '2023-02-04 10:31:52', '2023-02-04 16:01:52'),
(1331, '314', NULL, 1, 188, '18', 1, 1, '', '2023-02-04 10:31:59', '2023-02-04 16:01:59'),
(1332, '314', NULL, 1, 195, '18', 1, 1, '', '2023-02-04 10:32:18', '2023-02-04 16:02:18'),
(1333, '315', NULL, 1, 32, '26', 1, 1, '', '2023-02-08 11:35:09', '2023-02-08 17:05:09'),
(1334, '315', NULL, 1, 31, '19', 1, 1, '', '2023-02-08 11:35:21', '2023-02-08 17:05:21'),
(1335, '315', NULL, 1, 55, '19', 1, 1, '', '2023-02-08 11:35:39', '2023-02-08 17:05:39'),
(1336, '315', NULL, 1, 52, '7', 3, 1, '', '2023-02-08 11:35:46', '2023-02-08 17:08:26'),
(1337, '315', NULL, 1, 35, '20', 1, 1, '', '2023-02-08 11:36:10', '2023-02-08 17:06:10'),
(1338, '315', NULL, 1, 38, '19', 1, 1, '', '2023-02-08 11:37:02', '2023-02-08 17:07:02'),
(1339, '315', NULL, 1, 28, '19', 1, 1, '', '2023-02-08 11:37:35', '2023-02-08 17:07:35'),
(1340, '315', NULL, 1, 44, '19', 1, 1, '', '2023-02-08 11:37:48', '2023-02-08 17:07:48'),
(1347, '319', NULL, 1, 29, '19', 1, 1, '', '2023-02-22 09:57:18', '2023-02-22 15:27:18'),
(1348, '319', NULL, 1, 208, '4', 2, 1, '', '2023-02-22 09:58:11', '2023-02-22 15:28:11'),
(1349, '319', NULL, 1, 201, '4', 1, 1, '', '2023-02-22 09:58:20', '2023-02-22 15:28:20'),
(1350, '319', NULL, 1, 56, '21', 1, 1, '', '2023-02-22 09:58:40', '2023-02-22 15:28:40'),
(1351, '320', NULL, 1, 203, '10', 1, 1, '', '2023-03-04 13:49:56', '2023-03-04 19:19:56'),
(1357, '320', NULL, 1, 28, '19', 1, 1, '', '2023-03-04 13:59:26', '2023-03-04 19:29:26'),
(1358, '321', NULL, 1, 184, '17', 2, 1, '', '2023-03-06 12:13:52', '2023-03-06 17:43:52'),
(1360, '321', NULL, 1, 208, '4', 3, 1, '', '2023-03-06 12:15:18', '2023-03-06 17:45:18'),
(1361, '321', NULL, 1, 44, '19', 1, 1, '', '2023-03-06 12:16:01', '2023-03-06 17:46:01'),
(1362, '286', NULL, 1, 56, '21', 1, 1, '', '2023-03-10 08:56:04', '2023-03-10 14:26:04'),
(1363, '322', NULL, 1, 179, '18.95', 1, 1, '', '2023-03-10 12:31:37', '2023-03-10 18:01:37'),
(1364, '322', NULL, 1, 55, '19', 1, 1, '', '2023-03-10 12:31:56', '2023-03-10 18:01:56'),
(1365, '323', NULL, 1, 203, '10', 1, 1, '', '2023-03-11 14:37:01', '2023-03-11 20:07:01'),
(1366, '323', NULL, 1, 25, '29', 1, 1, '', '2023-03-18 14:59:26', '2023-03-18 20:29:26'),
(1367, '323', NULL, 1, 54, '17', 1, 1, '', '2023-03-18 15:00:57', '2023-03-18 20:30:57'),
(1368, '324', NULL, 1, 35, '20', 1, 1, '', '2023-03-21 08:28:00', '2023-03-21 13:58:00'),
(1369, '324', NULL, 1, 44, '19', 1, 1, '', '2023-03-21 08:28:11', '2023-03-21 13:58:11'),
(1370, '325', NULL, 1, 38, '19', 1, 1, '', '2023-04-15 13:41:21', '2023-04-15 09:41:21'),
(1371, '325', NULL, 1, 43, '17', 2, 1, '', '2023-04-15 13:41:28', '2023-04-15 10:08:56'),
(1372, '325', NULL, 1, 44, '19', 2, 1, '', '2023-04-15 13:41:31', '2023-04-15 09:43:19'),
(1373, '325', NULL, 1, 202, '4', 1, 1, '', '2023-04-15 13:41:56', '2023-04-15 09:41:56'),
(1374, '325', NULL, 1, 201, '4', 3, 1, '', '2023-04-15 13:42:03', '2023-04-15 10:09:08'),
(1376, '325', NULL, 1, 208, '4', 2, 1, '', '2023-04-15 13:42:12', '2023-04-15 09:42:51'),
(1377, '325', NULL, 1, 36, '19', 1, 1, '', '2023-04-15 14:02:27', '2023-04-15 10:02:27'),
(1379, '326', NULL, 1, 234, '11.95', 2, 1, '', '2023-04-15 16:42:11', '2023-04-15 12:42:11'),
(1381, '327', NULL, 1, 12, '18', 1, 1, '', '2023-04-15 19:21:07', '2023-04-15 15:21:07'),
(1382, '328', NULL, 1, 32, '26', 1, 1, '', '2023-04-15 23:51:10', '2023-04-15 19:51:10'),
(1386, '328', NULL, 1, 31, '19', 1, 1, '', '2023-04-15 23:54:29', '2023-04-15 19:54:29'),
(1387, '328', NULL, 1, 36, '19', 1, 1, '', '2023-04-15 23:55:48', '2023-04-15 19:55:48'),
(1388, '329', NULL, 1, 19, '29', 1, 1, '', '2023-04-16 20:26:16', '2023-04-16 16:26:16'),
(1389, '329', NULL, 1, 30, '19', 1, 1, '', '2023-04-16 20:26:30', '2023-04-16 16:26:30'),
(1390, '329', NULL, 1, 33, '23', 1, 1, '', '2023-04-16 20:26:39', '2023-04-16 16:26:39'),
(1391, '329', NULL, 1, 209, '6', 1, 1, '', '2023-04-16 20:27:39', '2023-04-16 16:27:39'),
(1392, '329', NULL, 1, 201, '4', 1, 1, '', '2023-04-16 20:27:49', '2023-04-16 16:27:49'),
(1393, '329', NULL, 1, 56, '21', 1, 1, '', '2023-04-16 20:28:02', '2023-04-16 16:28:02'),
(1395, '331', NULL, 1, 1, '9', 1, 1, '', '2023-04-23 13:34:54', '2023-04-23 09:34:54'),
(1396, '331', NULL, 1, 223, '9', 1, 1, '', '2023-04-23 13:35:00', '2023-04-23 09:35:00'),
(1397, '331', NULL, 1, 20, '18', 1, 1, '', '2023-04-23 13:35:16', '2023-04-23 09:35:16'),
(1398, '331', NULL, 1, 54, '17', 1, 1, '', '2023-04-23 13:35:30', '2023-04-23 09:35:30'),
(1400, '332', NULL, 1, 24, '19', 1, 1, '', '2023-04-27 07:23:58', '2023-04-27 03:23:58'),
(1403, '335', NULL, 1, 28, '19', 1, 1, '', '2023-04-28 17:24:51', '2023-04-28 13:24:51'),
(1404, '335', NULL, 1, 19, '29', 1, 1, '', '2023-04-28 17:25:12', '2023-04-28 13:25:12'),
(1405, '335', NULL, 1, 56, '21', 1, 1, '', '2023-04-28 17:25:53', '2023-04-28 13:25:53'),
(1407, '336', NULL, 1, 20, '18', 1, 1, '', '2023-05-02 17:21:01', '2023-05-02 13:21:01'),
(1408, '336', NULL, 1, 10, '16', 1, 1, '', '2023-05-02 17:21:47', '2023-05-02 13:21:47'),
(1409, '336', NULL, 1, 28, '19', 1, 1, '', '2023-05-02 17:23:07', '2023-05-02 13:23:07'),
(1412, '336', NULL, 1, 14, '18.95', 1, 1, '', '2023-05-02 17:31:22', '2023-05-02 13:31:22'),
(1413, '336', NULL, 1, 35, '20', 1, 1, '', '2023-05-02 17:38:06', '2023-05-02 13:38:06'),
(1415, '336', NULL, 1, 201, '4', 3, 1, '', '2023-05-02 17:51:19', '2023-05-02 13:52:58'),
(1417, '336', NULL, 1, 34, '23', 1, 1, '', '2023-05-02 17:57:29', '2023-05-02 13:57:29'),
(1418, '336', NULL, 1, 44, '19', 1, 1, '', '2023-05-02 18:05:01', '2023-05-02 14:05:01'),
(1419, '336', NULL, 1, 29, '19', 1, 1, '', '2023-05-02 18:05:10', '2023-05-02 14:05:10'),
(1420, '337', NULL, 1, 31, '19', 1, 1, '', '2023-05-05 17:24:35', '2023-05-05 13:24:35'),
(1423, '337', NULL, 1, 44, '19', 1, 1, '', '2023-05-05 17:26:15', '2023-05-05 13:26:15'),
(1424, '337', NULL, 1, 46, '3', 3, 1, '', '2023-05-05 17:26:19', '2023-05-05 13:26:26'),
(1425, '337', NULL, 1, 51, '5', 1, 1, '', '2023-05-05 17:26:51', '2023-05-05 13:26:51'),
(1427, '337', NULL, 1, 180, '18.95', 1, 1, '', '2023-05-05 17:27:40', '2023-05-05 13:27:40'),
(1428, '338', NULL, 1, 22, '18', 2, 1, '', '2023-05-05 20:34:03', '2023-05-05 16:34:03'),
(1429, '339', NULL, 1, 38, '19', 1, 1, '', '2023-05-10 00:15:56', '2023-05-09 20:15:56'),
(1430, '340', NULL, 1, 19, '29', 1, 1, '', '2023-05-14 00:33:10', '2023-05-13 20:33:10'),
(1431, '341', NULL, 1, 235, '11.95', 2, 1, '', '2023-05-14 16:32:03', '2023-05-14 12:32:33'),
(1432, '342', NULL, 1, 219, '8', 1, 1, '', '2023-05-15 00:15:26', '2023-05-14 20:15:26'),
(1435, '343', NULL, 1, 44, '19', 1, 1, '', '2023-05-15 23:58:16', '2023-05-15 19:58:16'),
(1436, '343', NULL, 1, 191, '19', 1, 1, '', '2023-05-16 00:00:28', '2023-05-15 20:00:28'),
(1437, '343', NULL, 1, 47, '3', 3, 1, '', '2023-05-16 00:02:49', '2023-05-15 20:02:49'),
(1438, '343', NULL, 1, 201, '4', 3, 1, '', '2023-05-16 00:03:35', '2023-05-15 20:03:35'),
(1439, '344', NULL, 1, 245, '14', 1, 1, '', '2023-05-21 14:20:23', '2023-05-21 10:20:23'),
(1440, '344', NULL, 1, 244, '12', 1, 1, '', '2023-05-21 14:20:26', '2023-05-21 10:20:26'),
(1441, '344', NULL, 1, 241, '12', 1, 1, '', '2023-05-21 14:20:38', '2023-05-21 10:20:38'),
(1442, '344', NULL, 1, 240, '14', 1, 1, '', '2023-05-21 14:20:44', '2023-05-21 10:20:44'),
(1443, '344', NULL, 1, 239, '14', 1, 1, '', '2023-05-21 14:20:46', '2023-05-21 10:20:46'),
(1444, '344', NULL, 1, 221, '18.95', 1, 1, '', '2023-05-21 14:21:18', '2023-05-21 10:21:18'),
(1445, '344', NULL, 1, 12, '18', 1, 1, '', '2023-05-21 14:21:22', '2023-05-21 10:21:22'),
(1446, '344', NULL, 1, 13, '16.95', 1, 1, '', '2023-05-21 14:21:24', '2023-05-21 10:21:24'),
(1447, '344', NULL, 1, 14, '18.95', 1, 1, '', '2023-05-21 14:21:25', '2023-05-21 10:21:25'),
(1448, '344', NULL, 1, 15, '18.95', 1, 1, '', '2023-05-21 14:21:27', '2023-05-21 10:21:27'),
(1449, '345', NULL, 1, 228, '13.95', 1, 1, '', '2023-05-25 18:10:52', '2023-05-25 14:10:52'),
(1454, '347', NULL, 1, 30, '19', 1, 1, '', '2023-05-28 20:12:54', '2023-05-28 16:12:54'),
(1455, '349', NULL, 1, 184, '17', 1, 1, '', '2023-06-03 23:23:34', '2023-06-03 19:23:34'),
(1456, '349', NULL, 1, 25, '29', 1, 1, '', '2023-06-03 23:23:39', '2023-06-03 19:23:39'),
(1457, '349', NULL, 1, 28, '19', 1, 1, '', '2023-06-03 23:23:49', '2023-06-03 19:23:49'),
(1459, '349', NULL, 1, 47, '3', 1, 1, '', '2023-06-03 23:25:16', '2023-06-03 19:25:16'),
(1460, '350', NULL, 1, 14, '18.95', 1, 1, '', '2023-06-07 01:05:53', '2023-06-06 21:05:53'),
(1461, '351', NULL, 1, 55, '19', 1, 1, '', '2023-06-15 00:10:31', '2023-06-14 20:10:31'),
(1462, '351', NULL, 1, 182, '18', 1, 1, '', '2023-06-15 00:12:18', '2023-06-14 20:12:18'),
(1463, '166', NULL, 1, 179, '18.95', 1, 1, '', '2023-06-18 21:32:47', '2023-06-18 17:32:47'),
(1464, '166', NULL, 1, 29, '19', 1, 1, '', '2023-06-18 21:32:52', '2023-06-18 17:32:52'),
(1467, '166', NULL, 1, 32, '26', 1, 1, '', '2023-06-18 21:56:23', '2023-06-18 17:56:23'),
(1468, '166', NULL, 1, 46, '3', 5, 1, '', '2023-06-18 21:57:43', '2023-06-18 18:17:51'),
(1469, '166', NULL, 1, 34, '23', 1, 1, '', '2023-06-18 22:17:11', '2023-06-18 18:17:11'),
(1470, '355', NULL, 1, 1, '9', 1, 1, '', '2023-06-27 22:18:54', '2023-06-27 18:18:54'),
(1475, '356', NULL, 1, 47, '3', 1, 1, '', '2023-06-29 02:10:54', '2023-06-28 22:10:54'),
(1476, '356', NULL, 1, 46, '3', 1, 1, '', '2023-06-29 02:11:02', '2023-06-28 22:11:02'),
(1477, '356', NULL, 1, 208, '4', 1, 1, '', '2023-06-29 02:11:03', '2023-06-28 22:11:03'),
(1478, '356', NULL, 1, 33, '23', 1, 1, '', '2023-06-29 02:14:14', '2023-06-28 22:14:14'),
(1479, '356', NULL, 1, 42, '17', 1, 1, '', '2023-06-29 02:14:28', '2023-06-28 22:14:28'),
(1480, '356', NULL, 1, 51, '5', 1, 1, '', '2023-06-29 02:15:01', '2023-06-28 22:15:01'),
(1481, '356', NULL, 1, 224, '9', 1, 1, '', '2023-06-29 02:15:22', '2023-06-28 22:15:22'),
(1482, '356', NULL, 1, 219, '8', 1, 1, '', '2023-06-29 02:16:19', '2023-06-28 22:16:19'),
(1497, '364', NULL, 1, 36, '19', 1, 1, '', '2023-07-04 01:48:11', '2023-07-03 21:48:11'),
(1498, '364', NULL, 1, 44, '19', 1, 1, '', '2023-07-04 01:48:24', '2023-07-03 21:48:24'),
(1500, '374', NULL, 1, 20, '18', 1, 1, '', '2023-07-09 19:10:11', '2023-07-09 15:10:11'),
(1501, '374', NULL, 1, 24, '19', 1, 1, '', '2023-07-09 19:11:02', '2023-07-09 15:11:02'),
(1502, '374', NULL, 1, 35, '20', 1, 1, '', '2023-07-09 19:11:25', '2023-07-09 15:11:25'),
(1504, '374', NULL, 1, 43, '17', 1, 1, '', '2023-07-09 19:12:57', '2023-07-09 15:12:57'),
(1506, '374', NULL, 1, 194, '3.50', 1, 1, '', '2023-07-09 19:13:23', '2023-07-09 15:13:23'),
(1507, '374', NULL, 1, 225, '8', 1, 1, '', '2023-07-09 19:14:19', '2023-07-09 15:14:19'),
(1508, '374', NULL, 1, 47, '3', 1, 1, '', '2023-07-09 19:16:32', '2023-07-09 15:16:32'),
(1509, '384', NULL, 1, 198, '16', 1, 1, '', '2023-07-11 20:17:41', '2023-07-11 16:17:41'),
(1511, '406', NULL, 1, 26, '19', 2, 1, '', '2023-07-17 21:39:07', '2023-07-17 17:39:07'),
(1512, '406', NULL, 1, 36, '19', 1, 1, '', '2023-07-17 21:39:20', '2023-07-17 17:39:20'),
(1513, '411', NULL, 1, 222, '9', 1, 1, '', '2023-07-22 20:28:27', '2023-07-22 16:28:27'),
(1515, '411', NULL, 1, 128, '6.95', 1, 1, '', '2023-07-22 20:28:48', '2023-07-22 16:28:48'),
(1516, '411', NULL, 1, 37, '19', 1, 1, '', '2023-07-22 20:29:26', '2023-07-22 16:29:26'),
(1517, '411', NULL, 1, 42, '17', 1, 1, '', '2023-07-22 20:29:31', '2023-07-22 16:29:31'),
(1518, '411', NULL, 1, 46, '3', 1, 1, '', '2023-07-22 20:29:41', '2023-07-22 16:29:41'),
(1519, '411', NULL, 1, 201, '4', 1, 1, '', '2023-07-22 20:29:46', '2023-07-22 16:29:46'),
(1520, '411', NULL, 1, 48, '5', 1, 1, '', '2023-07-22 20:30:10', '2023-07-22 16:30:10'),
(1521, '421', NULL, 1, 234, '12.95', 1, 1, '', '2023-07-29 17:39:37', '2023-07-29 13:39:37'),
(1523, '423', NULL, 1, 231, '16.95', 1, 1, '', '2023-07-30 18:16:21', '2023-07-30 14:16:21'),
(1525, '450', NULL, 1, 233, '12.95', 1, 1, '', '2023-08-28 15:55:18', '2023-08-28 11:55:18'),
(1528, '463', NULL, 1, 233, '12.95', 1, 1, '', '2023-12-18 19:43:36', '2023-12-18 14:43:36'),
(1529, '581', NULL, 1, 237, '8', 1, 1, '', '2024-01-26 21:01:01', '2024-01-26 16:01:01'),
(1530, '584', NULL, 1, 235, '11.95', 1, 1, '', '2024-02-07 17:33:12', '2024-02-07 12:33:12'),
(1531, '585', NULL, 1, 214, '12', 1, 1, '', '2024-02-12 21:25:28', '2024-02-12 16:25:28'),
(1533, '591', NULL, 1, 235, '12.95', 1, 1, '', '2024-04-18 15:35:12', '2024-04-18 11:35:12'),
(1534, '594', NULL, 1, 244, '12', 1, 1, '', '2024-05-04 19:58:00', '2024-05-04 15:58:00'),
(1536, '594', NULL, 1, 240, '12', 1, 1, '', '2024-05-04 19:58:56', '2024-05-04 15:58:56'),
(1537, '594', NULL, 1, 248, '15.95', 1, 1, '', '2024-05-04 19:59:11', '2024-05-04 15:59:11'),
(1538, '596', NULL, 1, 233, '12.95', 1, 1, '', '2024-05-10 16:06:11', '2024-05-10 12:06:11'),
(1539, '599', NULL, 1, 233, '12.95', 1, 1, '', '2024-05-31 15:28:38', '2024-05-31 11:28:38'),
(1540, '602', NULL, 1, 235, '12.95', 1, 1, '', '2024-08-08 17:08:19', '2024-08-08 13:08:19'),
(1542, '603', NULL, 1, 234, '12.95', 1, 1, '', '2024-09-13 15:43:03', '2024-09-13 11:43:03'),
(1543, '606', NULL, 1, 243, '12', 1, 1, '', '2024-10-17 21:07:07', '2024-10-17 17:07:07'),
(1544, '606', NULL, 1, 247, '12', 1, 1, '', '2024-10-17 21:07:15', '2024-10-17 17:07:15'),
(1545, '606', NULL, 1, 248, '15.95', 2, 1, '', '2024-10-17 21:14:41', '2024-10-17 17:14:41'),
(1546, '608', NULL, 1, 248, '15.95', 1, 1, '', '2024-11-05 22:11:03', '2024-11-05 17:11:03');

-- --------------------------------------------------------

--
-- Table structure for table `cart_addon`
--

CREATE TABLE `cart_addon` (
  `id` int NOT NULL,
  `cart_id` int NOT NULL,
  `item_id` int NOT NULL,
  `addon_id` int NOT NULL,
  `qty` int NOT NULL DEFAULT '0',
  `created_at` timestamp NOT NULL DEFAULT CURRENT_TIMESTAMP,
  `updated_at` timestamp NOT NULL DEFAULT '0000-00-00 00:00:00'
) ENGINE=InnoDB DEFAULT CHARSET=latin1;

-- --------------------------------------------------------

--
-- Table structure for table `cart_coupen`
--

CREATE TABLE `cart_coupen` (
  `id` int NOT NULL,
  `cart_no` varchar(250) DEFAULT NULL,
  `code` varchar(250) CHARACTER SET utf8mb3 COLLATE utf8mb3_bin DEFAULT NULL,
  `amount` varchar(250) DEFAULT NULL,
  `created_at` timestamp NOT NULL DEFAULT CURRENT_TIMESTAMP,
  `updated_at` timestamp NOT NULL DEFAULT '0000-00-00 00:00:00'
) ENGINE=InnoDB DEFAULT CHARSET=latin1;

-- --------------------------------------------------------

--
-- Table structure for table `category`
--

CREATE TABLE `category` (
  `id` int NOT NULL,
  `store_id` int NOT NULL,
  `name` varchar(250) CHARACTER SET utf8mb3 COLLATE utf8mb3_bin DEFAULT NULL,
  `status` int NOT NULL DEFAULT '0',
  `sort_no` int DEFAULT '0',
  `s_data` text CHARACTER SET utf8mb3 COLLATE utf8mb3_bin,
  `created_at` timestamp NOT NULL DEFAULT CURRENT_TIMESTAMP,
  `updated_at` timestamp NOT NULL DEFAULT '0000-00-00 00:00:00'
) ENGINE=InnoDB DEFAULT CHARSET=latin1;

--
-- Dumping data for table `category`
--

INSERT INTO `category` (`id`, `store_id`, `name`, `status`, `sort_no`, `s_data`, `created_at`, `updated_at`) VALUES
(3, 1, 'Veg Starters', 0, 5, 'a:0:{}', '2020-05-26 19:29:32', '2021-10-08 02:42:11'),
(5, 1, 'Breads', 0, 9, 'a:0:{}', '2020-05-26 19:30:27', '2021-10-08 02:42:29'),
(7, 1, 'Dessert', 0, 11, 'a:0:{}', '2020-06-02 23:26:32', '2021-10-08 02:42:39'),
(10, 1, 'Dals', 0, 8, 'a:0:{}', '2020-06-02 23:59:41', '2021-10-08 02:42:25'),
(12, 1, 'Soups/ Salads', 0, 2, 'a:0:{}', '2020-06-13 23:59:43', '2021-10-08 02:41:51'),
(13, 1, 'Pasta', 0, 6, 'a:0:{}', '2020-06-14 00:00:03', '2020-06-16 22:36:47'),
(18, 1, 'Rice', 0, 10, 'a:0:{}', '2020-06-14 00:03:31', '2021-10-08 02:42:35'),
(19, 1, 'Veg Mains', 0, 7, 'a:0:{}', '2020-06-16 22:34:51', '2021-10-08 02:42:18'),
(20, 1, 'Pasta', 0, 0, 'a:0:{}', '2020-07-09 14:01:08', '2020-07-09 14:01:08'),
(21, 1, 'Non Veg Mains', 0, 6, 'a:0:{}', '2020-07-09 14:02:46', '2021-10-08 02:42:15'),
(22, 1, 'Papad/ Raita/ Chaats', 0, 3, 'a:0:{}', '2020-07-20 01:58:30', '2021-10-08 02:42:02'),
(23, 1, 'Non Veg Starters', 0, 4, 'a:0:{}', '2020-07-20 02:00:57', '2021-10-08 02:42:06'),
(34, 1, 'Maharaja Meal - Veg', 0, 1, 'a:0:{}', '2021-08-18 14:19:45', '2021-08-18 14:19:45'),
(35, 1, 'Maharaja Meal - Non-veg', 0, 1, 'a:0:{}', '2021-08-18 14:20:34', '2021-08-18 14:20:55'),
(38, 1, 'Breakfast Special', 0, 1, 'a:0:{}', '2021-10-08 02:39:13', '2023-03-16 22:36:22'),
(40, 1, 'Lunch Special', 0, 1, 'a:0:{}', '2023-03-15 00:13:40', '2023-03-17 04:23:20'),
(41, 1, 'TYC STREET EATS', 0, 0, 'a:0:{}', '2023-03-16 22:59:11', '2024-02-10 23:48:26'),
(42, 1, 'TYC BOWLS', 0, 0, 'a:0:{}', '2024-02-11 01:52:34', '2024-02-11 01:52:34');

-- --------------------------------------------------------

--
-- Table structure for table `city`
--

CREATE TABLE `city` (
  `id` int NOT NULL,
  `name` varchar(250) CHARACTER SET utf8mb3 COLLATE utf8mb3_bin DEFAULT NULL,
  `status` int NOT NULL DEFAULT '0',
  `s_data` text CHARACTER SET utf8mb3 COLLATE utf8mb3_bin,
  `created_at` timestamp NOT NULL DEFAULT CURRENT_TIMESTAMP,
  `updated_at` timestamp NOT NULL DEFAULT '0000-00-00 00:00:00'
) ENGINE=InnoDB DEFAULT CHARSET=latin1;

--
-- Dumping data for table `city`
--

INSERT INTO `city` (`id`, `name`, `status`, `s_data`, `created_at`, `updated_at`) VALUES
(1, 'Delta', 0, 'a:1:{i:5;N;}', '2020-04-27 09:51:55', '2020-04-27 09:51:55');

-- --------------------------------------------------------

--
-- Table structure for table `closing_dates`
--

CREATE TABLE `closing_dates` (
  `id` bigint NOT NULL,
  `date` date DEFAULT NULL,
  `created_at` datetime NOT NULL,
  `updated_at` datetime NOT NULL
) ENGINE=InnoDB DEFAULT CHARSET=utf8mb3 COLLATE=utf8mb3_unicode_ci;

-- --------------------------------------------------------

--
-- Table structure for table `delivery_methods`
--

CREATE TABLE `delivery_methods` (
  `id` int NOT NULL,
  `name` varchar(250) CHARACTER SET utf8mb3 COLLATE utf8mb3_bin DEFAULT NULL,
  `status` int NOT NULL DEFAULT '0',
  `s_data` text CHARACTER SET utf8mb3 COLLATE utf8mb3_bin,
  `created_at` timestamp NOT NULL DEFAULT CURRENT_TIMESTAMP,
  `updated_at` timestamp NOT NULL DEFAULT '0000-00-00 00:00:00'
) ENGINE=InnoDB DEFAULT CHARSET=latin1;

--
-- Dumping data for table `delivery_methods`
--

INSERT INTO `delivery_methods` (`id`, `name`, `status`, `s_data`, `created_at`, `updated_at`) VALUES
(1, 'Home Delivery', 1, 'a:0:{}', '2020-06-27 06:18:08', '2021-11-22 16:39:27'),
(2, 'Pickup', 0, 'a:0:{}', '2020-06-27 06:19:48', '2020-12-16 02:58:27');

-- --------------------------------------------------------

--
-- Table structure for table `delivery_suburb`
--

CREATE TABLE `delivery_suburb` (
  `id` int NOT NULL,
  `name` varchar(250) CHARACTER SET utf8mb3 COLLATE utf8mb3_bin DEFAULT NULL,
  `status` int NOT NULL DEFAULT '0',
  `s_data` text CHARACTER SET utf8mb3 COLLATE utf8mb3_bin,
  `created_at` timestamp NOT NULL DEFAULT CURRENT_TIMESTAMP,
  `updated_at` timestamp NOT NULL DEFAULT '0000-00-00 00:00:00'
) ENGINE=InnoDB DEFAULT CHARSET=latin1;

--
-- Dumping data for table `delivery_suburb`
--

INSERT INTO `delivery_suburb` (`id`, `name`, `status`, `s_data`, `created_at`, `updated_at`) VALUES
(3, 'Craigmore', 0, 'a:0:{}', '2020-06-14 01:58:50', '2020-06-14 01:58:50'),
(4, 'Blakeview', 0, 'a:0:{}', '2020-06-14 01:59:25', '2020-06-14 01:59:25'),
(5, 'Uleybury', 0, 'a:0:{}', '2020-06-14 02:00:08', '2020-06-14 02:00:08'),
(6, 'Elizabeth Downs', 0, 'a:0:{}', '2020-06-14 02:01:02', '2020-06-14 02:01:02'),
(7, 'Elizabeth North', 0, 'a:0:{}', '2020-06-14 02:01:37', '2020-06-14 02:01:37'),
(8, 'Smithfield', 0, 'a:0:{}', '2020-06-14 02:02:00', '2020-06-14 02:02:00'),
(9, 'Smithfield Plains', 0, 'a:0:{}', '2020-06-14 02:02:34', '2020-06-14 02:02:34'),
(10, 'Davoren Park', 0, 'a:0:{}', '2020-06-14 02:05:10', '2020-06-14 02:05:10'),
(11, 'Andrews Farm', 0, 'a:0:{}', '2020-06-14 02:06:02', '2020-06-14 02:06:02');

-- --------------------------------------------------------

--
-- Table structure for table `gallery`
--

CREATE TABLE `gallery` (
  `id` int NOT NULL,
  `filename` varchar(255) NOT NULL,
  `original_filename` varchar(255) NOT NULL,
  `created_at` datetime NOT NULL,
  `updated_at` datetime NOT NULL
) ENGINE=InnoDB DEFAULT CHARSET=utf8mb4 COLLATE=utf8mb4_0900_ai_ci;

--
-- Dumping data for table `gallery`
--

INSERT INTO `gallery` (`id`, `filename`, `original_filename`, `created_at`, `updated_at`) VALUES
(13, 'Posted-IMG_3701-1638075832.jpg', 'Posted-IMG_3701.jpg', '2021-11-27 21:03:52', '2021-11-27 21:03:52'),
(14, 'Posted-IMG_0010_6-1638075842.jpg', 'Posted-IMG_0010_6.jpg', '2021-11-27 21:04:02', '2021-11-27 21:04:02'),
(15, 'Posted-IMG_4329-1638075866.jpg', 'Posted-IMG_4329.jpg', '2021-11-27 21:04:26', '2021-11-27 21:04:26'),
(16, 'Posted-IMG_0086-1638075902.jpg', 'Posted-IMG_0086.jpg', '2021-11-27 21:05:02', '2021-11-27 21:05:02'),
(17, 'IMG_4308-1638075912.jpg', 'IMG_4308.jpg', '2021-11-27 21:05:12', '2021-11-27 21:05:12'),
(20, 'Posted-IMG_0081-1638075989.jpg', 'Posted-IMG_0081.jpg', '2021-11-27 21:06:29', '2021-11-27 21:06:29'),
(21, 'IMG_0116-1638076074.jpg', 'IMG_0116.jpg', '2021-11-27 21:07:54', '2021-11-27 21:07:54'),
(22, 'Posted-IMG_0074_2-1641761019.png', 'Posted-IMG_0074_2.png', '2022-01-09 12:43:39', '2022-01-09 12:43:39'),
(23, 'IMG_0031-1641761061.png', 'IMG_0031.png', '2022-01-09 12:44:21', '2022-01-09 12:44:21'),
(24, 'IMG_0044-1641761070.png', 'IMG_0044.png', '2022-01-09 12:44:30', '2022-01-09 12:44:30'),
(25, 'IMG_1316-1641761092.png', 'IMG_1316.png', '2022-01-09 12:44:52', '2022-01-09 12:44:52'),
(26, 'IMG_1315-1641761104.png', 'IMG_1315.png', '2022-01-09 12:45:04', '2022-01-09 12:45:04'),
(27, 'IMG_1313-1641761115.png', 'IMG_1313.png', '2022-01-09 12:45:15', '2022-01-09 12:45:15'),
(28, 'IMG_0022-1641761282.png', 'IMG_0022.png', '2022-01-09 12:48:02', '2022-01-09 12:48:02'),
(32, 'IMG_0007_4-1643864933.jpg', 'IMG_0007_4.jpg', '2022-02-02 21:08:53', '2022-02-02 21:08:53'),
(33, 'IMG_0012-2-1643864938.jpg', 'IMG_0012-2.jpg', '2022-02-02 21:08:58', '2022-02-02 21:08:58'),
(39, 'IMG_0001_1-1643865072.jpg', 'IMG_0001_1.jpg', '2022-02-02 21:11:12', '2022-02-02 21:11:12'),
(40, 'IMG_0031 (1)-1643865077.jpg', 'IMG_0031 (1).jpg', '2022-02-02 21:11:17', '2022-02-02 21:11:17'),
(41, 'Canon CR2 raw image 2-1643865083.jpg', 'Canon CR2 raw image 2.jpg', '2022-02-02 21:11:23', '2022-02-02 21:11:23'),
(42, 'IMG_0004_5-1643865088.jpg', 'IMG_0004_5.jpg', '2022-02-02 21:11:28', '2022-02-02 21:11:28'),
(43, 'IMG_0008-1643865094.jpg', 'IMG_0008.jpg', '2022-02-02 21:11:34', '2022-02-02 21:11:34');

-- --------------------------------------------------------

--
-- Table structure for table `item`
--

CREATE TABLE `item` (
  `id` int NOT NULL,
  `store_id` int NOT NULL,
  `category_id` int NOT NULL,
  `name` varchar(250) CHARACTER SET utf8mb3 COLLATE utf8mb3_bin DEFAULT NULL,
  `description` varchar(1500) CHARACTER SET utf8mb3 COLLATE utf8mb3_bin DEFAULT NULL,
  `status` int NOT NULL,
  `img` varchar(250) CHARACTER SET utf8mb3 COLLATE utf8mb3_bin DEFAULT NULL,
  `small_price` varchar(250) DEFAULT NULL,
  `medium_price` varchar(250) DEFAULT NULL,
  `large_price` varchar(250) DEFAULT NULL,
  `small_label` varchar(50) DEFAULT NULL,
  `medium_label` varchar(50) DEFAULT NULL,
  `large_label` varchar(50) DEFAULT NULL,
  `sort_no` int NOT NULL DEFAULT '0',
  `nonveg` varchar(11) DEFAULT NULL,
  `s_data` text CHARACTER SET utf8mb3 COLLATE utf8mb3_bin,
  `type` int NOT NULL DEFAULT '0',
  `tag_id` int DEFAULT NULL,
  `note` varchar(255) DEFAULT NULL,
  `is_available` int NOT NULL DEFAULT '0',
  `created_at` timestamp NOT NULL DEFAULT CURRENT_TIMESTAMP ON UPDATE CURRENT_TIMESTAMP,
  `updated_at` datetime DEFAULT NULL
) ENGINE=InnoDB DEFAULT CHARSET=latin1;

--
-- Dumping data for table `item`
--

INSERT INTO `item` (`id`, `store_id`, `category_id`, `name`, `description`, `status`, `img`, `small_price`, `medium_price`, `large_price`, `small_label`, `medium_label`, `large_label`, `sort_no`, `nonveg`, `s_data`, `type`, `tag_id`, `note`, `is_available`, `created_at`, `updated_at`) VALUES
(1, 1, 12, 'tomato basil shorba', 'Desi meets videsi in this soup made\r\nwith tomatoes and basil', 0, '1636622302448.png', '9.95', NULL, NULL, NULL, NULL, NULL, 33, NULL, 'a:2:{i:0;a:0:{}i:1;a:0:{}}', 0, NULL, NULL, 0, '2024-02-11 03:02:22', '2024-02-10 19:02:22'),
(4, 1, 12, 'Tikka caesar salad', 'Our version of the classical salad served with choice of paneer or chicken tikka .', 0, NULL, '11.95', NULL, NULL, NULL, NULL, NULL, 107, NULL, 'a:2:{i:0;a:0:{}i:1;a:0:{}}', 0, NULL, NULL, 0, '2024-02-11 03:38:45', '2024-02-10 19:38:45'),
(6, 1, 12, 'Green salad', 'fresh cucumber, bell peppers, red onions, watermelon raddish, sweet vinaigrette', 0, NULL, '9.95', NULL, NULL, NULL, NULL, NULL, 139, NULL, 'a:2:{i:0;a:0:{}i:1;a:0:{}}', 0, NULL, NULL, 0, '2024-02-11 04:27:34', '2024-02-10 20:27:34'),
(7, 1, 22, 'Burani Raita', '<p>the ultimate Indian accompaniment made with yogurt</p><p><br></p>', 0, NULL, '7.95', NULL, NULL, NULL, NULL, NULL, 0, NULL, 'a:2:{i:0;a:0:{}i:1;a:0:{}}', 0, NULL, NULL, 0, '2024-02-11 02:55:37', '2024-02-10 18:55:37'),
(9, 1, 22, 'Bhalla with Crackling spinach', 'A popular street chaat of white lentil fried dumpling soaked in sweet yogurt and served with crispy spinach ribbons .', 0, '1643001257591.jpg', '14.95', NULL, NULL, NULL, NULL, NULL, 84, NULL, 'a:2:{i:0;a:0:{}i:1;a:0:{}}', 0, NULL, NULL, 0, '2024-02-11 03:31:13', '2024-02-10 19:31:13'),
(12, 1, 23, 'yellow chilli  Jheenga', 'prawns marinated in fiery spice mix, cooked to perfection in clay oven', 0, '1643001119695.jpg', '18.95', NULL, NULL, NULL, NULL, NULL, 31, NULL, 'a:2:{i:0;a:0:{}i:1;a:0:{}}', 0, NULL, NULL, 0, '2024-02-11 03:01:36', '2024-02-10 19:01:36'),
(13, 1, 23, 'Desi fish and chips', 'Classic fish and chips indian style!', 0, NULL, '18.95', NULL, NULL, NULL, NULL, NULL, 58, NULL, 'a:2:{i:0;a:0:{}i:1;a:0:{}}', 0, NULL, NULL, 0, '2024-02-11 03:11:42', '2024-02-10 19:11:42'),
(14, 1, 23, 'Chicken tikka 3 ways', 'Name says it all ! chicken tikka in ancho chilli , malai and pesto.', 0, '1643001287505.jpg', '21.95', NULL, NULL, NULL, NULL, NULL, 83, NULL, 'a:2:{i:0;a:0:{}i:1;a:0:{}}', 0, NULL, NULL, 0, '2024-02-11 03:29:19', '2024-02-10 19:29:19'),
(16, 1, 23, 'Lawrence Road Tandoori kukkad legs', 'tandoori chicken inspired from the popular Lawrence Road of Amritsar', 0, '1643001182471.jpg', '21.95', NULL, NULL, NULL, NULL, NULL, 121, NULL, 'a:2:{i:0;a:0:{}i:1;a:0:{}}', 0, NULL, NULL, 0, '2024-02-11 04:16:19', '2024-02-10 20:16:19'),
(17, 1, 23, 'Pudina seekh', 'minced lamb infused with mint &nbsp;on skewers, cooked in tandoor', 0, NULL, '19.95', NULL, NULL, NULL, NULL, NULL, 138, NULL, 'a:2:{i:0;a:0:{}i:1;a:0:{}}', 0, NULL, NULL, 0, '2024-02-11 04:26:28', '2024-02-10 20:26:28'),
(18, 1, 23, 'Tandoori Lamb Chop', 'savour, enjoy & repeat', 0, NULL, '34.95', NULL, NULL, NULL, NULL, NULL, 151, NULL, 'a:2:{i:0;a:0:{}i:1;a:0:{}}', 0, NULL, NULL, 0, '2024-02-11 04:31:48', '2024-02-10 20:31:48'),
(19, 1, 23, 'Mixed platter', 'A tasting of our favourite non vegetarian appetizers.', 0, NULL, '32', NULL, NULL, NULL, NULL, NULL, 160, NULL, 'a:2:{i:0;a:0:{}i:1;a:0:{}}', 0, NULL, NULL, 0, '2024-02-11 04:37:07', '2024-02-10 20:37:07'),
(20, 1, 3, 'Cheesy Chanajor  Tikki', 'cheesy potato patties coated with spiced black chickpeas,\r\nperfectly fried', 0, '1643863191558.jpg', '18.95', NULL, NULL, NULL, NULL, NULL, 30, NULL, 'a:2:{i:0;a:0:{}i:1;a:0:{}}', 0, NULL, NULL, 0, '2024-02-11 03:00:56', '2024-02-10 19:00:56'),
(21, 1, 3, 'Paneer Tikka 3 ways', 'Awesome threesome of cottage cheese served with three flavours: harippa, malai and pesto&nbsp;', 0, NULL, '19.95', NULL, NULL, NULL, NULL, NULL, 57, NULL, 'a:2:{i:0;a:0:{}i:1;a:0:{}}', 0, NULL, NULL, 0, '2024-02-11 03:10:18', '2024-02-10 19:10:18'),
(22, 1, 3, 'Achari Soya Chaap', 'soya chaap marinated in yogurt ,pickles and spices, cooked in tandoor', 0, '1643001391698.jpg', '18.95', NULL, NULL, NULL, NULL, NULL, 82, NULL, 'a:2:{i:0;a:0:{}i:1;a:0:{}}', 0, NULL, NULL, 0, '2024-02-11 03:27:41', '2024-02-10 19:27:41'),
(24, 1, 3, 'Shabnam Ke Moti', 'fresh mushroom caps stuffed with spiced cheese mixture', 0, '1643863146423.jpg', '19.95', NULL, NULL, NULL, NULL, NULL, 120, NULL, 'a:2:{i:0;a:0:{}i:1;a:0:{}}', 0, NULL, NULL, 0, '2024-02-11 04:13:47', '2024-02-10 20:13:47'),
(25, 1, 3, 'Mixed Veg Platter', 'An assortment of delectable vegetarian appetizers.&nbsp;', 0, NULL, '32', NULL, NULL, NULL, NULL, NULL, 137, NULL, 'a:2:{i:0;a:0:{}i:1;a:0:{}}', 0, NULL, NULL, 0, '2024-02-11 04:25:29', '2024-02-10 20:25:29'),
(26, 1, 21, 'Mango fish curry', 'Homestyle raw mango and coconut curry served with fish .', 0, NULL, '22.95', NULL, NULL, NULL, NULL, NULL, 29, NULL, 'a:2:{i:0;a:0:{}i:1;a:0:{}}', 0, NULL, NULL, 0, '2024-02-11 03:00:12', '2024-02-10 19:00:12'),
(27, 1, 21, 'mango prawn curry', 'home style raw mango and and coconut curry served with prawns .', 0, NULL, '22.95', NULL, NULL, NULL, NULL, NULL, 56, NULL, 'a:2:{i:0;a:0:{}i:1;a:0:{}}', 0, NULL, NULL, 0, '2024-02-11 03:08:23', '2024-02-10 19:08:23'),
(28, 1, 21, 'Puran Singh Da Tariwala Murgh', 'curry from the legendary food stall in ambala on delhi road', 0, '1643000986161.jpg', '19.95', NULL, NULL, NULL, NULL, NULL, 81, NULL, 'a:2:{i:0;a:0:{}i:1;a:0:{}}', 0, NULL, NULL, 0, '2024-02-11 03:26:42', '2024-02-10 19:26:42'),
(30, 1, 21, 'Zaitooni kali mirch  ka murgh', 'Malai murg tikka in creamy cashew gravy with olives.', 0, NULL, '19.95', NULL, NULL, NULL, NULL, NULL, 119, NULL, 'a:2:{i:0;a:0:{}i:1;a:0:{}}', 0, NULL, NULL, 0, '2024-02-11 04:13:05', '2024-02-10 20:13:05'),
(32, 1, 21, 'Nalli Rogan Josh', 'lamb shank cooked along a flavourful gravy with garlic, ginger and kashmiri aromatic spices', 0, NULL, '26.95', NULL, NULL, NULL, NULL, NULL, 170, NULL, 'a:2:{i:0;a:0:{}i:1;a:0:{}}', 0, NULL, NULL, 0, '2024-02-11 04:39:44', '2024-02-10 20:39:44'),
(33, 1, 21, 'Bhuna Gosht', 'slow-cooked spicy goat', 0, NULL, '23.95', NULL, NULL, NULL, NULL, NULL, 180, NULL, 'a:2:{i:0;a:0:{}i:1;a:0:{}}', 0, NULL, NULL, 0, '2024-02-11 04:44:55', '2024-02-10 20:44:55'),
(34, 1, 21, 'Gosht Curry', 'goat cooked on the bone with exotic spices', 0, NULL, '22.95', NULL, NULL, NULL, NULL, NULL, 186, NULL, 'a:2:{i:0;a:0:{}i:1;a:0:{}}', 0, NULL, NULL, 0, '2024-02-11 04:46:39', '2024-02-10 20:46:39'),
(35, 1, 19, 'Shaam Savera', 'spinach dumplings filled with creamy paneer on a bed of velvety tomato gravy', 0, '1643001053661.jpg', '20', NULL, NULL, NULL, NULL, NULL, 28, NULL, 'a:2:{i:0;a:0:{}i:1;a:0:{}}', 0, NULL, NULL, 0, '2022-12-10 23:02:06', '2022-12-10 15:02:06'),
(36, 1, 19, 'Paneer tikka lababdar', 'Cottage cheese in gravy tempered with robust ginger and aromatic coriander.', 0, NULL, '19.95', NULL, NULL, NULL, NULL, NULL, 55, NULL, 'a:2:{i:0;a:0:{}i:1;a:0:{}}', 0, NULL, NULL, 0, '2024-02-11 03:07:20', '2024-02-10 19:07:20'),
(37, 1, 19, 'Tadka Palak  makhana', 'Creamy spinach tempered with burnt garlic and topped with puffed fox nuts.', 0, NULL, '19.95', NULL, NULL, NULL, NULL, NULL, 80, NULL, 'a:2:{i:0;a:0:{}i:1;a:0:{}}', 0, NULL, NULL, 0, '2024-02-11 03:26:12', '2024-02-10 19:26:12'),
(38, 1, 19, 'Makhanwala Paneer', 'rich tomato sauce accentuated with fenugreek', 0, NULL, '19.95', NULL, NULL, NULL, NULL, NULL, 102, NULL, 'a:2:{i:0;a:0:{}i:1;a:0:{}}', 0, NULL, NULL, 0, '2024-02-11 03:35:57', '2024-02-10 19:35:57'),
(40, 1, 19, 'Adraki Aloo Gobhi', 'Simply robust combination transcending us to the fertile land of Punjab !', 0, NULL, '16.95', NULL, NULL, NULL, NULL, NULL, 135, NULL, 'a:2:{i:0;a:0:{}i:1;a:0:{}}', 0, NULL, NULL, 0, '2024-02-11 04:23:17', '2024-02-10 20:23:17'),
(41, 1, 19, 'Kalonji Subs panchmel  (Mixed Vegetables)', 'sautéed assorted vegetables with tangy tempering', 0, NULL, '18.95', NULL, NULL, NULL, NULL, NULL, 150, NULL, 'a:2:{i:0;a:0:{}i:1;a:0:{}}', 0, NULL, NULL, 0, '2024-02-11 04:30:21', '2024-02-10 20:30:21'),
(42, 1, 19, 'Bhindi Amchuri', 'Indian okra tossed in dry mango masala&nbsp;', 0, '1643000954311.jpg', '17.95', NULL, NULL, NULL, NULL, NULL, 159, NULL, 'a:2:{i:0;a:0:{}i:1;a:0:{}}', 0, NULL, NULL, 0, '2024-02-11 04:35:23', '2024-02-10 20:35:23'),
(43, 1, 10, 'Dhaba Dal Tadka', 'butter tempering with cumin, onion garlic and dried red chillies over yellow lentils', 0, NULL, '17.95', NULL, NULL, NULL, NULL, NULL, 27, NULL, 'a:2:{i:0;a:0:{}i:1;a:0:{}}', 0, NULL, NULL, 0, '2024-02-11 02:58:55', '2024-02-10 18:58:55'),
(44, 1, 10, 'Lalla Mussa Dal', 'signature style black lentils simmered overnight on slow fire', 0, '1643001223393.jpg', '19.95', NULL, NULL, NULL, NULL, NULL, 54, NULL, 'a:2:{i:0;a:0:{}i:1;a:0:{}}', 0, NULL, NULL, 0, '2024-02-11 03:05:52', '2024-02-10 19:05:52'),
(46, 1, 5, 'Plain Naan', 'indian style leavened bread<br>', 0, NULL, '3', NULL, NULL, NULL, NULL, NULL, 26, NULL, 'a:2:{i:0;a:0:{}i:1;a:0:{}}', 0, NULL, NULL, 0, '2022-01-20 05:19:02', '2022-01-19 21:19:02'),
(47, 1, 5, 'Plain Tandoori Roti', 'a popular indian flatbread made\r\nin the tandoor<br>', 0, NULL, '3', NULL, NULL, NULL, NULL, NULL, 78, NULL, 'a:2:{i:0;a:0:{}i:1;a:0:{}}', 0, NULL, NULL, 0, '2022-02-03 03:53:42', '2022-02-02 19:53:42'),
(48, 1, 5, 'Pyaaz Mirch Ke Roti', 'a popular indian flatbread made with onions & chillies', 0, NULL, '3.75', NULL, NULL, NULL, NULL, NULL, 149, NULL, 'a:2:{i:0;a:0:{}i:1;a:0:{}}', 0, NULL, NULL, 0, '2024-02-11 04:29:21', '2024-02-10 20:29:21'),
(49, 1, 5, 'Amritsari Kulcha', 'spiced potato stuffed flatbread', 0, NULL, '10', NULL, NULL, NULL, NULL, NULL, 158, NULL, 'a:2:{i:0;a:0:{}i:1;a:0:{}}', 0, NULL, NULL, 0, '2022-02-03 03:55:34', '2022-02-02 19:55:34'),
(50, 1, 5, 'Plain Laccha Paratha', 'indian flatbread made of whole\r\nwheat flour<br>', 0, NULL, '6', NULL, NULL, NULL, NULL, NULL, 169, NULL, 'a:2:{i:0;a:0:{}i:1;a:0:{}}', 0, NULL, NULL, 0, '2022-12-10 23:28:49', '2022-12-10 15:28:49'),
(51, 1, 18, 'steamed basmati rice', 'steamed basmati rice. Simple is beautiful', 0, NULL, '5.95', NULL, NULL, NULL, NULL, NULL, 25, NULL, 'a:2:{i:0;a:0:{}i:1;a:0:{}}', 0, NULL, NULL, 0, '2024-02-11 02:58:18', '2024-02-10 18:58:18'),
(52, 1, 18, 'Jeera Pulao', 'fragrant basmati rice tempered with cumin and desi ghee', 0, NULL, '7.95', NULL, NULL, NULL, NULL, NULL, 53, NULL, 'a:2:{i:0;a:0:{}i:1;a:0:{}}', 0, NULL, NULL, 0, '2024-02-11 03:04:55', '2024-02-10 19:04:55'),
(54, 1, 18, 'Subz roohani biryani', 'Kashmiri style vegetable biryani flavoured with saffron.', 0, '1643863262657.jpg', '17.95', NULL, NULL, NULL, NULL, NULL, 101, NULL, 'a:2:{i:0;a:0:{}i:1;a:0:{}}', 0, NULL, NULL, 0, '2024-02-11 03:35:07', '2024-02-10 19:35:07'),
(55, 1, 18, 'Dum murgh biryani', 'long-grain rice cooked with chicken and aromatic spices', 0, NULL, '19.95', NULL, NULL, NULL, NULL, NULL, 117, NULL, 'a:2:{i:0;a:0:{}i:1;a:0:{}}', 0, NULL, NULL, 0, '2024-02-11 04:11:39', '2024-02-10 20:11:39'),
(56, 1, 18, 'Ghost Hyderabadi biryani', 'slowed cooked goat, long-grain rice & spices, sealed & slow cooked to perfection', 0, NULL, '21', NULL, NULL, NULL, NULL, NULL, 134, NULL, 'a:2:{i:0;a:0:{}i:1;a:0:{}}', 0, NULL, NULL, 0, '2024-02-11 04:21:48', '2024-02-10 20:21:48'),
(57, 1, 7, 'Gulab-e-Gulkand', 'gulab jamun stuffed with rose petal compote', 0, '1643000836155.jpg', '7.95', NULL, NULL, NULL, NULL, NULL, 24, NULL, 'a:2:{i:0;a:0:{}i:1;a:0:{}}', 0, NULL, NULL, 0, '2024-02-11 02:57:45', '2024-02-10 18:57:45'),
(58, 1, 7, 'Falooda Kulfi', 'indian saffron spiked ice cream', 0, NULL, '12.95', NULL, NULL, NULL, NULL, NULL, 52, NULL, 'a:2:{i:0;a:0:{}i:1;a:0:{}}', 0, NULL, NULL, 0, '2024-02-11 03:03:47', '2024-02-10 19:03:47'),
(59, 1, 7, 'Shahi Tukda', 'warm bread & milk pudding', 0, '1643001084346.jpg', '10.95', NULL, NULL, NULL, NULL, NULL, 77, NULL, 'a:2:{i:0;a:0:{}i:1;a:0:{}}', 0, NULL, NULL, 0, '2024-02-11 03:12:29', '2024-02-10 19:12:29'),
(61, 1, 24, 'COMMUNITY LAGER(ABV: 4.6% IBU: 20)', '<p>Easy drinking, Munich Helles for all of our East Van Brewing Community to enjoy. Our\r\nCommunity Lager has a light floral aroma derived from the Perle and Tettnanger\r\nhops with a bright cleancrisp finish<br></p>', 0, NULL, '8', NULL, NULL, '', '', '', 23, NULL, 'a:2:{i:0;a:0:{}i:1;a:0:{}}', 0, NULL, NULL, 0, '2022-01-20 05:19:02', '2022-01-19 21:19:02'),
(62, 1, 24, 'WHEELBITE IPA (ABV: 5.2% IBU: 40)', '<p>Brewed with a slew of hops, this mouthwatering IPA is full of juicy stone fruit and dank flavours. The medium body, crisp finish, moderate alcohol and IBU levels make this beer a favourite from East Van Brewing</p>', 0, NULL, '8', NULL, NULL, NULL, NULL, NULL, 51, NULL, 'a:2:{i:0;a:0:{}i:1;a:0:{}}', 0, NULL, NULL, 0, '2022-01-20 05:19:02', '2022-01-19 21:19:02'),
(63, 1, 24, 'FOUR WINDS SAISON (ABV: 6.5% IBU: 30)', '<p>Brewed with aromatic Noble hops, Four Winds finishes this Saison with Pacific Northwest Cascade hops for nuanced notes of flower and spice, and ferment it hot for a fruity ester profile</p>', 0, NULL, '8', NULL, NULL, NULL, NULL, NULL, 76, NULL, 'a:2:{i:0;a:0:{}i:1;a:0:{}}', 0, NULL, NULL, 0, '2022-01-20 05:19:02', '2022-01-19 21:19:02'),
(64, 1, 24, 'FOUR WINDS NECTAROUS (ABV: 5.5% IBU: 6)', '<p>In pursuit of sour, complex acidity balanced by tropical fruit esters, clean and tart finish</p>', 0, '1636620524179.jpg', '8', NULL, NULL, NULL, NULL, NULL, 2, NULL, 'a:2:{i:0;a:0:{}i:1;a:0:{}}', 0, NULL, NULL, 0, '2022-01-20 06:21:17', '2022-01-19 22:21:17'),
(65, 1, 25, 'KINGFISHER', '<p>lager (330 ml)<br></p>', 0, NULL, '9', NULL, NULL, '', '', '', 22, NULL, 'a:2:{i:0;a:0:{}i:1;a:0:{}}', 0, NULL, NULL, 0, '2022-01-20 05:19:02', '2022-01-19 21:19:02'),
(66, 1, 25, 'BUDWEISER', '<p>lager (341ml)<br></p>', 0, NULL, '7', NULL, NULL, '', '', '', 50, NULL, 'a:2:{i:0;a:0:{}i:1;a:0:{}}', 0, NULL, NULL, 0, '2022-01-20 05:19:02', '2022-01-19 21:19:02'),
(67, 1, 25, 'COORS LIGHT', '<p>4% lager (341ml)<br></p>', 0, NULL, '7', NULL, NULL, '', '', '', 75, NULL, 'a:2:{i:0;a:0:{}i:1;a:0:{}}', 0, NULL, NULL, 0, '2022-01-20 05:19:02', '2022-01-19 21:19:02'),
(68, 1, 25, 'CORONA', '<p>lager (330 ml)<br></p>', 0, NULL, '8', NULL, NULL, '', '', '', 99, NULL, 'a:2:{i:0;a:0:{}i:1;a:0:{}}', 0, NULL, NULL, 0, '2022-01-20 05:19:02', '2022-01-19 21:19:02'),
(69, 1, 25, 'KRONENBOURG 1664 BLANC', '<p>(330 ml)<br></p>', 0, NULL, '9', NULL, NULL, '', '', '', 116, NULL, 'a:2:{i:0;a:0:{}i:1;a:0:{}}', 0, NULL, NULL, 0, '2022-01-20 05:19:02', '2022-01-19 21:19:02'),
(70, 1, 25, 'GUINNESS', '<p>stout (440 ml CAN)<br></p>', 0, NULL, '9', NULL, NULL, '', '', '', 133, NULL, 'a:2:{i:0;a:0:{}i:1;a:0:{}}', 0, NULL, NULL, 0, '2022-01-20 05:19:02', '2022-01-19 21:19:02'),
(71, 1, 25, 'MOLSON', '<p>lager (341ml)<br></p>', 0, NULL, '7', NULL, NULL, '341ml', '', '', 148, NULL, 'a:2:{i:0;a:0:{}i:1;a:0:{}}', 0, NULL, NULL, 0, '2022-01-20 05:19:02', '2022-01-19 21:19:02'),
(72, 1, 25, 'STELLA ARTOIS', '<p>(330 ml)<br></p>', 0, NULL, '9', NULL, NULL, '', '', '', 157, NULL, 'a:2:{i:0;a:0:{}i:1;a:0:{}}', 0, NULL, NULL, 0, '2022-01-20 05:19:02', '2022-01-19 21:19:02'),
(74, 1, 25, 'HEINEKEN', '<p>lager (330 ml)<br></p>', 0, NULL, '8', NULL, NULL, '', '', '', 179, NULL, 'a:2:{i:0;a:0:{}i:1;a:0:{}}', 0, NULL, NULL, 0, '2022-01-20 05:19:02', '2022-01-19 21:19:02'),
(75, 1, 26, 'GUAVA REFRESHER [2oz]', '<p>tequila, guava juice, fresh lime juice, soda<br></p>', 0, NULL, '14', NULL, NULL, '2oz', '', '', 21, NULL, 'a:2:{i:0;a:0:{}i:1;a:0:{}}', 0, NULL, NULL, 0, '2022-01-20 05:19:02', '2022-01-19 21:19:02'),
(76, 1, 26, 'ELDER ELIXIR [2oz]', '<p>elderflower liqueur, cumcumber, fresh lemon juice, egg whites<br></p>', 0, NULL, '15', NULL, NULL, '', '', '', 49, NULL, 'a:2:{i:0;a:0:{}i:1;a:0:{}}', 0, NULL, NULL, 0, '2022-01-20 05:19:02', '2022-01-19 21:19:02'),
(77, 1, 26, 'Ooooooops! [2oz]', '<p>ketel one vodka with lychee and a dash of white cranberry juice, crushed ice</p>', 0, NULL, '13', NULL, NULL, NULL, NULL, NULL, 74, NULL, 'a:2:{i:0;a:0:{}i:1;a:0:{}}', 0, NULL, NULL, 0, '2022-01-20 05:19:02', '2022-01-19 21:19:02'),
(78, 1, 26, 'MARGARITA [2oz]', '<p>tequila and cointreau shaken with lime<br></p>', 0, NULL, '12', NULL, NULL, '', '', '', 98, NULL, 'a:2:{i:0;a:0:{}i:1;a:0:{}}', 0, NULL, NULL, 0, '2022-01-20 05:19:02', '2022-01-19 21:19:02'),
(79, 1, 26, 'COSMOPOLITAN [2oz]', '<p>kettle one vodka, cointreau, cranberry juice, fresh lime juice<br></p>', 0, NULL, '13', NULL, NULL, '2oz', '', '', 115, NULL, 'a:2:{i:0;a:0:{}i:1;a:0:{}}', 0, NULL, NULL, 0, '2022-01-20 05:19:02', '2022-01-19 21:19:02'),
(80, 1, 27, 'PERU PYALA', '<p>Guava juice, lemon and mint served in a chilli rimmed glass</p>', 0, NULL, '8', NULL, NULL, NULL, NULL, NULL, 20, NULL, 'a:2:{i:0;a:0:{}i:1;a:0:{}}', 0, NULL, NULL, 0, '2022-01-20 05:19:02', '2022-01-19 21:19:02'),
(81, 1, 27, 'TARBOOZA', '<p>fresh watermelon juice with mint and black salt<br></p>', 0, NULL, '8', NULL, NULL, NULL, NULL, NULL, 48, NULL, 'a:2:{i:0;a:0:{}i:1;a:0:{}}', 0, NULL, NULL, 0, '2022-01-20 05:19:02', '2022-01-19 21:19:02'),
(82, 1, 27, 'MANGO LASSI', '<p>fresh mangoes, yogurt<br></p>', 0, NULL, '8', NULL, NULL, NULL, NULL, NULL, 73, NULL, 'a:2:{i:0;a:0:{}i:1;a:0:{}}', 0, NULL, NULL, 0, '2022-01-20 05:19:02', '2022-01-19 21:19:02'),
(83, 1, 28, 'OLD FASHIONED [2oz]', '<p>bulleit bourbon, house made jaggery infused syrup, aromatic bitter<br></p>', 0, NULL, '14', NULL, NULL, '', '', '', 19, NULL, 'a:2:{i:0;a:0:{}i:1;a:0:{}}', 0, NULL, NULL, 0, '2022-01-20 05:19:02', '2022-01-19 21:19:02'),
(84, 1, 28, 'SANGRIA [6oz]', '<p>red or white wine, triple sec, peach schnapps, fresh seasonal fruits<br></p>', 0, NULL, '12', NULL, NULL, NULL, NULL, NULL, 47, NULL, 'a:2:{i:0;a:0:{}i:1;a:0:{}}', 0, NULL, NULL, 0, '2022-01-20 05:19:02', '2022-01-19 21:19:02'),
(85, 1, 28, 'MOJITO [2oz]', '<p>bacardi rum with lime juice, pressed mint leaves, sugar and soda water<br></p>', 0, NULL, '11', NULL, NULL, '', '', '', 72, NULL, 'a:2:{i:0;a:0:{}i:1;a:0:{}}', 0, NULL, NULL, 0, '2022-01-20 05:19:02', '2022-01-19 21:19:02'),
(86, 1, 28, 'WHISKEY SOUR [2oz]', '<p>woodford reserve, fresh lemon juice, aromatic bitters, egg white<br></p>', 0, NULL, '12.5', NULL, NULL, '', '', '', 97, NULL, 'a:2:{i:0;a:0:{}i:1;a:0:{}}', 0, NULL, NULL, 0, '2022-01-20 05:19:02', '2022-01-19 21:19:02'),
(87, 1, 28, 'VESPER [2oz]', '<p>grey goose, bombay sapphire, lillet... shaken not stirred<br></p>', 0, NULL, '13.5', NULL, NULL, '', '', '', 114, NULL, 'a:2:{i:0;a:0:{}i:1;a:0:{}}', 0, NULL, NULL, 0, '2022-01-20 05:19:02', '2022-01-19 21:19:02'),
(88, 1, 30, 'JACKSON TRIGGS', '<p>sauvignon blanc, okanagan, BC, canada<br></p>', 0, NULL, '8', '12', '25', '60z', '90z', 'btl', 18, NULL, 'a:2:{i:0;a:0:{}i:1;a:0:{}}', 0, NULL, NULL, 0, '2022-01-20 05:19:01', '2022-01-19 21:19:01'),
(89, 1, 30, 'GRAY MONK', '<p>chardonnay, lake county, BC, canada<br></p>', 0, NULL, '12', '16', '39', '60z', '90z', 'btl', 46, NULL, 'a:2:{i:0;a:0:{}i:1;a:0:{}}', 0, NULL, NULL, 0, '2022-01-20 05:19:02', '2022-01-19 21:19:02'),
(90, 1, 30, 'WILD GOOSE', '<p>gewurztraminer, okanagan, BC, canada<br></p>', 0, NULL, '13', '17', '41', '60z', '90z', 'btl', 71, NULL, 'a:2:{i:0;a:0:{}i:1;a:0:{}}', 0, NULL, NULL, 0, '2022-01-20 05:19:02', '2022-01-19 21:19:02'),
(91, 1, 30, 'OYSTER BAY', '<p>sauvignon blanc, marlborough, new zealand<br></p>', 0, NULL, '14', '18', '45', '6oz', '90z', 'btl', 96, NULL, 'a:2:{i:0;a:0:{}i:1;a:0:{}}', 0, NULL, NULL, 0, '2022-01-20 05:19:02', '2022-01-19 21:19:02'),
(92, 1, 30, 'NK\'MIP - DREAMCATCHER 2020', '<p>blend, osoyoos, BC, canada<br></p>', 0, NULL, '55', NULL, NULL, 'btl', '', '', 113, NULL, 'a:2:{i:0;a:0:{}i:1;a:0:{}}', 0, NULL, NULL, 0, '2022-01-20 05:19:02', '2022-01-19 21:19:02'),
(93, 1, 30, 'ROBERT MONDAVI', '<p>chardonnay, napa valley, usa<br></p>', 0, NULL, '60', NULL, NULL, 'btl', '', '', 132, NULL, 'a:2:{i:0;a:0:{}i:1;a:0:{}}', 0, NULL, NULL, 0, '2022-01-20 05:19:02', '2022-01-19 21:19:02'),
(94, 1, 31, 'JACKSON TRIGGS', '<p>cabernet sauvignon, okanagan, BC, canada<br></p>', 0, NULL, '8', '12', '25', '60z', '90z', 'btl', 17, NULL, 'a:2:{i:0;a:0:{}i:1;a:0:{}}', 0, NULL, NULL, 0, '2022-01-20 05:19:01', '2022-01-19 21:19:01'),
(95, 1, 31, 'ALAMOS', '<p>malbec, mendoza, argentina<br></p>', 0, NULL, '11', '15', '33', '60z', '90z', 'btl', 45, NULL, 'a:2:{i:0;a:0:{}i:1;a:0:{}}', 0, NULL, NULL, 0, '2022-01-20 05:19:02', '2022-01-19 21:19:02'),
(96, 1, 31, 'APOTHIC', '<p>blend, california, usa<br></p>', 0, NULL, '12', '16', '36', '60z', '90z', 'btl', 70, NULL, 'a:2:{i:0;a:0:{}i:1;a:0:{}}', 0, NULL, NULL, 0, '2022-01-20 05:19:02', '2022-01-19 21:19:02'),
(97, 1, 31, 'J LOHR SEVEN OAKS', '<p>cabernet sauvignon, usa<br></p>', 0, NULL, '14', '18', '48', '60z', '90z', 'btl', 95, NULL, 'a:2:{i:0;a:0:{}i:1;a:0:{}}', 0, NULL, NULL, 0, '2022-01-20 05:19:02', '2022-01-19 21:19:02'),
(98, 1, 31, 'MISSION HILL - RESERVE', '<p>shiraz, napa valley, okanagan, canada<br></p>', 0, NULL, '16', '20', '52', '60z', '90z', 'btl', 112, NULL, 'a:2:{i:0;a:0:{}i:1;a:0:{}}', 0, NULL, NULL, 0, '2022-01-20 05:19:02', '2022-01-19 21:19:02'),
(99, 1, 31, 'TINHORN CREEK - THE CREEK 2018', '<p>blend, okanagan, canada<br></p>', 0, NULL, '84', NULL, NULL, 'btl', NULL, NULL, 131, NULL, 'a:2:{i:0;a:0:{}i:1;a:0:{}}', 0, NULL, NULL, 0, '2022-01-20 05:19:02', '2022-01-19 21:19:02'),
(100, 1, 29, 'SOBIESKI', '<p>canada<br></p>', 0, NULL, '7', NULL, NULL, '', '', '', 16, NULL, 'a:2:{i:0;a:0:{}i:1;a:0:{}}', 0, 1, NULL, 0, '2022-01-20 05:19:01', '2022-01-19 21:19:01'),
(101, 1, 29, 'GREY GOOSE', '<p>canada<br></p>', 0, NULL, '11', NULL, NULL, '', '', '', 44, NULL, 'a:2:{i:0;a:0:{}i:1;a:0:{}}', 0, 1, NULL, 0, '2022-01-20 05:19:02', '2022-01-19 21:19:02'),
(102, 1, 29, 'KETEL ONE', '<p>netherlands<br></p>', 0, NULL, '9', NULL, NULL, '', '', '', 69, NULL, 'a:2:{i:0;a:0:{}i:1;a:0:{}}', 0, 1, NULL, 0, '2022-01-20 05:19:02', '2022-01-19 21:19:02'),
(103, 1, 29, 'BELVEDERE', '<p>poland<br></p>', 0, NULL, '11', NULL, NULL, '', '', '', 94, NULL, 'a:2:{i:0;a:0:{}i:1;a:0:{}}', 0, 1, NULL, 0, '2022-01-20 05:19:02', '2022-01-19 21:19:02'),
(104, 1, 29, 'BOMBAY SAPPHIRE', '<p>united kingdom<br></p>', 0, NULL, '10', NULL, NULL, '', '', '', 15, NULL, 'a:2:{i:0;a:0:{}i:1;a:0:{}}', 0, 2, NULL, 0, '2022-01-20 05:19:01', '2022-01-19 21:19:01'),
(105, 1, 29, 'HENDRICKS,', '<p>scottland<br></p>', 0, NULL, '11', NULL, NULL, '', '', '', 43, NULL, 'a:2:{i:0;a:0:{}i:1;a:0:{}}', 0, 2, NULL, 0, '2022-01-20 05:19:02', '2022-01-19 21:19:02'),
(106, 1, 29, 'TANQUERAY', '<p>united kingdom<br></p>', 0, NULL, '10', NULL, NULL, '', '', '', 68, NULL, 'a:2:{i:0;a:0:{}i:1;a:0:{}}', 0, 2, NULL, 0, '2022-01-20 05:19:02', '2022-01-19 21:19:02'),
(107, 1, 29, 'CROWN ROYAL', '<p>canada<br></p>', 0, NULL, '10', NULL, NULL, '', '', '', 14, NULL, 'a:2:{i:0;a:0:{}i:1;a:0:{}}', 0, 3, NULL, 0, '2022-01-20 05:19:01', '2022-01-19 21:19:01'),
(108, 1, 29, 'GIBSONS FINEST', '<p>canada<br></p>', 0, NULL, '9', NULL, NULL, '', '', '', 42, NULL, 'a:2:{i:0;a:0:{}i:1;a:0:{}}', 0, 3, NULL, 0, '2022-01-20 05:19:02', '2022-01-19 21:19:02'),
(109, 1, 29, 'WISERS', '<p>canada<br></p>', 0, NULL, '10', NULL, NULL, NULL, NULL, NULL, 67, NULL, 'a:2:{i:0;a:0:{}i:1;a:0:{}}', 0, 3, NULL, 0, '2022-01-20 05:19:02', '2022-01-19 21:19:02'),
(110, 1, 29, 'BACARDI', '<p>usa<br></p>', 0, NULL, '9', NULL, NULL, '', '', '', 13, NULL, 'a:2:{i:0;a:0:{}i:1;a:0:{}}', 0, 4, NULL, 0, '2022-01-20 05:19:01', '2022-01-19 21:19:01'),
(111, 1, 29, 'BACARDI SPICED', '<p>usa<br></p>', 0, NULL, '10', NULL, NULL, '', '', '', 41, NULL, 'a:2:{i:0;a:0:{}i:1;a:0:{}}', 0, 4, NULL, 0, '2022-01-20 05:19:02', '2022-01-19 21:19:02'),
(112, 1, 29, 'OLD MONK', '<p>india<br></p>', 0, NULL, '14', NULL, NULL, NULL, NULL, NULL, 66, NULL, 'a:2:{i:0;a:0:{}i:1;a:0:{}}', 0, 4, NULL, 0, '2022-01-20 05:19:02', '2022-01-19 21:19:02'),
(113, 1, 29, 'CAZADORES', '<p>mexico<br></p>', 0, NULL, '9', NULL, NULL, '', '', '', 12, NULL, 'a:2:{i:0;a:0:{}i:1;a:0:{}}', 0, 5, NULL, 0, '2022-01-20 05:19:01', '2022-01-19 21:19:01'),
(114, 1, 29, 'PATRON SILVER', '<p>mexico<br></p>', 0, NULL, '17', NULL, NULL, '', '', '', 40, NULL, 'a:2:{i:0;a:0:{}i:1;a:0:{}}', 0, 5, NULL, 0, '2022-01-20 05:19:02', '2022-01-19 21:19:02'),
(115, 1, 29, 'DON JULIO - BLANCO', '<p>mexico<br></p>', 0, NULL, '17', NULL, NULL, '', '', '', 65, NULL, 'a:2:{i:0;a:0:{}i:1;a:0:{}}', 0, 5, NULL, 0, '2022-01-20 05:19:02', '2022-01-19 21:19:02'),
(116, 1, 29, 'DON JULIO - RESOSADO', '<p>mexico<br></p>', 0, NULL, '19', NULL, NULL, '', '', '', 93, NULL, 'a:2:{i:0;a:0:{}i:1;a:0:{}}', 0, 5, NULL, 0, '2022-01-20 05:19:02', '2022-01-19 21:19:02'),
(117, 1, 29, 'CHIVAS REGAL', '<p>united kingdom<br></p>', 0, NULL, '14', NULL, NULL, NULL, NULL, NULL, 11, NULL, 'a:2:{i:0;a:0:{}i:1;a:0:{}}', 0, 6, NULL, 0, '2022-01-20 05:19:01', '2022-01-19 21:19:01'),
(118, 1, 29, 'JOHNNIE WALKER - RED', '<p>united kingdom<br></p>', 0, NULL, '11', NULL, NULL, NULL, NULL, NULL, 39, NULL, 'a:2:{i:0;a:0:{}i:1;a:0:{}}', 0, 6, NULL, 0, '2022-01-20 05:19:02', '2022-01-19 21:19:02'),
(119, 1, 29, 'JOHNNIE WALKER - BLACK', '<p>united kingdom<br></p>', 0, NULL, '16', NULL, NULL, '', '', '', 64, NULL, 'a:2:{i:0;a:0:{}i:1;a:0:{}}', 0, 6, NULL, 0, '2022-01-20 05:19:02', '2022-01-19 21:19:02'),
(120, 1, 29, 'JOHNNIE WALKER - GOLD', '<p>united kingdom<br></p>', 0, NULL, '19', NULL, NULL, '', '', '', 92, NULL, 'a:2:{i:0;a:0:{}i:1;a:0:{}}', 0, 6, NULL, 0, '2022-01-20 05:19:02', '2022-01-19 21:19:02'),
(121, 1, 29, 'JOHNNIE WALKER - BLUE', '<p>united kingdom<br></p>', 0, NULL, '45', NULL, NULL, '', '', '', 111, NULL, 'a:2:{i:0;a:0:{}i:1;a:0:{}}', 0, 6, NULL, 0, '2022-01-20 05:19:02', '2022-01-19 21:19:02'),
(122, 1, 29, 'MACALLAN 12', '<p>united kingdom<br></p>', 0, NULL, '27', NULL, NULL, '', '', '', 130, NULL, 'a:2:{i:0;a:0:{}i:1;a:0:{}}', 0, 6, NULL, 0, '2022-01-20 05:19:02', '2022-01-19 21:19:02'),
(123, 1, 29, 'OBAN 14', '<p>united kingdom<br></p>', 0, NULL, '28', NULL, NULL, NULL, NULL, NULL, 147, NULL, 'a:2:{i:0;a:0:{}i:1;a:0:{}}', 0, 6, NULL, 0, '2022-01-20 05:19:02', '2022-01-19 21:19:02'),
(124, 1, 29, 'DALMORE 12', '<p>united kingdom<br></p>', 0, NULL, '22', NULL, NULL, NULL, NULL, NULL, 156, NULL, 'a:2:{i:0;a:0:{}i:1;a:0:{}}', 0, 6, NULL, 0, '2022-01-20 05:19:02', '2022-01-19 21:19:02'),
(125, 1, 29, 'GLENFIDDICH 12', '<p>united kingdom<br></p>', 0, NULL, '18', NULL, NULL, '', '', '', 167, NULL, 'a:2:{i:0;a:0:{}i:1;a:0:{}}', 0, 6, NULL, 0, '2022-01-20 05:19:02', '2022-01-19 21:19:02'),
(126, 1, 29, 'GLENFIDDICH 15', '<p>united kingdom<br></p>', 0, NULL, '22', NULL, NULL, '', '', '', 178, NULL, 'a:2:{i:0;a:0:{}i:1;a:0:{}}', 0, 6, NULL, 0, '2022-01-20 05:19:02', '2022-01-19 21:19:02'),
(127, 1, 29, 'HENNESY - X.O. THE ORIGNAL', '<p>france<br></p>', 0, NULL, '55', NULL, NULL, '', '', '', 10, NULL, 'a:2:{i:0;a:0:{}i:1;a:0:{}}', 0, 7, NULL, 0, '2022-01-20 05:19:01', '2022-01-19 21:19:01'),
(148, 1, 32, 'House Red or White Wine (6oz)', NULL, 0, NULL, '4', NULL, NULL, '', '', '', 196, NULL, 'a:2:{i:0;a:0:{}i:1;a:0:{}}', 0, NULL, NULL, 0, '2022-01-20 05:19:03', '2022-01-19 21:19:03'),
(149, 1, 32, 'East Van Lager (14oz)', NULL, 0, NULL, '4', NULL, NULL, '', '', '', 197, NULL, 'a:2:{i:0;a:0:{}i:1;a:0:{}}', 0, NULL, NULL, 0, '2022-01-20 05:19:03', '2022-01-19 21:19:03'),
(150, 1, 32, 'Four Winds Nectarous (14oz)', NULL, 0, NULL, '4', NULL, NULL, '', '', '', 198, NULL, 'a:2:{i:0;a:0:{}i:1;a:0:{}}', 0, NULL, NULL, 0, '2022-01-20 05:19:03', '2022-01-19 21:19:03'),
(151, 1, 32, 'Well Highballs (1oz)', NULL, 0, NULL, '4', NULL, NULL, '', '', '', 199, NULL, 'a:2:{i:0;a:0:{}i:1;a:0:{}}', 0, NULL, NULL, 0, '2022-01-20 05:19:03', '2022-01-19 21:19:03'),
(152, 1, 32, 'Molson Canadian (341ml)', NULL, 0, NULL, '4', NULL, NULL, '', '', '', 200, NULL, 'a:2:{i:0;a:0:{}i:1;a:0:{}}', 0, NULL, NULL, 0, '2022-01-20 05:19:03', '2022-01-19 21:19:03'),
(153, 1, 32, 'Tequila Sunrise (1oz)', NULL, 0, NULL, '4', NULL, NULL, '', '', '', 201, NULL, 'a:2:{i:0;a:0:{}i:1;a:0:{}}', 0, NULL, NULL, 0, '2022-01-20 05:19:03', '2022-01-19 21:19:03'),
(154, 1, 32, 'Peru Pyala', NULL, 0, NULL, '6', NULL, NULL, '', '', '', 202, NULL, 'a:2:{i:0;a:0:{}i:1;a:0:{}}', 0, NULL, NULL, 0, '2022-01-20 05:19:03', '2022-01-19 21:19:03'),
(155, 1, 32, 'TYC Mojito (1oz)', NULL, 0, NULL, '6', NULL, NULL, '', '', '', 203, NULL, 'a:2:{i:0;a:0:{}i:1;a:0:{}}', 0, NULL, NULL, 0, '2022-01-20 05:19:03', '2022-01-19 21:19:03'),
(156, 1, 32, 'Phillips - Blue Buck (341ml)', NULL, 0, NULL, '6', NULL, NULL, '', '', '', 204, NULL, 'a:2:{i:0;a:0:{}i:1;a:0:{}}', 0, NULL, NULL, 0, '2022-01-20 05:19:03', '2022-01-19 21:19:03'),
(157, 1, 32, 'Coors Light (341ml)', NULL, 0, NULL, '6', NULL, NULL, '', '', '', 205, NULL, 'a:2:{i:0;a:0:{}i:1;a:0:{}}', 0, NULL, NULL, 0, '2022-01-20 05:19:03', '2022-01-19 21:19:03'),
(158, 1, 32, 'Margarita (2oz)', NULL, 0, NULL, '8', NULL, NULL, '', '', '', 206, NULL, 'a:2:{i:0;a:0:{}i:1;a:0:{}}', 0, NULL, NULL, 0, '2022-01-20 05:19:03', '2022-01-19 21:19:03'),
(160, 1, 32, 'Double Well Highballs (2oz)', NULL, 0, NULL, '8', NULL, NULL, '', '', '', 208, NULL, 'a:2:{i:0;a:0:{}i:1;a:0:{}}', 0, NULL, NULL, 0, '2022-01-20 05:19:03', '2022-01-19 21:19:03'),
(163, 1, 32, 'Ooooooops! (1oz)', NULL, 0, NULL, '10', NULL, NULL, '', '', '', 211, NULL, 'a:2:{i:0;a:0:{}i:1;a:0:{}}', 0, NULL, NULL, 0, '2022-01-20 05:19:03', '2022-01-19 21:19:03'),
(164, 1, 32, 'Old Fashioned (2oz)', NULL, 0, NULL, '10', NULL, NULL, '', '', '', 212, NULL, 'a:2:{i:0;a:0:{}i:1;a:0:{}}', 0, NULL, NULL, 0, '2022-01-20 05:19:03', '2022-01-19 21:19:03'),
(165, 1, 32, 'Sangria (6oz)', NULL, 0, NULL, '10', NULL, NULL, '', '', '', 213, NULL, 'a:2:{i:0;a:0:{}i:1;a:0:{}}', 0, NULL, NULL, 0, '2022-01-20 05:19:03', '2022-01-19 21:19:03'),
(166, 1, 26, 'BLACK OPAL [20z]', '<p>ketal one vodka, blue curacao, bombay sapphire, bacardi white<br></p>', 0, NULL, '11', NULL, NULL, '20z', '', '', 128, NULL, 'a:2:{i:0;a:0:{}i:1;a:0:{}}', 0, NULL, NULL, 0, '2022-01-20 05:19:02', '2022-01-19 21:19:02'),
(167, 1, 29, 'BALLANTINE’S FINEST', '<p>united kingdom<br></p>', 0, NULL, '11', NULL, NULL, NULL, NULL, NULL, 184, NULL, 'a:2:{i:0;a:0:{}i:1;a:0:{}}', 0, 6, NULL, 0, '2022-01-20 05:19:02', '2022-01-19 21:19:02'),
(168, 1, 36, 'AQUA PANNA (750 ml)', '<p>natural spring water<br></p>', 0, NULL, '8', NULL, NULL, NULL, NULL, NULL, 6, NULL, 'a:2:{i:0;a:0:{}i:1;a:0:{}}', 0, NULL, NULL, 0, '2022-01-20 05:19:01', '2022-01-19 21:19:01'),
(169, 1, 36, 'ESKA (335 ml)', '<p>carbonated spring water<br></p>', 0, NULL, '5', NULL, NULL, NULL, NULL, NULL, 37, NULL, 'a:2:{i:0;a:0:{}i:1;a:0:{}}', 0, NULL, NULL, 0, '2022-01-20 05:19:02', '2022-01-19 21:19:02'),
(170, 1, 36, 'GINGER BEER (275 ml)', '<p>fentimans botanically brewed<br></p>', 0, NULL, '7', NULL, NULL, NULL, NULL, NULL, 62, NULL, 'a:2:{i:0;a:0:{}i:1;a:0:{}}', 0, NULL, NULL, 0, '2022-01-20 05:19:02', '2022-01-19 21:19:02'),
(171, 1, 36, 'NAARIYAL PANI (490 ml)', '<p>coconut water<br></p>', 0, NULL, '7', NULL, NULL, NULL, NULL, NULL, 90, NULL, 'a:2:{i:0;a:0:{}i:1;a:0:{}}', 0, NULL, NULL, 0, '2022-01-20 05:19:02', '2022-01-19 21:19:02'),
(172, 1, 37, 'LA SCALA SPUMANTE', NULL, 0, NULL, '20', NULL, NULL, 'btl', NULL, NULL, 5, NULL, 'a:2:{i:0;a:0:{}i:1;a:0:{}}', 0, NULL, NULL, 0, '2022-01-20 05:19:01', '2022-01-19 21:19:01'),
(173, 1, 37, 'MOET AND CHANDON - BRUT IMPERIAL', NULL, 0, NULL, '120', NULL, NULL, 'btl', NULL, NULL, 36, NULL, 'a:2:{i:0;a:0:{}i:1;a:0:{}}', 0, NULL, NULL, 0, '2022-01-20 05:19:02', '2022-01-19 21:19:02'),
(174, 1, 37, 'VEUVE CLICQUOT - ROSE', NULL, 0, NULL, '140', NULL, NULL, 'btl', NULL, NULL, 61, NULL, 'a:2:{i:0;a:0:{}i:1;a:0:{}}', 0, NULL, NULL, 0, '2022-01-20 05:19:02', '2022-01-19 21:19:02'),
(175, 1, 37, 'DOM PERIGNON n/v', NULL, 0, NULL, '350', NULL, NULL, 'btl', NULL, NULL, 89, NULL, 'a:2:{i:0;a:0:{}i:1;a:0:{}}', 0, NULL, NULL, 0, '2022-01-20 05:19:02', '2022-01-19 21:19:02'),
(177, 1, 22, 'Papad Basket', 'served with house chutney’s', 0, NULL, '8', NULL, NULL, NULL, NULL, NULL, 127, NULL, 'a:2:{i:0;a:0:{}i:1;a:0:{}}', 0, NULL, NULL, 0, '2022-12-10 23:21:52', '2022-12-10 15:21:52'),
(178, 1, 22, 'Dahi', 'so good, you will want more', 0, NULL, '6', NULL, NULL, NULL, NULL, NULL, 144, NULL, 'a:2:{i:0;a:0:{}i:1;a:0:{}}', 0, NULL, NULL, 0, '2022-12-10 23:26:12', '2022-12-10 15:26:12'),
(179, 1, 23, 'Bhatti ki machhi', 'marinated with north indian spices cooked to perfection in tandoor', 0, NULL, '20.95', NULL, NULL, NULL, NULL, NULL, 106, NULL, 'a:2:{i:0;a:0:{}i:1;a:0:{}}', 0, NULL, NULL, 0, '2024-02-11 03:36:47', '2024-02-10 19:36:47'),
(184, 1, 3, 'Veg Cheese Karara Roll', 'mixed spiced vegetables & cheese stuffed rolls', 0, '1643001146400.jpg', '17', NULL, NULL, NULL, NULL, NULL, 85, NULL, 'a:2:{i:0;a:0:{}i:1;a:0:{}}', 0, NULL, NULL, 0, '2022-12-10 23:09:46', '2022-12-10 15:09:46'),
(185, 1, 3, 'Fondue Malai Broccoli', 'Broccoli coated with a homemade cream malai marinade charred in a tandoor and topped with molten cheese .', 0, NULL, '19.95', NULL, NULL, NULL, NULL, NULL, 121, NULL, 'a:2:{i:0;a:0:{}i:1;a:0:{}}', 0, NULL, NULL, 0, '2024-02-11 04:15:44', '2024-02-10 20:15:44'),
(187, 1, 19, 'Kadi Pakora', 'pakoras (fritters) simmered in gram flour and yogurt based creamy, tangy and\r\nflavourful curry', 0, NULL, '17.95', NULL, NULL, NULL, NULL, NULL, 163, NULL, 'a:2:{i:0;a:0:{}i:1;a:0:{}}', 0, NULL, NULL, 0, '2024-02-11 04:38:31', '2024-02-10 20:38:31'),
(188, 1, 19, 'Achari  Masala Chaap', 'smoked mock meat made with soybean chunks and flour, cooked in flavourful\r\nonion tomato gravy', 0, NULL, '18', NULL, NULL, NULL, NULL, NULL, 174, NULL, 'a:2:{i:0;a:0:{}i:1;a:0:{}}', 0, NULL, NULL, 0, '2024-02-11 04:41:32', '2024-02-10 20:41:32'),
(189, 1, 19, 'Mushroom Matar', 'peas and mushrooms in spicy masala', 1, NULL, '16.75', NULL, NULL, NULL, NULL, NULL, 182, NULL, 'a:2:{i:0;a:0:{}i:1;a:0:{}}', 0, NULL, NULL, 0, '2022-02-03 03:46:10', '2022-02-02 19:46:10'),
(190, 1, 19, 'Dungari Baingan Bharta', 'fire roasted eggplant, mashed and cooked with spices', 0, NULL, '17.95', NULL, NULL, NULL, NULL, NULL, 187, NULL, 'a:2:{i:0;a:0:{}i:1;a:0:{}}', 0, NULL, NULL, 0, '2024-02-11 04:47:33', '2024-02-10 20:47:33'),
(192, 1, 5, 'Keema Naan', 'minced lamb stuffed in naan-served with gravy', 0, NULL, '11.95', NULL, NULL, NULL, NULL, NULL, 109, NULL, 'a:2:{i:0;a:0:{}i:1;a:0:{}}', 0, NULL, NULL, 0, '2024-02-11 04:10:32', '2024-02-10 20:10:32'),
(193, 1, 5, 'Peshawari Naan', 'sweet naan stuffed with desiccated\r\ncoconuts, almonds, pista, cashews,\r\nraisins', 0, NULL, '9', NULL, NULL, NULL, NULL, NULL, 173, NULL, 'a:2:{i:0;a:0:{}i:1;a:0:{}}', 0, NULL, NULL, 0, '2022-12-10 23:29:32', '2022-12-10 15:29:32'),
(194, 1, 5, 'Missi Roti', 'savory flatbread made with\r\nwhole wheat flour, gram flour\r\nand spices', 0, NULL, '3.75', NULL, NULL, NULL, NULL, NULL, 126, NULL, 'a:2:{i:0;a:0:{}i:1;a:0:{}}', 0, NULL, NULL, 0, '2024-02-11 04:19:21', '2024-02-10 20:19:21'),
(195, 1, 5, 'Bread Basket', 'assorted breads', 0, NULL, '19.95', NULL, NULL, NULL, NULL, NULL, 181, NULL, 'a:2:{i:0;a:0:{}i:1;a:0:{}}', 0, NULL, NULL, 0, '2024-02-11 04:45:43', '2024-02-10 20:45:43'),
(196, 1, 7, 'Zaik-e-Shahi', 'mini gulabjamuns covered in rabdi', 0, '1643001424412.jpg', '12.95', NULL, NULL, NULL, NULL, NULL, 108, NULL, 'a:2:{i:0;a:0:{}i:1;a:0:{}}', 0, NULL, NULL, 0, '2024-02-11 04:09:59', '2024-02-10 20:09:59'),
(197, 1, 7, 'Gajar Halwa', 'grated carrots, whole milk, spices and nuts', 0, NULL, '10', NULL, NULL, NULL, NULL, NULL, 125, NULL, 'a:2:{i:0;a:0:{}i:1;a:0:{}}', 0, NULL, NULL, 0, '2022-12-10 23:21:20', '2022-12-10 15:21:20'),
(198, 1, 7, 'Desert Platter', 'gulab-e-gulkand, zaik-e-shahi, gajar halwa, vanillia ice cream', 0, NULL, '16', NULL, NULL, NULL, NULL, NULL, 141, NULL, 'a:2:{i:0;a:0:{}i:1;a:0:{}}', 0, NULL, NULL, 0, '2022-12-10 23:25:29', '2022-12-10 15:25:29'),
(201, 1, 5, 'Garlic Naan', 'indian style leavened bread<br>', 0, NULL, '4', NULL, NULL, NULL, NULL, NULL, 35, NULL, 'a:2:{i:0;a:0:{}i:1;a:0:{}}', 0, NULL, NULL, 0, '2022-12-10 23:04:08', '2022-12-10 15:04:08'),
(202, 1, 5, 'Butter Tandoori Roti', 'a popular indian flatbread made\r\nin the tandoor<br>', 0, NULL, '4', NULL, NULL, NULL, NULL, NULL, 88, NULL, 'a:2:{i:0;a:0:{}i:1;a:0:{}}', 0, NULL, NULL, 0, '2022-12-10 23:10:46', '2022-12-10 15:10:46'),
(208, 1, 5, 'Butter Naan', '<p>indian style leavened bread<br></p>', 0, NULL, '4', NULL, NULL, NULL, NULL, NULL, 34, NULL, 'a:2:{i:0;a:0:{}i:1;a:0:{}}', 0, NULL, NULL, 0, '2022-12-10 23:03:51', '2022-12-10 15:03:51'),
(209, 1, 5, 'Pudina Laccha Paratha', '<p>indian flatbread made of whole wheat flour<br></p>', 0, NULL, '6', NULL, NULL, NULL, NULL, NULL, 162, NULL, 'a:2:{i:0;a:0:{}i:1;a:0:{}}', 0, NULL, NULL, 0, '2022-12-10 23:28:03', '2022-12-10 15:28:03'),
(214, 1, 41, 'Paneer Tikki Sliders', '<p>mini sliders, tikki, tamrind sauce, chedder cheese<br></p>', 0, NULL, '12', NULL, NULL, NULL, NULL, NULL, 172, NULL, 'a:2:{i:0;a:0:{}i:1;a:0:{}}', 0, NULL, NULL, 0, '2024-02-11 04:40:47', '2024-02-10 20:40:47'),
(215, 1, 41, 'Chicken Tikki Sliders', '<p>mini sliders, tikki, tamrind sauce, chedder cheese<br></p>', 0, NULL, '12', NULL, NULL, NULL, NULL, NULL, 171, NULL, 'a:2:{i:0;a:0:{}i:1;a:0:{}}', 0, NULL, NULL, 0, '2024-02-11 04:40:13', '2024-02-10 20:40:13'),
(216, 1, 21, 'Butter Chicken Dariyaganj', 'Tandoori chicken tikka in a sauce that is as smooth as a butter yet robust.&nbsp;', 0, NULL, '19.95', NULL, NULL, NULL, NULL, NULL, 137, NULL, 'a:2:{i:0;a:0:{}i:1;a:0:{}}', 0, NULL, NULL, 0, '2024-02-11 04:24:31', '2024-02-10 20:24:31'),
(217, 1, 19, 'Methi Matar Malai', 'popular indian curry combines fresh methi leaves with green peas and sweet rich creamy curry .', 0, NULL, '20.95', NULL, NULL, NULL, NULL, NULL, 175, NULL, 'a:2:{i:0;a:0:{}i:1;a:0:{}}', 0, NULL, NULL, 0, '2024-02-11 04:43:39', '2024-02-10 20:43:39'),
(220, 1, 22, 'Samosa Chaat', '<p>2 pieces, served with curd, mint, or tamrind chutney and chollay<br></p>', 0, NULL, '14.95', NULL, NULL, NULL, NULL, NULL, 0, NULL, 'a:2:{i:0;a:0:{}i:1;a:0:{}}', 0, NULL, NULL, 0, '2024-02-11 02:54:42', '2024-02-10 18:54:42'),
(221, 1, 23, 'Bharwan Tangri', '<p>drumsticks stuffed with dried fruits and indian spices roasted in clay oven</p>', 0, NULL, '24.95', NULL, NULL, NULL, NULL, NULL, 0, NULL, 'a:2:{i:0;a:0:{}i:1;a:0:{}}', 0, NULL, NULL, 0, '2024-02-11 02:53:53', '2024-02-10 18:53:53'),
(222, 1, 22, 'Kachumber Raita', '<p>the ultimate indian accompaniment made with yogurt<br></p>', 0, NULL, '7.95', NULL, NULL, NULL, NULL, NULL, 0, NULL, 'a:2:{i:0;a:0:{}i:1;a:0:{}}', 0, NULL, NULL, 0, '2024-02-11 02:53:27', '2024-02-10 18:53:27'),
(223, 1, 22, 'Boondi Raita', '<p>the ultimate indian accompaniment made with yogurt <br></p>', 0, NULL, '7.95', NULL, NULL, NULL, NULL, NULL, 0, NULL, 'a:2:{i:0;a:0:{}i:1;a:0:{}}', 0, NULL, NULL, 0, '2024-02-11 02:53:11', '2024-02-10 18:53:11'),
(224, 1, 22, 'Pineapple Raita', '<p>the ultimate indian accompaniment made with yogurt <br></p>', 0, NULL, '7.95', NULL, NULL, NULL, NULL, NULL, 0, NULL, 'a:2:{i:0;a:0:{}i:1;a:0:{}}', 0, NULL, NULL, 0, '2024-02-11 02:52:58', '2024-02-10 18:52:58'),
(225, 1, 7, 'Rasmalai parfait', '<p>juicy cheese discs served with rabdi and pistachios</p>', 0, NULL, '9.95', NULL, NULL, NULL, NULL, NULL, 0, NULL, 'a:2:{i:0;a:0:{}i:1;a:0:{}}', 0, NULL, NULL, 0, '2024-02-11 02:52:28', '2024-02-10 18:52:28'),
(229, 1, 40, 'Makhanwala Paneer', '<p>Served with basmati rice, yogurt, pickles, salad, naan or roti and gulab jamun<br></p>', 0, NULL, '16.95', NULL, NULL, NULL, NULL, NULL, 3, NULL, 'a:2:{i:0;a:0:{}i:1;a:0:{}}', 0, NULL, NULL, 0, '2023-07-24 21:25:53', '2023-07-24 14:25:53'),
(230, 1, 40, 'Paneer Khada Masal', '<p>Served with basmati rice, yogurt, pickles, salad, naan or roti and gulab jamun<br></p>', 0, NULL, '16.95', NULL, NULL, NULL, NULL, NULL, 4, NULL, 'a:2:{i:0;a:0:{}i:1;a:0:{}}', 0, NULL, NULL, 0, '2023-07-24 21:26:57', '2023-07-24 14:26:57'),
(231, 1, 40, 'Puran Singh Da Tariwala Murgh', '<p>Served with basmati rice, yogurt, pickles, salad, naan or roti and gulab jamun<br></p>', 0, NULL, '16.95', NULL, NULL, NULL, NULL, NULL, 4, NULL, 'a:2:{i:0;a:0:{}i:1;a:0:{}}', 0, NULL, NULL, 0, '2023-07-24 21:26:38', '2023-07-24 14:26:38'),
(232, 1, 40, 'Butter Chicken', '<p>Served with basmati rice, yogurt, pickles, salad, naan or roti and gulab jamun<br></p>', 0, NULL, '16.95', NULL, NULL, NULL, NULL, NULL, 5, NULL, 'a:2:{i:0;a:0:{}i:1;a:0:{}}', 0, NULL, NULL, 0, '2023-08-27 21:56:14', '2023-08-27 14:56:14'),
(233, 1, 38, 'Amritsari Kulcha', '<p>Served with Cholay</p>', 0, NULL, '12.95', NULL, NULL, NULL, NULL, NULL, 0, NULL, 'a:2:{i:0;a:0:{}i:1;a:0:{}}', 0, NULL, NULL, 0, '2023-07-24 19:54:43', '2023-07-24 12:54:43'),
(234, 1, 38, 'Bhatura', '<p>2 Pieces Served with Cholay</p>', 0, NULL, '12.95', NULL, NULL, NULL, NULL, NULL, 0, NULL, 'a:2:{i:0;a:0:{}i:1;a:0:{}}', 0, NULL, NULL, 0, '2023-07-24 19:54:29', '2023-07-24 12:54:29'),
(235, 1, 38, 'Puri Aalu', '<p>Served with mint chutney and pickled onions</p>', 0, NULL, '12.95', NULL, NULL, NULL, NULL, NULL, 0, NULL, 'a:2:{i:0;a:0:{}i:1;a:0:{}}', 0, NULL, NULL, 0, '2024-02-11 02:51:54', '2024-02-10 18:51:54'),
(238, 1, 41, 'Desi Poutine', '<p>Chicken tikka/ Paneer Tikka<br></p>', 0, NULL, '12', NULL, NULL, NULL, NULL, NULL, 0, NULL, 'a:2:{i:0;a:0:{}i:1;a:0:{}}', 0, NULL, NULL, 0, '2023-03-16 23:04:41', '2023-03-17 04:34:41'),
(239, 1, 41, 'Dynamite Fries', '<p>Masala fries loaded with Lamb kheema, cheese, chutney mayo<br></p>', 0, NULL, '12', NULL, NULL, NULL, NULL, NULL, 0, NULL, 'a:2:{i:0;a:0:{}i:1;a:0:{}}', 0, NULL, NULL, 0, '2023-07-24 19:48:12', '2023-07-24 12:48:12'),
(240, 1, 41, 'Chicken tikka Sliders', '<p>Ancho chilli chicken tikka, cheese, greens, mint mayo, onions & tomato in <span style=\"font-size: 0.875rem;\">bun</span></p>', 0, NULL, '12', NULL, NULL, NULL, NULL, NULL, 0, NULL, 'a:2:{i:0;a:0:{}i:1;a:0:{}}', 0, NULL, NULL, 0, '2024-02-11 02:51:08', '2024-02-10 18:51:08'),
(241, 1, 41, 'Channajor Slider', '<p>Cheesy channajor tikki, greens, beet mayo<br></p>', 0, NULL, '12', NULL, NULL, NULL, NULL, NULL, 0, NULL, 'a:2:{i:0;a:0:{}i:1;a:0:{}}', 0, NULL, NULL, 0, '2024-02-11 02:50:54', '2024-02-10 18:50:54'),
(243, 1, 41, 'TYC veg spring rolls', NULL, 0, NULL, '12', NULL, NULL, NULL, NULL, NULL, 0, NULL, 'a:2:{i:0;a:0:{}i:1;a:0:{}}', 0, NULL, NULL, 0, '2023-03-16 23:07:17', '2023-03-17 04:37:17'),
(244, 1, 41, 'Dynamite Paneer bites', '<p>Crunchy paneer tossed in Spicy citrus mayo<br></p>', 0, NULL, '12', NULL, NULL, NULL, NULL, NULL, 0, NULL, 'a:2:{i:0;a:0:{}i:1;a:0:{}}', 0, NULL, NULL, 0, '2023-03-16 23:07:43', '2023-03-17 04:37:43'),
(247, 1, 41, 'buffalo kukkad wings', NULL, 0, NULL, '12', NULL, NULL, NULL, NULL, NULL, 0, NULL, 'a:2:{i:0;a:0:{}i:1;a:0:{}}', 0, NULL, NULL, 0, '2023-07-24 18:33:22', '2023-07-24 14:33:22'),
(248, 1, 41, 'desi tacos', '<p>tex-mex tacos with Indian flare loaded with lettuce, mint mayo, tomato chutney, sirka onions. choose from your favourite desi fillings chicken tikka/ paneer tikka </p>', 0, NULL, '15.95', NULL, NULL, NULL, NULL, NULL, 0, NULL, 'a:2:{i:0;a:0:{}i:1;a:0:{}}', 0, NULL, NULL, 0, '2024-02-11 02:49:49', '2024-02-10 18:49:49'),
(249, 1, 42, 'Malai tikka bowl', '<p>Malai Chicken tikka , basmati shawl , avocado , greens , kachumber , salsa and mint chutney !</p>', 0, NULL, '19.95', NULL, NULL, NULL, NULL, NULL, 0, NULL, 'a:2:{i:0;a:0:{}i:1;a:0:{}}', 0, NULL, NULL, 0, '2024-02-11 03:16:30', '2024-02-10 22:16:30'),
(250, 1, 42, 'Tikka bowl', '<p>Murg tikka , Basmati shawl , avocado, greens , kachumber , salsa and mint chutney !</p>', 0, NULL, '19.95', NULL, NULL, NULL, NULL, NULL, 0, NULL, 'a:2:{i:0;a:0:{}i:1;a:0:{}}', 0, NULL, NULL, 0, '2024-02-11 03:17:28', '2024-02-10 22:17:28'),
(251, 1, 42, 'Buddha bowl', '<p>Saffron rice , Malai broccoli ,&nbsp;<span style=\"font-size: 0.875rem;\">Basmati shawl , avocado, greens , kachumber , salsa and mint chutney !</span></p>', 0, NULL, '18.95', NULL, NULL, NULL, NULL, NULL, 0, NULL, 'a:2:{i:0;a:0:{}i:1;a:0:{}}', 0, NULL, NULL, 0, '2024-02-11 03:18:11', '2024-02-10 22:18:11'),
(252, 1, 42, 'Chilli paneer bowl', 'Jeera pulao , Kolkata style chilli paneer , Basmati shawl , avocado, greens , kachumber , salsa and mint chutney !', 0, NULL, '18.95', NULL, NULL, NULL, NULL, NULL, 0, NULL, 'a:2:{i:0;a:0:{}i:1;a:0:{}}', 0, NULL, NULL, 0, '2024-02-11 03:18:53', '2024-02-10 22:18:53'),
(253, 1, 42, 'Kadhi chawal', '<p>This classic is everyone\"s favourite , jeera pulao , kadhi pakora, greens , red onions, mint chutney and pickle.</p>', 0, NULL, '18.95', NULL, NULL, NULL, NULL, NULL, 0, NULL, 'a:2:{i:0;a:0:{}i:1;a:0:{}}', 0, NULL, NULL, 0, '2024-02-11 03:20:05', '2024-02-10 22:20:05'),
(254, 1, 22, 'Khara makai puri', '<p>Crunchy bite sized semolina pops with a creamy corn mixture.</p>', 0, NULL, '14.95', NULL, NULL, NULL, NULL, NULL, 0, NULL, 'a:2:{i:0;a:0:{}i:1;a:0:{}}', 0, NULL, NULL, 0, '2024-02-11 03:28:35', '2024-02-10 22:28:35'),
(255, 1, 3, 'Tangra chilli Paneer', '<p>Delectable and fiery into-chinese style cottage cheese , all the way from china town in Kolkata to Canada!</p>', 0, NULL, '18.95', NULL, NULL, NULL, NULL, NULL, 0, NULL, 'a:2:{i:0;a:0:{}i:1;a:0:{}}', 0, NULL, NULL, 0, '2024-02-11 03:29:58', '2024-02-10 22:29:58'),
(256, 1, 3, '1/2 dozen Pav Bhaji', '<p>Bombay styled mashed vegetables served with mini pav breads</p>', 0, NULL, '18.95', NULL, NULL, NULL, NULL, NULL, 0, NULL, 'a:2:{i:0;a:0:{}i:1;a:0:{}}', 0, NULL, NULL, 0, '2024-02-11 03:32:13', '2024-02-10 22:32:13'),
(257, 1, 23, 'Keema pao', '<p>This popular indian spiced lamb mince cooked with peas served with mini pao bread </p>', 0, NULL, '19.95', NULL, NULL, NULL, NULL, NULL, 0, NULL, 'a:2:{i:0;a:0:{}i:1;a:0:{}}', 0, NULL, NULL, 0, '2024-02-11 06:35:19', '2024-02-10 22:35:19'),
(258, 1, 23, 'Goli kebab', '<p>Cheese stuffed lamb meatballs infused with the delicate floral aroma of cardamoms.&nbsp;</p>', 0, NULL, '19.95', NULL, NULL, NULL, NULL, NULL, 0, NULL, 'a:2:{i:0;a:0:{}i:1;a:0:{}}', 0, NULL, NULL, 0, '2024-02-11 03:36:38', '2024-02-10 22:36:38'),
(259, 1, 19, 'Khumbh Do Pyaaz', '<p>Fresh button mushrooms cooked in do pyaaz masala&nbsp;</p>', 0, NULL, '17.95', NULL, NULL, NULL, NULL, NULL, 0, NULL, 'a:2:{i:0;a:0:{}i:1;a:0:{}}', 0, NULL, NULL, 0, '2024-02-11 03:38:04', '2024-02-10 22:38:04'),
(260, 1, 19, 'Aloo Wadi Rassa', '<p>Potato curry with lentil dumplings</p>', 0, NULL, '16.95', NULL, NULL, NULL, NULL, NULL, 0, NULL, 'a:2:{i:0;a:0:{}i:1;a:0:{}}', 0, NULL, NULL, 0, '2024-02-11 03:40:02', '2024-02-10 22:40:02'),
(261, 1, 18, 'Berry Pulao', '<p>Veg/Chicken/Prawns</p><p>Basmati rice and dried berry pulao cooked to your choice.</p>', 0, NULL, '17.95/18.95', NULL, NULL, NULL, NULL, NULL, 0, NULL, 'a:2:{i:0;a:0:{}i:1;a:0:{}}', 0, NULL, NULL, 0, '2024-02-11 03:42:33', '2024-02-10 22:42:33'),
(262, 1, 7, 'Aatte di chiri', '<p>A sweet sensation of jaggery infused with bread and velvety ice cream.</p>', 0, NULL, '11.95', NULL, NULL, NULL, NULL, NULL, 0, NULL, 'a:2:{i:0;a:0:{}i:1;a:0:{}}', 0, NULL, NULL, 0, '2024-02-11 03:58:23', '2024-02-10 22:58:23'),
(263, 1, 7, 'Berry kand', '<p>Sugary hung curd marbled with sinful Canadian blue berries .</p>', 0, NULL, '9.95', NULL, NULL, NULL, NULL, NULL, 0, NULL, 'a:2:{i:0;a:0:{}i:1;a:0:{}}', 0, NULL, NULL, 0, '2024-02-11 03:59:19', '2024-02-10 22:59:19'),
(264, 1, 12, 'Murgh Yakni Shorba', 'Tender morsels of chicken simmered in a super flavourful Kashmiri broth&nbsp;', 0, NULL, '10.95', NULL, NULL, NULL, NULL, NULL, 0, NULL, 'a:2:{i:0;a:0:{}i:1;a:0:{}}', 0, NULL, NULL, 0, '2024-02-11 04:02:42', '2024-02-10 23:02:42');

-- --------------------------------------------------------

--
-- Table structure for table `item_addon`
--

CREATE TABLE `item_addon` (
  `id` int NOT NULL,
  `addon_id` int NOT NULL,
  `addongroup_id` int NOT NULL,
  `item_id` int NOT NULL,
  `created_at` timestamp NOT NULL DEFAULT CURRENT_TIMESTAMP,
  `updated_at` timestamp NOT NULL DEFAULT '0000-00-00 00:00:00'
) ENGINE=InnoDB DEFAULT CHARSET=latin1;

-- --------------------------------------------------------

--
-- Table structure for table `item_type`
--

CREATE TABLE `item_type` (
  `id` int NOT NULL,
  `item_id` int NOT NULL,
  `type_id` int NOT NULL,
  `created_at` timestamp NOT NULL DEFAULT CURRENT_TIMESTAMP,
  `updated_at` timestamp NOT NULL DEFAULT '0000-00-00 00:00:00'
) ENGINE=InnoDB DEFAULT CHARSET=latin1;

-- --------------------------------------------------------

--
-- Table structure for table `language`
--

CREATE TABLE `language` (
  `id` int NOT NULL,
  `name` varchar(250) CHARACTER SET utf8mb3 COLLATE utf8mb3_bin DEFAULT NULL,
  `type` int NOT NULL DEFAULT '0',
  `icon` varchar(250) DEFAULT NULL,
  `sort_no` int NOT NULL DEFAULT '0',
  `created_at` timestamp NOT NULL DEFAULT CURRENT_TIMESTAMP,
  `updated_at` timestamp NOT NULL DEFAULT '0000-00-00 00:00:00'
) ENGINE=InnoDB DEFAULT CHARSET=latin1;

-- --------------------------------------------------------

--
-- Table structure for table `notification`
--

CREATE TABLE `notification` (
  `id` int NOT NULL,
  `title` varchar(2500) CHARACTER SET utf8mb3 COLLATE utf8mb3_bin DEFAULT NULL,
  `text` text CHARACTER SET utf8mb3 COLLATE utf8mb3_bin,
  `created_at` timestamp NOT NULL DEFAULT CURRENT_TIMESTAMP,
  `updated_at` timestamp NOT NULL DEFAULT '0000-00-00 00:00:00'
) ENGINE=InnoDB DEFAULT CHARSET=latin1;

-- --------------------------------------------------------

--
-- Table structure for table `offer`
--

CREATE TABLE `offer` (
  `id` int NOT NULL,
  `store_id` int NOT NULL DEFAULT '0',
  `code` varchar(250) CHARACTER SET utf8mb3 COLLATE utf8mb3_bin DEFAULT NULL,
  `description` varchar(5000) CHARACTER SET utf8mb3 COLLATE utf8mb3_bin DEFAULT NULL,
  `min_cart_value` varchar(250) CHARACTER SET utf8mb3 COLLATE utf8mb3_bin DEFAULT NULL,
  `upto` varchar(250) CHARACTER SET utf8mb3 COLLATE utf8mb3_bin DEFAULT NULL,
  `type` int NOT NULL DEFAULT '0',
  `value` varchar(250) CHARACTER SET utf8mb3 COLLATE utf8mb3_bin DEFAULT NULL,
  `status` int DEFAULT '0',
  `start_from` varchar(250) DEFAULT NULL,
  `valid_till` varchar(250) DEFAULT NULL,
  `user_type` int NOT NULL DEFAULT '0',
  `s_data` text CHARACTER SET utf8mb3 COLLATE utf8mb3_bin,
  `created_at` timestamp NOT NULL DEFAULT CURRENT_TIMESTAMP,
  `updated_at` timestamp NOT NULL DEFAULT '0000-00-00 00:00:00'
) ENGINE=InnoDB DEFAULT CHARSET=latin1;

--
-- Dumping data for table `offer`
--

INSERT INTO `offer` (`id`, `store_id`, `code`, `description`, `min_cart_value`, `upto`, `type`, `value`, `status`, `start_from`, `valid_till`, `user_type`, `s_data`, `created_at`, `updated_at`) VALUES
(1, 0, 'Special 15', 'Lockdown special offers for our esteemed customers only', '10', '0', 0, '15', 0, '2020-12-24 05:00:00', '2021-10-28 12:18:00', 0, 'a:2:{i:0;a:0:{}i:1;a:0:{}}', '2020-05-28 16:47:58', '2021-09-22 16:18:38'),
(2, 0, 'FIRST10', 'get 10% off on your first order', '0', NULL, 0, '10', 0, '2021-03-03 13:25:00', '2021-05-03 15:13:00', 1, 'a:2:{i:0;a:0:{}i:1;a:0:{}}', '2021-03-04 00:26:27', '2021-03-04 02:13:43'),
(3, 0, 'Treat', '10% off on min order value $50', '5', '100', 0, '10', 0, '2022-01-13 15:30:00', '2022-01-21 15:30:00', 0, 'a:2:{i:0;a:0:{}i:1;a:0:{}}', '2021-06-02 20:25:05', '2022-01-19 20:30:24');

-- --------------------------------------------------------

--
-- Table structure for table `offer_store`
--

CREATE TABLE `offer_store` (
  `id` int NOT NULL,
  `store_id` int NOT NULL,
  `offer_id` int NOT NULL,
  `created_at` timestamp NOT NULL DEFAULT CURRENT_TIMESTAMP,
  `updated_at` timestamp NOT NULL DEFAULT '0000-00-00 00:00:00'
) ENGINE=InnoDB DEFAULT CHARSET=latin1;

--
-- Dumping data for table `offer_store`
--

INSERT INTO `offer_store` (`id`, `store_id`, `offer_id`, `created_at`, `updated_at`) VALUES
(17, 1, 2, '2021-03-04 02:13:43', '2021-03-04 02:13:43'),
(31, 1, 1, '2021-09-22 16:18:38', '2021-09-22 16:18:38'),
(34, 1, 3, '2022-01-19 20:30:24', '2022-01-19 20:30:24');

-- --------------------------------------------------------

--
-- Table structure for table `orders`
--

CREATE TABLE `orders` (
  `id` int NOT NULL,
  `user_id` int NOT NULL,
  `store_id` int NOT NULL,
  `name` varchar(250) CHARACTER SET utf8mb3 COLLATE utf8mb3_bin NOT NULL,
  `email` varchar(250) CHARACTER SET utf8mb3 COLLATE utf8mb3_bin NOT NULL,
  `phone` varchar(250) CHARACTER SET utf8mb3 COLLATE utf8mb3_bin DEFAULT NULL,
  `address` varchar(250) CHARACTER SET utf8mb3 COLLATE utf8mb3_bin DEFAULT NULL,
  `d_charges` varchar(250) CHARACTER SET utf8mb3 COLLATE utf8mb3_bin NOT NULL,
  `surcharge` varchar(100) NOT NULL,
  `discount` varchar(250) CHARACTER SET utf8mb3 COLLATE utf8mb3_bin NOT NULL,
  `tax_percent` int DEFAULT NULL,
  `tax_charges` float(7,2) DEFAULT '0.00',
  `total` varchar(250) CHARACTER SET utf8mb3 COLLATE utf8mb3_bin NOT NULL,
  `status` int NOT NULL DEFAULT '0',
  `status_by` int NOT NULL DEFAULT '0',
  `status_time` varchar(250) DEFAULT NULL,
  `d_boy` int NOT NULL DEFAULT '0',
  `notes` varchar(2500) CHARACTER SET utf8mb3 COLLATE utf8mb3_bin DEFAULT NULL,
  `type` int NOT NULL DEFAULT '0',
  `dtype` int NOT NULL DEFAULT '1',
  `dtime` datetime DEFAULT NULL,
  `payment_method` int NOT NULL DEFAULT '0',
  `payment_id` varchar(2500) DEFAULT NULL,
  `lat` varchar(250) DEFAULT NULL,
  `lng` varchar(250) DEFAULT NULL,
  `created_at` timestamp NOT NULL DEFAULT CURRENT_TIMESTAMP,
  `updated_at` timestamp NOT NULL DEFAULT '0000-00-00 00:00:00'
) ENGINE=InnoDB DEFAULT CHARSET=latin1;

--
-- Dumping data for table `orders`
--

INSERT INTO `orders` (`id`, `user_id`, `store_id`, `name`, `email`, `phone`, `address`, `d_charges`, `surcharge`, `discount`, `tax_percent`, `tax_charges`, `total`, `status`, `status_by`, `status_time`, `d_boy`, `notes`, `type`, `dtype`, `dtime`, `payment_method`, `payment_id`, `lat`, `lng`, `created_at`, `updated_at`) VALUES
(1, 32, 1, 'Brinder K Mann', 'brinder_02@hotmail.com', '6045185094', ', , , ', '0', '0', '0', 10, NULL, '104.25', 5, 1, '25-Jan-2022 | 06:17:PM', 0, NULL, 2, 2, '2021-11-23 18:08:00', 3, 'ch_3Jz8JLH6UAuNPxtd0If0jatD', NULL, NULL, '2021-11-23 09:52:03', '2022-01-25 12:47:40'),
(2, 32, 1, 'Brinder K Mann', 'brinder_02@hotmail.com', '6045185094', ', , , ', '0', '0', '0', 10, NULL, '7', 5, 1, '25-Jan-2022 | 06:17:PM', 0, NULL, 2, 2, '2021-11-23 18:11:00', 3, 'ch_3Jz8LtH6UAuNPxtd1r2Sccqw', NULL, NULL, '2021-11-23 09:54:41', '2022-01-25 12:47:42'),
(3, 33, 1, 'Dev bathla', '123dev2019@gmail.com', '2365127933', ', , , ', '0', '0', '0', 10, NULL, '48', 5, 1, '25-Jan-2022 | 06:17:PM', 0, NULL, 2, 1, '0000-00-00 00:00:00', 1, '0', NULL, NULL, '2021-11-23 12:37:16', '2022-01-25 12:47:47'),
(4, 29, 1, 'Mandeep', 'mandeephunjan818@gmail.com', '9592000818', ', , , ', '0', '0', '0', 10, NULL, '17.5', 5, 1, '25-Jan-2022 | 06:18:PM', 0, NULL, 2, 1, '0000-00-00 00:00:00', 1, '0', NULL, NULL, '2021-11-23 14:04:16', '2022-01-25 12:48:02'),
(5, 35, 1, 'Brock Pedersen', 'brock.pedersen@gmail.com', '6047220553', ', , , ', '0', '0', '0', 10, NULL, '28.25', 0, 0, NULL, 0, NULL, 2, 2, '2021-11-24 19:48:00', 1, '0', NULL, NULL, '2021-11-24 14:04:08', '2021-11-24 14:04:08'),
(6, 26, 1, 'Pardeep', 'pardeep9218@gmail.com', '7814192321', ', , , ', '0', '0', '0', 10, NULL, '7', 0, 0, NULL, 0, NULL, 2, 1, '0000-00-00 00:00:00', 1, '0', NULL, NULL, '2021-11-26 19:23:54', '2021-11-26 19:23:54'),
(7, 26, 1, 'Pardeep', 'pardeep9218@gmail.com', '7814192321', ', , , ', '0', '0', '0', 10, NULL, '7', 0, 0, NULL, 0, NULL, 2, 1, '0000-00-00 00:00:00', 1, '0', NULL, NULL, '2021-11-26 19:25:49', '2021-11-26 19:25:49'),
(8, 26, 1, 'Pardeep', 'pardeep9218@gmail.com', '7814192321', ', , , ', '0', '0', '0', 10, NULL, '7', 0, 0, NULL, 0, NULL, 2, 1, '0000-00-00 00:00:00', 1, '0', NULL, NULL, '2021-11-26 21:28:28', '2021-11-26 21:28:28'),
(9, 26, 1, 'Pardeep', 'pardeep9218@gmail.com', '7814192321', ', , , ', '0', '0', '0', 10, NULL, '7', 0, 0, NULL, 0, NULL, 2, 1, '0000-00-00 00:00:00', 1, '0', NULL, NULL, '2021-11-26 21:29:50', '2021-11-26 21:29:50'),
(10, 26, 1, 'Pardeep', 'pardeep9218@gmail.com', '7814192321', ', , , ', '0', '0', '0', 10, NULL, '7', 0, 0, NULL, 0, NULL, 2, 1, '0000-00-00 00:00:00', 1, '0', NULL, NULL, '2021-11-26 21:34:10', '2021-11-26 21:34:10'),
(11, 26, 1, 'Pardeep', 'pardeep9218@gmail.com', '7814192321', ', , , ', '0', '0', '0', 10, NULL, '7', 0, 0, NULL, 0, NULL, 2, 1, '0000-00-00 00:00:00', 1, '0', NULL, NULL, '2021-11-26 21:35:09', '2021-11-26 21:35:09'),
(12, 26, 1, 'Pardeep', 'pardeep9218@gmail.com', '7814192321', ', , , ', '0', '0', '0', 10, NULL, '7', 2, 1, '27-Nov-2021 | 03:20:AM', 0, NULL, 2, 1, '0000-00-00 00:00:00', 1, '0', NULL, NULL, '2021-11-26 21:38:09', '2021-11-26 21:50:54'),
(13, 26, 1, 'Pardeep', 'pardeep9218@gmail.com', '7814192321', ', , , ', '0', '0', '0', 10, NULL, '7', 5, 1, '27-Nov-2021 | 03:20:AM', 0, NULL, 2, 1, '0000-00-00 00:00:00', 1, '0', NULL, NULL, '2021-11-26 21:39:05', '2021-11-26 21:50:12'),
(14, 26, 1, 'Pardeep', 'pardeep9218@gmail.com', '7814192321', ', , , ', '0', '0', '0', 10, NULL, '7', 5, 1, '25-Jan-2022 | 06:18:PM', 0, NULL, 2, 1, '0000-00-00 00:00:00', 1, '0', NULL, NULL, '2021-11-26 21:39:44', '2022-01-25 12:48:49'),
(15, 29, 1, 'Mandeep', 'mandeephunjan818@gmail.com', '9592000818', ', , , ', '0', '0', '0', 10, NULL, '43.5', 0, 0, NULL, 0, NULL, 2, 1, '0000-00-00 00:00:00', 1, '0', NULL, NULL, '2021-11-26 22:17:19', '2021-11-26 22:17:19'),
(16, 29, 1, 'Mandeep', 'mandeephunjan818@gmail.com', '9592000818', ', , , ', '0', '0', '0', 10, NULL, '7', 0, 0, NULL, 0, NULL, 2, 1, '0000-00-00 00:00:00', 1, '0', NULL, NULL, '2021-11-26 22:25:24', '2021-11-26 22:25:24'),
(17, 50, 1, 'Taran Gill', 'tarangill04@gmail.com', '6047209260', ', , , ', '0', '0', '0', 10, NULL, '23.75', 0, 0, NULL, 0, NULL, 2, 2, '2021-12-15 11:53:00', 1, '0', NULL, NULL, '2021-12-15 04:54:23', '2021-12-15 04:54:23'),
(18, 50, 1, 'Taran Gill', 'tarangill04@gmail.com', '6047209260', ', , , ', '0', '0', '0', 10, NULL, '23.75', 0, 0, NULL, 0, NULL, 2, 2, '2021-12-15 11:00:00', 1, '0', NULL, NULL, '2021-12-15 04:59:01', '2021-12-15 04:59:01'),
(19, 55, 1, 'Kuldip Singh', 'kuldipaulakh@hotmail.com', '7788615780', ', , , ', '0', '0', '0', 10, NULL, '92.75', 5, 1, '25-Jan-2022 | 06:18:PM', 0, NULL, 2, 2, '0000-00-00 21:09:00', 1, '0', NULL, NULL, '2021-12-18 13:39:38', '2022-01-25 12:48:45'),
(20, 26, 1, 'Pardeep', 'pardeep9218@gmail.com', '7814192321', ', , , ', '0', '0', '0', 10, NULL, '7', 0, 0, NULL, 0, NULL, 2, 1, '0000-00-00 00:00:00', 1, '0', NULL, NULL, '2021-12-19 19:27:40', '2021-12-19 19:27:40'),
(21, 26, 1, 'Pardeep', 'pardeep9218@gmail.com', '7814192321', ', , , ', '0', '0', '0', 10, NULL, '10', 0, 0, NULL, 0, NULL, 2, 1, '0000-00-00 00:00:00', 1, '0', NULL, NULL, '2021-12-19 19:43:46', '2021-12-19 19:43:46'),
(22, 26, 1, 'Pardeep', 'pardeep9218@gmail.com', '7814192321', ', , , ', '0', '0', '0', 10, NULL, '59.5', 0, 0, NULL, 0, NULL, 2, 1, '0000-00-00 00:00:00', 1, '0', NULL, NULL, '2021-12-19 19:48:55', '2021-12-19 19:48:55'),
(23, 61, 1, 'Avneet Sangra', 'avneetksangra@gmail.com', NULL, ', , , ', '0', '0', '0', 10, NULL, '128.25', 0, 0, NULL, 0, NULL, 2, 2, '2021-12-25 17:37:00', 1, '0', NULL, NULL, '2021-12-25 10:08:24', '2021-12-25 10:08:24'),
(24, 66, 1, 'Kalpesh', 'kapsy.desai@gmail.com', '7788282035', ', , , ', '0', '0', '0', 10, NULL, '107.75', 0, 0, NULL, 0, NULL, 2, 2, '2021-12-26 18:36:00', 1, '0', NULL, NULL, '2021-12-26 12:36:52', '2021-12-26 12:36:52'),
(25, 70, 1, 'Natalia Henriquez', 'nathenriquez74@gmail.com', '2367884657', ', , , ', '0', '0', '0', 10, NULL, '71.75', 0, 0, NULL, 0, NULL, 2, 2, '2021-12-30 12:42:00', 1, '0', NULL, NULL, '2021-12-30 06:12:59', '2021-12-30 06:12:59'),
(26, 71, 1, 'Amandeep Gill', 'agill_101@hotmail.com', '6048974570', ', , , ', '0', '0', '0', 10, NULL, '79', 5, 1, '25-Jan-2022 | 06:18:PM', 0, NULL, 2, 2, '2021-12-31 14:58:00', 1, '0', NULL, NULL, '2021-12-31 05:59:03', '2022-01-25 12:48:41'),
(27, 75, 1, 'm p', 'mjp3221@gmail.com', NULL, ', , , ', '0', '0', '0', 10, NULL, '35.25', 0, 0, NULL, 0, NULL, 2, 2, '0000-00-00 17:09:00', 1, '0', NULL, NULL, '2022-01-01 09:54:52', '2022-01-01 09:54:52'),
(28, 77, 1, 'Amit Gaur', 'amit.amitgaur@gmail.com', '7788585165', ', , , ', '0', '0', '0', 10, NULL, '93', 0, 0, NULL, 0, NULL, 2, 2, '2022-01-01 19:15:00', 3, 'ch_3KDIgaH6UAuNPxtd1PFY6QdE', NULL, NULL, '2022-01-01 11:46:36', '2022-01-01 11:46:36'),
(29, 86, 1, 'Ramal Pasricha', 'ramal_pasricha@hotmail.com', '6043453505', ', , , ', '0', '0', '0', 10, NULL, '44.75', 0, 0, NULL, 0, NULL, 2, 2, '1969-12-31 18:21:00', 1, '0', NULL, NULL, '2022-01-14 12:37:17', '2022-01-14 12:37:17'),
(30, 94, 1, 'Archana', 'archanawinayak@gmail.com', '7787910231', ', , , ', '0', '0', '0', 10, NULL, '33', 0, 0, NULL, 0, NULL, 2, 2, '2022-01-17 20:14:00', 1, '0', NULL, NULL, '2022-01-17 12:59:56', '2022-01-17 12:59:56'),
(31, 95, 1, 'SID MISTRY', 'siddharthmistry91@gmail.com', NULL, ', , , ', '0', '0', '0', 10, NULL, '61.5', 0, 0, NULL, 0, NULL, 2, 2, '0000-00-00 16:29:00', 1, '0', NULL, NULL, '2022-01-19 09:15:10', '2022-01-19 09:15:10'),
(34, 98, 1, 'Prabh', 'iprabhpannu@gmail.com', '2368887004', ', , , ', '0', '0', '0', 5, 0.00, '12.75', 0, 0, NULL, 0, NULL, 2, 2, '2022-01-20 21:14:00', 3, 'ch_3KKEbcH6UAuNPxtd0FuKWLKX', NULL, NULL, '2022-01-20 14:50:09', '2022-01-20 14:50:09'),
(35, 101, 1, 'rachna malhotra', 'rachna0617@gmail.com', NULL, ', , , ', '0', '0', '0', 5, 3.48, '72.975', 5, 1, '25-Jan-2022 | 06:18:PM', 0, NULL, 2, 2, '2022-01-26 18:30:00', 1, '0', NULL, NULL, '2022-01-25 10:04:39', '2022-01-25 12:48:35'),
(36, 114, 1, 'Bav', 'bavsidhu@gmail.com', '7788894599', ', , , ', '0', '0', '0', 5, 3.45, '72.45', 1, 1, '20-Feb-2022 | 06:28:PM', 0, NULL, 2, 2, '2022-02-05 18:09:00', 1, '0', NULL, NULL, '2022-02-05 12:10:11', '2022-02-20 12:58:25'),
(37, 124, 1, 'Gemma Mcneill', 'gemma.mcneill@gmail.com', NULL, ', , , ', '0', '0', '0', 5, 4.30, '90.3', 0, 0, NULL, 0, NULL, 2, 2, '2022-02-20 17:44:00', 3, 'ch_3KVQUCH6UAuNPxtd0JIvfxk9', NULL, NULL, '2022-02-20 11:44:46', '2022-02-20 11:44:46'),
(38, 114, 1, 'Bav', 'bavsidhu@gmail.com', '7788894599', ', , , ', '0', '0', '0', 5, 3.30, '69.3', 0, 0, NULL, 0, NULL, 2, 2, '2022-02-20 18:14:00', 1, '0', NULL, NULL, '2022-02-20 11:59:53', '2022-02-20 11:59:53'),
(39, 125, 1, 'Lajvinder S', 'lajvinder@gmail.com', NULL, ', , , ', '0', '0', '0', 5, 0.18, '3.675', 0, 0, NULL, 0, NULL, 2, 2, '0000-00-00 00:00:00', 1, '0', NULL, NULL, '2022-02-21 04:49:21', '2022-02-21 04:49:21'),
(40, 126, 1, 'David Fettback', 'davidfettback@gmail.com', NULL, ', , , ', '0', '0', '0', 5, 7.20, '151.2', 0, 0, NULL, 0, NULL, 2, 2, '0000-00-00 17:18:00', 1, '0', NULL, NULL, '2022-02-21 10:49:49', '2022-02-21 10:49:49'),
(41, 133, 1, 'Kim K', 'kimbo.koko@gmail.com', '604-418-7971', ', , , ', '0', '0', '0', 5, 2.15, '45.15', 0, 0, NULL, 0, NULL, 2, 2, '2022-02-24 18:20:00', 3, 'ch_3KWsxOH6UAuNPxtd0B1U8YMc', NULL, NULL, '2022-02-24 12:20:55', '2022-02-24 12:20:55'),
(42, 136, 1, 'Suman Thumboli', 'sumanthumboli@gmail.com', '4168213421', ', , , ', '0', '0', '0', 5, 7.20, '151.2', 0, 0, NULL, 0, NULL, 2, 2, '2022-02-25 17:56:00', 3, 'ch_3KXFJOH6UAuNPxtd1ZxFv8zT', NULL, NULL, '2022-02-25 12:13:07', '2022-02-25 12:13:07'),
(43, 143, 1, 'Arshpreet Singh', 'arshpreetsingh724@gmail.com', '7786821141', ', , , ', '0', '0', '0', 5, 1.90, '39.9', 0, 0, NULL, 0, NULL, 2, 2, '2022-03-05 21:10:00', 3, 'ch_3KaAGqH6UAuNPxtd0ywDpR3a', NULL, NULL, '2022-03-05 13:26:33', '2022-03-05 13:26:33'),
(44, 144, 1, 'KS Moti', 'kanji980@yahoo.com', '604-374-6684', ', , , ', '0', '0', '0', 5, 2.95, '61.95', 0, 0, NULL, 0, NULL, 2, 2, '0000-00-00 17:12:00', 3, 'ch_3KaWMSH6UAuNPxtd0cIexR6i', NULL, NULL, '2022-03-06 13:01:49', '2022-03-06 13:01:49'),
(45, 158, 1, 'Sukhmani Purewal', 'skhprwl@gmail.com', '7789857791', ', , , ', '0', '0', '0', 5, 6.20, '130.2', 1, 1, '08-Apr-2022 | 06:23:PM', 0, NULL, 2, 2, '2022-04-09 18:30:00', 3, 'ch_3KmSQeH6UAuNPxtd0qVzmo0v', NULL, NULL, '2022-04-08 12:15:29', '2022-04-08 12:53:50'),
(46, 186, 1, 'gunwant', 'gunwantgrewal@hotmail.com', '6048022438', ', , , ', '0', '0', '0', 5, 2.50, '52.5', 0, 0, NULL, 0, NULL, 2, 2, '2022-06-14 18:14:00', 3, 'ch_3LAk7NH6UAuNPxtd11TKHpJw', NULL, NULL, '2022-06-14 11:59:58', '2022-06-14 11:59:58'),
(47, 191, 1, 'Ashissh Raichura', 'ashisshraichura@scanbo.com', '6047211093', ', , , ', '0', '0', '0', 5, 3.50, '73.5', 0, 0, NULL, 0, NULL, 2, 2, '0000-00-00 12:09:00', 3, 'ch_3LCRdqH6UAuNPxtd1i4qUziC', NULL, NULL, '2022-06-19 04:40:32', '2022-06-19 04:40:32'),
(48, 192, 1, 'Ravi', 'ravideot@gmail.com', '4083142692', ', , , ', '0', '0', '0', 5, 3.60, '75.6', 0, 0, NULL, 0, NULL, 2, 2, '2022-06-22 15:10:00', 3, 'ch_3LDapSH6UAuNPxtd0B3qv7ai', NULL, NULL, '2022-06-22 08:41:15', '2022-06-22 08:41:15'),
(49, 202, 1, 'Navjot Sandhu', 'navjot.sandhu@shaw.ca', '7789608560', ', , , ', '0', '0', '0', 5, 8.50, '178.5', 1, 1, '24-Jul-2023 | 02:37:PM', 0, NULL, 2, 2, '2022-07-12 19:05:00', 3, 'ch_3LKtnIH6UAuNPxtd1v0lFaKe', NULL, NULL, '2022-07-12 12:21:13', '2023-07-24 18:37:01');

-- --------------------------------------------------------

--
-- Table structure for table `order_addon`
--

CREATE TABLE `order_addon` (
  `id` int NOT NULL,
  `order_id` int NOT NULL,
  `item_id` int NOT NULL,
  `addon_id` int NOT NULL,
  `qty` int NOT NULL DEFAULT '0',
  `created_at` timestamp NOT NULL DEFAULT CURRENT_TIMESTAMP,
  `updated_at` timestamp NOT NULL DEFAULT '0000-00-00 00:00:00'
) ENGINE=InnoDB DEFAULT CHARSET=latin1;

-- --------------------------------------------------------

--
-- Table structure for table `order_item`
--

CREATE TABLE `order_item` (
  `id` int NOT NULL,
  `order_id` int NOT NULL,
  `item_id` int NOT NULL,
  `price` varchar(250) DEFAULT NULL,
  `qty` int NOT NULL,
  `qty_type` int NOT NULL DEFAULT '0',
  `msg` varchar(255) DEFAULT NULL,
  `created_at` timestamp NOT NULL DEFAULT CURRENT_TIMESTAMP,
  `updated_at` timestamp NOT NULL DEFAULT '0000-00-00 00:00:00'
) ENGINE=InnoDB DEFAULT CHARSET=latin1;

--
-- Dumping data for table `order_item`
--

INSERT INTO `order_item` (`id`, `order_id`, `item_id`, `price`, `qty`, `qty_type`, `msg`, `created_at`, `updated_at`) VALUES
(1, 1, 29, '18', 1, 1, '', '2021-11-23 09:52:03', '2021-11-23 09:52:03'),
(2, 1, 16, '20.75', 1, 1, '', '2021-11-23 09:52:03', '2021-11-23 09:52:03'),
(3, 1, 22, '16', 1, 1, '', '2021-11-23 09:52:03', '2021-11-23 09:52:03'),
(4, 1, 36, '17', 1, 1, '', '2021-11-23 09:52:03', '2021-11-23 09:52:03'),
(5, 1, 51, '4.50', 1, 1, '', '2021-11-23 09:52:03', '2021-11-23 09:52:03'),
(6, 1, 201, '4', 7, 1, '', '2021-11-23 09:52:03', '2021-11-23 09:52:03'),
(7, 2, 1, '7', 1, 1, '', '2021-11-23 09:54:41', '2021-11-23 09:54:41'),
(8, 3, 22, '16', 2, 1, '', '2021-11-23 12:37:16', '2021-11-23 12:37:16'),
(9, 3, 182, '16', 1, 1, '', '2021-11-23 12:37:16', '2021-11-23 12:37:16'),
(10, 4, 1, '7', 1, 1, '', '2021-11-23 14:04:16', '2021-11-23 14:04:16'),
(11, 4, 2, '10.5', 1, 1, '', '2021-11-23 14:04:16', '2021-11-23 14:04:16'),
(12, 5, 33, '19.75', 1, 1, '', '2021-11-24 14:04:08', '2021-11-24 14:04:08'),
(13, 5, 201, '4', 1, 1, '', '2021-11-24 14:04:08', '2021-11-24 14:04:08'),
(14, 5, 51, '4.50', 1, 1, '', '2021-11-24 14:04:08', '2021-11-24 14:04:08'),
(15, 6, 1, '7', 1, 1, '', '2021-11-26 19:23:54', '2021-11-26 19:23:54'),
(16, 7, 1, '7', 1, 1, '', '2021-11-26 19:25:49', '2021-11-26 19:25:49'),
(17, 8, 1, '7', 1, 1, '', '2021-11-26 21:28:28', '2021-11-26 21:28:28'),
(18, 9, 1, '7', 1, 1, '', '2021-11-26 21:29:50', '2021-11-26 21:29:50'),
(19, 10, 1, '7', 1, 1, '', '2021-11-26 21:34:10', '2021-11-26 21:34:10'),
(20, 11, 1, '7', 1, 1, '', '2021-11-26 21:35:10', '2021-11-26 21:35:10'),
(21, 12, 1, '7', 1, 1, '', '2021-11-26 21:38:09', '2021-11-26 21:38:09'),
(22, 13, 1, '7', 1, 1, '', '2021-11-26 21:39:05', '2021-11-26 21:39:05'),
(23, 14, 1, '7', 1, 1, '', '2021-11-26 21:39:44', '2021-11-26 21:39:44'),
(24, 15, 3, '10', 1, 1, '', '2021-11-26 22:17:19', '2021-11-26 22:17:19'),
(25, 15, 2, '10.5', 1, 1, '', '2021-11-26 22:17:19', '2021-11-26 22:17:19'),
(26, 15, 1, '7', 1, 1, '', '2021-11-26 22:17:19', '2021-11-26 22:17:19'),
(27, 15, 207, '8', 1, 1, '', '2021-11-26 22:17:19', '2021-11-26 22:17:19'),
(28, 15, 206, '8', 1, 1, '', '2021-11-26 22:17:19', '2021-11-26 22:17:19'),
(29, 16, 1, '7', 1, 1, '', '2021-11-26 22:25:24', '2021-11-26 22:25:24'),
(30, 17, 37, '17.75', 1, 1, '', '2021-12-15 04:54:23', '2021-12-15 04:54:23'),
(31, 17, 202, '3', 2, 1, '', '2021-12-15 04:54:23', '2021-12-15 04:54:23'),
(32, 18, 37, '17.75', 1, 1, '', '2021-12-15 04:59:01', '2021-12-15 04:59:01'),
(33, 18, 202, '3', 2, 1, '', '2021-12-15 04:59:01', '2021-12-15 04:59:01'),
(34, 19, 29, '18', 1, 1, '', '2021-12-18 13:39:38', '2021-12-18 13:39:38'),
(35, 19, 44, '17.75', 1, 1, '', '2021-12-18 13:39:38', '2021-12-18 13:39:38'),
(36, 19, 201, '4', 9, 1, '', '2021-12-18 13:39:38', '2021-12-18 13:39:38'),
(37, 19, 48, '4.75', 2, 1, '', '2021-12-18 13:39:38', '2021-12-18 13:39:38'),
(38, 19, 57, '5.75', 2, 1, '', '2021-12-18 13:39:38', '2021-12-18 13:39:38'),
(39, 20, 1, '7', 1, 1, '', '2021-12-19 19:27:40', '2021-12-19 19:27:40'),
(40, 21, 176, '10', 1, 1, '', '2021-12-19 19:43:46', '2021-12-19 19:43:46'),
(41, 22, 1, '7', 1, 1, '', '2021-12-19 19:48:55', '2021-12-19 19:48:55'),
(42, 22, 5, '11.75', 1, 1, '', '2021-12-19 19:48:55', '2021-12-19 19:48:55'),
(43, 22, 176, '10', 1, 1, '', '2021-12-19 19:48:55', '2021-12-19 19:48:55'),
(44, 22, 11, '12.75', 1, 1, '', '2021-12-19 19:48:55', '2021-12-19 19:48:55'),
(45, 22, 179, '18', 1, 1, '', '2021-12-19 19:48:55', '2021-12-19 19:48:55'),
(46, 23, 16, '20.75', 1, 1, '', '2021-12-25 10:08:24', '2021-12-25 10:08:24'),
(47, 23, 11, '12.75', 1, 1, '', '2021-12-25 10:08:24', '2021-12-25 10:08:24'),
(48, 23, 29, '18', 1, 1, '', '2021-12-25 10:08:24', '2021-12-25 10:08:24'),
(49, 23, 187, '16.75', 1, 1, '', '2021-12-25 10:08:24', '2021-12-25 10:08:24'),
(50, 23, 41, '16', 1, 1, '', '2021-12-25 10:08:24', '2021-12-25 10:08:24'),
(51, 23, 46, '3', 7, 1, '', '2021-12-25 10:08:24', '2021-12-25 10:08:24'),
(52, 23, 57, '5.75', 4, 1, '', '2021-12-25 10:08:24', '2021-12-25 10:08:24'),
(53, 24, 203, '10', 1, 1, '', '2021-12-26 12:36:52', '2021-12-26 12:36:52'),
(54, 24, 22, '16', 1, 1, '', '2021-12-26 12:36:52', '2021-12-26 12:36:52'),
(55, 24, 24, '17.75', 1, 1, '', '2021-12-26 12:36:52', '2021-12-26 12:36:52'),
(56, 24, 35, '18.75', 1, 1, '', '2021-12-26 12:36:52', '2021-12-26 12:36:52'),
(57, 24, 15, '18', 1, 1, '', '2021-12-26 12:36:52', '2021-12-26 12:36:52'),
(58, 24, 209, '4.75', 1, 1, '', '2021-12-26 12:36:52', '2021-12-26 12:36:52'),
(59, 24, 47, '2.50', 2, 1, '', '2021-12-26 12:36:52', '2021-12-26 12:36:52'),
(60, 24, 181, '17.50', 1, 1, '', '2021-12-26 12:36:52', '2021-12-26 12:36:52'),
(61, 25, 30, '18', 1, 1, '', '2021-12-30 06:12:59', '2021-12-30 06:12:59'),
(62, 25, 38, '17', 1, 1, '', '2021-12-30 06:12:59', '2021-12-30 06:12:59'),
(63, 25, 45, '15.75', 1, 1, '', '2021-12-30 06:12:59', '2021-12-30 06:12:59'),
(64, 25, 201, '4', 3, 1, '', '2021-12-30 06:12:59', '2021-12-30 06:12:59'),
(65, 25, 46, '3', 3, 1, '', '2021-12-30 06:12:59', '2021-12-30 06:12:59'),
(66, 26, 46, '3', 4, 1, '', '2021-12-31 05:59:03', '2021-12-31 05:59:03'),
(67, 26, 52, '6.75', 2, 1, '', '2021-12-31 05:59:03', '2021-12-31 05:59:03'),
(68, 26, 34, '21.75', 1, 1, '', '2021-12-31 05:59:03', '2021-12-31 05:59:03'),
(69, 26, 43, '15.75', 1, 1, '', '2021-12-31 05:59:03', '2021-12-31 05:59:03'),
(70, 26, 201, '4', 4, 1, '', '2021-12-31 05:59:03', '2021-12-31 05:59:03'),
(71, 27, 187, '16.75', 1, 1, '', '2022-01-01 09:54:52', '2022-01-01 09:54:52'),
(72, 27, 55, '18.50', 1, 1, '', '2022-01-01 09:54:52', '2022-01-01 09:54:52'),
(73, 28, 25, '23.50', 1, 1, '', '2022-01-01 11:46:37', '2022-01-01 11:46:37'),
(74, 28, 36, '17', 1, 1, '', '2022-01-01 11:46:37', '2022-01-01 11:46:37'),
(75, 28, 35, '18.75', 1, 1, '', '2022-01-01 11:46:37', '2022-01-01 11:46:37'),
(76, 28, 54, '16.75', 1, 1, '', '2022-01-01 11:46:37', '2022-01-01 11:46:37'),
(77, 28, 194, '3.50', 1, 1, '', '2022-01-01 11:46:37', '2022-01-01 11:46:37'),
(78, 28, 209, '4.75', 2, 1, '', '2022-01-01 11:46:37', '2022-01-01 11:46:37'),
(79, 28, 208, '4', 1, 1, '', '2022-01-01 11:46:37', '2022-01-01 11:46:37'),
(80, 29, 14, '18', 1, 1, '', '2022-01-14 12:37:17', '2022-01-14 12:37:17'),
(81, 29, 17, '18.75', 1, 1, '', '2022-01-14 12:37:17', '2022-01-14 12:37:17'),
(82, 29, 46, '3', 1, 1, '', '2022-01-14 12:37:17', '2022-01-14 12:37:17'),
(83, 29, 47, '2.50', 2, 1, '', '2022-01-14 12:37:17', '2022-01-14 12:37:17'),
(84, 30, 14, '18', 1, 1, '', '2022-01-17 12:59:56', '2022-01-17 12:59:56'),
(85, 30, 13, '15', 1, 1, '', '2022-01-17 12:59:56', '2022-01-17 12:59:56'),
(86, 31, 33, '19.75', 1, 1, '', '2022-01-19 09:15:10', '2022-01-19 09:15:10'),
(87, 31, 39, '16', 1, 1, '', '2022-01-19 09:15:10', '2022-01-19 09:15:10'),
(88, 31, 44, '17.75', 1, 1, '', '2022-01-19 09:15:10', '2022-01-19 09:15:10'),
(89, 31, 208, '4', 2, 1, '', '2022-01-19 09:15:10', '2022-01-19 09:15:10'),
(92, 34, 184, '12.75', 1, 1, '', '2022-01-20 14:50:09', '2022-01-20 14:50:09'),
(93, 35, 36, '17', 2, 1, '', '2022-01-25 10:04:39', '2022-01-25 10:04:39'),
(94, 35, 188, '17.75', 2, 1, '', '2022-01-25 10:04:39', '2022-01-25 10:04:39'),
(95, 36, 19, '29', 1, 1, '', '2022-02-05 12:10:11', '2022-02-05 12:10:11'),
(96, 36, 30, '19', 1, 1, '', '2022-02-05 12:10:11', '2022-02-05 12:10:11'),
(97, 36, 202, '4', 1, 1, '', '2022-02-05 12:10:11', '2022-02-05 12:10:11'),
(98, 36, 54, '17', 1, 1, '', '2022-02-05 12:10:11', '2022-02-05 12:10:11'),
(99, 37, 28, '19', 1, 1, '', '2022-02-20 11:44:46', '2022-02-20 11:44:46'),
(100, 37, 42, '17', 1, 1, '', '2022-02-20 11:44:46', '2022-02-20 11:44:46'),
(101, 37, 44, '19', 1, 1, '', '2022-02-20 11:44:46', '2022-02-20 11:44:46'),
(102, 37, 46, '3', 2, 1, '', '2022-02-20 11:44:46', '2022-02-20 11:44:46'),
(103, 37, 51, '5', 1, 1, '', '2022-02-20 11:44:46', '2022-02-20 11:44:46'),
(104, 37, 35, '20', 1, 1, '', '2022-02-20 11:44:46', '2022-02-20 11:44:46'),
(105, 38, 14, '19', 1, 1, '', '2022-02-20 11:59:53', '2022-02-20 11:59:53'),
(106, 38, 32, '26', 1, 1, '', '2022-02-20 11:59:53', '2022-02-20 11:59:53'),
(107, 38, 202, '4', 1, 1, '', '2022-02-20 11:59:53', '2022-02-20 11:59:53'),
(108, 38, 54, '17', 1, 1, '', '2022-02-20 11:59:53', '2022-02-20 11:59:53'),
(109, 39, 194, '3.50', 1, 1, '', '2022-02-21 04:49:21', '2022-02-21 04:49:21'),
(110, 40, 6, '12', 1, 1, '', '2022-02-21 10:49:49', '2022-02-21 10:49:49'),
(111, 40, 180, '19', 1, 1, '', '2022-02-21 10:49:49', '2022-02-21 10:49:49'),
(112, 40, 28, '19', 1, 1, '', '2022-02-21 10:49:49', '2022-02-21 10:49:49'),
(113, 40, 34, '23', 1, 1, '', '2022-02-21 10:49:49', '2022-02-21 10:49:49'),
(114, 40, 42, '17', 1, 1, '', '2022-02-21 10:49:49', '2022-02-21 10:49:49'),
(115, 40, 190, '17', 1, 1, '', '2022-02-21 10:49:49', '2022-02-21 10:49:49'),
(116, 40, 44, '19', 1, 1, '', '2022-02-21 10:49:49', '2022-02-21 10:49:49'),
(117, 40, 51, '5', 1, 1, '', '2022-02-21 10:49:49', '2022-02-21 10:49:49'),
(118, 40, 46, '3', 2, 1, '', '2022-02-21 10:49:49', '2022-02-21 10:49:49'),
(119, 40, 57, '7', 1, 1, '', '2022-02-21 10:49:49', '2022-02-21 10:49:49'),
(120, 41, 28, '19', 1, 1, '', '2022-02-24 12:20:55', '2022-02-24 12:20:55'),
(121, 41, 217, '18', 1, 1, '', '2022-02-24 12:20:55', '2022-02-24 12:20:55'),
(122, 41, 46, '3', 2, 1, '', '2022-02-24 12:20:55', '2022-02-24 12:20:55'),
(123, 42, 19, '29', 2, 1, '', '2022-02-25 12:13:07', '2022-02-25 12:13:07'),
(124, 42, 54, '17', 1, 1, '', '2022-02-25 12:13:07', '2022-02-25 12:13:07'),
(125, 42, 25, '29', 1, 1, '', '2022-02-25 12:13:07', '2022-02-25 12:13:07'),
(126, 42, 56, '21', 1, 1, '', '2022-02-25 12:13:07', '2022-02-25 12:13:07'),
(127, 42, 55, '19', 1, 1, '', '2022-02-25 12:13:07', '2022-02-25 12:13:07'),
(128, 43, 31, '19', 1, 1, '', '2022-03-05 13:26:33', '2022-03-05 13:26:33'),
(129, 43, 37, '19', 1, 1, '', '2022-03-05 13:26:33', '2022-03-05 13:26:33'),
(130, 44, 26, '19', 1, 1, '', '2022-03-06 13:01:49', '2022-03-06 13:01:49'),
(131, 44, 28, '19', 1, 1, '', '2022-03-06 13:01:49', '2022-03-06 13:01:49'),
(132, 44, 46, '3', 3, 1, '', '2022-03-06 13:01:49', '2022-03-06 13:01:49'),
(133, 44, 47, '3', 2, 1, '', '2022-03-06 13:01:49', '2022-03-06 13:01:49'),
(134, 44, 50, '6', 1, 1, '', '2022-03-06 13:01:49', '2022-03-06 13:01:49'),
(135, 45, 31, '19', 2, 1, '', '2022-04-08 12:15:30', '2022-04-08 12:15:30'),
(136, 45, 191, '19', 1, 1, '', '2022-04-08 12:15:30', '2022-04-08 12:15:30'),
(137, 45, 42, '17', 1, 1, '', '2022-04-08 12:15:30', '2022-04-08 12:15:30'),
(138, 45, 201, '4', 5, 1, '', '2022-04-08 12:15:30', '2022-04-08 12:15:30'),
(139, 45, 46, '3', 3, 1, '', '2022-04-08 12:15:30', '2022-04-08 12:15:30'),
(140, 45, 11, '14', 1, 1, '', '2022-04-08 12:15:30', '2022-04-08 12:15:30'),
(141, 45, 52, '7', 1, 1, '', '2022-04-08 12:15:30', '2022-04-08 12:15:30'),
(142, 46, 30, '19', 1, 1, '', '2022-06-14 11:59:58', '2022-06-14 11:59:58'),
(143, 46, 38, '19', 1, 1, '', '2022-06-14 11:59:58', '2022-06-14 11:59:58'),
(144, 46, 208, '4', 3, 1, '', '2022-06-14 11:59:58', '2022-06-14 11:59:58'),
(145, 47, 39, '17', 1, 1, '', '2022-06-19 04:40:32', '2022-06-19 04:40:32'),
(146, 47, 38, '19', 1, 1, '', '2022-06-19 04:40:32', '2022-06-19 04:40:32'),
(147, 47, 41, '18', 1, 1, '', '2022-06-19 04:40:32', '2022-06-19 04:40:32'),
(148, 47, 202, '4', 4, 1, '', '2022-06-19 04:40:32', '2022-06-19 04:40:32'),
(149, 48, 217, '18', 1, 1, '', '2022-06-22 08:41:15', '2022-06-22 08:41:15'),
(150, 48, 36, '19', 1, 1, '', '2022-06-22 08:41:15', '2022-06-22 08:41:15'),
(151, 48, 40, '18', 1, 1, '', '2022-06-22 08:41:15', '2022-06-22 08:41:15'),
(152, 48, 190, '17', 1, 1, '', '2022-06-22 08:41:15', '2022-06-22 08:41:15'),
(153, 49, 16, '21', 1, 1, '', '2022-07-12 12:21:13', '2022-07-12 12:21:13'),
(154, 49, 29, '19', 1, 1, '', '2022-07-12 12:21:13', '2022-07-12 12:21:13'),
(155, 49, 34, '23', 1, 1, '', '2022-07-12 12:21:13', '2022-07-12 12:21:13'),
(156, 49, 57, '7', 3, 1, '', '2022-07-12 12:21:13', '2022-07-12 12:21:13'),
(157, 49, 22, '18', 1, 1, '', '2022-07-12 12:21:13', '2022-07-12 12:21:13'),
(158, 49, 44, '19', 1, 1, '', '2022-07-12 12:21:13', '2022-07-12 12:21:13'),
(159, 49, 202, '4', 3, 1, '', '2022-07-12 12:21:13', '2022-07-12 12:21:13'),
(160, 49, 201, '4', 1, 1, '', '2022-07-12 12:21:13', '2022-07-12 12:21:13'),
(161, 49, 59, '10', 1, 1, '', '2022-07-12 12:21:13', '2022-07-12 12:21:13'),
(162, 49, 35, '20', 1, 1, '', '2022-07-12 12:21:13', '2022-07-12 12:21:13'),
(163, 49, 47, '3', 1, 1, '', '2022-07-12 12:21:13', '2022-07-12 12:21:13');

-- --------------------------------------------------------

--
-- Table structure for table `page`
--

CREATE TABLE `page` (
  `id` int NOT NULL,
  `about_us` text CHARACTER SET utf8mb3 COLLATE utf8mb3_bin,
  `about_img` text CHARACTER SET utf8mb3 COLLATE utf8mb3_bin,
  `how` text CHARACTER SET utf8mb3 COLLATE utf8mb3_bin,
  `how_img` text CHARACTER SET utf8mb3 COLLATE utf8mb3_bin,
  `faq` text CHARACTER SET utf8mb3 COLLATE utf8mb3_bin,
  `contact_us` text CHARACTER SET utf8mb3 COLLATE utf8mb3_bin,
  `s_data` text CHARACTER SET utf8mb3 COLLATE utf8mb3_bin,
  `created_at` timestamp NOT NULL DEFAULT CURRENT_TIMESTAMP,
  `updated_at` timestamp NOT NULL DEFAULT '0000-00-00 00:00:00'
) ENGINE=InnoDB DEFAULT CHARSET=latin1;

--
-- Dumping data for table `page`
--

INSERT INTO `page` (`id`, `about_us`, `about_img`, `how`, `how_img`, `faq`, `contact_us`, `s_data`, `created_at`, `updated_at`) VALUES
(1, '<p><span style=\"font-weight: normal;\">In 1998 the first <b>Caffe Primo </b>store opened its doors to customers in \r\nWestfield Tea Tree Plaza as a sole trading family operated business.  \r\nThis stylish and trendy café seating 350 people struggled to meet daily \r\nsale targets. With their 25 years of business background, Dino and Lisa \r\nVettese came up with the idea of a meal deal that would set a new trend \r\nfor generations to come.</span></p><span style=\"font-weight: normal;\">\r\n</span><p><span style=\"font-weight: normal;\">It began with the $4.90 pasta/pizza at lunchtimes, which was \r\nadvertised with regular television commercials sent <b>Caffe Primo</b> \r\ninto overdrive.</span></p><span style=\"font-weight: normal;\">\r\n</span><p><span style=\"font-weight: normal;\">Reluctant entrepreneur, Dino Vettese was being approached about expanding the Caffe Primo brand into a Franchise.</span></p><span style=\"font-weight: normal;\">\r\n</span><p><span style=\"font-weight: normal;\">Although hesitant at first the second <b>Caffe Primo</b> store opened its \r\ndoors in Semaphore. A month later the next store, Caffe Primo Rundle \r\nStreet and so, the venture commenced.</span></p><span style=\"font-weight: normal;\">\r\n</span><p><span style=\"font-weight: normal;\">Today, <b>Caffe Primo</b> occupies over 20 stores in South Australia and employs over 550 staff.</span></p><span style=\"font-weight: normal;\">\r\n</span><p><span style=\"font-weight: normal;\">“With a growth spurt of nearly 140 % & an annual turnover of $40 \r\nmillion in 2006, <b>Caffe Primo</b> was named the country’s biggest growing \r\nFranchise in BRW.”</span></p><span style=\"font-weight: normal;\">\r\n</span><p><span style=\"font-weight: normal;\"><b>Caffe Primo’s </b>concept of providing Good Quality meals made with fresh\r\n ingredients at Reasonable Prices for all to enjoy,continues to be the \r\nsecret to its on going success.</span></p><span style=\"font-weight: normal;\">\r\n</span><p><span style=\"font-weight: normal;\">Pretty Good, Hey!!!</span></p>', '1595420779359.jpg', '<br>', '1576255917525.jpeg', '<br>', '<p>Address: <span style=\"font-weight: normal;\"><span class=\"oi732d6d ik7dh3pa d2edcug0 qv66sw1b c1et5uql a8c37x1j irj2b8pg enqfppq2 jq4qci2q a3bd9o3v knj5qynh oo9gr5id hzawbc8m\" dir=\"auto\"><span class=\"oi732d6d ik7dh3pa d2edcug0 qv66sw1b c1et5uql jq4qci2q a3bd9o3v knj5qynh py34i1dx\" style=\"color: rgb(255, 214, 99);\">Shop 111, 600 main North road, smithfield 5127. South Australia</span></span></span></p><p><span style=\"font-weight: normal;\"><span class=\"oi732d6d ik7dh3pa d2edcug0 qv66sw1b c1et5uql a8c37x1j irj2b8pg enqfppq2 jq4qci2q a3bd9o3v knj5qynh oo9gr5id hzawbc8m\" dir=\"auto\"><a class=\"oajrlxb2 g5ia77u1 qu0x051f esr5mh6w e9989ue4 r7d6kgcz rq0escxv nhd2j8a9 nc684nl6 p7hjln8o kvgmc6g5 cxmmr5t8 oygrvhab hcukyx3x jb3vyjys rz4wbd8a qt6c0cv9 a8nywdso i1ao9s8h esuyzwwr f1sip0of lzcic4wl py34i1dx gpro0wi8\" href=\"https://l.facebook.com/l.php?u=https%3A%2F%2Fwww.google.com%2Fmaps%2Fdir%2F%3Fapi%3D1%26destination%3D-34.690890896618%252C138.68814060147%26fbclid%3DIwAR0SiSfQPFCt8ZOd1zt-l7wU21UPEYFGGwzwY3cleQIxkeSzD1mml-V1LBc&amp;h=AT2uF7U1aOwQed1_he2dFD6Zz9VYoL1kNtVeZRskaIP_rOAIM-0EQZpu7nAF5N3tnk2iR2n1975lW1a9aaT8yfYnGsXT5etMfieAK1OYTVNrqF-pMuTIakxiRBWW_-GAJpLzaJ_Q\" rel=\"nofollow noopener\" role=\"link\" tabindex=\"0\" target=\"_blank\"><span class=\"oi732d6d ik7dh3pa d2edcug0 qv66sw1b c1et5uql jq4qci2q a3bd9o3v knj5qynh py34i1dx\"></span></a></span></span></p><hr><a class=\"oajrlxb2 g5ia77u1 qu0x051f esr5mh6w e9989ue4 r7d6kgcz rq0escxv nhd2j8a9 nc684nl6 p7hjln8o kvgmc6g5 cxmmr5t8 oygrvhab hcukyx3x jb3vyjys rz4wbd8a qt6c0cv9 a8nywdso i1ao9s8h esuyzwwr f1sip0of lzcic4wl py34i1dx gpro0wi8\" href=\"https://l.facebook.com/l.php?u=https%3A%2F%2Fwww.google.com%2Fmaps%2Fdir%2F%3Fapi%3D1%26destination%3D-34.690890896618%252C138.68814060147%26fbclid%3DIwAR0SiSfQPFCt8ZOd1zt-l7wU21UPEYFGGwzwY3cleQIxkeSzD1mml-V1LBc&amp;h=AT2uF7U1aOwQed1_he2dFD6Zz9VYoL1kNtVeZRskaIP_rOAIM-0EQZpu7nAF5N3tnk2iR2n1975lW1a9aaT8yfYnGsXT5etMfieAK1OYTVNrqF-pMuTIakxiRBWW_-GAJpLzaJ_Q\" rel=\"nofollow noopener\" role=\"link\" tabindex=\"0\" target=\"_blank\"></a><p></p><p>Phone Number: <span style=\"font-weight: normal;\"><span class=\"oi732d6d ik7dh3pa d2edcug0 qv66sw1b c1et5uql a8c37x1j irj2b8pg enqfppq2 jq4qci2q a3bd9o3v knj5qynh oo9gr5id hzawbc8m\" dir=\"auto\"><span class=\"oi732d6d ik7dh3pa d2edcug0 qv66sw1b c1et5uql jq4qci2q a3bd9o3v knj5qynh oo9gr5id\">+61 8 8254 2111</span></span></span><br><span style=\"font-weight: normal;\"><span class=\"oi732d6d ik7dh3pa d2edcug0 qv66sw1b c1et5uql a8c37x1j irj2b8pg enqfppq2 jq4qci2q a3bd9o3v knj5qynh oo9gr5id hzawbc8m\" dir=\"auto\"><span class=\"oi732d6d ik7dh3pa d2edcug0 qv66sw1b c1et5uql jq4qci2q a3bd9o3v knj5qynh oo9gr5id\"><span style=\"font-weight: normal;\"><span class=\"oi732d6d ik7dh3pa d2edcug0 qv66sw1b c1et5uql a8c37x1j irj2b8pg enqfppq2 jq4qci2q a3bd9o3v knj5qynh oo9gr5id hzawbc8m\" dir=\"auto\"><a class=\"oajrlxb2 g5ia77u1 qu0x051f esr5mh6w e9989ue4 r7d6kgcz rq0escxv nhd2j8a9 nc684nl6 p7hjln8o kvgmc6g5 cxmmr5t8 oygrvhab hcukyx3x jb3vyjys rz4wbd8a qt6c0cv9 a8nywdso i1ao9s8h esuyzwwr f1sip0of lzcic4wl py34i1dx gpro0wi8\" href=\"https://l.facebook.com/l.php?u=https%3A%2F%2Fwww.google.com%2Fmaps%2Fdir%2F%3Fapi%3D1%26destination%3D-34.690890896618%252C138.68814060147%26fbclid%3DIwAR0SiSfQPFCt8ZOd1zt-l7wU21UPEYFGGwzwY3cleQIxkeSzD1mml-V1LBc&amp;h=AT2uF7U1aOwQed1_he2dFD6Zz9VYoL1kNtVeZRskaIP_rOAIM-0EQZpu7nAF5N3tnk2iR2n1975lW1a9aaT8yfYnGsXT5etMfieAK1OYTVNrqF-pMuTIakxiRBWW_-GAJpLzaJ_Q\" rel=\"nofollow noopener\" role=\"link\" tabindex=\"0\" target=\"_blank\"><span class=\"oi732d6d ik7dh3pa d2edcug0 qv66sw1b c1et5uql jq4qci2q a3bd9o3v knj5qynh py34i1dx\"></span></a></span></span></span></span></span></p><hr><p></p><p>Email: <span style=\"font-weight: normal;\"><span class=\"oi732d6d ik7dh3pa d2edcug0 qv66sw1b c1et5uql a8c37x1j irj2b8pg enqfppq2 jq4qci2q a3bd9o3v knj5qynh oo9gr5id hzawbc8m\" dir=\"auto\"><span class=\"oi732d6d ik7dh3pa d2edcug0 qv66sw1b c1et5uql jq4qci2q a3bd9o3v knj5qynh py34i1dx\">caffeprimomp@gmail.com</span></span></span></p>', 'a:4:{i:0;a:0:{}i:1;a:0:{}i:2;a:0:{}i:3;a:0:{}}', '2019-12-10 16:51:23', '2020-07-23 22:10:34');

-- --------------------------------------------------------

--
-- Table structure for table `payment_methods`
--

CREATE TABLE `payment_methods` (
  `id` int NOT NULL,
  `name` varchar(250) CHARACTER SET utf8mb3 COLLATE utf8mb3_bin DEFAULT NULL,
  `status` int NOT NULL DEFAULT '0',
  `s_data` text CHARACTER SET utf8mb3 COLLATE utf8mb3_bin,
  `created_at` timestamp NOT NULL DEFAULT CURRENT_TIMESTAMP,
  `updated_at` timestamp NOT NULL DEFAULT '0000-00-00 00:00:00'
) ENGINE=InnoDB DEFAULT CHARSET=latin1;

--
-- Dumping data for table `payment_methods`
--

INSERT INTO `payment_methods` (`id`, `name`, `status`, `s_data`, `created_at`, `updated_at`) VALUES
(1, 'Cash on Delivery', 1, 'a:0:{}', '2020-06-27 06:18:08', '2022-02-22 03:05:13'),
(3, 'Pay Via Stripe', 0, 'a:0:{}', '2020-06-27 06:19:31', '2020-06-27 06:19:31');

-- --------------------------------------------------------

--
-- Table structure for table `posts`
--

CREATE TABLE `posts` (
  `id` int NOT NULL,
  `title` varchar(255) DEFAULT NULL,
  `description` text CHARACTER SET utf8mb3 COLLATE utf8mb3_bin,
  `image` varchar(255) CHARACTER SET utf8mb3 COLLATE utf8mb3_bin DEFAULT NULL,
  `alt` varchar(255) DEFAULT NULL,
  `slug` varchar(255) DEFAULT NULL,
  `btn_name` varchar(255) DEFAULT NULL,
  `btn_link` longtext,
  `meta_title` varchar(255) DEFAULT NULL,
  `meta_description` longtext,
  `meta_keyword` varchar(255) DEFAULT NULL,
  `s_data` text CHARACTER SET utf8mb3 COLLATE utf8mb3_bin,
  `created_at` timestamp NOT NULL DEFAULT CURRENT_TIMESTAMP,
  `updated_at` timestamp NOT NULL DEFAULT CURRENT_TIMESTAMP
) ENGINE=InnoDB DEFAULT CHARSET=latin1;

--
-- Dumping data for table `posts`
--

INSERT INTO `posts` (`id`, `title`, `description`, `image`, `alt`, `slug`, `btn_name`, `btn_link`, `meta_title`, `meta_description`, `meta_keyword`, `s_data`, `created_at`, `updated_at`) VALUES
(5, 'Daily New Fresh Menus', '<h1 style=\"margin: 0px; font-variant-numeric: normal; font-variant-east-asian: normal; font-stretch: normal; font-size: 12px; line-height: normal; font-family: \">Our Cocktails are made from scratch with great care and fresh ingredients. All the juices are freshly squeezed and syrups are handmade. Drinks are made without the use of mixes or any preservatives. Our awareness of flavors coupled with the balance of the perfect ingredients will leave you coming back for more. We take pride in creating a quality product for our customers.</h1>', '1639522688561.png', 'Daily New Fresh Menus', 'daily-new-fresh-menus', 'Order Now', 'https://www.theyellowchilli.ca/takeaway', 'Daily New Fresh Menus', 'Our Cocktails are made from scratch with great care and fresh ingredients. We take pride in creating a quality product for our customers.', 'Daily New Fresh Menus', 'a:0:{}', '2021-08-19 10:36:38', '2022-09-16 20:23:55'),
(6, 'Fresh Ingredient, Tasty Meals', '<p style=\"margin: 0px; font-variant-numeric: normal; font-variant-east-asian: normal; font-stretch: normal; font-size: 12px; line-height: normal; font-family: \"Helvetica Neue\";\">We take great pride in the quality of our food and aim to provide you with an exceptional dining experience. We use only fresh, local ingredients for each dish that are combined together using high-end spices so all your taste buds can enjoy something unforgettable! Our customers come back time after time because they know what makes us special: Great tasting dishes created from scratch using fresh organic ingredients.</p>', '1639522540201.jpeg', 'Fresh Ingredient, Tasty Meals', 'fresh-ingredient-tasty-meals', 'Order Now', 'https://www.theyellowchilli.ca/takeaway', 'Fresh Ingredient, Tasty Meals', 'We take great pride in the quality of our food and aim to provide you with an exceptional dining experience.', 'Fresh Ingredient, Tasty Meals', 'a:0:{}', '2021-08-19 10:38:52', '2022-09-16 20:22:45'),
(7, 'Creative & Talented Chefs', '<p style=\"margin: 0px; font-variant-numeric: normal; font-variant-east-asian: normal; font-stretch: normal; font-size: 12px; line-height: normal; font-family: \"Helvetica Neue\";\">We are committed to providing you with the freshest and highest quality food. Our chefs have expert training, experience in their field of work which they do very passionately. You\'ll be impressed by how much care goes into each dish from start (ingredients)to finish( presentation).</p>', '1639522252633.jpeg', 'Creative & Talented Chefs', 'creative-talented-chefs', 'Order Now', 'https://www.theyellowchilli.ca/takeaway', 'Creative & Talented Chefs', 'We are committed to providing you with the freshest and highest quality food. Our chefs have expert training, experience in their field of work which they do very passionately.', 'Creative & Talented Chefs', 'a:0:{}', '2021-08-19 10:39:29', '2022-09-16 20:21:41'),
(8, 'Lalla Mussa Dal - The Yellow Chilli', '<p class=\"MsoNoSpacing\"><span lang=\"EN-IN\" style=\"font-size:14.0pt;mso-bidi-font-size:\r\n11.0pt;font-family:\"Arial\",sans-serif\">The <a href=\"https://www.theyellowchilli.ca/takeaway\" target=\"_blank\">Lalla Mussa Dal</a> is a signature dish.<o:p></o:p></span></p><p class=\"MsoNoSpacing\"><span lang=\"EN-IN\" style=\"font-size:14.0pt;mso-bidi-font-size:\r\n11.0pt;font-family:\"Arial\",sans-serif\">This rich dal that we take pride in, gets\r\nits name from the ‘<span style=\"background-image: initial; background-position: initial; background-size: initial; background-repeat: initial; background-attachment: initial; background-origin: initial; background-clip: initial;\">Lala Musa - Railway station’ in the North West Frontier Province, where\r\nit was initially prepared. The dal continues to be made in the traditional way even\r\nto this day, </span>with it undergoing an elaborate process of cleaning with\r\nturmeric, vinegar and salt before cooking it on a wood-fired tandoor for 36\r\nhours. This dal used to be slow-cooked overnight and further enhanced with cream and butter making it creamier\r\nand richer. <o:p></o:p></span></p><p class=\"MsoNoSpacing\"><span lang=\"EN-IN\" style=\"font-size:14.0pt;mso-bidi-font-size:\r\n11.0pt;font-family:\"Arial\",sans-serif\"> </span><span style=\"font-family: Arial, sans-serif; font-size: 14pt;\">‘Kali dal’ in our style is one of the fastest\r\nmoving items on our menu and on record days, to dish out a couple of hundred\r\nliters is normal!</span></p><p class=\"MsoNoSpacing\"><span style=\"font-family: Arial, sans-serif; font-size: 14pt;\">At The Yellow Chilli, we now recreate the\r\nsame magic in a much richer way. It has been recreated with the addition of\r\ngreen gram, which is lighter, while retaining the base of whole black gram that\r\nis heavy and heaty. The dal is finished by tempering chopped garlic in ghee\r\nuntil browned.</span></p><p class=\"MsoNoSpacing\"><span style=\"font-family: Arial, sans-serif; font-size: 14pt;\">With this preparation, we at The Yellow Chilli wish to revive some of\r\nthe lost recipes from a bygone era and live up to our promise of serving rare\r\nand exquisite Indian dishes. </span></p>', '1663243225356.jpg', 'Lalla Mussa Dal', 'lalla-mussa-dal-the-yellow-chilli', 'Order Now', 'https://www.theyellowchilli.ca/takeaway', 'Lalla Mussa Dal', 'Try out Sanjeev Kapoor\'s mouthwatering, decadent and buttery Lalla Mussa Dal. Treat yourself with great taste.', 'Lalla Mussa Dal', 'a:0:{}', '2022-09-14 23:30:25', '2022-09-16 20:36:26'),
(9, 'Puran Singh Da Tariwala Murgh - The Yellow Chilli', '<p class=\"MsoNoSpacing\"><span lang=\"EN-IN\" style=\"font-size:14.0pt;mso-bidi-font-size:\r\n11.0pt;font-family:\"Arial\",sans-serif;mso-fareast-language:EN-IN\">One of our fastest-running\r\ndishes at the TYC, the <b><a href=\"https://www.theyellowchilli.ca/takeaway\" target=\"_blank\">Puran Singh da Tari Wala Murgh</a></b> is a delectable chicken gravy\r\npreparation inspired by the famous Puran Singh Da Dhaba. <o:p></o:p></span></p><p class=\"MsoNoSpacing\"><font face=\"Arial, sans-serif\"><span style=\"font-size: 14pt;\">This dhaba\r\nlocated on the Ambala Cantonment along the Delhi-Chandigarh Highway and has\r\nbeen serving the best Punjabi chicken curry which is famously known as Puran\r\nSingh Chicken Curry since 1958. It is a </span><span style=\"font-size: 18.6667px;\">favorite</span><span style=\"font-size: 14pt;\"> road-side joint always\r\ncrowded by patrons and first-time visitors.</span></font></p><p class=\"MsoNoSpacing\"><span style=\"font-family: Arial, sans-serif; font-size: 14pt;\">We have tried to weave the magic of this simple dhaba-style chicken curry\r\ncooked with onions, tomatoes, ginger, garlic and spices from the famous road\r\nside in our</span><span style=\"font-family: Arial, sans-serif; font-size: 14pt; color: red;\"> </span><span style=\"font-family: Arial, sans-serif; font-size: 14pt;\">preparation! We take pride in the fact that our version of the\r\nchicken curry tastes better as told to us by our guests.</span></p>', '1663244389535.jpg', 'Puran Singh Da Tariwala Murgh', 'puran-singh-da-tariwala-murgh-the-yellow-chilli', 'Order Now', 'https://www.theyellowchilli.ca/takeaway', 'Puran Singh Da Tariwala Murgh', 'Famous recipe Puran Singh Da Tariwala Murgh by Sanjeev Kapoor is prepared in dhaba style chicken with a great taste.', 'Puran Singh Da Tariwala Murgh', 'a:0:{}', '2022-09-14 23:42:13', '2022-09-16 20:35:42'),
(10, 'Shaam Savera - The Yellow Chilli', '<p class=\"MsoNoSpacing\" style=\"text-align:justify\"><span lang=\"EN-IN\" style=\"font-size:14.0pt;mso-bidi-font-size:11.0pt;font-family:\"Arial\",sans-serif;\r\nmso-fareast-language:EN-IN\">The recipe that shot Master Chef Kapoor to fame,\r\n<a href=\"https://www.theyellowchilli.ca/takeaway\" target=\"_blank\">Shaam Savera</a> is one of his most famous signature dishes. Also, it was an impromptu\r\ndish that Master Chef Kapoor prepared on the set of Khana Khazana after his\r\ncomeback on the show. <o:p></o:p></span></p><p class=\"MsoNoSpacing\" style=\"text-align:justify\"><span style=\"font-family: Arial, sans-serif; font-size: 14pt;\">Shaam Savera is a visual treat to the eyes as well\r\nas a gastronomical treat. The dish has spinach kofta stuffed with creamy\r\ncottage cheese served in flavourful and creamy tomato gravy.  When cut open in half, the koftas show off\r\nthe light inside. The dish is more than just food, it is poetry on a plate.  </span></p><p class=\"MsoNoSpacing\" style=\"text-align:justify\"><span style=\"font-family: Arial, sans-serif; font-size: 14pt; text-align: left;\">Interestingly, the colour palette of the dish conveys the contrasting\r\ntimes of the day, with ‘Shaam’ refering to evening (darkness) and ‘Savera’\r\nrefers to morning (white day light) in hindi. The other interpretation is that\r\nit evokes the spirit of nationalism. Ever since then, the recipe has been\r\nadapted in various forms.</span></p>', '1663244959292.jpg', 'Shaam Savera', 'shaam-savera-the-yellow-chilli', 'Order Now', 'https://www.theyellowchilli.ca/takeaway', 'Shaam Savera - The Yellow Chilli', 'Shaam Savera is a kofta curry made with spinach and panner stuffing with all tasty spices.', 'Shaam Savera', 'a:0:{}', '2022-09-14 23:59:19', '2022-09-16 20:34:58'),
(12, 'Shabnam Ke Moti', '<p class=\"MsoNoSpacing\"><span lang=\"EN-IN\" style=\"font-size:14.0pt;mso-bidi-font-size:\r\n11.0pt;font-family:\"Arial\",sans-serif;mso-fareast-language:EN-IN\">As unique as\r\nits name that spells tender romance, <b><a href=\"https://www.theyellowchilli.ca/takeaway\" target=\"_blank\">Shabnam ke Moti</a></b> is an appetizer made with\r\nbutton mushrooms stuffed with a spicy paneer mixture and made extra special by\r\ncoating each with a rich cheese layer and then grilling it to a golden\r\nperfection. <o:p></o:p></span></p><p class=\"MsoNoSpacing\"><font face=\"Arial, sans-serif\"><span style=\"font-size: 14pt;\">Tender mushroom caps stuffed with </span><span style=\"font-size: 18.6667px;\">flavorful</span><span style=\"font-size: 14pt;\"> cheese and cooked and\r\ncharred in an earthen clay-pot.</span></font></p>', '1663245365597.jpg', 'Shabnam Ke Moti', 'shabnam-ke-moti', 'Order Now', 'https://www.theyellowchilli.ca/takeaway', 'Shabnam Ke Moti', 'Try delicious Shabnam ke Moti starter made with stuffed mushrooms along with spicy paneer mixture and cheese coating.', 'Shabnam Ke Moti', 'a:0:{}', '2022-09-15 00:06:05', '2022-09-16 20:34:05'),
(19, 'Channa Jor Garam Tikki', '<p class=\"MsoNoSpacing\"><span lang=\"EN-IN\" style=\"font-size:14.0pt;mso-bidi-font-size:\r\n11.0pt;font-family:\" arial\",sans-serif;mso-fareast-language:en-in\"=\"\"><a href=\"https://www.theyellowchilli.ca/takeaway\"><b>Channa jor garam tikki</b></a> a common street snack in most Indian states. It is usually made from\r\nchickpea that are roasted and spiced. The chickpea are soaked, dried, fried and\r\nthen later flattened into flakes. Inspired by this street-side snack, the\r\ntikkis or potato patties are loaded with cheese and coated with crushed channa\r\njor garam to add a zesty flavor and a wonderful crunch. <o:p></o:p></span></p><p>\r\n\r\n<span lang=\"EN-IN\" style=\"font-size:14.0pt;mso-bidi-font-size:11.0pt;line-height:\r\n107%;font-family:\" arial\",sans-serif;mso-fareast-font-family:calibri;mso-fareast-theme-font:=\"\" minor-latin;mso-ansi-language:en-in;mso-fareast-language:en-in;mso-bidi-language:=\"\" ar-sa\"=\"\">Inspired by the street-side snack, this tikki has potato patties loaded\r\nwith cheese and is coated with crushed gram. The channa flakes are the desi\r\nversion of adding a slight crunch to the tikkis.</span><br></p>', '1663406332458.jpg', 'Channa Jor Garam Tikki', 'channa-jor-garam-tikki', 'Order Now', 'https://www.theyellowchilli.ca/takeaway', 'Channa Jor Garam Tikki', 'Our traditional snack Channa Jor Garam Tikki is made by coating in crunchy channa jor and fried to prefection.', 'Channa Jor Garam Tikki', 'a:0:{}', '2022-09-16 20:48:52', '2022-09-16 20:55:19'),
(20, 'Gulab-e-Gulkand', '<p class=\"MsoNoSpacing\"><span lang=\"EN-IN\" style=\"font-size:14.0pt;mso-bidi-font-size:\r\n11.0pt;font-family:&quot;Arial&quot;,sans-serif;mso-fareast-language:EN-IN\">We have reinvented\r\nthe traditional Gulab Jamuns into a unique dessert to make it elegant and\r\nrosier. The <b><a href=\"https://www.theyellowchilli.ca/takeaway\" target=\"_blank\">Gulab-e-Gulkand</a></b> is an exquisite dessert that has the jamuns stuffed\r\nwith gulkand, a delectable Indian rose petal compote. <o:p></o:p></span></p><p class=\"MsoNoSpacing\"><span style=\"font-family: Arial, sans-serif; font-size: 14pt;\">The goodness of gulkand ensconced in traditional gulab jamuns springs a\r\nsweeter surprise. It is not surprising that the dessert is also popularly\r\navailable at local halwais.</span></p>', '1663406533332.jpg', 'Gulab-e-Gulkand', 'gulab-e-gulkand', 'Order Now', 'https://www.theyellowchilli.ca/takeaway', 'Gulab-e-Gulkand', 'Ultimate Gulab-e-Gulkand is all about gulab jamuns stuffed with gulkand and decorated with nuts and rose petals.', 'Gulab-e-Gulkand', 'a:0:{}', '2022-09-16 20:52:13', '2022-09-16 20:52:14'),
(21, 'Indian Restaurants in Canada', '<p style=\"margin:0cm\">Canada is proud of the range\r\nand caliber of its culinary offerings. People immigrated to this country from\r\nall over the world, bringing with them the flavours of their respective\r\ncultures. These flavours are now ingrained in Canadian culture. A sizable\r\nimmigrant population has now settled in the nation after leaving behind their\r\nfamilies and homes in quest of a better life in Canada.&nbsp;</p><p style=\"margin:0cm\"><o:p><br></o:p></p><p style=\"margin:0cm\">The finest contribution that\r\nimmigrants have made is their cuisine. People in Canada can recognise a\r\ndelicious meal when they taste it. Perhaps the most significant aspect\r\ncontributing to the nation\'s culinary diversity is diversity. When it comes to\r\nthe culinary arts, major Canadian towns like Vancouver, Surrey, etc. are quite\r\nrich. The focus of this culinary conflict, however, is on Canadians and their\r\nquest for the best&nbsp;<b><a href=\"https://www.theyellowchilli.ca/\" target=\"_blank\">indian restaurants delta bc</a>.</b></p><p style=\"margin:0cm\"><br></p><p style=\"margin:0cm\"><o:p></o:p></p><p style=\"margin:0cm\">India is known for having a\r\nrich culinary tradition, and as a result, practically all communities around\r\nthe world now value its cuisine. The popularity of these Indian restaurants is\r\nlargely due to the numerous Indian immigrants seeking out the cuisine of their\r\nhome country in Canada. In order to offer the rich culinary culture of the\r\nsub-continent, a variety of eating establishments and restaurants have popped\r\nup around the nation.&nbsp;<font color=\"#0e101a\"><o:p></o:p></font></p>', '1674463447306.jpg', 'Indian Restaurants in Canada', 'indian-restaurants-in-canada', 'Order Now', 'https://www.theyellowchilli.ca/takeaway', 'Indian Restaurants in Canada', NULL, 'Indian Restaurants in Canada', 'a:0:{}', '2023-01-22 19:14:07', '2023-01-22 19:19:52'),
(22, 'Dos and Don’ts at a Fine Dining Indian Restaurant', '<p class=\"MsoNormal\" style=\"margin-bottom:0cm;line-height:normal\"><span style=\"\" times=\"\" new=\"\" roman\",=\"\" serif;=\"\" color:=\"\" rgb(14,=\"\" 16,=\"\" 26);=\"\" background-color:=\"\" rgb(255,=\"\" 255,=\"\" 255);\"=\"\">India\'s food\r\nlandscape is exploding with fresh flavours, methods, and ingredients after two\r\ndifficult years for the hospitality sector. 2022 has been dubbed the year for\r\nthe Indian Fine Dining Industry, and chefs throughout the globe are promoting\r\nIndian cuisine, introducing cities to lesser-known cuisines, blending ancient\r\nculinary techniques with contemporary cuisine, and redefining ideas about what\r\nconstitutes a balanced diet. That is why&nbsp;<a href=\"https://www.theyellowchilli.ca/\" target=\"_blank\" style=\"\"><b>fine dining surrey</b></a>&nbsp;is\r\na good start to introducing yourself to Indian Cuisine.</span></p><p class=\"MsoNormal\" style=\"margin-bottom:0cm;line-height:normal\"><span style=\"\" times=\"\" new=\"\" roman\",=\"\" serif;=\"\" color:=\"\" rgb(14,=\"\" 16,=\"\" 26);=\"\" background-color:=\"\" rgb(255,=\"\" 255,=\"\" 255);\"=\"\"><o:p><br></o:p></span></p><p class=\"MsoNormal\" style=\"margin-bottom:0cm;line-height:normal\"><span style=\"\" times=\"\" new=\"\" roman\",=\"\" serif;=\"\" color:=\"\" rgb(14,=\"\" 16,=\"\" 26);=\"\" background-color:=\"\" rgb(255,=\"\" 255,=\"\" 255);\"=\"\">Here are some\r\nguidelines for dining with Indians and eating their cuisine so that you are\r\naware of what to do and what not to do:<o:p></o:p></span></p><ul style=\"margin-top:0cm\" type=\"disc\">\r\n <li class=\"MsoNormal\" style=\"margin-bottom: 0cm; line-height: normal;\"><span style=\"\" times=\"\" new=\"\" roman\",=\"\" serif;=\"\" background-color:=\"\" rgb(255,=\"\" 255,=\"\" 255);\"=\"\">Indians frequently eat with their hands only\r\n     and do not use cutlery.&nbsp;<o:p></o:p></span></li>\r\n <li class=\"MsoNormal\" style=\"margin-bottom: 0cm; line-height: normal;\"><span style=\"\" times=\"\" new=\"\" roman\",=\"\" serif;=\"\" background-color:=\"\" rgb(255,=\"\" 255,=\"\" 255);\"=\"\">Additionally, remember that you can only use\r\n     your right hand to eat because using your left is considered impure and\r\n     unpleasant.<o:p></o:p></span></li>\r\n <li class=\"MsoNormal\" style=\"margin-bottom: 0cm; line-height: normal;\"><span style=\"\" times=\"\" new=\"\" roman\",=\"\" serif;=\"\" background-color:=\"\" rgb(255,=\"\" 255,=\"\" 255);\"=\"\">Indians frequently share their meals. As a\r\n     result, if you go out to dinner with some buddies, make sure you share the\r\n     food.<o:p></o:p></span></li>\r\n <li class=\"MsoNormal\" style=\"margin-bottom: 0cm; line-height: normal;\"><span style=\"\" times=\"\" new=\"\" roman\",=\"\" serif;=\"\" background-color:=\"\" rgb(255,=\"\" 255,=\"\" 255);\"=\"\">Make sure you don\'t have any leftover food\r\n     when you\'re done eating.&nbsp;<o:p></o:p></span></li>\r\n <li class=\"MsoNormal\" style=\"margin-bottom: 0cm; line-height: normal;\"><span style=\"\" times=\"\" new=\"\" roman\",=\"\" serif;=\"\" background-color:=\"\" rgb(255,=\"\" 255,=\"\" 255);\"=\"\">It is polite to wait for the senior to\r\n     complete eating before getting up from your seat.<o:p></o:p></span></li>\r\n</ul><p class=\"MsoNormal\" style=\"margin-bottom:0cm;line-height:normal\"><span style=\"\" times=\"\" new=\"\" roman\",=\"\" serif;=\"\" color:=\"\" rgb(14,=\"\" 16,=\"\" 26);=\"\" background-color:=\"\" rgb(255,=\"\" 255,=\"\" 255);\"=\"\">&nbsp;</span></p><p class=\"MsoNormal\" style=\"margin-bottom:0cm;line-height:normal\">\r\n\r\n\r\n\r\n\r\n\r\n</p><p class=\"MsoNormal\" style=\"margin-bottom:0cm;line-height:normal\"><span style=\"\" times=\"\" new=\"\" roman\",serif;mso-fareast-font-family:=\"\" \"times=\"\" roman\";color:#0e101a;mso-fareast-language:en-in\"=\"\">&nbsp;These are\r\nonly a few appropriate methods for consuming Indian food. Indian food is one of\r\nthe tastiest in the world. So go out with your friends to eat at a fine-dining\r\nIndian Restaurant and try out some of these tips.&nbsp;<span style=\"font-size: 12pt;\"><o:p></o:p></span></span></p>', '1674463632390.jpg', 'Dos and Don’ts at a Fine Dining Indian Restaurant', 'dos-and-donts-at-a-fine-dining-indian-restaurant', 'Order Now', 'https://www.theyellowchilli.ca/takeaway', 'Dos and Don’ts at a Fine Dining Indian Restaurant', NULL, 'Dos and Don’ts at a Fine Dining Indian Restaurant', 'a:0:{}', '2023-01-22 19:17:12', '2023-01-22 19:20:55'),
(23, 'Love For Indian Cuisine Around The World', '<p style=\"margin:0cm\">Indian food has been prepared\r\nfor over 5000 years. Each region\'s food is influenced by its own customs,\r\nbeliefs, and culture. Indian food has been influenced by a variety of cuisines,\r\nincluding Persian, Chinese, and Mongolian. The distinctive spice blending that\r\nconsistently gives Indian cuisine its flavor and scent has remained a recurring\r\ntheme over the ages.<o:p></o:p></p><p style=\"margin:0cm\">&nbsp;</p><p style=\"margin:0cm\">Today, people of all ages\r\nfrom across the nation have settled in Canada. The cuisine of Canada is clearly\r\ninfluenced by these vibrant people. Indian restaurants have popped up all\r\nthroughout the nation. They provide Indians living abroad a taste of home\r\nwith&nbsp;<a href=\"https://www.theyellowchilli.ca/\" target=\"_blank\"><b>indian food surrey bc.</b></a><o:p></o:p></p><p style=\"margin:0cm\">&nbsp;</p><p>\r\n\r\n\r\n\r\n\r\n\r\n\r\n\r\n</p><p style=\"margin:0cm\">The menu features everything\r\nfrom straightforward vegetarian meals to exotic dishes that are rich in texture\r\nand flavor. Whether a meal is simple or sophisticated, it is planned and\r\nprepared with great care. Indian cuisine makes the best use of the ingredients\r\nthat are available, therefore each region has its own signature dishes. In the\r\nNorth, a dish made with lentils is called dal. The white fish curry known as\r\nMeen Moli is popular in the South. Vindaloo is a dish made with pork that\r\nWestern Indians can\'t live without. East Indians adore sweets, with\r\nChhenagaja—chhena, flour, and sugar syrup—being among the most popular. The\r\nhype of Indian food is limited not only to the country but the entire world is\r\naffected by it.&nbsp;<font color=\"#0e101a\"><o:p></o:p></font></p>', '1674463731198.jpg', 'Love For Indian Cuisine Around The World', 'love-for-indian-cuisine-around-the-world', 'Order Now', 'https://www.theyellowchilli.ca/takeaway', 'Love For Indian Cuisine Around The World', NULL, 'Love For Indian Cuisine Around The World', 'a:0:{}', '2023-01-22 19:18:51', '2023-01-22 19:20:26'),
(24, 'Discover the Best Indian Restaurant in Surrey: The Yellow Chilli', '<p class=\"MsoNormal\">If you\'re searching for the <a href=\"https://www.theyellowchilli.ca/\" target=\"_blank\">best Indian restaurant in Surrey</a>, look no further than The Yellow Chilli. Nestled in the heart of the\r\ncity, this culinary gem offers a dining experience that perfectly blends\r\ntraditional Indian flavors with modern culinary techniques. Whether you\'re a\r\nfan of spicy curries, savory biryanis, or mouth-watering tandoori dishes, The\r\nYellow Chilli has something to satisfy every palate.<o:p></o:p></p><p class=\"MsoNormal\"><b>A Culinary Journey with Sanjeev Kapoor</b><o:p></o:p></p><p class=\"MsoNormal\">The Yellow Chilli is not just any Indian restaurant; it is\r\nthe brainchild of Master Chef Sanjeev Kapoor, one of India’s most celebrated\r\nchefs. His vision was to bring authentic Indian cuisine to the world, and The\r\nYellow Chilli in Surrey is a testament to that vision. Each dish on the menu is\r\ncrafted with precision, ensuring that every bite is a true representation of\r\nIndia\'s rich culinary heritage.<o:p></o:p></p><p class=\"MsoNormal\"><b>Ambiance and Atmosphere</b><o:p></o:p></p><p class=\"MsoNormal\">The moment you step into The Yellow Chilli, you\'re greeted\r\nwith a warm and inviting ambiance. The restaurant\'s décor combines traditional\r\nIndian elements with contemporary design, creating an elegant yet comfortable\r\nsetting. Soft lighting, stylish furnishings, and tasteful Indian artwork make\r\nit a perfect place for both casual dining and special occasions.<o:p></o:p></p><p class=\"MsoNormal\"><b>Signature Dishes</b><o:p></o:p></p><p class=\"MsoNormal\">One of the standout features of The Yellow Chilli is its\r\ndiverse menu, which offers a wide range of dishes from various regions of\r\nIndia. Here are some must-try items that make this restaurant the best Indian\r\ndining spot in Surrey:<o:p></o:p></p><ol style=\"margin-top:0cm\" start=\"1\" type=\"1\">\r\n <li class=\"MsoNormal\"><b>Shaam\r\n     Savera</b>: This signature dish features paneer stuffed with spinach and\r\n     served in a creamy tomato gravy. It\'s a vegetarian delight that\'s rich in\r\n     flavor and texture.<o:p></o:p></li>\r\n <li class=\"MsoNormal\"><b>Lalla\r\n     Mussa Dal</b>: A hearty lentil dish that has been slow-cooked to\r\n     perfection. It’s creamy, flavorful, and a favorite among regular patrons.<o:p></o:p></li>\r\n <li class=\"MsoNormal\"><b>Zaffrani\r\n     Biryani</b>: This saffron-infused biryani is a fragrant and flavorful rice\r\n     dish that\'s perfect for those who love aromatic spices.<o:p></o:p></li>\r\n <li class=\"MsoNormal\"><b>Tandoori\r\n     Jheenga</b>: Succulent prawns marinated in a blend of spices and cooked in\r\n     a traditional tandoor oven, giving them a smoky, charred flavor that\'s\r\n     simply irresistible.<o:p></o:p></li>\r\n <li class=\"MsoNormal\"><b>Chicken\r\n     Tikka Masala</b>: A classic Indian dish that needs no introduction. Tender\r\n     pieces of chicken cooked in a rich, creamy tomato sauce with just the\r\n     right amount of spice.<o:p></o:p></li>\r\n</ol><p class=\"MsoNormal\"><b>Exceptional Service</b><o:p></o:p></p><p class=\"MsoNormal\">At The Yellow Chilli, the staff is dedicated to providing\r\ntop-notch service. From the moment you arrive, you\'ll be treated like royalty.\r\nThe knowledgeable and friendly staff are always on hand to recommend dishes and\r\nensure that your dining experience is nothing short of exceptional.<o:p></o:p></p><p class=\"MsoNormal\"><b>Catering and Events</b><o:p></o:p></p><p class=\"MsoNormal\">In addition to its outstanding dine-in service, The Yellow\r\nChilli also offers catering for special events. Whether you\'re planning a\r\nwedding, corporate event, or family gathering, their catering team can create a\r\ncustomized menu that will impress your guests and make your event memorable.<o:p></o:p></p><p class=\"MsoNormal\"><b>A Commitment to Quality</b><o:p></o:p></p><p class=\"MsoNormal\">What truly sets The Yellow Chilli apart is its unwavering\r\ncommitment to quality. The ingredients are sourced from the best suppliers,\r\nensuring that every dish is made with the freshest and finest ingredients. This\r\ndedication to quality is evident in every bite and is a key reason why The\r\nYellow Chilli is considered the best Indian restaurant in Surrey.<o:p></o:p></p><p class=\"MsoNormal\"><b>Conclusion</b><o:p></o:p></p><p>\r\n\r\n\r\n\r\n\r\n\r\n\r\n\r\n\r\n\r\n\r\n\r\n\r\n\r\n\r\n\r\n\r\n\r\n\r\n\r\n\r\n\r\n\r\n\r\n\r\n\r\n\r\n\r\n\r\n\r\n</p><p class=\"MsoNormal\">The Yellow Chilli is more than just a restaurant; it\'s a\r\nculinary experience that transports you to the heart of India. Whether you\'re a\r\nlong-time fan of Indian cuisine or new to its delights, The Yellow Chilli\r\npromises an unforgettable dining experience. Next time you’re in Surrey, make\r\nsure to visit The Yellow Chilli and discover why it’s hailed as the <a href=\"https://www.theyellowchilli.ca/\" target=\"_blank\">best Indian restaurant in Surrey</a>. </p><p class=\"MsoNormal\"><b>You won\'t be disappointed!</b><o:p></o:p></p>', '1720722419467.png', NULL, 'discover-the-best-indian-restaurant-in-surrey-the-yellow-chilli', NULL, NULL, 'Discover the Best Indian Restaurant in Surrey: The Yellow Chilli', 'If you\'re searching for the best Indian restaurant in Surrey, look no further than The Yellow Chilli. Nestled in the heart of the city, this culinary gem offers a dining experience that perfectly blends traditional Indian flavors with modern culinary techniques.', NULL, 'a:0:{}', '2024-07-11 15:26:59', '2024-07-11 15:26:59'),
(26, 'Savor the Best Punjabi Food in Surrey at The Yellow Chilli', '<p class=\"MsoNormal\">When it comes to authentic Punjabi cuisine, there’s no place\r\nlike The Yellow Chilli in Surrey. Renowned for its rich, flavorful, and diverse\r\nofferings, The Yellow Chilli brings the essence of Punjab to your plate.\r\nWhether you’re craving buttery naans, spicy curries, or creamy lassis, our\r\nrestaurant is your ultimate destination for the <a href=\"http://theyellowchilli.ca\" target=\"_blank\">Best Punjabi Food in Surrey</a>.<o:p></o:p></p><p class=\"MsoNormal\"><o:p>&nbsp;</o:p></p><h2>A Feast of Flavors</h2><p class=\"MsoNormal\">Punjabi cuisine is celebrated for its robust flavors,\r\ngenerous use of spices, and hearty dishes. At The Yellow Chilli, we take pride\r\nin offering a menu that captures the true spirit of Punjabi cooking. Our chefs\r\nuse traditional recipes and fresh ingredients to create dishes that are\r\nbursting with flavor and aroma.<o:p></o:p></p><p class=\"MsoNormal\"><o:p>&nbsp;</o:p></p><p class=\"MsoNormal\">Must-Try Dishes<o:p></o:p></p><p class=\"MsoNormal\">Here are some of the must-try dishes that make The Yellow\r\nChilli the best place for Punjabi food in Surrey:<span style=\"font-size: 0.875rem;\">&nbsp;</span></p><p class=\"MsoNormal\"><b>Butter Chicken: </b>This iconic dish is a staple of Punjabi\r\ncuisine. Tender chicken pieces are cooked in a creamy tomato-based sauce,\r\ninfused with aromatic spices. Served with hot naan or rice, Butter Chicken is a\r\nfavorite among our patrons.</p><p class=\"MsoNormal\"><b>Paneer Tikka</b>: For our vegetarian guests, Paneer Tikka is a\r\nmust-try. Cubes of paneer (Indian cottage cheese) are marinated in a blend of\r\nspices and grilled to perfection. It’s a flavorful and satisfying dish that\r\nshowcases the versatility of paneer.</p><p class=\"MsoNormal\"><b>Sarson da Saag and Makki di Roti:</b> This traditional Punjabi\r\ncombo is a winter favorite. Sarson da Saag is made from mustard greens and\r\nspices, while Makki di Roti is a flatbread made from cornmeal. Together, they\r\ncreate a wholesome and nutritious meal.</p><p class=\"MsoNormal\"><b>Chole Bhature:</b> This popular Punjabi dish consists of spicy\r\nchickpea curry (chole) served with fluffy, deep-fried bread (bhature). It’s a\r\nhearty and delicious option for those who love bold flavors.<o:p></o:p></p><p class=\"MsoNormal\"><o:p>&nbsp;</o:p></p><h2>Authentic Ingredients and Techniques</h2><p class=\"MsoNormal\">At The Yellow Chilli, authenticity is key. We source the\r\nfinest ingredients and use traditional cooking techniques to ensure that every\r\ndish tastes just like it would in Punjab. From grinding our own spices to\r\nslow-cooking our curries, we go the extra mile to bring you an authentic\r\nPunjabi dining experience.</p><h2>A Vibrant Dining Atmosphere</h2><p class=\"MsoNormal\">Our restaurant’s ambiance complements our food perfectly.\r\nWith a vibrant and welcoming decor, The Yellow Chilli provides the ideal\r\nsetting for enjoying a meal with family and friends. Our friendly and attentive\r\nstaff are always on hand to ensure that your dining experience is memorable.</p><h2>Catering to All Occasions</h2><p class=\"MsoNormal\">Whether you’re celebrating a special occasion, hosting a\r\nbusiness lunch, or simply enjoying a night out, The Yellow Chilli is the\r\nperfect choice. Our spacious dining area can accommodate groups of all sizes,\r\nand we offer a variety of options for private events and parties.</p><h2>Health and Hygiene</h2><p class=\"MsoNormal\">In addition to offering the Best Punjabi Food in Surrey,\r\nwe are committed to maintaining the highest standards of health and hygiene.\r\nOur kitchen follows strict cleanliness protocols, and our staff are trained to\r\nensure a safe and enjoyable dining experience for all our guests.<o:p></o:p></p><h2><span style=\"font-size: 0.875rem;\">Visit Us Today</span></h2><p class=\"MsoNormal\">Discover the <a href=\"https://www.theyellowchilli.ca/\" target=\"_blank\">Best Punjabi Food in Surrey</a> at The\r\nYellow Chilli. Visit us today and embark on a culinary journey through the\r\nheart of Punjab. Whether you’re a longtime fan of Punjabi cuisine or trying it\r\nfor the first time, we guarantee that you’ll leave with a satisfied palate and\r\na smile on your face.</p><p>\r\n\r\n\r\n\r\n\r\n\r\n\r\n\r\n\r\n\r\n\r\n\r\n\r\n\r\n\r\n\r\n\r\n\r\n\r\n\r\n\r\n\r\n\r\n\r\n\r\n\r\n\r\n\r\n\r\n\r\n\r\n\r\n\r\n\r\n\r\n\r\n\r\n\r\n\r\n\r\n\r\n\r\n\r\n\r\n\r\n\r\n\r\n\r\n\r\n\r\n\r\n\r\n\r\n\r\n\r\n\r\n\r\n\r\n\r\n\r\n\r\n\r\n\r\n\r\n\r\n\r\n</p><p class=\"MsoNormal\">Contact us to make a reservation or simply drop by to enjoy\r\nan unforgettable meal. We look forward to welcoming you and serving you the\r\nfinest Punjabi dishes that Surrey has to offer!<o:p></o:p></p>', '1722016483173.png', NULL, 'savor-the-best-punjabi-food-in-surrey-at-the-yellow-chilli', NULL, NULL, 'Savor the Best Punjabi Food in Surrey at The Yellow Chilli', 'The Yellow Chilli brings the essence of Punjab to your plate. Whether you’re craving buttery naans, spicy curries, or creamy lassis, our restaurant is your ultimate destination for the Best Punjabi Food in Surrey.', NULL, 'a:0:{}', '2024-07-26 14:54:43', '2024-07-26 14:54:43'),
(28, 'Exploring the Finest Indian Restaurant in Surrey: The Yellow Chilli', '<p class=\"MsoNormal\">Surrey\'s vibrant culinary landscape is home to numerous\r\ndining establishments that cater to a variety of tastes and preferences. Among\r\nthese, The Yellow Chilli stands out as the quintessential <a href=\"https://www.theyellowchilli.ca/\" target=\"_blank\">Indian Restaurant in Surrey</a>, offering an unparalleled dining experience that captures the\r\nessence of India\'s rich culinary heritage.<o:p></o:p></p><p class=\"MsoNormal\"><o:p>&nbsp;</o:p></p><h2>A Gastronomic Journey through India</h2><p class=\"MsoNormal\">The Yellow Chilli is not just a restaurant; it\'s a culinary\r\nvoyage through the diverse regions of India. From the spicy delicacies of the\r\nNorth to the flavorful dishes of the South, the menu at The Yellow Chilli\r\nshowcases a wide array of authentic Indian flavors. Each dish is meticulously\r\nprepared using traditional recipes and the freshest ingredients, ensuring a\r\ndining experience that is both authentic and delicious.<o:p></o:p></p><p class=\"MsoNormal\"><o:p>&nbsp;</o:p></p><h2>Signature Dishes that Delight</h2><p class=\"MsoNormal\">One of the highlights of The Yellow Chilli is its selection\r\nof signature dishes, curated by the renowned Chef Sanjeev Kapoor. These dishes,\r\nincluding the famous Shaam Savera, Lalla Mussa Dal, and Dum Gosht Biryani, are\r\na testament to the culinary expertise and innovation that The Yellow Chilli\r\nbrings to the table. Each dish is a harmonious blend of spices and flavors,\r\ndesigned to tantalize your taste buds and leave you craving for more.<o:p></o:p></p><p class=\"MsoNormal\"><o:p>&nbsp;</o:p></p><h2>An Inviting Ambiance</h2><p class=\"MsoNormal\">The ambiance at The Yellow Chilli is warm and inviting,\r\nmaking it the perfect place for both casual dining and special occasions. The\r\nelegant decor, combined with the soothing music and attentive service, creates\r\na welcoming atmosphere where guests can relax and enjoy their meal. Whether\r\nyou\'re dining with family, friends, or colleagues, The Yellow Chilli provides a\r\nsetting that is both comfortable and sophisticated.<o:p></o:p></p><p class=\"MsoNormal\"><o:p>&nbsp;</o:p></p><h2>Exceptional Service</h2><p class=\"MsoNormal\">At The Yellow Chilli, exceptional service is a cornerstone\r\nof the dining experience. The staff is knowledgeable, friendly, and dedicated\r\nto ensuring that every guest has a memorable meal. From providing\r\nrecommendations on the menu to catering to specific dietary needs, the team at\r\nThe Yellow Chilli goes above and beyond to make sure that your dining\r\nexperience is nothing short of extraordinary.<o:p></o:p></p><p class=\"MsoNormal\"><o:p>&nbsp;</o:p></p><h2>A Commitment to Quality</h2><p class=\"MsoNormal\">Quality is at the heart of everything at The Yellow Chilli.\r\nThe restaurant takes great pride in using only the finest ingredients, sourced\r\nlocally and internationally, to prepare its dishes. This commitment to quality\r\nis evident in every bite, from the freshness of the vegetables to the\r\ntenderness of the meat. It\'s this dedication to excellence that has earned The\r\nYellow Chilli its reputation as the <a href=\"https://www.theyellowchilli.ca/\" target=\"_blank\">best Indian Restaurant in Surrey</a>.<o:p></o:p></p><p class=\"MsoNormal\"><o:p>&nbsp;</o:p></p><h2>Cultural Connections</h2><p class=\"MsoNormal\">Dining at The Yellow Chilli is also an opportunity to\r\nconnect with the rich cultural heritage of India. The restaurant frequently\r\nhosts events and celebrations that showcase Indian traditions, festivals, and\r\ncuisines. These events offer guests a chance to immerse themselves in the\r\nvibrant culture of India while enjoying some of the best food that Surrey has\r\nto offer.<o:p></o:p></p><p class=\"MsoNormal\"><o:p>&nbsp;</o:p></p><h2>Conclusion</h2><p class=\"MsoNormal\">For those seeking an authentic Indian dining experience in\r\nSurrey, The Yellow Chilli is the place to be. With its diverse menu, inviting\r\nambiance, exceptional service, and commitment to quality, it truly stands out\r\nas the premier Indian restaurant in the area. Whether you\'re a connoisseur of\r\nIndian cuisine or a first-time visitor, The Yellow Chilli promises a dining\r\nexperience that will leave you with a lasting impression of India\'s culinary\r\nexcellence.</p><p>\r\n\r\n\r\n\r\n\r\n\r\n\r\n\r\n\r\n\r\n\r\n\r\n\r\n\r\n\r\n\r\n\r\n\r\n\r\n\r\n\r\n\r\n\r\n\r\n\r\n\r\n\r\n\r\n\r\n\r\n\r\n\r\n\r\n\r\n\r\n\r\n\r\n\r\n\r\n\r\n\r\n\r\n\r\n\r\n\r\n\r\n</p><p class=\"MsoNormal\">Discover the flavors of India at The Yellow Chilli, and\r\nembark on a gastronomic journey that you won\'t soon forget.<o:p></o:p></p>', '1722262557509.png', NULL, 'exploring-the-finest-indian-restaurant-in-surrey-the-yellow-chilli', NULL, NULL, 'Exploring the Finest Indian Restaurant in Surrey: The Yellow Chilli', 'The Yellow Chilli stands out as the quintessential Indian Restaurant in Surrey, offering an unparalleled dining experience that captures the essence of India\'s rich culinary heritage.', NULL, 'a:0:{}', '2024-07-29 11:15:57', '2024-07-29 11:15:58'),
(29, 'Experience the Best Indian restaurant in Surrey: The Yellow Chilli', '<p class=\"MsoNormal\">When it comes to experiencing authentic and delightful\r\nIndian cuisine in Surrey, The Yellow Chilli stands out as the top\r\ndestination. Renowned for its exceptional dishes and unparalleled dining\r\nexperience, The Yellow Chilli has earned its reputation as the <a href=\"https://www.theyellowchilli.ca/\" target=\"_blank\">best Indian restaurant in Surrey</a>. Here’s why this culinary gem should be at the top of\r\nyour list.<o:p></o:p></p><p class=\"MsoNormal\"><b>A Legacy of Excellence<o:p></o:p></b></p><p class=\"MsoNormal\">The Yellow Chilli is part of a celebrated chain of\r\nrestaurants conceptualized by the world-renowned chef Sanjeev Kapoor. With a\r\nvision to offer a contemporary dining experience while staying true to\r\ntraditional Indian flavors, Chef Kapoor’s restaurants have become synonymous\r\nwith culinary excellence. In Surrey, The Yellow Chilli embodies this vision\r\nperfectly, providing a unique blend of innovation and tradition.<o:p></o:p></p><p class=\"MsoNormal\"><b>Exquisite Menu<o:p></o:p></b></p><p class=\"MsoNormal\">At The Yellow Chilli, the menu is a testament to the rich\r\nand diverse culinary heritage of India. From the northern plains to the\r\nsouthern coasts, each dish is crafted to perfection, capturing the essence of\r\nits region of origin. Some highlights include:<o:p></o:p></p><p class=\"MsoNormal\"><b>1. Appetizers<o:p></o:p></b></p><p class=\"MsoNormal\">Start your meal with a selection of mouth-watering\r\nappetizers. The Amritsari Fish Tikka, with its perfectly marinated and grilled\r\nfish, is a crowd favorite. For vegetarian options, the Dahi Ke Kebab offers a\r\ndelicious blend of yogurt and spices, fried to a golden crisp.<o:p></o:p></p><p class=\"MsoNormal\"><b>2. Main Courses<o:p></o:p></b></p><p class=\"MsoNormal\">The main course at The Yellow Chilli is a journey through\r\nIndia’s diverse culinary landscape. The robust flavors of Rogan Josh, a\r\nslow-cooked lamb curry from Kashmir, are sure to impress meat lovers. For those\r\nwho prefer vegetarian dishes, the Paneer Lababdar, with its rich and creamy\r\ntomato gravy, is a must-try.<o:p></o:p></p><p class=\"MsoNormal\"><b>3. Biryani and Rice<o:p></o:p></b></p><p class=\"MsoNormal\">No Indian meal is complete without biryani, and The Yellow\r\nChilli’s Dum Biryani is a masterpiece. Cooked with fragrant basmati rice and\r\naromatic spices, it’s available in both vegetarian and non-vegetarian options.\r\nAccompany it with their delectable Pulao or Steamed Rice for a perfect meal.<o:p></o:p></p><p class=\"MsoNormal\"><b>4. Breads and Accompaniments<o:p></o:p></b></p><p class=\"MsoNormal\">The variety of Indian breads at The Yellow Chilli\r\ncomplements the main dishes beautifully. From buttery Naans to flaky Parathas,\r\neach bread is freshly made to order. Don’t forget to try their signature Raita\r\nand Pickles, which add an extra layer of flavor to the meal.<o:p></o:p></p><p class=\"MsoNormal\"><b>5. Desserts<o:p></o:p></b></p><p class=\"MsoNormal\">End your culinary journey on a sweet note with their\r\nexquisite desserts. The Gulab Jamun, soaked in saffron-infused syrup, is a\r\nclassic favorite. For something unique, try the Gajar Halwa, a carrot-based\r\ndessert rich in flavors and textures.<o:p></o:p></p><p class=\"MsoNormal\"><b>Ambiance and Service<o:p></o:p></b></p><p class=\"MsoNormal\">The Yellow Chilli isn’t just about the food; it’s about the\r\nentire dining experience. The restaurant boasts a modern and elegant interior,\r\ncreating a warm and inviting atmosphere. Whether you’re dining with family,\r\nfriends, or on a special date, the ambiance sets the perfect tone for a\r\nmemorable meal.<o:p></o:p></p><p class=\"MsoNormal\">Moreover, the staff at The Yellow Chilli are dedicated to\r\nproviding exceptional service. Their knowledge of the menu, attentiveness, and\r\nwarm hospitality ensure that every guest feels welcomed and well taken care of.<o:p></o:p></p><p class=\"MsoNormal\"><b>Community and Innovation<o:p></o:p></b></p><p class=\"MsoNormal\">The Yellow Chilli also prides itself on being an integral\r\npart of the Surrey community. They frequently host culinary events, food\r\nfestivals, and special dining experiences that celebrate Indian culture and\r\ncuisine. Their commitment to innovation means that the menu is continually\r\nevolving, introducing new dishes and seasonal specials that keep diners coming\r\nback for more.<o:p></o:p></p><p class=\"MsoNormal\"><b>Visit The Yellow Chilli Today<o:p></o:p></b></p><p>\r\n\r\n\r\n\r\n\r\n\r\n\r\n\r\n\r\n\r\n\r\n\r\n\r\n\r\n\r\n\r\n\r\n\r\n\r\n\r\n\r\n\r\n\r\n\r\n\r\n\r\n\r\n\r\n\r\n\r\n\r\n\r\n\r\n\r\n\r\n\r\n\r\n\r\n\r\n\r\n\r\n\r\n</p><p class=\"MsoNormal\">For those searching for the <a href=\"https://www.theyellowchilli.ca/\" target=\"_blank\">best Indian restaurant in Surrey</a>, The Yellow Chilli is the ultimate destination. With its exquisite\r\nmenu, elegant ambiance, and exceptional service, it promises a dining\r\nexperience that is both authentic and unforgettable. Visit their website to\r\nexplore the menu, make a reservation, or order online for a taste of the finest\r\nIndian cuisine in Surrey. Whether you’re a long-time lover of Indian food or\r\nnew to its rich flavors, The Yellow Chilli is sure to become your favorite\r\nculinary haven.<o:p></o:p></p>', '1722859977601.png', NULL, 'experience-the-best-indian-restaurant-in-surrey-the-yellow-chilli', NULL, NULL, 'Experience the Best Indian restaurant in Surrey | The Yellow Chilli', 'For those searching for the best Indian restaurant in Surrey, The Yellow Chilli is the ultimate destination. With its exquisite menu, elegant ambiance, and exceptional service, it promises a dining experience that is both authentic and unforgettable.', NULL, 'a:0:{}', '2024-08-05 09:12:57', '2024-08-05 09:12:58'),
(30, 'Discover Exceptional Indian catering in Surrey with The Yellow Chilli', '<p class=\"MsoNormal\">Surrey is a vibrant city with a rich cultural tapestry, and\r\none of the most delightful aspects of this diversity is the culinary variety\r\navailable. Among the many gastronomic treasures, Indian cuisine stands out for\r\nits rich flavors, aromatic spices, and diverse dishes. For those in Surrey\r\nlooking to host an event with a touch of Indian culinary excellence, The\r\nYellow Chilli offers unparalleled Indian catering services that promise to\r\nelevate any occasion.<o:p></o:p></p><h2><b>The Yellow Chilli: A Culinary Gem in Surrey</b></h2><p class=\"MsoNormal\">The Yellow Chilli, a renowned name in Indian dining, brings\r\nthe best of Indian cuisine to Surrey. With a menu curated by the celebrated\r\nchef Sanjeev Kapoor, the restaurant is known for its innovative and authentic\r\ndishes that capture the essence of India\'s culinary heritage. When it comes to\r\ncatering, The Yellow Chilli goes above and beyond to deliver a memorable dining\r\nexperience.<o:p></o:p></p><h2><b>Why Choose Indian catering in Surrey?</b></h2><p class=\"MsoNormal\">Indian catering is not just about providing food; it\'s about\r\ncreating an experience. Whether it\'s a wedding, corporate event, birthday\r\nparty, or any other special occasion, Indian catering can transform your event\r\ninto a culinary celebration. Here are some reasons why <a href=\"https://www.theyellowchilli.ca/\" target=\"_blank\">Indian catering in Surrey</a>, particularly from The Yellow Chilli, is an excellent choice:<o:p></o:p></p><p class=\"MsoNormal\"><b>1. Diverse Menu Options<o:p></o:p></b></p><p class=\"MsoNormal\">Indian cuisine is incredibly diverse, offering a plethora of\r\nvegetarian and non-vegetarian options. From rich curries and succulent kebabs\r\nto aromatic biryanis and delectable desserts, there is something for everyone.\r\nThe Yellow Chilli’s catering menu is thoughtfully designed to include a variety\r\nof dishes that cater to different tastes and dietary preferences.<o:p></o:p></p><p class=\"MsoNormal\"><b>2. Authentic Flavors<o:p></o:p></b></p><p class=\"MsoNormal\">The authenticity of flavors is what sets Indian cuisine\r\napart. The Yellow Chilli uses traditional recipes and fresh ingredients to\r\nensure that each dish bursts with the genuine taste of India. Their skilled\r\nchefs are adept at balancing the spices and flavors, making every bite a\r\ndelightful experience.<o:p></o:p></p><p class=\"MsoNormal\"><b>3. Customization and Flexibility<o:p></o:p></b></p><p class=\"MsoNormal\">One of the standout features of The Yellow Chilli\'s catering\r\nservice is its flexibility. They understand that every event is unique and\r\noffer customized catering solutions to meet the specific needs of your event.\r\nWhether you need a live chaat counter, a tandoori station, or a full-course\r\nbuffet, The Yellow Chilli can tailor their services to match your vision.<o:p></o:p></p><p class=\"MsoNormal\"><b>4. Professional Service<o:p></o:p></b></p><p class=\"MsoNormal\">Beyond the delicious food, The Yellow Chilli prides itself\r\non its professional service. From the initial consultation to the execution on\r\nthe day of the event, their team is dedicated to ensuring that everything runs\r\nsmoothly. Their attention to detail and commitment to excellence make them a\r\npreferred choice for Indian catering in Surrey.<o:p></o:p></p><h2><b>Catering for All Occasions</b></h2><p class=\"MsoNormal\">No matter the size or nature of your event, The Yellow\r\nChilli can provide catering services that exceed your expectations. Their\r\nexpertise extends to various types of events:<o:p></o:p></p><ul style=\"margin-top:0cm\" type=\"disc\">\r\n <li><b>Weddings</b>:\r\n     Make your special day even more memorable with a grand Indian feast.<o:p></o:p></li><li><b>Corporate\r\n     Events</b>: Impress your clients and colleagues with a sophisticated and\r\n     flavorful menu.<o:p></o:p></li><li><b>Private\r\n     Parties</b>: Whether it\'s a birthday, anniversary, or any other\r\n     celebration, their catering can add a touch of elegance and flavor.<o:p></o:p></li><li><b>Festivals\r\n     and Cultural Events</b>: Celebrate your cultural heritage with traditional\r\n     Indian dishes that bring everyone together.<o:p></o:p></li>\r\n \r\n \r\n </ul><ul style=\"margin-top:0cm\" type=\"disc\">\r\n</ul><h2><b>Book Your Catering Today</b></h2><p class=\"MsoNormal\">For those seeking top-notch <a href=\"https://www.theyellowchilli.ca/\" target=\"_blank\">Indian catering in Surrey</a>,\r\nThe Yellow Chilli is the go-to destination. Their commitment to quality,\r\nauthentic flavors, and exceptional service ensures that your event will be a\r\nculinary success. Visit their website or contact them directly to discuss your\r\ncatering needs and let them bring the vibrant flavors of India to your next\r\nevent. With The Yellow Chilli, you can be assured of a dining experience that\r\nyour guests will talk about long after the event is over.<o:p></o:p></p><p>\r\n\r\n\r\n\r\n\r\n\r\n\r\n\r\n\r\n\r\n\r\n\r\n\r\n\r\n\r\n\r\n\r\n\r\n\r\n\r\n\r\n\r\n\r\n\r\n\r\n\r\n\r\n\r\n\r\n\r\n\r\n\r\n\r\n\r\n\r\n\r\n</p><p class=\"MsoNormal\">Experience the best of Indian cuisine with The Yellow\r\nChilli\'s catering services in Surrey and make your event truly unforgettable.<o:p></o:p></p>', '1722860349208.png', NULL, 'discover-exceptional-indian-catering-in-surrey-with-the-yellow-chilli', NULL, NULL, NULL, NULL, NULL, 'a:0:{}', '2024-08-05 09:19:09', '2024-08-05 09:21:10');
INSERT INTO `posts` (`id`, `title`, `description`, `image`, `alt`, `slug`, `btn_name`, `btn_link`, `meta_title`, `meta_description`, `meta_keyword`, `s_data`, `created_at`, `updated_at`) VALUES
(32, 'Indian Catering in Surrey: Elevate Your Event with The Yellow Chilli', '<p class=\"MsoNormal\">When it comes to hosting an event, whether it’s a wedding,\r\ncorporate gathering, or an intimate family function, the food you serve can\r\nmake or break the experience for your guests. In a diverse and vibrant\r\ncommunity like Surrey, where multiculturalism is celebrated, the demand for\r\nauthentic and flavorful cuisine is always high. If you’re looking to offer your\r\nguests a truly remarkable dining experience, look no further than <a href=\"https://www.theyellowchilli.ca/\" target=\"_blank\">Indian Catering in Surrey</a> provided by The Yellow Chilli.<o:p></o:p></p><h2><b>The Art of Indian Catering</b></h2><p class=\"MsoNormal\">Indian cuisine is more than just food—it\'s an experience\r\nrich in tradition, history, and flavor. The Yellow Chilli, a renowned name in\r\nIndian dining, takes this experience to the next level by offering top-notch\r\ncatering services in Surrey. With a menu curated by Master Chef Sanjeev Kapoor,\r\none of India’s most celebrated chefs, The Yellow Chilli brings the best of\r\nIndia’s diverse culinary landscape to your table.<o:p></o:p></p><p class=\"MsoNormal\">Whether you’re planning a small gathering or a large-scale\r\nevent, <a href=\"https://www.theyellowchilli.ca/\" target=\"_blank\">Indian Catering in Surrey</a> from The Yellow Chilli ensures that\r\nyour guests are treated to a feast they won’t soon forget. From appetizers to\r\ndesserts, every dish is prepared with the utmost care, using the finest\r\ningredients and authentic recipes that have been passed down through\r\ngenerations.<o:p></o:p></p><h2><b>A Menu Tailored to Your Event</b></h2><p class=\"MsoNormal\">One of the standout features of The Yellow Chilli’s catering\r\nservice is its flexibility. The team understands that every event is unique,\r\nand so are the culinary needs. Whether your guests are vegetarians, meat\r\nlovers, or somewhere in between, The Yellow Chilli offers a wide range of\r\ndishes that cater to all tastes and preferences.<o:p></o:p></p><p class=\"MsoNormal\">For starters, you can choose from a variety of appetizers\r\nlike <b>Paneer Tikka</b>, <b>Aloo Chaat</b>, and <b>Chicken Malai Tikka</b>\r\nthat perfectly set the tone for the feast to follow. Moving on to the main\r\ncourse, The Yellow Chilli offers a selection of traditional Indian curries,\r\nbiryanis, and tandoori specialties. Signature dishes like <b>Butter Chicken</b>,\r\n<b>Rogan Josh</b>, and <b>Dal Makhani</b> are guaranteed to be crowd-pleasers.\r\nFor those with a sweet tooth, the dessert menu offers classic options like <b>Gulab\r\nJamun</b>, <b>Rasmalai</b>, and <b>Kheer</b>.<o:p></o:p></p><p class=\"MsoNormal\">In addition to the extensive menu, The Yellow Chilli’s team\r\nis also open to customizing dishes to suit the specific preferences of your\r\nguests. This personalized approach ensures that every dish not only meets but\r\nexceeds your expectations.<o:p></o:p></p><h2><b>Professional Service with a Personal Touch</b></h2><p class=\"MsoNormal\">What sets The Yellow Chilli apart from other catering\r\nservices is its commitment to providing professional service with a personal\r\ntouch. The experienced catering team works closely with you to understand your\r\nvision for the event, offering suggestions and making adjustments as needed to\r\nensure everything runs smoothly on the day.<o:p></o:p></p><p class=\"MsoNormal\">From the moment you start planning to the final bite of\r\ndessert, The Yellow Chilli’s team is dedicated to delivering a seamless\r\ncatering experience. They handle everything from food preparation to setup,\r\nallowing you to focus on enjoying the event with your guests.<o:p></o:p></p><h2><b>Why Choose The Yellow Chilli for Indian Catering in\r\nSurrey?</b></h2><p class=\"MsoNormal\">Choosing The Yellow Chilli for your <a href=\"https://www.theyellowchilli.ca/\" target=\"_blank\">Indian Catering in Surrey</a> means opting for quality, authenticity, and excellence. With a\r\nreputation built on years of culinary expertise and a passion for Indian\r\ncuisine, The Yellow Chilli ensures that your event is memorable for all the\r\nright reasons.<o:p></o:p></p><p>\r\n\r\n\r\n\r\n\r\n\r\n\r\n\r\n\r\n\r\n\r\n\r\n\r\n\r\n\r\n\r\n\r\n\r\n\r\n\r\n\r\n\r\n\r\n\r\n\r\n\r\n</p><p class=\"MsoNormal\">So, if you’re looking to impress your guests with delicious\r\nand authentic Indian cuisine, trust The Yellow Chilli to deliver a catering\r\nexperience that will leave everyone raving. Contact them today to start\r\nplanning your next event and discover how they can elevate your celebration\r\nwith their exceptional Indian catering services in Surrey.<o:p></o:p></p>', '1724154648303.png', NULL, 'indian-catering-in-surrey-elevate-your-event-with-the-yellow-chilli', NULL, NULL, 'Indian Catering in Surrey: Elevate Your Event with The Yellow Chilli', 'If you’re looking to offer your guests a truly remarkable dining experience, look no further than Indian Catering in Surrey provided by The Yellow Chilli.', NULL, 'a:0:{}', '2024-08-20 08:50:48', '2024-08-20 08:50:48'),
(33, 'Exceptional Indian Catering in Surrey: Why Choose The Yellow Chilli?', '<p class=\"MsoNormal\">When it comes to hosting a memorable event, the quality of\r\nfood can make all the difference. Whether you\'re planning a wedding, corporate\r\nevent, or intimate gathering, The Yellow Chilli offers premium <a href=\"https://www.theyellowchilli.ca/\" target=\"_blank\">Indian Catering in Surrey</a> that elevates every occasion. Known for its rich\r\nflavors, authentic recipes, and impeccable service, The Yellow Chilli is the\r\ntop choice for anyone looking to bring the vibrant taste of India to their\r\nevent.<o:p></o:p></p><p class=\"MsoNormal\">Here’s why The Yellow Chilli is the best option for Indian\r\nCatering in Surrey:<o:p></o:p></p><p class=\"MsoNormal\"><b>1. Authentic Indian Flavors with a Modern Twist<o:p></o:p></b></p><p class=\"MsoNormal\">The Yellow Chilli, inspired by the world-renowned Chef\r\nSanjeev Kapoor, brings a perfect blend of traditional Indian cuisine and modern\r\nculinary techniques to every dish. Their menu features an array of regional\r\nIndian delicacies that cater to a wide range of tastes. From rich butter\r\nchicken to aromatic biryanis and flavorful vegetarian dishes, The Yellow\r\nChilli’s catering service offers a versatile menu that ensures every guest can\r\nfind something they love.<o:p></o:p></p><p class=\"MsoNormal\"><b>2. Customized Catering Menus for Every Occasion<o:p></o:p></b></p><p class=\"MsoNormal\">No two events are alike, and The Yellow Chilli understands\r\nthat. Their catering team works closely with clients to customize menus that\r\nsuit the theme, size, and dietary preferences of the event. Whether you\'re\r\nhosting a large-scale wedding with hundreds of guests or a small family\r\ngathering, their experienced chefs create a tailored menu that perfectly fits\r\nyour vision. The ability to personalize your menu makes The Yellow Chilli a\r\nleading choice for Indian Catering in Surrey.<o:p></o:p></p><p class=\"MsoNormal\"><b>3. Fresh, High-Quality Ingredients<o:p></o:p></b></p><p class=\"MsoNormal\">Quality is at the heart of every dish prepared by The Yellow\r\nChilli. They use only the freshest ingredients, sourced locally and\r\ninternationally, to create dishes that burst with flavor. Their dedication to\r\nusing premium-quality meats, fresh vegetables, and authentic Indian spices\r\nensures that every meal not only tastes great but also reflects the richness of\r\nIndian cuisine. The combination of fresh ingredients and skilled preparation\r\nresults in dishes that are both delicious and visually appealing.<o:p></o:p></p><p class=\"MsoNormal\"><b>4. Professional and Efficient Service<o:p></o:p></b></p><p class=\"MsoNormal\">Alongside its delectable food, The Yellow Chilli is known\r\nfor its exceptional service. Their catering team is experienced, friendly, and\r\nprofessional, ensuring that your event runs smoothly from start to finish. They\r\nhandle everything from setup to cleanup, allowing you to focus on enjoying your\r\nevent. The team’s attention to detail and dedication to customer satisfaction\r\nensures that your guests are treated to an unforgettable dining experience.<o:p></o:p></p><p class=\"MsoNormal\"><b>5. Versatility for All Dietary Needs<o:p></o:p></b></p><p class=\"MsoNormal\">The Yellow Chilli’s <a href=\"https://www.theyellowchilli.ca/\" target=\"_blank\">Indian Catering in Surrey</a> caters\r\nto a diverse range of dietary preferences and requirements. Whether you have\r\nguests who are vegetarian, vegan, gluten-free, or have specific food allergies,\r\nthe catering team is equipped to provide delicious options that accommodate all\r\nneeds. This flexibility makes The Yellow Chilli a perfect choice for events\r\nwhere you need to cater to varied tastes and dietary restrictions.<o:p></o:p></p><p class=\"MsoNormal\"><b>6. A Touch of Elegance to Every Event<o:p></o:p></b></p><p class=\"MsoNormal\">Indian cuisine is not only about taste—it’s about\r\npresentation, tradition, and culture. The Yellow Chilli prides itself on\r\ndelivering beautifully presented dishes that add a touch of elegance to your\r\nevent. Their stunning displays and vibrant dishes create a feast for the eyes,\r\nmaking your catering stand out as an essential part of the celebration.<o:p></o:p></p><p class=\"MsoNormal\"><b>Conclusion<o:p></o:p></b></p><p>\r\n\r\n\r\n\r\n\r\n\r\n\r\n\r\n\r\n\r\n\r\n\r\n\r\n\r\n\r\n\r\n\r\n\r\n\r\n\r\n\r\n\r\n\r\n\r\n\r\n\r\n\r\n\r\n\r\n\r\n</p><p class=\"MsoNormal\">When looking for the best <a href=\"https://www.theyellowchilli.ca/\" target=\"_blank\">Indian Catering in Surrey</a>,\r\nThe Yellow Chilli is a top contender. With its authentic flavors, personalized\r\nservice, and high-quality ingredients, The Yellow Chilli brings the vibrant\r\nspirit of Indian cuisine to any event. Whether you\'re planning a wedding,\r\ncorporate function, or private gathering, you can trust The Yellow Chilli to\r\nprovide an exceptional catering experience that your guests will rave about.\r\nContact The Yellow Chilli today to make your event an unforgettable culinary\r\njourney!<o:p></o:p></p>', '1725866169434.png', NULL, 'exceptional-indian-catering-in-surrey-why-choose-the-yellow-chilli', NULL, NULL, NULL, NULL, NULL, 'a:0:{}', '2024-09-09 04:16:09', '2024-09-09 04:16:09'),
(35, 'Indian Catering in Surrey: Why The Yellow Chilli is Your Best Choice', '<p class=\"MsoNormal\">When it comes to finding high-quality Indian catering in\r\nSurrey, few options compare to The Yellow Chilli. With its rich menu offerings\r\nand an expert team led by renowned chef Sanjeev Kapoor, this restaurant brings\r\na unique and flavorful experience to your catered events. Whether you\'re\r\nplanning a wedding, corporate event, or a family gathering, The Yellow Chilli\r\noffers a catering service that takes Indian cuisine to the next level. Let’s\r\nexplore what makes The Yellow Chilli the best option for Indian catering in\r\nSurrey.<o:p></o:p></p><p class=\"MsoNormal\"><b>A Menu that Celebrates Authentic Indian Flavors<o:p></o:p></b></p><p class=\"MsoNormal\">One of the key elements that sets The Yellow Chilli apart\r\nfrom other Indian catering options in Surrey is its diverse menu. Rooted in\r\nauthentic Indian cuisine, The Yellow Chilli’s menu celebrates both traditional\r\nand contemporary dishes. From savory street food to rich curries, the culinary\r\nteam uses fresh, high-quality ingredients to craft memorable meals.<o:p></o:p></p><p class=\"MsoNormal\">Whether you\'re looking for flavorful appetizers like paneer\r\ntikka and samosas or crave main dishes like butter chicken, lamb rogan josh,\r\nand dal makhani, the catering options are endless. For vegetarian and vegan\r\nclients, The Yellow Chilli ensures plenty of options to suit dietary\r\npreferences without compromising on taste.<o:p></o:p></p><p class=\"MsoNormal\"><b>Customizable Catering Solutions<o:p></o:p></b></p><p class=\"MsoNormal\">Planning an event can be overwhelming, and one size rarely\r\nfits all. That\'s why The Yellow Chilli offers fully customizable catering\r\npackages to meet your unique needs. From intimate gatherings to large-scale\r\nevents, their team is committed to tailoring the menu and service to fit your\r\nbudget and theme. Whether you need a simple buffet or an elaborate multi-course\r\nmeal, The Yellow Chilli delivers with precision and expertise.<o:p></o:p></p><p class=\"MsoNormal\">The chefs work closely with clients to ensure that each menu\r\nis carefully curated, providing not only popular Indian dishes but also\r\nspecialty items that you may request. With the flexibility to adjust spice\r\nlevels and dietary restrictions, The Yellow Chilli makes sure that your\r\ncatering is a perfect match for your event.<o:p></o:p></p><p class=\"MsoNormal\"><b>Impeccable Service and Presentation<o:p></o:p></b></p><p class=\"MsoNormal\">Exceptional food is only one part of the catering\r\nexperience. The presentation and service are just as important, and The Yellow\r\nChilli excels in both. Their catering team is known for providing timely and\r\nprofessional service, ensuring that your event runs smoothly. From the moment\r\nthey arrive until the final course is served, you can count on seamless\r\nexecution and top-notch hospitality.<o:p></o:p></p><p class=\"MsoNormal\">The Yellow Chilli team goes above and beyond in\r\npresentation, making sure the food not only tastes great but also looks\r\nvisually appealing. Dishes are served elegantly, adding an extra touch of\r\nsophistication to your event, whether it’s a grand wedding or a business\r\nfunction.<o:p></o:p></p><p class=\"MsoNormal\"><b>Unmatched Expertise by Chef Sanjeev Kapoor<o:p></o:p></b></p><p class=\"MsoNormal\">What makes The Yellow Chilli stand out even more is the\r\nculinary expertise behind the scenes. As part of a global chain of restaurants\r\nfounded by celebrated chef Sanjeev Kapoor, The Yellow Chilli is synonymous with\r\ninnovation and excellence in Indian cuisine. Chef Kapoor is a household name in\r\nthe culinary world, known for his ability to blend traditional flavors with\r\nmodern cooking techniques. His influence ensures that every dish served by The\r\nYellow Chilli offers an authentic and unique Indian dining experience.<o:p></o:p></p><p class=\"MsoNormal\"><b>Conclusion<o:p></o:p></b></p><p>\r\n\r\n\r\n\r\n\r\n\r\n\r\n\r\n\r\n\r\n\r\n\r\n\r\n\r\n\r\n\r\n\r\n\r\n\r\n\r\n\r\n\r\n\r\n\r\n\r\n\r\n</p><p class=\"MsoNormal\">For anyone looking for exceptional <a href=\"https://www.theyellowchilli.ca/\" target=\"_blank\">Indian catering in Surrey</a>, The Yellow Chilli offers an unmatched combination of delicious\r\nfood, customizable service, and professional execution. With a menu that\r\ncelebrates the rich diversity of Indian cuisine, attention to detail in\r\npresentation, and a dedicated team of chefs and staff, your event is sure to be\r\na hit. Whether you’re hosting a small gathering or a large celebration, The\r\nYellow Chilli’s catering service promises to deliver a memorable and flavorful\r\nexperience for you and your guests.<o:p></o:p></p>', '1726144301446.png', NULL, 'indian-catering-in-surrey-why-the-yellow-chilli-is-your-best-choice', NULL, NULL, NULL, NULL, NULL, 'a:0:{}', '2024-09-12 09:31:41', '2024-09-12 09:31:42'),
(36, 'Discover the Best Indian Cuisine in Surrey at The Yellow Chilli', '<p class=\"MsoNormal\">When it comes to experiencing the rich flavors of Indian\r\ncuisine, The Yellow Chilli stands out as a culinary gem in Surrey. Offering a\r\ndiverse range of traditional and modern Indian dishes, this restaurant has\r\nearned a reputation as the go-to spot for food lovers searching for the <a href=\"https://www.theyellowchilli.ca/\" target=\"_blank\">best Indian cuisine in Surrey</a>.<o:p></o:p></p><p class=\"MsoNormal\"><b>A Taste of India in Every Bite<o:p></o:p></b></p><p class=\"MsoNormal\">At The Yellow Chilli, every dish is crafted with precision\r\nand passion, providing a true taste of India. From spicy curries to flavorful\r\nbiryanis, the menu is designed to cater to all palates, whether you prefer mild\r\nflavors or enjoy a more fiery experience. What sets The Yellow Chilli apart is\r\nits focus on bringing authentic Indian recipes to life while also incorporating\r\nmodern twists that delight and surprise.<o:p></o:p></p><p class=\"MsoNormal\">Chef Sanjeev Kapoor, a celebrated name in the Indian\r\nculinary world, is the mastermind behind the menu at The Yellow Chilli. His\r\ninnovative approach to traditional Indian recipes ensures that each dish offers\r\nsomething unique. You’ll find both classic staples and contemporary creations,\r\neach made with the freshest ingredients and aromatic spices that transport you\r\nto the heart of India.<o:p></o:p></p><p class=\"MsoNormal\"><b>A Menu that Celebrates Diversity<o:p></o:p></b></p><p class=\"MsoNormal\">One of the key elements that make The Yellow Chilli the best\r\nIndian cuisine in Surrey is its wide-ranging menu. Whether you\'re craving\r\nvegetarian dishes, seafood, or succulent meats, there\'s something for everyone.<o:p></o:p></p><p class=\"MsoNormal\">For starters, the <b>Paneer Tikka</b> and <b>Chicken Malai\r\nTikka</b> are crowd favorites. These appetizers perfectly balance spice and\r\ncreaminess, preparing your taste buds for the meal ahead.</p><p class=\"MsoNormal\">Main courses at The Yellow Chilli showcase the depth of\r\nIndian cuisine. The <b>Butter Chicken</b> is a must-try for anyone looking to\r\nsavor a comforting, rich curry, while the <b>Lamb Rogan Josh</b> provides a\r\nmore robust flavor profile for those who enjoy tender, slow-cooked meat in\r\naromatic spices. For vegetarians, the <b>Dal Makhani</b> and <b>Palak Paneer</b>\r\nare popular choices, both offering bold, satisfying flavors without meat.<o:p></o:p></p><p class=\"MsoNormal\"><b>Traditional Breads and Rice to Complete the Meal<o:p></o:p></b></p><p class=\"MsoNormal\">No Indian meal is complete without a side of freshly baked\r\nbread or fragrant rice. The Yellow Chilli offers a selection of <b>Naan</b>, <b>Roti</b>,\r\nand <b>Paratha</b> that pair perfectly with their flavorful curries. For rice\r\nlovers, the <b>Biryani</b> options are a highlight, especially the <b>Chicken\r\nBiryani</b> and <b>Vegetable Biryani</b>, both of which are cooked with saffron\r\nand aromatic spices to give that signature taste and aroma.<o:p></o:p></p><p class=\"MsoNormal\"><b>A Dining Experience to Remember<o:p></o:p></b></p><p class=\"MsoNormal\">Dining at The Yellow Chilli is not just about the food—it’s\r\nan experience. The restaurant boasts a welcoming atmosphere with elegant décor,\r\nmaking it a perfect spot for family dinners, date nights, or celebrations. The\r\nattentive staff adds to the overall experience, ensuring that every guest feels\r\nvalued and well taken care of.<o:p></o:p></p><p class=\"MsoNormal\"><b>Conveniently Located in Surrey<o:p></o:p></b></p><p class=\"MsoNormal\">If you\'re looking for the best Indian cuisine in Surrey, The\r\nYellow Chilli is conveniently located and easily accessible. Whether you’re\r\nplanning a dine-in experience or prefer to take your meal to go, the restaurant\r\ncaters to your needs with online ordering options available through their\r\nwebsite.<o:p></o:p></p><p class=\"MsoNormal\"><b>Conclusion<o:p></o:p></b></p><p>\r\n\r\n\r\n\r\n\r\n\r\n\r\n\r\n\r\n\r\n\r\n\r\n\r\n\r\n\r\n\r\n\r\n\r\n\r\n\r\n\r\n\r\n\r\n\r\n\r\n\r\n\r\n\r\n\r\n\r\n</p><p class=\"MsoNormal\">For those in Surrey seeking an authentic and unforgettable\r\nIndian dining experience, The Yellow Chilli is the place to be. With its\r\ndiverse menu, quality ingredients, and impeccable service, it truly represents\r\nthe <a href=\"https://www.theyellowchilli.ca/\" target=\"_blank\">best Indian cuisine in Surrey</a>. Whether you’re a longtime fan of Indian food\r\nor trying it for the first time, The Yellow Chilli guarantees a meal you’ll\r\nremember.<o:p></o:p></p>', '1726144424362.png', NULL, 'discover-the-best-indian-cuisine-in-surrey-at-the-yellow-chilli', NULL, NULL, NULL, NULL, NULL, 'a:0:{}', '2024-09-12 09:33:44', '2024-09-12 09:36:12'),
(37, 'Discover the Best Punjabi Food in Surrey at The Yellow Chilli', '<p class=\"MsoNormal\">If you’re searching for the <a href=\"https://www.theyellowchilli.ca/\" target=\"_blank\">best Punjabi food in Surrey</a>,\r\nlook no further than The Yellow Chilli. This popular restaurant brings the\r\nrich, aromatic flavors of Punjab straight to your plate, offering an\r\nunparalleled dining experience that captures the essence of North Indian\r\ncuisine. From savory appetizers to mouth-watering main courses and delectable\r\ndesserts, The Yellow Chilli offers an extensive menu that celebrates the\r\nvibrant culinary heritage of Punjab.<o:p></o:p></p><p class=\"MsoNormal\"><b>A Taste of Authentic Punjabi Flavors<o:p></o:p></b></p><p class=\"MsoNormal\">Punjabi cuisine is renowned for its bold flavors, generous\r\nuse of spices, and a variety of cooking techniques that bring out the best in\r\nevery dish. At The Yellow Chilli, the chefs pay homage to this tradition by\r\nusing authentic ingredients and time-honored recipes to create dishes that are\r\nboth comforting and exciting. Whether you are a fan of rich curries, smoky\r\ntandoori delights, or the signature butter chicken, every item on the menu is\r\ncrafted to perfection, ensuring a true Punjabi experience.<o:p></o:p></p><p class=\"MsoNormal\"><b>Signature Dishes You Must Try<o:p></o:p></b></p><p class=\"MsoNormal\">When you visit The Yellow Chilli, make sure to start your\r\nmeal with their signature appetizers like <i>Chicken Tikka</i> or <i>Paneer\r\nTikka</i>. These dishes are marinated with a blend of spices and cooked\r\nto perfection in a tandoor, giving them a unique smoky flavor. For the main\r\ncourse, the <i>Butter Chicken</i> is a must-try. This classic dish, featuring\r\ntender chicken pieces cooked in a creamy tomato-based sauce, is a perfect blend\r\nof savory and tangy flavors that will leave you wanting more.<o:p></o:p></p><p class=\"MsoNormal\">Another popular dish is the <i>Dal Makhani</i>, a rich and\r\ncreamy lentil dish that is slow-cooked for hours to achieve its characteristic\r\nvelvety texture and deep flavor. Pair it with freshly baked naan or a steaming\r\nbowl of basmati rice for a complete meal. For those who prefer something\r\nspicier, the <i>Rogan Josh</i> is a great choice. This aromatic lamb dish,\r\nsimmered with a blend of spices and herbs, is sure to tantalize your taste\r\nbuds.<o:p></o:p></p><p class=\"MsoNormal\"><b>A Culinary Journey Like No Other<o:p></o:p></b></p><p class=\"MsoNormal\">What sets The Yellow Chilli apart is their commitment to\r\noffering not just food, but a complete culinary experience. The restaurant’s\r\nelegant yet cozy ambiance, coupled with the warm hospitality of the staff,\r\nmakes it a perfect place for family dinners, romantic dates, or even business\r\nmeetings. Each dish is presented with great attention to detail, making your\r\ndining experience visually appealing as well as satisfying to the palate.<o:p></o:p></p><p class=\"MsoNormal\"><b>Perfect for Any Occasion<o:p></o:p></b></p><p class=\"MsoNormal\">Whether you’re planning a casual lunch, a festive dinner, or\r\na special celebration, The Yellow Chilli is the place to be. Their menu also\r\nincludes a variety of vegetarian and vegan options, ensuring that everyone can\r\nfind something they love. And if you’re in the mood for something sweet, don’t\r\nmiss their delightful dessert offerings like <i>Gulab Jamun</i> and <i>Ras\r\nMalai</i>.<o:p></o:p></p><p class=\"MsoNormal\"><b>Experience the Best Punjabi Food in Surrey Today<o:p></o:p></b></p><p>\r\n\r\n\r\n\r\n\r\n\r\n\r\n\r\n\r\n\r\n\r\n\r\n\r\n\r\n\r\n\r\n\r\n\r\n\r\n\r\n\r\n\r\n</p><p class=\"MsoNormal\">The Yellow Chilli is more than just a restaurant—it’s a\r\ncelebration of Punjabi culture and cuisine. Their commitment to quality,\r\nauthenticity, and customer satisfaction has earned them a reputation as the\r\ngo-to destination for the best Punjabi food in Surrey. So, why wait? Visit The\r\nYellow Chilli today and embark on a flavorful journey through the heart of\r\nPunjab, right here in Surrey. Whether you’re a long-time fan of Punjabi cuisine\r\nor a curious first-timer, you’re sure to leave with a satisfied heart and a\r\nhappy stomach!<o:p></o:p></p>', '1726833693367.png', NULL, 'discover-the-best-punjabi-food-in-surrey-at-the-yellow-chilli', NULL, NULL, 'Discover the Best Punjabi Food in Surrey at The Yellow Chilli', NULL, NULL, 'a:0:{}', '2024-09-20 09:01:33', '2024-09-20 09:01:33'),
(38, 'Elevate Your Event with the Best Indian Catering in Surrey: The Yellow Chilli', '<p class=\"MsoNormal\">When it comes to hosting a memorable event, the food you\r\nserve plays a crucial role in leaving a lasting impression on your guests. If\r\nyou’re looking for the <a href=\"https://www.theyellowchilli.ca/\" target=\"_blank\">Best Indian Catering in Surrey</a>, look no further\r\nthan The Yellow Chilli. Known for its exceptional service and authentic Indian\r\nflavors, The Yellow Chilli offers a catering experience that transforms any\r\ngathering into a gastronomic celebration.<o:p></o:p></p><p class=\"MsoNormal\"><b>A Perfect Blend of Tradition and Innovation<o:p></o:p></b></p><p class=\"MsoNormal\">The Yellow Chilli is synonymous with high-quality Indian\r\ncuisine that combines traditional recipes with contemporary flair. Whether\r\nyou’re hosting a wedding, corporate event, birthday party, or any other\r\ncelebration, their catering service brings the same level of excellence and\r\ncreativity that the restaurant is famous for. With a diverse menu that includes\r\na variety of vegetarian and non-vegetarian dishes, appetizers, main courses,\r\nand desserts, The Yellow Chilli caters to all tastes and dietary preferences.<o:p></o:p></p><p class=\"MsoNormal\"><b>Customized Menus to Suit Your Event<o:p></o:p></b></p><p class=\"MsoNormal\">One of the standout features of The Yellow Chilli’s catering\r\nservice is its ability to create customized menus tailored to the unique needs\r\nof your event. Their experienced chefs work closely with you to understand your\r\npreferences and requirements, ensuring that each dish reflects your personal\r\ntaste and the theme of your event. From classic Indian appetizers like <i>Paneer\r\nTikka</i> and <i>Chicken Tikka</i> to sumptuous main courses like <i>Butter\r\nChicken</i>, <i>Rogan Josh</i>, and <i>Dal Makhani</i>, every item is prepared\r\nusing fresh, high-quality ingredients that capture the rich and diverse flavors\r\nof Indian cuisine.<o:p></o:p></p><p class=\"MsoNormal\"><b>Why Choose The Yellow Chilli for Indian Catering in\r\nSurrey?<o:p></o:p></b></p><p class=\"MsoNormal\"><b>1. Authentic Flavors<o:p></o:p></b></p><p class=\"MsoNormal\">The Yellow Chilli is committed to delivering the authentic\r\ntaste of India, with each dish crafted using traditional recipes and\r\ntechniques. Their chefs bring years of experience and a passion for Indian\r\ncuisine, ensuring that every bite is a true reflection of India’s rich culinary\r\nheritage.<o:p></o:p></p><p class=\"MsoNormal\"><b>2. Exceptional Service<o:p></o:p></b></p><p class=\"MsoNormal\">The team at The Yellow Chilli understands the importance of\r\nimpeccable service when it comes to catering. They go above and beyond to\r\nensure that your event runs smoothly, from timely delivery and setup to\r\nprofessional staff who can manage everything, allowing you to focus on enjoying\r\nyour event.<o:p></o:p></p><p class=\"MsoNormal\"><b style=\"font-size: 0.875rem;\">The Perfect Solution for Any Occasion</b><br></p><p class=\"MsoNormal\">No matter the size or type of event, The Yellow Chilli’s\r\ncatering service in Surrey is the perfect solution for those who want to\r\nprovide their guests with an unforgettable culinary experience. Their attention\r\nto detail, commitment to quality, and passion for Indian cuisine make them a\r\ntop choice for catering in the area.<o:p></o:p></p><p class=\"MsoNormal\"><b>Make Your Next Event Unforgettable<o:p></o:p></b></p><p>\r\n\r\n\r\n\r\n\r\n\r\n\r\n\r\n\r\n\r\n\r\n\r\n\r\n\r\n\r\n\r\n\r\n\r\n\r\n\r\n\r\n\r\n\r\n\r\n\r\n\r\n\r\n\r\n\r\n\r\n\r\n\r\n\r\n\r\n</p><p class=\"MsoNormal\">Choosing the right catering service can make all the\r\ndifference in the success of your event. With The Yellow Chilli’s Indian\r\ncatering in Surrey, you can rest assured that your guests will be treated to a\r\nfeast of flavors that they’ll remember long after the event is over. So,\r\nwhether you’re planning a wedding, a corporate event, or a family gathering,\r\nlet The Yellow Chilli take your celebration to the next level with their\r\nexceptional catering services. Contact them today to start planning your menu\r\nand make your event truly special.<o:p></o:p></p>', '1726833841215.png', NULL, 'elevate-your-event-with-the-best-indian-catering-in-surrey-the-yellow-chilli', NULL, NULL, 'Elevate Your Event with the Best Indian Catering in Surrey: The Yellow Chilli', NULL, NULL, 'a:0:{}', '2024-09-20 09:04:01', '2024-09-20 09:04:01');

-- --------------------------------------------------------

--
-- Table structure for table `rate`
--

CREATE TABLE `rate` (
  `id` int NOT NULL,
  `user_id` int NOT NULL,
  `store_id` int NOT NULL,
  `order_id` int DEFAULT NULL,
  `title` varchar(255) DEFAULT NULL,
  `star` int NOT NULL DEFAULT '0',
  `comment` text CHARACTER SET utf8mb3 COLLATE utf8mb3_bin,
  `created_at` timestamp NOT NULL DEFAULT CURRENT_TIMESTAMP,
  `updated_at` timestamp NOT NULL DEFAULT CURRENT_TIMESTAMP
) ENGINE=InnoDB DEFAULT CHARSET=latin1;

--
-- Dumping data for table `rate`
--

INSERT INTO `rate` (`id`, `user_id`, `store_id`, `order_id`, `title`, `star`, `comment`, `created_at`, `updated_at`) VALUES
(1, 26, 1, 3, 'Vestibulum orci felis', 4, 'Vestibulum orci felis, ullamcorper non condimentum non, ultrices ac nunc. Mauris non ligula suscipit, vulputate mi accumsan, dapibus felis. Nullam sed sapien dui. Nulla auctor sit amet sem non porta.', '2021-08-20 07:43:12', '2021-08-20 07:43:12'),
(2, 26, 1, 2, 'Vestibulum orci felis', 4, 'Vestibulum orci felis, ullamcorper non condimentum non, ultrices ac nunc. Mauris non ligula suscipit, vulputate mi accumsan, dapibus felis. Nullam sed sapien dui. Nulla auctor sit amet sem non porta.', '2021-08-20 07:57:52', '2021-08-20 07:57:52'),
(3, 27, 1, 6, 'Delicious', 5, 'Really Love the food of the yellow chilli', '2021-08-21 20:42:01', '2021-08-21 20:42:01');

-- --------------------------------------------------------

--
-- Table structure for table `slider`
--

CREATE TABLE `slider` (
  `id` int NOT NULL,
  `title` text CHARACTER SET utf8mb3 COLLATE utf8mb3_bin,
  `img` varchar(250) DEFAULT NULL,
  `sort_no` int NOT NULL DEFAULT '0',
  `created_at` timestamp NOT NULL DEFAULT CURRENT_TIMESTAMP,
  `updated_at` timestamp NOT NULL DEFAULT '0000-00-00 00:00:00'
) ENGINE=InnoDB DEFAULT CHARSET=latin1;

--
-- Dumping data for table `slider`
--

INSERT INTO `slider` (`id`, `title`, `img`, `sort_no`, `created_at`, `updated_at`) VALUES
(2, NULL, '1595054252159.jpg', 0, '2020-07-06 19:24:15', '2020-07-18 17:07:32');

-- --------------------------------------------------------

--
-- Table structure for table `surcharge`
--

CREATE TABLE `surcharge` (
  `id` int NOT NULL,
  `percentage` int DEFAULT NULL,
  `min_order_amount` int NOT NULL,
  `max_order_amount` int NOT NULL,
  `date` date DEFAULT NULL,
  `status` int NOT NULL DEFAULT '0',
  `created_at` timestamp NOT NULL DEFAULT CURRENT_TIMESTAMP,
  `updated_at` timestamp NOT NULL DEFAULT '0000-00-00 00:00:00'
) ENGINE=InnoDB DEFAULT CHARSET=latin1;

--
-- Dumping data for table `surcharge`
--

INSERT INTO `surcharge` (`id`, `percentage`, `min_order_amount`, `max_order_amount`, `date`, `status`, `created_at`, `updated_at`) VALUES
(4, 5, 0, 0, NULL, 0, '2020-05-27 11:17:46', '2022-01-19 19:57:05');

-- --------------------------------------------------------

--
-- Table structure for table `tags`
--

CREATE TABLE `tags` (
  `id` int NOT NULL,
  `store_id` int NOT NULL,
  `name` varchar(250) DEFAULT NULL,
  `slug` varchar(255) NOT NULL,
  `created_at` timestamp NOT NULL DEFAULT CURRENT_TIMESTAMP,
  `updated_at` timestamp NULL DEFAULT NULL
) ENGINE=InnoDB DEFAULT CHARSET=latin1;

--
-- Dumping data for table `tags`
--

INSERT INTO `tags` (`id`, `store_id`, `name`, `slug`, `created_at`, `updated_at`) VALUES
(1, 1, 'VODKA (1oz)', 'vodka-1oz', '2021-08-17 05:10:06', '2021-08-17 19:11:53'),
(2, 1, 'GIN (1oz)', 'gin-1oz', '2021-08-17 18:57:59', '2021-08-17 19:01:36'),
(3, 1, 'RYE (1oz)', 'rye-1oz', '2021-08-17 19:12:08', '2021-08-17 19:12:08'),
(4, 1, 'RUM (1oz)', 'rum-1oz', '2021-08-17 19:12:22', '2021-08-17 19:12:22'),
(5, 1, 'TEQUILA (1oz)', 'tequila-1oz', '2021-08-17 19:12:37', '2021-08-17 19:12:37'),
(6, 1, 'SCOTCH (1oz)', 'scotch-1oz', '2021-08-17 19:12:52', '2021-08-17 19:12:52'),
(7, 1, 'BRANDY (1oz)', 'brandy-1oz', '2021-08-17 19:13:07', '2021-08-17 19:13:07');

-- --------------------------------------------------------

--
-- Table structure for table `team`
--

CREATE TABLE `team` (
  `id` int NOT NULL,
  `name` varchar(255) DEFAULT NULL,
  `headline` varchar(255) DEFAULT NULL,
  `description` text CHARACTER SET utf8mb3 COLLATE utf8mb3_bin,
  `image` varchar(255) CHARACTER SET utf8mb3 COLLATE utf8mb3_bin DEFAULT NULL,
  `slug` varchar(255) DEFAULT NULL,
  `s_data` text CHARACTER SET utf8mb3 COLLATE utf8mb3_bin,
  `created_at` timestamp NOT NULL DEFAULT CURRENT_TIMESTAMP,
  `updated_at` timestamp NOT NULL DEFAULT CURRENT_TIMESTAMP
) ENGINE=InnoDB DEFAULT CHARSET=latin1;

--
-- Dumping data for table `team`
--

INSERT INTO `team` (`id`, `name`, `headline`, `description`, `image`, `slug`, `s_data`, `created_at`, `updated_at`) VALUES
(2, 'Kevin Gray', 'Master chef in New York', 'Lorem ipsum dolor sit amet, consectetur adipiscing elit, sed do eiusmod tempor incididunt ut labore et dolore magna aliqua.', '1629368555197.jpg', '', 'a:0:{}', '2021-08-19 10:22:35', '2021-08-19 11:17:33'),
(3, 'Austin Evon', 'Master chef in Florida', 'Lorem ipsum dolor sit amet, consectetur adipiscing elit, sed do eiusmod tempor incididunt ut labore et dolore magna aliqua.', '1629368592609.jpg', '-2', 'a:0:{}', '2021-08-19 10:23:12', '2021-08-19 10:23:13'),
(4, 'Taylor Roberts', 'Master chef in Maiami', 'Lorem ipsum dolor sit amet, consectetur adipiscing elit, sed do eiusmod tempor incididunt ut labore et dolore magna aliqua.', '1629368622631.jpg', '-3', 'a:0:{}', '2021-08-19 10:23:42', '2021-08-19 10:23:42');

-- --------------------------------------------------------

--
-- Table structure for table `text`
--

CREATE TABLE `text` (
  `id` int NOT NULL,
  `lang_id` int NOT NULL,
  `s_data` text CHARACTER SET utf8mb3 COLLATE utf8mb3_bin,
  `created_at` timestamp NOT NULL DEFAULT CURRENT_TIMESTAMP,
  `updated_at` timestamp NOT NULL DEFAULT '0000-00-00 00:00:00'
) ENGINE=InnoDB DEFAULT CHARSET=latin1;

--
-- Dumping data for table `text`
--

INSERT INTO `text` (`id`, `lang_id`, `s_data`, `created_at`, `updated_at`) VALUES
(128, 2, 'a:108:{s:11:\"skip_button\";s:6:\"h Skip\";s:12:\"enter_button\";s:13:\"H Get Started\";s:10:\"city_title\";N;s:11:\"city_search\";N;s:12:\"city_heading\";N;s:11:\"city_button\";N;s:11:\"home_search\";N;s:10:\"home_offer\";N;s:18:\"home_fast_delivery\";N;s:13:\"home_trending\";N;s:16:\"home_new_arrival\";N;s:14:\"home_by_rating\";N;s:11:\"home_coupon\";N;s:15:\"home_per_person\";N;s:16:\"home_footer_name\";N;s:12:\"home_nearest\";N;s:9:\"home_cart\";N;s:12:\"home_profile\";N;s:10:\"menu_title\";N;s:15:\"menu_page_title\";N;s:11:\"menu_footer\";N;s:14:\"item_view_info\";N;s:13:\"item_veg_only\";N;s:15:\"item_add_button\";N;s:16:\"item_addon_title\";N;s:17:\"item_size_heading\";N;s:10:\"item_small\";N;s:6:\"item_m\";N;s:10:\"item_large\";N;s:15:\"addon_add_title\";N;s:18:\"item_addon_heading\";N;s:17:\"item_addon_button\";N;s:10:\"info_title\";N;s:17:\"info_rating_title\";N;s:9:\"info_open\";N;s:10:\"info_close\";N;s:11:\"info_person\";N;s:11:\"info_d_time\";N;s:12:\"cart_heading\";N;s:10:\"cart_total\";N;s:13:\"cart_delivery\";N;s:11:\"cart_coupon\";N;s:12:\"cart_payable\";N;s:11:\"cart_button\";N;s:10:\"cart_empty\";N;s:16:\"cart_start_order\";N;s:10:\"cart_price\";N;s:8:\"cart_qty\";N;s:13:\"cart_discount\";N;s:10:\"cart_apply\";N;s:12:\"coupon_title\";N;s:14:\"coupon_heading\";N;s:13:\"coupon_button\";N;s:11:\"login_title\";N;s:13:\"login_heading\";N;s:12:\"login_button\";N;s:21:\"login_forgot_password\";N;s:20:\"login_reset_password\";N;s:12:\"login_signup\";N;s:12:\"forgot_title\";N;s:14:\"forgot_heading\";N;s:11:\"forgot_text\";N;s:12:\"signup_title\";N;s:14:\"signup_heading\";N;s:13:\"signup_button\";N;s:11:\"place_title\";N;s:22:\"place_delivery_heading\";N;s:17:\"place_add_address\";N;s:18:\"place_address_text\";N;s:21:\"place_payment_heading\";N;s:18:\"place_order_button\";N;s:9:\"add_title\";N;s:11:\"add_address\";N;s:12:\"add_landmark\";N;s:10:\"add_button\";N;s:13:\"confirm_title\";N;s:15:\"confirm_heading\";N;s:18:\"confirm_view_order\";N;s:16:\"confirm_order_id\";N;s:13:\"confirm_total\";N;s:13:\"profile_title\";N;s:15:\"profile_heading\";N;s:15:\"profile_welcome\";N;s:21:\"profile_order_history\";N;s:15:\"profile_setting\";N;s:14:\"profile_logout\";N;s:13:\"history_title\";N;s:15:\"history_heading\";N;s:12:\"history_date\";N;s:14:\"history_status\";N;s:12:\"history_item\";N;s:11:\"history_qty\";N;s:13:\"history_price\";N;s:14:\"history_rating\";N;s:14:\"history_cancel\";N;s:12:\"rating_title\";N;s:14:\"rating_heading\";N;s:10:\"rating_msg\";N;s:13:\"rating_button\";N;s:11:\"about_title\";N;s:9:\"how_title\";N;s:9:\"faq_title\";N;s:13:\"contact_title\";N;s:8:\"language\";N;s:4:\"home\";N;s:4:\"city\";N;s:7:\"account\";N;s:5:\"order\";N;}', '2020-01-04 17:31:07', '2020-01-04 17:31:07'),
(129, 1, 'a:108:{s:11:\"skip_button\";N;s:12:\"enter_button\";N;s:10:\"city_title\";N;s:11:\"city_search\";N;s:12:\"city_heading\";N;s:11:\"city_button\";N;s:11:\"home_search\";N;s:10:\"home_offer\";N;s:18:\"home_fast_delivery\";N;s:13:\"home_trending\";N;s:16:\"home_new_arrival\";N;s:14:\"home_by_rating\";N;s:11:\"home_coupon\";N;s:15:\"home_per_person\";N;s:16:\"home_footer_name\";N;s:12:\"home_nearest\";N;s:9:\"home_cart\";N;s:12:\"home_profile\";N;s:10:\"menu_title\";N;s:15:\"menu_page_title\";N;s:11:\"menu_footer\";N;s:14:\"item_view_info\";N;s:13:\"item_veg_only\";N;s:15:\"item_add_button\";N;s:16:\"item_addon_title\";N;s:17:\"item_size_heading\";N;s:10:\"item_small\";N;s:6:\"item_m\";N;s:10:\"item_large\";N;s:15:\"addon_add_title\";N;s:18:\"item_addon_heading\";N;s:17:\"item_addon_button\";N;s:10:\"info_title\";N;s:17:\"info_rating_title\";N;s:9:\"info_open\";N;s:10:\"info_close\";N;s:11:\"info_person\";N;s:11:\"info_d_time\";N;s:12:\"cart_heading\";N;s:10:\"cart_total\";N;s:13:\"cart_delivery\";N;s:11:\"cart_coupon\";N;s:12:\"cart_payable\";N;s:11:\"cart_button\";N;s:10:\"cart_empty\";N;s:16:\"cart_start_order\";N;s:10:\"cart_price\";N;s:8:\"cart_qty\";N;s:13:\"cart_discount\";N;s:10:\"cart_apply\";N;s:12:\"coupon_title\";N;s:14:\"coupon_heading\";N;s:13:\"coupon_button\";N;s:11:\"login_title\";N;s:13:\"login_heading\";N;s:12:\"login_button\";N;s:21:\"login_forgot_password\";N;s:20:\"login_reset_password\";N;s:12:\"login_signup\";N;s:12:\"forgot_title\";N;s:14:\"forgot_heading\";N;s:11:\"forgot_text\";N;s:12:\"signup_title\";N;s:14:\"signup_heading\";N;s:13:\"signup_button\";N;s:11:\"place_title\";N;s:22:\"place_delivery_heading\";N;s:17:\"place_add_address\";N;s:18:\"place_address_text\";N;s:21:\"place_payment_heading\";N;s:18:\"place_order_button\";N;s:9:\"add_title\";N;s:11:\"add_address\";N;s:12:\"add_landmark\";N;s:10:\"add_button\";N;s:13:\"confirm_title\";N;s:15:\"confirm_heading\";N;s:18:\"confirm_view_order\";N;s:16:\"confirm_order_id\";N;s:13:\"confirm_total\";N;s:13:\"profile_title\";N;s:15:\"profile_heading\";N;s:15:\"profile_welcome\";N;s:21:\"profile_order_history\";N;s:15:\"profile_setting\";N;s:14:\"profile_logout\";N;s:13:\"history_title\";N;s:15:\"history_heading\";N;s:12:\"history_date\";N;s:14:\"history_status\";N;s:12:\"history_item\";N;s:11:\"history_qty\";N;s:13:\"history_price\";N;s:14:\"history_rating\";N;s:14:\"history_cancel\";N;s:12:\"rating_title\";N;s:14:\"rating_heading\";N;s:10:\"rating_msg\";N;s:13:\"rating_button\";N;s:11:\"about_title\";N;s:9:\"how_title\";N;s:9:\"faq_title\";N;s:13:\"contact_title\";N;s:8:\"language\";N;s:4:\"home\";N;s:4:\"city\";N;s:7:\"account\";N;s:5:\"order\";N;}', '2020-01-04 17:31:08', '2020-01-04 17:31:08'),
(130, 3, 'a:108:{s:11:\"skip_button\";N;s:12:\"enter_button\";N;s:10:\"city_title\";N;s:11:\"city_search\";N;s:12:\"city_heading\";N;s:11:\"city_button\";N;s:11:\"home_search\";N;s:10:\"home_offer\";N;s:18:\"home_fast_delivery\";N;s:13:\"home_trending\";N;s:16:\"home_new_arrival\";N;s:14:\"home_by_rating\";N;s:11:\"home_coupon\";N;s:15:\"home_per_person\";N;s:16:\"home_footer_name\";N;s:12:\"home_nearest\";N;s:9:\"home_cart\";N;s:12:\"home_profile\";N;s:10:\"menu_title\";N;s:15:\"menu_page_title\";N;s:11:\"menu_footer\";N;s:14:\"item_view_info\";N;s:13:\"item_veg_only\";N;s:15:\"item_add_button\";N;s:16:\"item_addon_title\";N;s:17:\"item_size_heading\";N;s:10:\"item_small\";N;s:6:\"item_m\";N;s:10:\"item_large\";N;s:15:\"addon_add_title\";N;s:18:\"item_addon_heading\";N;s:17:\"item_addon_button\";N;s:10:\"info_title\";N;s:17:\"info_rating_title\";N;s:9:\"info_open\";N;s:10:\"info_close\";N;s:11:\"info_person\";N;s:11:\"info_d_time\";N;s:12:\"cart_heading\";N;s:10:\"cart_total\";N;s:13:\"cart_delivery\";N;s:11:\"cart_coupon\";N;s:12:\"cart_payable\";N;s:11:\"cart_button\";N;s:10:\"cart_empty\";N;s:16:\"cart_start_order\";N;s:10:\"cart_price\";N;s:8:\"cart_qty\";N;s:13:\"cart_discount\";N;s:10:\"cart_apply\";N;s:12:\"coupon_title\";N;s:14:\"coupon_heading\";N;s:13:\"coupon_button\";N;s:11:\"login_title\";N;s:13:\"login_heading\";N;s:12:\"login_button\";N;s:21:\"login_forgot_password\";N;s:20:\"login_reset_password\";N;s:12:\"login_signup\";N;s:12:\"forgot_title\";N;s:14:\"forgot_heading\";N;s:11:\"forgot_text\";N;s:12:\"signup_title\";N;s:14:\"signup_heading\";N;s:13:\"signup_button\";N;s:11:\"place_title\";N;s:22:\"place_delivery_heading\";N;s:17:\"place_add_address\";N;s:18:\"place_address_text\";N;s:21:\"place_payment_heading\";N;s:18:\"place_order_button\";N;s:9:\"add_title\";N;s:11:\"add_address\";N;s:12:\"add_landmark\";N;s:10:\"add_button\";N;s:13:\"confirm_title\";N;s:15:\"confirm_heading\";N;s:18:\"confirm_view_order\";N;s:16:\"confirm_order_id\";N;s:13:\"confirm_total\";N;s:13:\"profile_title\";N;s:15:\"profile_heading\";N;s:15:\"profile_welcome\";N;s:21:\"profile_order_history\";N;s:15:\"profile_setting\";N;s:14:\"profile_logout\";N;s:13:\"history_title\";N;s:15:\"history_heading\";N;s:12:\"history_date\";N;s:14:\"history_status\";N;s:12:\"history_item\";N;s:11:\"history_qty\";N;s:13:\"history_price\";N;s:14:\"history_rating\";N;s:14:\"history_cancel\";N;s:12:\"rating_title\";N;s:14:\"rating_heading\";N;s:10:\"rating_msg\";N;s:13:\"rating_button\";N;s:11:\"about_title\";N;s:9:\"how_title\";N;s:9:\"faq_title\";N;s:13:\"contact_title\";N;s:8:\"language\";N;s:4:\"home\";N;s:4:\"city\";N;s:7:\"account\";N;s:5:\"order\";N;}', '2020-01-04 17:31:08', '2020-01-04 17:31:08'),
(131, 4, 'a:108:{s:11:\"skip_button\";N;s:12:\"enter_button\";N;s:10:\"city_title\";N;s:11:\"city_search\";N;s:12:\"city_heading\";N;s:11:\"city_button\";N;s:11:\"home_search\";N;s:10:\"home_offer\";N;s:18:\"home_fast_delivery\";N;s:13:\"home_trending\";N;s:16:\"home_new_arrival\";N;s:14:\"home_by_rating\";N;s:11:\"home_coupon\";N;s:15:\"home_per_person\";N;s:16:\"home_footer_name\";N;s:12:\"home_nearest\";N;s:9:\"home_cart\";N;s:12:\"home_profile\";N;s:10:\"menu_title\";N;s:15:\"menu_page_title\";N;s:11:\"menu_footer\";N;s:14:\"item_view_info\";N;s:13:\"item_veg_only\";N;s:15:\"item_add_button\";N;s:16:\"item_addon_title\";N;s:17:\"item_size_heading\";N;s:10:\"item_small\";N;s:6:\"item_m\";N;s:10:\"item_large\";N;s:15:\"addon_add_title\";N;s:18:\"item_addon_heading\";N;s:17:\"item_addon_button\";N;s:10:\"info_title\";N;s:17:\"info_rating_title\";N;s:9:\"info_open\";N;s:10:\"info_close\";N;s:11:\"info_person\";N;s:11:\"info_d_time\";N;s:12:\"cart_heading\";N;s:10:\"cart_total\";N;s:13:\"cart_delivery\";N;s:11:\"cart_coupon\";N;s:12:\"cart_payable\";N;s:11:\"cart_button\";N;s:10:\"cart_empty\";N;s:16:\"cart_start_order\";N;s:10:\"cart_price\";N;s:8:\"cart_qty\";N;s:13:\"cart_discount\";N;s:10:\"cart_apply\";N;s:12:\"coupon_title\";N;s:14:\"coupon_heading\";N;s:13:\"coupon_button\";N;s:11:\"login_title\";N;s:13:\"login_heading\";N;s:12:\"login_button\";N;s:21:\"login_forgot_password\";N;s:20:\"login_reset_password\";N;s:12:\"login_signup\";N;s:12:\"forgot_title\";N;s:14:\"forgot_heading\";N;s:11:\"forgot_text\";N;s:12:\"signup_title\";N;s:14:\"signup_heading\";N;s:13:\"signup_button\";N;s:11:\"place_title\";N;s:22:\"place_delivery_heading\";N;s:17:\"place_add_address\";N;s:18:\"place_address_text\";N;s:21:\"place_payment_heading\";N;s:18:\"place_order_button\";N;s:9:\"add_title\";N;s:11:\"add_address\";N;s:12:\"add_landmark\";N;s:10:\"add_button\";N;s:13:\"confirm_title\";N;s:15:\"confirm_heading\";N;s:18:\"confirm_view_order\";N;s:16:\"confirm_order_id\";N;s:13:\"confirm_total\";N;s:13:\"profile_title\";N;s:15:\"profile_heading\";N;s:15:\"profile_welcome\";N;s:21:\"profile_order_history\";N;s:15:\"profile_setting\";N;s:14:\"profile_logout\";N;s:13:\"history_title\";N;s:15:\"history_heading\";N;s:12:\"history_date\";N;s:14:\"history_status\";N;s:12:\"history_item\";N;s:11:\"history_qty\";N;s:13:\"history_price\";N;s:14:\"history_rating\";N;s:14:\"history_cancel\";N;s:12:\"rating_title\";N;s:14:\"rating_heading\";N;s:10:\"rating_msg\";N;s:13:\"rating_button\";N;s:11:\"about_title\";N;s:9:\"how_title\";N;s:9:\"faq_title\";N;s:13:\"contact_title\";N;s:8:\"language\";N;s:4:\"home\";N;s:4:\"city\";N;s:7:\"account\";N;s:5:\"order\";N;}', '2020-01-04 17:31:08', '2020-01-04 17:31:08'),
(172, 5, 'a:133:{s:11:\"skip_button\";s:8:\"تخطى\";s:12:\"enter_button\";s:5:\"Enter\";s:10:\"city_title\";s:19:\"اختر مدينة\";s:11:\"city_search\";s:6:\"بحث\";s:12:\"city_heading\";s:34:\"اختر مدينة ومتابعة\";s:11:\"city_button\";s:10:\"تحديث\";s:11:\"home_search\";s:50:\"البحث عن المطاعم والأطباق ..\";s:10:\"home_offer\";s:15:\"عرض رائع\";s:18:\"home_fast_delivery\";s:19:\"توصيل سريع\";s:13:\"home_trending\";s:12:\"الشائع\";s:16:\"home_new_arrival\";s:17:\"قادم جديد\";s:14:\"home_by_rating\";s:21:\"حسب التقييم\";s:11:\"home_coupon\";N;s:15:\"home_per_person\";s:23:\"للشخص الواحد\";s:16:\"home_footer_name\";s:29:\"الصفحة الرئيسية\";s:12:\"home_nearest\";s:8:\"أقرب\";s:9:\"home_cart\";s:21:\"عربة التسوق\";s:12:\"home_profile\";s:23:\"الملف الشخصي\";s:10:\"menu_title\";s:19:\"قائمة طعام\";s:15:\"menu_page_title\";s:14:\"معلومات\";s:11:\"menu_footer\";s:29:\"إصدار التطبيق 1.1\";s:14:\"item_view_info\";s:68:\"عرض مزيد من المعلومات حول هذا التطبيق\";s:13:\"item_veg_only\";s:19:\"الخضار فقط\";s:15:\"item_add_button\";s:10:\"إضافة\";s:16:\"item_addon_title\";s:19:\"حدد الخيار\";s:17:\"item_size_heading\";s:26:\"حدد حجم العنصر\";s:10:\"item_small\";s:8:\"صغير\";s:6:\"item_m\";s:10:\"متوسط\";s:10:\"item_large\";s:8:\"كبير\";s:15:\"addon_add_title\";s:10:\"إضافة\";s:18:\"item_addon_heading\";s:50:\"يمكنك أيضا إضافة بعض الملحق\";s:17:\"item_addon_button\";s:10:\"إضافة\";s:10:\"info_title\";s:25:\"عرض المعلومات\";s:17:\"info_rating_title\";s:35:\"التقييم والمراجعات\";s:9:\"info_open\";s:17:\"وقت مفتوح\";s:10:\"info_close\";s:21:\"وقت الإغلاق\";s:11:\"info_person\";s:21:\"تكلفة الفرد\";s:11:\"info_d_time\";s:23:\"موعد التسليم\";s:12:\"cart_heading\";s:32:\"إدارة عناصر السلة\";s:10:\"cart_total\";s:29:\"المبلغ الإجمالي\";s:13:\"cart_delivery\";s:23:\"رسوم التوصيل\";s:11:\"cart_coupon\";s:33:\"هل لديك كوبون خصم؟\";s:12:\"cart_payable\";s:40:\"إجمالي المبلغ المستحق\";s:11:\"cart_button\";s:19:\"مكان الامر\";s:10:\"cart_empty\";s:44:\"انتبه! عربة التسوق فارغة\";s:16:\"cart_start_order\";s:17:\"بدء الطلب\";s:10:\"cart_price\";s:10:\"السعر\";s:8:\"cart_qty\";s:8:\"كمية\";s:13:\"cart_discount\";s:6:\"خصم\";s:10:\"cart_apply\";s:10:\"تطبيق\";s:12:\"coupon_title\";s:25:\"تطبيق القسيمة\";s:14:\"coupon_heading\";s:30:\"Avilable كوبون الخصم\";s:13:\"coupon_button\";s:10:\"تطبيق\";s:11:\"login_title\";s:23:\"تسجيل الدخول\";s:13:\"login_heading\";s:53:\"الرجاء تسجيل الدخول للمتابعة\";s:12:\"login_button\";s:23:\"تسجيل الدخول\";s:21:\"login_forgot_password\";s:37:\"هل نسيت كلمة المرور؟\";s:20:\"login_reset_password\";s:28:\"إعادة تعيين هنا\";s:12:\"login_signup\";s:28:\"انشاء حساب جديد\";s:12:\"forgot_title\";s:30:\"نسيت رقمك السري؟\";s:14:\"forgot_heading\";s:60:\"لا تقلق ، يمكنك إعادة التعيين هنا\";s:11:\"forgot_text\";s:53:\"أدخل بريدك الإلكتروني المسجل\";s:12:\"signup_title\";s:6:\"سجل\";s:14:\"signup_heading\";s:25:\"معلومات شخصية\";s:13:\"signup_button\";s:6:\"سجل\";s:11:\"place_title\";s:19:\"مكان الامر\";s:22:\"place_delivery_heading\";s:32:\"حدد عنوان التسليم\";s:17:\"place_add_address\";s:15:\"اضف جديد\";s:18:\"place_address_text\";s:98:\"انتبه! غير قادر على العثور على أي عنوان محفوظ في حسابك.\";s:21:\"place_payment_heading\";s:32:\"اختار طريقة الدفع\";s:18:\"place_order_button\";s:19:\"مكان الامر\";s:9:\"add_title\";s:30:\"إضافة عنوان جديد\";s:11:\"add_address\";s:10:\"عنوان\";s:12:\"add_landmark\";s:19:\"معلم معروف\";s:10:\"add_button\";s:10:\"إرسال\";s:13:\"confirm_title\";s:15:\"تم الطلب\";s:15:\"confirm_heading\";s:91:\"تم وضع طلبك بنجاح. سيتم إخطارك عند تغيير حالة طلبك.\";s:18:\"confirm_view_order\";s:36:\"معاينة تفاصيل الطلب\";s:16:\"confirm_order_id\";s:45:\"رقم التعريف الخاص بالطلب\";s:13:\"confirm_total\";s:40:\"إجمالي المبلغ المستحق\";s:13:\"profile_title\";s:10:\"حسابي\";s:15:\"profile_heading\";s:10:\"حسابي\";s:15:\"profile_welcome\";s:15:\"أهلا بك !\";s:21:\"profile_order_history\";s:21:\"تاريخ الطلب\";s:15:\"profile_setting\";s:25:\"إعدادت الحساب\";s:14:\"profile_logout\";s:19:\"تسجيل خروج\";s:13:\"history_title\";s:21:\"تاريخ الطلب\";s:15:\"history_heading\";N;s:12:\"history_date\";s:21:\"تاريخ الوقت\";s:14:\"history_status\";s:12:\"الحالة\";s:12:\"history_item\";s:6:\"بند\";s:11:\"history_qty\";s:8:\"كمية\";s:13:\"history_price\";s:10:\"السعر\";s:14:\"history_rating\";s:21:\"إعطاء تقييم\";s:14:\"history_cancel\";s:21:\"الغاء الطلب\";s:12:\"rating_title\";s:68:\"إعطاء الاستعراضات الخاصة بك والتقييم\";s:14:\"rating_heading\";s:23:\"اختر التصنيف\";s:10:\"rating_msg\";s:23:\"اكتب مراجعتك\";s:13:\"rating_button\";s:10:\"إرسال\";s:11:\"about_title\";s:21:\"معلومات عنا\";s:9:\"how_title\";s:15:\"كيف تعمل\";s:9:\"faq_title\";s:18:\"التعليمات\";s:13:\"contact_title\";s:8:\"اتصل\";s:8:\"language\";s:6:\"لغة\";s:4:\"home\";s:29:\"الصفحة الرئيسية\";s:4:\"city\";s:10:\"مدينة\";s:7:\"account\";s:10:\"حسابي\";s:5:\"order\";s:6:\"طلب\";s:10:\"d_no_order\";s:56:\"آسف! لم يتم العثور على طلب جديد.\";s:11:\"d_new_order\";s:21:\"طلبات جديدة\";s:13:\"d_view_detail\";s:23:\"عرض التفاصيل\";s:6:\"d_user\";s:16:\"المستعمل\";s:7:\"d_phone\";s:8:\"هاتف\";s:9:\"d_address\";s:10:\"عنوان\";s:12:\"d_start_ride\";s:21:\"ابدأ الركوب\";s:15:\"d_complete_ride\";s:19:\"رحلة كاملة\";s:14:\"d_total_amount\";s:29:\"المبلغ الإجمالي\";s:5:\"d_pay\";s:39:\"طريقة الدفع او السداد\";s:5:\"close\";s:26:\"متجر مغلق الآن\";s:13:\"s_total_order\";s:26:\"من أجل الكاملة\";s:16:\"s_complete_order\";s:23:\"أوامر مكتملة\";s:11:\"s_new_order\";s:21:\"طلبات جديدة\";s:12:\"s_new_status\";s:15:\"طلب وارد\";s:15:\"s_confirm_order\";s:26:\"تم تاكيد الطلب\";s:21:\"s_out_delivery_status\";s:23:\"خارج للتوصيل\";s:17:\"s_complete_status\";s:19:\"الطلب جاهز\";s:14:\"s_detail_title\";s:23:\"تفاصيل الطلب\";s:12:\"s_menu_title\";s:34:\"إدارة عنصر القائمة\";s:16:\"s_order_overview\";s:39:\"نظرة عامة على الطلبات\";s:9:\"s_c_order\";s:19:\"اكمل الطلب\";s:15:\"s_cancel_button\";s:21:\"الغاء الطلب\";s:16:\"s_confirm_button\";s:17:\"أكد الطلب\";s:15:\"s_assign_button\";s:21:\"تعيين رايدر\";}', '2020-03-25 16:28:16', '2020-03-25 16:28:16'),
(187, 0, 'a:133:{s:11:\"skip_button\";s:4:\"Skip\";s:12:\"enter_button\";s:11:\"Get Started\";s:10:\"city_title\";s:11:\"Select City\";s:11:\"city_search\";s:6:\"Search\";s:12:\"city_heading\";s:22:\"Select City & Continue\";s:11:\"city_button\";s:6:\"Update\";s:11:\"home_search\";s:30:\"Search for categories,dishes..\";s:10:\"home_offer\";s:11:\"Great Offer\";s:18:\"home_fast_delivery\";s:13:\"Fast Delivery\";s:13:\"home_trending\";s:8:\"Trending\";s:16:\"home_new_arrival\";s:11:\"New Arrival\";s:14:\"home_by_rating\";s:9:\"By Rating\";s:11:\"home_coupon\";N;s:15:\"home_per_person\";s:10:\"per person\";s:16:\"home_footer_name\";s:4:\"Home\";s:12:\"home_nearest\";s:7:\"Nearest\";s:9:\"home_cart\";s:4:\"Cart\";s:12:\"home_profile\";s:7:\"Account\";s:10:\"menu_title\";s:4:\"Menu\";s:15:\"menu_page_title\";s:11:\"Information\";s:11:\"menu_footer\";s:15:\"App version 1.1\";s:14:\"item_view_info\";s:29:\"View more info about this app\";s:13:\"item_veg_only\";s:8:\"Veg Only\";s:15:\"item_add_button\";s:3:\"Add\";s:16:\"item_addon_title\";s:13:\"Select Option\";s:17:\"item_size_heading\";s:14:\"Choose Options\";s:10:\"item_small\";s:5:\"Price\";s:6:\"item_m\";s:6:\"Medium\";s:10:\"item_large\";s:5:\"Large\";s:15:\"addon_add_title\";s:3:\"Add\";s:18:\"item_addon_heading\";s:29:\"You can also add some addon\'s\";s:17:\"item_addon_button\";s:3:\"Add\";s:10:\"info_title\";s:16:\"View Information\";s:17:\"info_rating_title\";s:16:\"Rating & Reviews\";s:9:\"info_open\";s:12:\"Opening Time\";s:10:\"info_close\";s:12:\"Closing Time\";s:11:\"info_person\";s:15:\"Per Person Cost\";s:11:\"info_d_time\";s:13:\"Delivery Time\";s:12:\"cart_heading\";s:17:\"Manage Cart Items\";s:10:\"cart_total\";s:12:\"Total Amount\";s:13:\"cart_delivery\";s:16:\"Delivery Charges\";s:11:\"cart_coupon\";s:23:\"Have a discount coupon?\";s:12:\"cart_payable\";s:20:\"Total Payable Amount\";s:11:\"cart_button\";s:11:\"Place Order\";s:10:\"cart_empty\";s:24:\"Opps! Your cart is empty\";s:16:\"cart_start_order\";s:14:\"Start Ordering\";s:10:\"cart_price\";s:5:\"Price\";s:8:\"cart_qty\";s:8:\"Quantity\";s:13:\"cart_discount\";s:8:\"Discount\";s:10:\"cart_apply\";s:5:\"Apply\";s:12:\"coupon_title\";s:12:\"Apply Coupon\";s:14:\"coupon_heading\";s:24:\"Avilable Discount Coupon\";s:13:\"coupon_button\";s:5:\"Apply\";s:11:\"login_title\";s:5:\"Login\";s:13:\"login_heading\";s:19:\"Log in your Account\";s:12:\"login_button\";s:5:\"Login\";s:21:\"login_forgot_password\";N;s:20:\"login_reset_password\";s:16:\"Forgot Password?\";s:12:\"login_signup\";s:12:\"Register Now\";s:12:\"forgot_title\";s:21:\"Forgot Your Password?\";s:14:\"forgot_heading\";s:30:\"Don\'t worry you can reset here\";s:11:\"forgot_text\";s:27:\"Enter Your Registered Email\";s:12:\"signup_title\";s:8:\"Register\";s:14:\"signup_heading\";s:14:\"Create Account\";s:13:\"signup_button\";s:8:\"Register\";s:11:\"place_title\";s:11:\"Place Order\";s:22:\"place_delivery_heading\";s:23:\"Select Delivery Address\";s:17:\"place_add_address\";s:7:\"Add New\";s:18:\"place_address_text\";s:57:\"Opps! not able to find any address saved in your account.\";s:21:\"place_payment_heading\";s:21:\"Select Payment Method\";s:18:\"place_order_button\";s:11:\"Place Order\";s:9:\"add_title\";s:15:\"Add New Address\";s:11:\"add_address\";s:7:\"Address\";s:12:\"add_landmark\";s:8:\"Landmark\";s:10:\"add_button\";s:12:\"Save Address\";s:13:\"confirm_title\";s:30:\"Your order placed successfully\";s:15:\"confirm_heading\";s:84:\"Your order placed successfully. You will be notified when your order status changed.\";s:18:\"confirm_view_order\";s:18:\"View Order Details\";s:16:\"confirm_order_id\";s:8:\"Order ID\";s:13:\"confirm_total\";s:20:\"Total Payable Amount\";s:13:\"profile_title\";s:10:\"My Account\";s:15:\"profile_heading\";s:10:\"My Account\";s:15:\"profile_welcome\";s:9:\"Welcome !\";s:21:\"profile_order_history\";s:13:\"Order History\";s:15:\"profile_setting\";s:16:\"Account Settings\";s:14:\"profile_logout\";s:6:\"Logout\";s:13:\"history_title\";s:13:\"Order History\";s:15:\"history_heading\";N;s:12:\"history_date\";s:9:\"Date Time\";s:14:\"history_status\";s:6:\"Status\";s:12:\"history_item\";s:4:\"Item\";s:11:\"history_qty\";s:3:\"Qty\";s:13:\"history_price\";s:5:\"Price\";s:14:\"history_rating\";s:7:\"Rate Us\";s:14:\"history_cancel\";s:12:\"Cancel Order\";s:12:\"rating_title\";s:26:\"Give Your Reviews & Rating\";s:14:\"rating_heading\";s:13:\"Select Rating\";s:10:\"rating_msg\";s:17:\"Write Your Review\";s:13:\"rating_button\";s:6:\"Submit\";s:11:\"about_title\";s:8:\"About Us\";s:9:\"how_title\";s:12:\"How it Works\";s:9:\"faq_title\";s:5:\"Faq\'s\";s:13:\"contact_title\";s:10:\"Contact Us\";s:8:\"language\";s:8:\"Language\";s:4:\"home\";s:4:\"Home\";s:4:\"city\";s:4:\"City\";s:7:\"account\";s:10:\"My Account\";s:5:\"order\";s:9:\"My Orders\";s:10:\"d_no_order\";s:26:\"Sorry! No new order found.\";s:11:\"d_new_order\";s:10:\"New Orders\";s:13:\"d_view_detail\";s:11:\"View Detail\";s:6:\"d_user\";s:4:\"User\";s:7:\"d_phone\";s:5:\"Phone\";s:9:\"d_address\";s:7:\"Address\";s:12:\"d_start_ride\";s:10:\"Start Ride\";s:15:\"d_complete_ride\";s:13:\"Complete Ride\";s:14:\"d_total_amount\";s:12:\"Total Amount\";s:5:\"d_pay\";s:14:\"Payment Method\";s:5:\"close\";s:25:\"Store is closed right now\";s:13:\"s_total_order\";s:11:\"Total Order\";s:16:\"s_complete_order\";s:16:\"Completed Orders\";s:11:\"s_new_order\";s:10:\"New Orders\";s:12:\"s_new_status\";s:14:\"Order Received\";s:15:\"s_confirm_order\";s:15:\"Order Confirmed\";s:21:\"s_out_delivery_status\";s:16:\"Out For Delivery\";s:17:\"s_complete_status\";s:14:\"Order Complete\";s:14:\"s_detail_title\";s:12:\"Order Detail\";s:12:\"s_menu_title\";s:9:\"Menu Item\";s:16:\"s_order_overview\";s:15:\"Orders Overview\";s:9:\"s_c_order\";s:14:\"Complete Order\";s:15:\"s_cancel_button\";s:12:\"Cancel Order\";s:16:\"s_confirm_button\";s:13:\"Confirm Order\";s:15:\"s_assign_button\";s:19:\"Assign Delivery Boy\";}', '2021-01-03 08:07:13', '2021-01-03 08:07:13');

-- --------------------------------------------------------

--
-- Table structure for table `type`
--

CREATE TABLE `type` (
  `id` int NOT NULL,
  `store_id` int NOT NULL,
  `name` varchar(250) DEFAULT NULL,
  `slug` varchar(255) NOT NULL,
  `available_days` varchar(255) NOT NULL,
  `start_time` varchar(250) DEFAULT NULL,
  `end_time` varchar(250) DEFAULT NULL,
  `created_at` timestamp NOT NULL DEFAULT CURRENT_TIMESTAMP,
  `updated_at` timestamp NULL DEFAULT NULL
) ENGINE=InnoDB DEFAULT CHARSET=latin1;

--
-- Dumping data for table `type`
--

INSERT INTO `type` (`id`, `store_id`, `name`, `slug`, `available_days`, `start_time`, `end_time`, `created_at`, `updated_at`) VALUES
(1, 1, 'Breakfast', 'breakfast', 'Monday,Tuesday,Wednesday,Thursday,Friday,Saturday,Sunday', '10:00:00', '15:00:00', '2019-10-04 12:30:11', '2023-08-27 18:58:40'),
(2, 1, 'Main Menu', 'main-menu', 'Monday,Tuesday,Wednesday,Thursday,Friday,Saturday,Sunday', '12:00:00', '00:00:00', '2019-10-04 12:30:28', '2023-07-24 16:52:59'),
(4, 1, 'TYC STREET EATS', 'tyc-street-eats', 'Monday,Tuesday,Wednesday,Thursday,Friday,Saturday,Sunday', '15:00:00', '18:00:00', '2023-03-16 22:58:17', '2024-02-11 04:00:02'),
(5, 1, 'Lunch', 'lunch', 'Monday,Tuesday,Wednesday,Thursday,Friday,Saturday,Sunday', '12:00:00', '15:00:00', '2023-03-17 18:20:14', '2023-07-24 16:52:14');

-- --------------------------------------------------------

--
-- Table structure for table `type_categories`
--

CREATE TABLE `type_categories` (
  `id` int NOT NULL,
  `category_id` int NOT NULL,
  `type_id` int NOT NULL,
  `created_at` timestamp NOT NULL DEFAULT CURRENT_TIMESTAMP,
  `updated_at` timestamp NOT NULL DEFAULT '0000-00-00 00:00:00'
) ENGINE=InnoDB DEFAULT CHARSET=latin1;

--
-- Dumping data for table `type_categories`
--

INSERT INTO `type_categories` (`id`, `category_id`, `type_id`, `created_at`, `updated_at`) VALUES
(338, 34, 6, '2021-11-19 03:57:27', '2021-11-19 03:57:27'),
(365, 35, 7, '2021-11-22 16:30:46', '2021-11-22 16:30:46'),
(444, 33, 3, '2023-03-14 23:54:26', '2023-03-14 23:54:26'),
(445, 39, 3, '2023-03-14 23:54:26', '2023-03-14 23:54:26'),
(458, 40, 5, '2023-07-24 16:52:14', '2023-07-24 16:52:14'),
(460, 3, 2, '2023-07-24 16:52:59', '2023-07-24 16:52:59'),
(461, 5, 2, '2023-07-24 16:52:59', '2023-07-24 16:52:59'),
(462, 7, 2, '2023-07-24 16:52:59', '2023-07-24 16:52:59'),
(463, 10, 2, '2023-07-24 16:52:59', '2023-07-24 16:52:59'),
(464, 12, 2, '2023-07-24 16:52:59', '2023-07-24 16:52:59'),
(465, 18, 2, '2023-07-24 16:52:59', '2023-07-24 16:52:59'),
(466, 19, 2, '2023-07-24 16:52:59', '2023-07-24 16:52:59'),
(467, 21, 2, '2023-07-24 16:52:59', '2023-07-24 16:52:59'),
(468, 22, 2, '2023-07-24 16:52:59', '2023-07-24 16:52:59'),
(469, 23, 2, '2023-07-24 16:52:59', '2023-07-24 16:52:59'),
(470, 38, 1, '2023-08-27 18:58:40', '2023-08-27 18:58:40'),
(472, 42, 2, '2024-02-11 01:52:34', '2024-02-11 01:52:34'),
(473, 41, 4, '2024-02-11 04:00:02', '2024-02-11 04:00:02');

-- --------------------------------------------------------

--
-- Table structure for table `user_address`
--

CREATE TABLE `user_address` (
  `id` int NOT NULL,
  `user_id` int NOT NULL,
  `address` varchar(2500) CHARACTER SET utf8mb3 COLLATE utf8mb3_bin DEFAULT '',
  `suburb` int NOT NULL,
  `city` varchar(255) DEFAULT NULL,
  `province` varchar(255) DEFAULT NULL,
  `suburb_name` varchar(255) NOT NULL,
  `apartment` varchar(255) DEFAULT NULL,
  `suit` varchar(255) DEFAULT NULL,
  `unit` varchar(255) DEFAULT NULL,
  `street_no` varchar(50) DEFAULT NULL,
  `street_name` varchar(255) DEFAULT NULL,
  `postcode` varchar(50) DEFAULT NULL,
  `lat` varchar(250) DEFAULT '',
  `lng` varchar(250) DEFAULT '',
  `created_at` timestamp NOT NULL DEFAULT CURRENT_TIMESTAMP,
  `updated_at` timestamp NOT NULL DEFAULT '0000-00-00 00:00:00'
) ENGINE=InnoDB DEFAULT CHARSET=latin1;

--
-- Dumping data for table `user_address`
--

INSERT INTO `user_address` (`id`, `user_id`, `address`, `suburb`, `city`, `province`, `suburb_name`, `apartment`, `suit`, `unit`, `street_no`, `street_name`, `postcode`, `lat`, `lng`, `created_at`, `updated_at`) VALUES
(1, 26, 'H.no #2312, St.no.21, subhash nagar, model town', 0, 'testing3', 'British Columbia', '', '', NULL, NULL, '', '', '141001', '0', '0', '2021-08-11 05:19:24', '2021-08-12 18:19:37'),
(8, 26, 'tesfd', 0, 'test', 'British Columbia', '', '', NULL, NULL, '', '', '21132', '0', '0', '2021-08-11 19:39:25', '2021-08-11 19:39:25'),
(14, 27, '#37, Jawahar Nagar', 0, 'Monton', 'Nova Scotia', '', '', NULL, NULL, '', '', '112312334234234324', '0', '0', '2021-08-21 20:17:30', '2021-08-21 21:45:58'),
(16, 29, 'Nelson Street', 0, 'London', 'Ontario', '', '', NULL, NULL, '', '', '213123', '0', '0', '2021-09-15 19:52:47', '2021-09-15 19:52:47'),
(17, 26, 'test address', 0, 'alberta', 'Alberta', '', '', NULL, NULL, '', '', '321312', '0', '0', '2021-11-11 06:09:54', '2021-11-11 06:09:54');

-- --------------------------------------------------------

--
-- Table structure for table `user_image`
--

CREATE TABLE `user_image` (
  `id` int NOT NULL,
  `user_id` int NOT NULL,
  `img` varchar(250) DEFAULT NULL,
  `created_at` timestamp NOT NULL DEFAULT CURRENT_TIMESTAMP,
  `updated_at` timestamp NOT NULL DEFAULT '0000-00-00 00:00:00'
) ENGINE=InnoDB DEFAULT CHARSET=latin1;

--
-- Indexes for dumped tables
--

--
-- Indexes for table `addon`
--
ALTER TABLE `addon`
  ADD PRIMARY KEY (`id`);

--
-- Indexes for table `addongroup_addon`
--
ALTER TABLE `addongroup_addon`
  ADD PRIMARY KEY (`id`);

--
-- Indexes for table `addon_group`
--
ALTER TABLE `addon_group`
  ADD PRIMARY KEY (`id`);

--
-- Indexes for table `app_payment`
--
ALTER TABLE `app_payment`
  ADD PRIMARY KEY (`id`);

--
-- Indexes for table `banner`
--
ALTER TABLE `banner`
  ADD PRIMARY KEY (`id`);

--
-- Indexes for table `banner_store`
--
ALTER TABLE `banner_store`
  ADD PRIMARY KEY (`id`);

--
-- Indexes for table `bookatable`
--
ALTER TABLE `bookatable`
  ADD PRIMARY KEY (`id`);

--
-- Indexes for table `cart`
--
ALTER TABLE `cart`
  ADD PRIMARY KEY (`id`);

--
-- Indexes for table `cart_addon`
--
ALTER TABLE `cart_addon`
  ADD PRIMARY KEY (`id`);

--
-- Indexes for table `cart_coupen`
--
ALTER TABLE `cart_coupen`
  ADD PRIMARY KEY (`id`);

--
-- Indexes for table `category`
--
ALTER TABLE `category`
  ADD PRIMARY KEY (`id`);

--
-- Indexes for table `city`
--
ALTER TABLE `city`
  ADD PRIMARY KEY (`id`);

--
-- Indexes for table `closing_dates`
--
ALTER TABLE `closing_dates`
  ADD PRIMARY KEY (`id`);

--
-- Indexes for table `delivery_methods`
--
ALTER TABLE `delivery_methods`
  ADD PRIMARY KEY (`id`);

--
-- Indexes for table `delivery_suburb`
--
ALTER TABLE `delivery_suburb`
  ADD PRIMARY KEY (`id`);

--
-- Indexes for table `gallery`
--
ALTER TABLE `gallery`
  ADD PRIMARY KEY (`id`);

--
-- Indexes for table `item`
--
ALTER TABLE `item`
  ADD PRIMARY KEY (`id`);

--
-- Indexes for table `item_addon`
--
ALTER TABLE `item_addon`
  ADD PRIMARY KEY (`id`);

--
-- Indexes for table `item_type`
--
ALTER TABLE `item_type`
  ADD PRIMARY KEY (`id`);

--
-- Indexes for table `language`
--
ALTER TABLE `language`
  ADD PRIMARY KEY (`id`);

--
-- Indexes for table `notification`
--
ALTER TABLE `notification`
  ADD PRIMARY KEY (`id`);

--
-- Indexes for table `offer`
--
ALTER TABLE `offer`
  ADD PRIMARY KEY (`id`);

--
-- Indexes for table `offer_store`
--
ALTER TABLE `offer_store`
  ADD PRIMARY KEY (`id`);

--
-- Indexes for table `orders`
--
ALTER TABLE `orders`
  ADD PRIMARY KEY (`id`);

--
-- Indexes for table `order_addon`
--
ALTER TABLE `order_addon`
  ADD PRIMARY KEY (`id`);

--
-- Indexes for table `order_item`
--
ALTER TABLE `order_item`
  ADD PRIMARY KEY (`id`);

--
-- Indexes for table `page`
--
ALTER TABLE `page`
  ADD PRIMARY KEY (`id`);

--
-- Indexes for table `payment_methods`
--
ALTER TABLE `payment_methods`
  ADD PRIMARY KEY (`id`);

--
-- Indexes for table `posts`
--
ALTER TABLE `posts`
  ADD PRIMARY KEY (`id`);

--
-- Indexes for table `rate`
--
ALTER TABLE `rate`
  ADD PRIMARY KEY (`id`);

--
-- Indexes for table `slider`
--
ALTER TABLE `slider`
  ADD PRIMARY KEY (`id`);

--
-- Indexes for table `surcharge`
--
ALTER TABLE `surcharge`
  ADD PRIMARY KEY (`id`);

--
-- Indexes for table `tags`
--
ALTER TABLE `tags`
  ADD PRIMARY KEY (`id`);

--
-- Indexes for table `team`
--
ALTER TABLE `team`
  ADD PRIMARY KEY (`id`);

--
-- Indexes for table `text`
--
ALTER TABLE `text`
  ADD PRIMARY KEY (`id`);

--
-- Indexes for table `type`
--
ALTER TABLE `type`
  ADD PRIMARY KEY (`id`);

--
-- Indexes for table `type_categories`
--
ALTER TABLE `type_categories`
  ADD PRIMARY KEY (`id`);

--
-- Indexes for table `user_address`
--
ALTER TABLE `user_address`
  ADD PRIMARY KEY (`id`);

--
-- Indexes for table `user_image`
--
ALTER TABLE `user_image`
  ADD PRIMARY KEY (`id`);

--
-- AUTO_INCREMENT for dumped tables
--

--
-- AUTO_INCREMENT for table `addon`
--
ALTER TABLE `addon`
  MODIFY `id` int NOT NULL AUTO_INCREMENT, AUTO_INCREMENT=45;

--
-- AUTO_INCREMENT for table `addongroup_addon`
--
ALTER TABLE `addongroup_addon`
  MODIFY `id` int NOT NULL AUTO_INCREMENT, AUTO_INCREMENT=141;

--
-- AUTO_INCREMENT for table `addon_group`
--
ALTER TABLE `addon_group`
  MODIFY `id` int NOT NULL AUTO_INCREMENT, AUTO_INCREMENT=14;

--
-- AUTO_INCREMENT for table `app_payment`
--
ALTER TABLE `app_payment`
  MODIFY `id` int NOT NULL AUTO_INCREMENT;

--
-- AUTO_INCREMENT for table `banner`
--
ALTER TABLE `banner`
  MODIFY `id` int NOT NULL AUTO_INCREMENT, AUTO_INCREMENT=8;

--
-- AUTO_INCREMENT for table `banner_store`
--
ALTER TABLE `banner_store`
  MODIFY `id` int NOT NULL AUTO_INCREMENT;

--
-- AUTO_INCREMENT for table `bookatable`
--
ALTER TABLE `bookatable`
  MODIFY `id` int NOT NULL AUTO_INCREMENT, AUTO_INCREMENT=160;

--
-- AUTO_INCREMENT for table `cart`
--
ALTER TABLE `cart`
  MODIFY `id` int NOT NULL AUTO_INCREMENT, AUTO_INCREMENT=1547;

--
-- AUTO_INCREMENT for table `cart_addon`
--
ALTER TABLE `cart_addon`
  MODIFY `id` int NOT NULL AUTO_INCREMENT;

--
-- AUTO_INCREMENT for table `cart_coupen`
--
ALTER TABLE `cart_coupen`
  MODIFY `id` int NOT NULL AUTO_INCREMENT;

--
-- AUTO_INCREMENT for table `category`
--
ALTER TABLE `category`
  MODIFY `id` int NOT NULL AUTO_INCREMENT, AUTO_INCREMENT=43;

--
-- AUTO_INCREMENT for table `city`
--
ALTER TABLE `city`
  MODIFY `id` int NOT NULL AUTO_INCREMENT, AUTO_INCREMENT=2;

--
-- AUTO_INCREMENT for table `closing_dates`
--
ALTER TABLE `closing_dates`
  MODIFY `id` bigint NOT NULL AUTO_INCREMENT;

--
-- AUTO_INCREMENT for table `delivery_methods`
--
ALTER TABLE `delivery_methods`
  MODIFY `id` int NOT NULL AUTO_INCREMENT, AUTO_INCREMENT=3;

--
-- AUTO_INCREMENT for table `delivery_suburb`
--
ALTER TABLE `delivery_suburb`
  MODIFY `id` int NOT NULL AUTO_INCREMENT, AUTO_INCREMENT=12;

--
-- AUTO_INCREMENT for table `gallery`
--
ALTER TABLE `gallery`
  MODIFY `id` int NOT NULL AUTO_INCREMENT, AUTO_INCREMENT=44;

--
-- AUTO_INCREMENT for table `item`
--
ALTER TABLE `item`
  MODIFY `id` int NOT NULL AUTO_INCREMENT, AUTO_INCREMENT=265;

--
-- AUTO_INCREMENT for table `item_addon`
--
ALTER TABLE `item_addon`
  MODIFY `id` int NOT NULL AUTO_INCREMENT;

--
-- AUTO_INCREMENT for table `item_type`
--
ALTER TABLE `item_type`
  MODIFY `id` int NOT NULL AUTO_INCREMENT;

--
-- AUTO_INCREMENT for table `language`
--
ALTER TABLE `language`
  MODIFY `id` int NOT NULL AUTO_INCREMENT;

--
-- AUTO_INCREMENT for table `notification`
--
ALTER TABLE `notification`
  MODIFY `id` int NOT NULL AUTO_INCREMENT;

--
-- AUTO_INCREMENT for table `offer`
--
ALTER TABLE `offer`
  MODIFY `id` int NOT NULL AUTO_INCREMENT, AUTO_INCREMENT=4;

--
-- AUTO_INCREMENT for table `offer_store`
--
ALTER TABLE `offer_store`
  MODIFY `id` int NOT NULL AUTO_INCREMENT, AUTO_INCREMENT=35;

--
-- AUTO_INCREMENT for table `orders`
--
ALTER TABLE `orders`
  MODIFY `id` int NOT NULL AUTO_INCREMENT, AUTO_INCREMENT=50;

--
-- AUTO_INCREMENT for table `order_addon`
--
ALTER TABLE `order_addon`
  MODIFY `id` int NOT NULL AUTO_INCREMENT;

--
-- AUTO_INCREMENT for table `order_item`
--
ALTER TABLE `order_item`
  MODIFY `id` int NOT NULL AUTO_INCREMENT, AUTO_INCREMENT=164;

--
-- AUTO_INCREMENT for table `page`
--
ALTER TABLE `page`
  MODIFY `id` int NOT NULL AUTO_INCREMENT, AUTO_INCREMENT=2;

--
-- AUTO_INCREMENT for table `payment_methods`
--
ALTER TABLE `payment_methods`
  MODIFY `id` int NOT NULL AUTO_INCREMENT, AUTO_INCREMENT=4;

--
-- AUTO_INCREMENT for table `posts`
--
ALTER TABLE `posts`
  MODIFY `id` int NOT NULL AUTO_INCREMENT, AUTO_INCREMENT=39;

--
-- AUTO_INCREMENT for table `rate`
--
ALTER TABLE `rate`
  MODIFY `id` int NOT NULL AUTO_INCREMENT, AUTO_INCREMENT=4;

--
-- AUTO_INCREMENT for table `slider`
--
ALTER TABLE `slider`
  MODIFY `id` int NOT NULL AUTO_INCREMENT, AUTO_INCREMENT=3;

--
-- AUTO_INCREMENT for table `surcharge`
--
ALTER TABLE `surcharge`
  MODIFY `id` int NOT NULL AUTO_INCREMENT, AUTO_INCREMENT=5;

--
-- AUTO_INCREMENT for table `tags`
--
ALTER TABLE `tags`
  MODIFY `id` int NOT NULL AUTO_INCREMENT, AUTO_INCREMENT=8;

--
-- AUTO_INCREMENT for table `team`
--
ALTER TABLE `team`
  MODIFY `id` int NOT NULL AUTO_INCREMENT, AUTO_INCREMENT=5;

--
-- AUTO_INCREMENT for table `text`
--
ALTER TABLE `text`
  MODIFY `id` int NOT NULL AUTO_INCREMENT, AUTO_INCREMENT=188;

--
-- AUTO_INCREMENT for table `type`
--
ALTER TABLE `type`
  MODIFY `id` int NOT NULL AUTO_INCREMENT, AUTO_INCREMENT=6;

--
-- AUTO_INCREMENT for table `type_categories`
--
ALTER TABLE `type_categories`
  MODIFY `id` int NOT NULL AUTO_INCREMENT, AUTO_INCREMENT=474;

--
-- AUTO_INCREMENT for table `user_address`
--
ALTER TABLE `user_address`
  MODIFY `id` int NOT NULL AUTO_INCREMENT, AUTO_INCREMENT=18;

--
-- AUTO_INCREMENT for table `user_image`
--
ALTER TABLE `user_image`
  MODIFY `id` int NOT NULL AUTO_INCREMENT;
COMMIT;

